01-11 16:35:22.146 29767-29778/com.rank.webrtc_nomix W/art? Suspending all threads took: 59.419ms
01-11 16:35:23.163 29767-29793/com.rank.webrtc_nomix E/WebRTC? token is : {"tokenId":"56938c76e95fbca12740b302","host":"webrtc.rankconsultancy.in:8080","secure":true,"signature":"YjQ2NTRkNThhM2E4YWNmMjFmOWQ2NWEwMzRlNWI0Y2ZlYTcwNjA4Y2Y4MGU0MjYxMjM4YTU0YjI1MTgwOTJiYg=="}
01-11 16:35:23.170 29767-29793/com.rank.webrtc_nomix D/ConferenceClient? Join a conference.
01-11 16:35:23.170 29767-29793/com.rank.webrtc_nomix D/WooGeen-SocketClient? Token is {"tokenId":"56938c76e95fbca12740b302","host":"webrtc.rankconsultancy.in:8080","secure":true,"signature":"YjQ2NTRkNThhM2E4YWNmMjFmOWQ2NWEwMzRlNWI0Y2ZlYTcwNjA4Y2Y4MGU0MjYxMjM4YTU0YjI1MTgwOTJiYg=="}
01-11 16:35:23.172 29767-30768/com.rank.webrtc_nomix D/WooGeen-SocketClient? Socket thread is started.
01-11 16:35:23.196 29767-30768/com.rank.webrtc_nomix I/System.out? >>>>>>>>>> secured <<<<<<<<
01-11 16:35:23.517 29767-30782/com.rank.webrtc_nomix D/WooGeen-SocketClient? onConnection sucessfully
01-11 16:35:23.588 29767-30788/com.rank.webrtc_nomix D/WooGeen-SocketClient? args:success
01-11 16:35:23.594 29767-30788/com.rank.webrtc_nomix D/ConferenceClient? Change State=CONNECTED
01-11 16:35:23.599 29767-29793/com.rank.webrtc_nomix E/WebRTC? new stream :
01-11 16:35:23.603 29767-29793/com.rank.webrtc_nomix E/WebRTC? new stream :tqgRI_6zPR0QC5NuAAAh
01-11 16:35:23.603 29767-29793/com.rank.webrtc_nomix E/WebRTC? com.intel.webrtc.base.RemoteCameraStream@bcf9761
01-11 16:35:23.604 29767-29793/com.rank.webrtc_nomix D/ConferenceClient? Subscribe tqgRI_6zPR0QC5NuAAAh
01-11 16:35:23.621 29767-29793/com.rank.webrtc_nomix D/WooGeen-ConferencePeerConnectionChannel? ConnectToPeer
01-11 16:35:23.621 29767-29793/com.rank.webrtc_nomix E/WebRTC? new stream :uGXNuVXDJyooAcTrAABD
01-11 16:35:23.621 29767-29793/com.rank.webrtc_nomix E/WebRTC? com.intel.webrtc.base.RemoteCameraStream@3d893286
01-11 16:35:23.621 29767-29793/com.rank.webrtc_nomix D/ConferenceClient? Subscribe uGXNuVXDJyooAcTrAABD
01-11 16:35:23.623 29767-29793/com.rank.webrtc_nomix D/WooGeen-ConferencePeerConnectionChannel? ConnectToPeer
01-11 16:35:23.625 29767-29791/com.rank.webrtc_nomix D/WooGeen-PCFactory? Create new factory
01-11 16:35:23.668 29767-29767/com.rank.webrtc_nomix I/Timeline? Timeline: Activity_launch_request id:com.rank.webrtc_nomix time:271404274
01-11 16:35:23.723 29767-29791/com.rank.webrtc_nomix W/VideoCapabilities? Unrecognized profile 2130706433 for video/avc
01-11 16:35:23.743 29767-29791/com.rank.webrtc_nomix W/AudioCapabilities? Unsupported mime audio/x-ms-wma
01-11 16:35:23.745 29767-29791/com.rank.webrtc_nomix W/AudioCapabilities? Unsupported mime audio/x-ms-wma
01-11 16:35:23.746 29767-29791/com.rank.webrtc_nomix W/AudioCapabilities? Unsupported mime audio/x-ms-wma
01-11 16:35:23.748 29767-29791/com.rank.webrtc_nomix W/AudioCapabilities? Unsupported mime audio/amr-wb-plus
01-11 16:35:23.751 29767-29791/com.rank.webrtc_nomix W/AudioCapabilities? Unsupported mime audio/qcelp
01-11 16:35:23.753 29767-29791/com.rank.webrtc_nomix W/AudioCapabilities? Unsupported mime audio/evrc
01-11 16:35:23.769 29767-29791/com.rank.webrtc_nomix W/VideoCapabilities? Unsupported mime video/mpeg2
01-11 16:35:23.783 29767-29791/com.rank.webrtc_nomix W/VideoCapabilities? Unsupported mime video/x-ms-wmv
01-11 16:35:23.832 29767-29791/com.rank.webrtc_nomix W/VideoCapabilities? Unsupported mime video/mp4v-esdp
01-11 16:35:23.953 29767-29791/com.rank.webrtc_nomix I/VideoCapabilities? Unsupported profile 4 for video/mp4v-es
01-11 16:35:23.959 29767-29791/com.rank.webrtc_nomix W/AudioCapabilities? Unsupported mime audio/x-ape
01-11 16:35:23.960 29767-29791/com.rank.webrtc_nomix W/AudioCapabilities? Unsupported mime audio/ffmpeg
01-11 16:35:23.961 29767-29791/com.rank.webrtc_nomix W/AudioCapabilities? Unsupported mime audio/vnd.dts
01-11 16:35:23.965 29767-29791/com.rank.webrtc_nomix W/AudioCapabilities? Unsupported mime audio/mpeg-L2
01-11 16:35:23.967 29767-29791/com.rank.webrtc_nomix W/AudioCapabilities? Unsupported mime audio/vnd.rn-realaudio
01-11 16:35:23.969 29767-29791/com.rank.webrtc_nomix W/AudioCapabilities? Unsupported mime audio/x-ms-wma
01-11 16:35:23.972 29767-29791/com.rank.webrtc_nomix W/VideoCapabilities? Unsupported mime video/divx
01-11 16:35:23.977 29767-29791/com.rank.webrtc_nomix W/VideoCapabilities? Unsupported mime video/x-flv
01-11 16:35:23.980 29767-29791/com.rank.webrtc_nomix W/VideoCapabilities? Unsupported mime video/mpeg2
01-11 16:35:23.985 29767-29791/com.rank.webrtc_nomix W/VideoCapabilities? Unsupported mime video/vnd.rn-realvideo
01-11 16:35:23.987 29767-29791/com.rank.webrtc_nomix W/VideoCapabilities? Unsupported mime video/vc1
01-11 16:35:23.989 29767-29791/com.rank.webrtc_nomix W/VideoCapabilities? Unsupported mime video/ffmpeg
01-11 16:35:23.992 29767-29791/com.rank.webrtc_nomix W/VideoCapabilities? Unsupported mime video/x-ms-wmv
01-11 16:35:23.995 29767-29791/com.rank.webrtc_nomix D/MediaCodecVideoEncoder? Found target encoder for mime video/x-vnd.on2.vp8 : OMX.qcom.video.encoder.vp8. Color: 0x15
01-11 16:35:23.995 29767-29791/com.rank.webrtc_nomix D/MediaCodecVideo? VP8 HW Encoder supported.
01-11 16:35:23.995 29767-29791/com.rank.webrtc_nomix W/VideoCapabilities? Unrecognized profile 2130706433 for video/avc
01-11 16:35:24.000 29767-29791/com.rank.webrtc_nomix D/MediaCodecVideoEncoder? Found target encoder for mime video/avc : OMX.qcom.video.encoder.avc. Color: 0x15
01-11 16:35:24.000 29767-29791/com.rank.webrtc_nomix D/MediaCodecVideo? H.264 HW Encoder supported.
01-11 16:35:24.008 29767-29791/com.rank.webrtc_nomix D/MediaCodecVideoDecoder? Found target decoder OMX.qcom.video.decoder.vp8. Color: 0x13
01-11 16:35:24.008 29767-29791/com.rank.webrtc_nomix D/MediaCodecVideo? VP8 HW Decoder supported.
01-11 16:35:24.009 29767-29791/com.rank.webrtc_nomix D/MediaCodecVideoDecoder? Found target decoder OMX.qcom.video.decoder.avc. Color: 0x13
01-11 16:35:24.009 29767-29791/com.rank.webrtc_nomix D/MediaCodecVideo? H264 HW Decoder supported.
01-11 16:35:24.030 29767-29785/com.rank.webrtc_nomix I/art? Background sticky concurrent mark sweep GC freed 43377(1949KB) AllocSpace objects, 2(29KB) LOS objects, 15% free, 10MB/12MB, paused 3.392ms total 180.070ms
01-11 16:35:24.087 29767-30794/com.rank.webrtc_nomix D/AudioManager? ctor@[tid=30794]
01-11 16:35:24.087 29767-30794/com.rank.webrtc_nomix D/AudioManager? CreateJavaInstance
01-11 16:35:24.087 29767-30794/com.rank.webrtc_nomix D/HelpersAndroid? Attaching thread to JVM@[tid=30794]
01-11 16:35:24.088 29767-30794/com.rank.webrtc_nomix D/WebRtcAudioManager? ctor@[name=Thread-17519, id=17519]
01-11 16:35:24.097 29767-30794/com.rank.webrtc_nomix D/WebRtcAudioManager? nativeSampleRate: 48000
01-11 16:35:24.097 29767-30794/com.rank.webrtc_nomix D/WebRtcAudioManager? nativeChannels: 1
01-11 16:35:24.097 29767-30794/com.rank.webrtc_nomix D/AudioManager? OnCacheAudioParameters@[tid=30794]
01-11 16:35:24.097 29767-30794/com.rank.webrtc_nomix D/AudioManager? sample_rate: 48000
01-11 16:35:24.097 29767-30794/com.rank.webrtc_nomix D/AudioManager? channels: 1
01-11 16:35:24.097 29767-30794/com.rank.webrtc_nomix D/HelpersAndroid? Detaching thread from JVM@[tid=30794]
01-11 16:35:24.098 29767-30794/com.rank.webrtc_nomix D/AudioTrackJni? ctor@[tid=30794]
01-11 16:35:24.098 29767-30794/com.rank.webrtc_nomix D/AudioTrackJni? CreateJavaInstance
01-11 16:35:24.098 29767-30794/com.rank.webrtc_nomix D/HelpersAndroid? Attaching thread to JVM@[tid=30794]
01-11 16:35:24.099 29767-30794/com.rank.webrtc_nomix D/WebRtcAudioTrack? ctor@[name=Thread-17520, id=17520]
01-11 16:35:24.099 29767-30794/com.rank.webrtc_nomix D/HelpersAndroid? Detaching thread from JVM@[tid=30794]
01-11 16:35:24.099 29767-30794/com.rank.webrtc_nomix D/AudioRecordJni? ctor@[tid=30794]
01-11 16:35:24.099 29767-30794/com.rank.webrtc_nomix D/AudioRecordJni? CreateJavaInstance
01-11 16:35:24.099 29767-30794/com.rank.webrtc_nomix D/HelpersAndroid? Attaching thread to JVM@[tid=30794]
01-11 16:35:24.100 29767-30794/com.rank.webrtc_nomix D/WebRtcAudioRecord? ctor@[name=Thread-17521, id=17521]
01-11 16:35:24.100 29767-30794/com.rank.webrtc_nomix D/HelpersAndroid? Detaching thread from JVM@[tid=30794]
01-11 16:35:24.100 29767-30794/com.rank.webrtc_nomix D/AudioTrackJni? AttachAudioBuffer@[tid=30794]
01-11 16:35:24.100 29767-30794/com.rank.webrtc_nomix D/AudioTrackJni? SetPlayoutSampleRate(48000)
01-11 16:35:24.100 29767-30794/com.rank.webrtc_nomix D/AudioTrackJni? SetPlayoutChannels(1)
01-11 16:35:24.100 29767-30794/com.rank.webrtc_nomix D/AudioRecordJni? AttachAudioBuffer
01-11 16:35:24.100 29767-30794/com.rank.webrtc_nomix D/AudioRecordJni? SetRecordingSampleRate(48000)
01-11 16:35:24.100 29767-30794/com.rank.webrtc_nomix D/AudioRecordJni? SetRecordingChannels(1)
01-11 16:35:24.101 29767-30794/com.rank.webrtc_nomix D/AudioManager? Init@[tid=30794]
01-11 16:35:24.101 29767-30794/com.rank.webrtc_nomix D/HelpersAndroid? Attaching thread to JVM@[tid=30794]
01-11 16:35:24.102 29767-30794/com.rank.webrtc_nomix D/WebRtcAudioManager? init@[name=Thread-17522, id=17522]
01-11 16:35:24.141 29767-30794/com.rank.webrtc_nomix D/HelpersAndroid? Detaching thread from JVM@[tid=30794]
01-11 16:35:24.141 29767-30794/com.rank.webrtc_nomix D/AudioTrackJni? Init@[tid=30794]
01-11 16:35:24.141 29767-30794/com.rank.webrtc_nomix D/AudioRecordJni? Init@[tid=30794]
01-11 16:35:24.145 29767-30794/com.rank.webrtc_nomix D/AudioRecordJni? BuiltInAECIsAvailable@[tid=30794]
01-11 16:35:24.145 29767-30794/com.rank.webrtc_nomix D/HelpersAndroid? Attaching thread to JVM@[tid=30794]
01-11 16:35:24.160 29767-30794/com.rank.webrtc_nomix D/HelpersAndroid? Detaching thread from JVM@[tid=30794]
01-11 16:35:24.162 29767-30794/com.rank.webrtc_nomix D/AudioRecordJni? BuiltInAECIsAvailable@[tid=30794]
01-11 16:35:24.162 29767-30794/com.rank.webrtc_nomix D/HelpersAndroid? Attaching thread to JVM@[tid=30794]
01-11 16:35:24.170 29767-30794/com.rank.webrtc_nomix D/HelpersAndroid? Detaching thread from JVM@[tid=30794]
01-11 16:35:24.171 29767-29791/com.rank.webrtc_nomix D/WooGeen-PCFactory? Create PeerConnection.
01-11 16:35:26.093 29767-30792/com.rank.webrtc_nomix D/WooGeen-PeerConnectionChannel? Create Offer
01-11 16:35:26.094 29767-30793/com.rank.webrtc_nomix W/art? Long monitor contention event with owner method=void java.lang.Object.wait!(long, int) from Object.java:4294967294 waiters=0 for 2.469s
01-11 16:35:26.095 29767-29791/com.rank.webrtc_nomix D/WooGeen-PCFactory? Create PeerConnection.
01-11 16:35:26.756 29767-30793/com.rank.webrtc_nomix D/WooGeen-PeerConnectionChannel? Create Offer
01-11 16:35:26.757 29767-29767/com.rank.webrtc_nomix W/art? Long monitor contention event with owner method=void java.lang.Object.wait!(long, int) from Object.java:4294967294 waiters=1 for 2.823s
01-11 16:35:26.757 29767-29791/com.rank.webrtc_nomix D/WooGeen-PCFactory? Initialize Android Globals
01-11 16:35:26.758 29767-30795/com.rank.webrtc_nomix D/WooGeen-PeerConnectionChannel? SDPObserver ---- onCreateSuccess
01-11 16:35:26.758 29767-30798/com.rank.webrtc_nomix W/art? Long monitor contention event with owner method=void java.lang.Object.wait!(long, int) from Object.java:4294967294 waiters=2 for 2.789s
01-11 16:35:26.759 29767-29791/com.rank.webrtc_nomix D/WooGeen-PCFactory? Create Local MediaStream
01-11 16:35:26.768 29767-29767/com.rank.webrtc_nomix I/Choreographer? Skipped 180 frames! The application may be doing too much work on its main thread.
01-11 16:35:27.056 29767-29767/com.rank.webrtc_nomix I/Timeline? Timeline: Activity_idle id: android.os.BinderProxy@2f2199a4 time:271407663
01-11 16:35:27.517 29767-30795/com.rank.webrtc_nomix D/WooGeen-PeerConnectionChannel? PC Observer ---- onSignalingChange: HAVE_LOCAL_OFFER
01-11 16:35:27.521 29767-30794/com.rank.webrtc_nomix D/MediaCodecVideo? Create HW video decoder for type 0.
01-11 16:35:27.523 29767-30794/com.rank.webrtc_nomix D/MediaCodecVideo? Create HW video decoder for type 2.
01-11 16:35:27.526 29767-29791/com.rank.webrtc_nomix D/WooGeen-PCFactory? Initialize video source.
01-11 16:35:27.526 29767-30795/com.rank.webrtc_nomix D/WooGeen-PeerConnectionChannel? onIceGatheringChange:GATHERING
01-11 16:35:27.526 29767-30795/com.rank.webrtc_nomix D/WooGeen-PeerConnectionChannel? onIceGatheringChange:GATHERING
01-11 16:35:27.526 29767-30795/com.rank.webrtc_nomix D/WooGeen-PeerConnectionChannel? onIceGatheringChange:GATHERING
01-11 16:35:27.526 29767-30795/com.rank.webrtc_nomix D/WooGeen-PeerConnectionChannel? onIceGatheringChange:GATHERING
01-11 16:35:27.526 29767-30795/com.rank.webrtc_nomix D/WooGeen-PeerConnectionChannel? SDPObserver ---- onSetSuccess
01-11 16:35:27.529 29767-30795/com.rank.webrtc_nomix D/WooGeen-PeerConnectionChannel? SDPObserver ---- onCreateSuccess
01-11 16:35:27.534 29767-29791/com.rank.webrtc_nomix D/VideoCapturerAndroid? VideoCapturerAndroid
01-11 16:35:27.535 29767-29791/com.rank.webrtc_nomix D/VideoCapturerAndroid? init Camera 1, Facing front, Orientation 270
01-11 16:35:27.594 29767-30795/com.rank.webrtc_nomix D/WooGeen-PeerConnectionChannel? PC Observer ---- onSignalingChange: HAVE_LOCAL_OFFER
01-11 16:35:27.597 29767-30794/com.rank.webrtc_nomix D/MediaCodecVideo? Create HW video decoder for type 0.
01-11 16:35:27.599 29767-30794/com.rank.webrtc_nomix D/MediaCodecVideo? Create HW video decoder for type 2.
01-11 16:35:27.606 29767-30795/com.rank.webrtc_nomix D/WooGeen-PeerConnectionChannel? onIceCandidate
01-11 16:35:27.606 29767-30795/com.rank.webrtc_nomix D/WooGeen-PeerConnectionChannel? onIceCandidate
01-11 16:35:27.606 29767-30795/com.rank.webrtc_nomix D/WooGeen-PeerConnectionChannel? onIceCandidate
01-11 16:35:27.606 29767-30795/com.rank.webrtc_nomix D/WooGeen-PeerConnectionChannel? onIceCandidate
01-11 16:35:27.606 29767-30795/com.rank.webrtc_nomix D/WooGeen-PeerConnectionChannel? onIceGatheringChange:GATHERING
01-11 16:35:27.606 29767-30795/com.rank.webrtc_nomix D/WooGeen-PeerConnectionChannel? onIceGatheringChange:GATHERING
01-11 16:35:27.606 29767-30795/com.rank.webrtc_nomix D/WooGeen-PeerConnectionChannel? onIceGatheringChange:GATHERING
01-11 16:35:27.607 29767-30795/com.rank.webrtc_nomix D/WooGeen-PeerConnectionChannel? onIceGatheringChange:GATHERING
01-11 16:35:27.607 29767-30795/com.rank.webrtc_nomix D/WooGeen-PeerConnectionChannel? SDPObserver ---- onSetSuccess
01-11 16:35:27.610 29767-30795/com.rank.webrtc_nomix D/WooGeen-PeerConnectionChannel? onIceCandidate
01-11 16:35:27.610 29767-30795/com.rank.webrtc_nomix D/WooGeen-PeerConnectionChannel? onIceCandidate
01-11 16:35:27.610 29767-30795/com.rank.webrtc_nomix D/WooGeen-PeerConnectionChannel? onIceCandidate
01-11 16:35:27.610 29767-30795/com.rank.webrtc_nomix D/WooGeen-PeerConnectionChannel? onIceCandidate
01-11 16:35:27.642 29767-30795/com.rank.webrtc_nomix D/WooGeen-PeerConnectionChannel? onIceCandidate
01-11 16:35:27.642 29767-30795/com.rank.webrtc_nomix D/WooGeen-PeerConnectionChannel? onIceCandidate
01-11 16:35:27.642 29767-30795/com.rank.webrtc_nomix D/WooGeen-PeerConnectionChannel? onIceCandidate
01-11 16:35:27.642 29767-30795/com.rank.webrtc_nomix D/WooGeen-PeerConnectionChannel? onIceCandidate
01-11 16:35:27.710 29767-30795/com.rank.webrtc_nomix D/WooGeen-PeerConnectionChannel? onIceCandidate
01-11 16:35:27.710 29767-30795/com.rank.webrtc_nomix D/WooGeen-PeerConnectionChannel? onIceCandidate
01-11 16:35:27.710 29767-30795/com.rank.webrtc_nomix D/WooGeen-PeerConnectionChannel? onIceCandidate
01-11 16:35:27.711 29767-30795/com.rank.webrtc_nomix D/WooGeen-PeerConnectionChannel? onIceCandidate
01-11 16:35:29.153 29767-29791/com.rank.webrtc_nomix D/VideoCapturerAndroid? Supported formats for camera 1: [ { "width": 1280, "height": 960, "framerate": 30 }, { "width": 1280, "height": 720, "framerate": 30 }, { "width": 960, "height": 720, "framerate": 30 }, { "width": 864, "height": 480, "framerate": 30 }, { "width": 768, "height": 432, "framerate": 30 }, { "width": 720, "height": 480, "framerate": 30 }, { "width": 640, "height": 480, "framerate": 30 }, { "width": 320, "height": 240, "framerate": 30 }, { "width": 176, "height": 144, "framerate": 30 } ]
01-11 16:35:29.155 29767-29791/com.rank.webrtc_nomix D/WooGeen-LocalCameraStreamParameters? Creating media constraints, width: 320, height: 240, fps: 30
01-11 16:35:29.171 29767-30794/com.rank.webrtc_nomix D/VideoCapturerAndroid? startCapture requested: 320x240@30
01-11 16:35:29.199 29767-30798/com.rank.webrtc_nomix D/ConferenceClient? Publish stream
01-11 16:35:29.204 29767-30798/com.rank.webrtc_nomix D/WooGeen-ConferencePeerConnectionChannel? ConnectToPeer
01-11 16:35:29.204 29767-29791/com.rank.webrtc_nomix D/WooGeen-PCFactory? Create PeerConnection.
01-11 16:35:29.208 29767-31103/com.rank.webrtc_nomix D/WooGeen-PeerConnectionChannel? Add Stream
01-11 16:35:29.212 29767-30795/com.rank.webrtc_nomix D/WooGeen-PeerConnectionChannel? onRenegotiationNeeded
01-11 16:35:29.213 29767-31103/com.rank.webrtc_nomix D/WooGeen-PeerConnectionChannel? Create Offer
01-11 16:35:29.217 29767-30795/com.rank.webrtc_nomix D/WooGeen-PeerConnectionChannel? SDPObserver ---- onCreateSuccess
01-11 16:35:29.441 29767-31100/com.rank.webrtc_nomix D/VideoCapturerAndroid? Camera orientation: 270 .Device orientation: 0
01-11 16:35:29.444 29767-31100/com.rank.webrtc_nomix D/VideoCapturerAndroid? isVideoStabilizationSupported: false
01-11 16:35:29.445 29767-31100/com.rank.webrtc_nomix D/VideoCapturerAndroid? Start capturing: 320x240@[15000:30000]
01-11 16:35:29.452 29767-31100/com.rank.webrtc_nomix D/VideoCapturerAndroid? queueCameraBuffers enqued 3 buffers of size 115200.
01-11 16:35:29.637 29767-30795/com.rank.webrtc_nomix D/WooGeen-PeerConnectionChannel? PC Observer ---- onSignalingChange: HAVE_LOCAL_OFFER
01-11 16:35:29.637 29767-30794/com.rank.webrtc_nomix D/AudioRecordJni? StopRecording@[tid=30794]
01-11 16:35:29.639 29767-30794/com.rank.webrtc_nomix D/MediaCodecVideo? Create HW video decoder for type 0.
01-11 16:35:29.646 29767-30794/com.rank.webrtc_nomix D/MediaCodecVideo? Create HW video decoder for type 2.
01-11 16:35:29.657 29767-30795/com.rank.webrtc_nomix D/WooGeen-PeerConnectionChannel? onIceGatheringChange:GATHERING
01-11 16:35:29.657 29767-30795/com.rank.webrtc_nomix D/WooGeen-PeerConnectionChannel? onIceGatheringChange:GATHERING
01-11 16:35:29.657 29767-30795/com.rank.webrtc_nomix D/WooGeen-PeerConnectionChannel? onIceGatheringChange:GATHERING
01-11 16:35:29.657 29767-30795/com.rank.webrtc_nomix D/WooGeen-PeerConnectionChannel? onIceGatheringChange:GATHERING
01-11 16:35:29.657 29767-30795/com.rank.webrtc_nomix D/WooGeen-PeerConnectionChannel? SDPObserver ---- onSetSuccess
01-11 16:35:29.660 29767-30795/com.rank.webrtc_nomix D/WooGeen-PeerConnectionChannel? onIceCandidate
01-11 16:35:29.660 29767-30795/com.rank.webrtc_nomix D/WooGeen-PeerConnectionChannel? onIceCandidate
01-11 16:35:29.661 29767-30795/com.rank.webrtc_nomix D/WooGeen-PeerConnectionChannel? onIceCandidate
01-11 16:35:29.661 29767-30795/com.rank.webrtc_nomix D/WooGeen-PeerConnectionChannel? onIceCandidate
01-11 16:35:29.760 29767-30795/com.rank.webrtc_nomix D/WooGeen-PeerConnectionChannel? onIceCandidate
01-11 16:35:29.760 29767-30795/com.rank.webrtc_nomix D/WooGeen-PeerConnectionChannel? onIceCandidate
01-11 16:35:29.761 29767-30795/com.rank.webrtc_nomix D/WooGeen-PeerConnectionChannel? onIceCandidate
01-11 16:35:29.796 29767-30795/com.rank.webrtc_nomix D/WooGeen-PeerConnectionChannel? onIceCandidate
01-11 16:35:37.046 29767-30795/com.rank.webrtc_nomix D/WooGeen-PeerConnectionChannel? onIceGatheringChange:COMPLETE
01-11 16:35:37.114 29767-30794/com.rank.webrtc_nomix D/AudioTrackJni? InitPlayout@[tid=30794]
01-11 16:35:37.114 29767-30794/com.rank.webrtc_nomix D/WebRtcAudioTrack? InitPlayout(sampleRate=48000, channels=1)
01-11 16:35:37.114 29767-30794/com.rank.webrtc_nomix D/WebRtcAudioTrack? byteBuffer.capacity: 960
01-11 16:35:37.118 29767-30794/com.rank.webrtc_nomix D/AudioTrackJni? OnCacheDirectBufferAddress
01-11 16:35:37.118 29767-30794/com.rank.webrtc_nomix D/AudioTrackJni? direct buffer capacity: 960
01-11 16:35:37.118 29767-30794/com.rank.webrtc_nomix D/AudioTrackJni? frames_per_buffer: 480
01-11 16:35:37.119 29767-30794/com.rank.webrtc_nomix D/WebRtcAudioTrack? AudioTrack.getMinBufferSize: 9600
01-11 16:35:37.139 29767-30794/com.rank.webrtc_nomix E/AudioTrack? AudioTrack::set : Exit
01-11 16:35:37.140 29767-30794/com.rank.webrtc_nomix D/AudioTrackJni? delay_in_milliseconds: 100
01-11 16:35:37.140 29767-30794/com.rank.webrtc_nomix D/AudioTrackJni? StartPlayout@[tid=30794]
01-11 16:35:37.140 29767-30794/com.rank.webrtc_nomix D/WebRtcAudioTrack? StartPlayout
01-11 16:35:37.148 29767-31250/com.rank.webrtc_nomix D/WebRtcAudioTrack? AudioTrackThread@[name=AudioTrackJavaThread, id=17533]
01-11 16:35:37.150 29767-30795/com.rank.webrtc_nomix D/WooGeen-PeerConnectionChannel? PC Observer ---- onSignalingChange: STABLE
01-11 16:35:37.188 29767-30794/com.rank.webrtc_nomix D/MediaCodecVideo? Create HW video encoder for type 0 (VP8).
01-11 16:35:37.196 29767-30794/com.rank.webrtc_nomix D/MediaCodecVideo? InitEncode request
01-11 16:35:37.198 29767-31262/com.rank.webrtc_nomix D/MediaCodecVideo? InitEncodeOnCodecThread Type: 0. 176 x 144. Bitrate: 300 kbps. Fps: 60
01-11 16:35:37.198 29767-31262/com.rank.webrtc_nomix D/MediaCodecVideoEncoder? Java initEncode: VIDEO_CODEC_VP8 : 176 x 144. @ 300 kbps. Fps: 60. Color: 0x0
01-11 16:35:37.204 29767-31262/com.rank.webrtc_nomix D/MediaCodecVideoEncoder? Found target encoder for mime video/x-vnd.on2.vp8 : OMX.qcom.video.encoder.vp8. Color: 0x15
01-11 16:35:37.209 29767-31262/com.rank.webrtc_nomix D/MediaCodecVideoEncoder? Format: {mime=video/x-vnd.on2.vp8, frame-rate=60, color-format=21, height=144, width=176, bitrate=300000, i-frame-interval=100, bitrate-mode=2}
01-11 16:35:37.257 29767-31268/com.rank.webrtc_nomix I/OMXClient? Using client-side OMX mux.
01-11 16:35:37.389 29767-31268/com.rank.webrtc_nomix E/ACodec? [OMX.qcom.video.encoder.vp8] storeMetaDataInBuffers (output) failed w/ err -1010
01-11 16:35:37.389 29767-31268/com.rank.webrtc_nomix W/ACodec? do not know color format 0x7fa30c04 = 2141391876
01-11 16:35:37.389 29767-31268/com.rank.webrtc_nomix W/ACodec? do not know color format 0x7f000789 = 2130708361
01-11 16:35:37.394 29767-31268/com.rank.webrtc_nomix I/ACodec? [OMX.qcom.video.encoder.vp8] setupVideoEncoder succeeded
01-11 16:35:37.406 29767-31262/com.rank.webrtc_nomix D/MediaCodecVideoEncoder? Input buffers: 3. Output buffers: 4
01-11 16:35:37.407 29767-30794/com.rank.webrtc_nomix D/MediaCodecVideo? Destroy video encoder.
01-11 16:35:37.407 29767-30794/com.rank.webrtc_nomix D/MediaCodecVideo? EncoderRelease request
01-11 16:35:37.408 29767-31262/com.rank.webrtc_nomix D/MediaCodecVideo? EncoderReleaseOnCodecThread: Frames received: 0. Encoded: 0. Dropped: 0.
01-11 16:35:37.408 29767-31262/com.rank.webrtc_nomix D/MediaCodecVideoEncoder? Java releaseEncoder
01-11 16:35:37.434 29767-31262/com.rank.webrtc_nomix W/art? Native thread exiting without having called DetachCurrentThread (maybe it's going to use a pthread_key_create destructor?): Thread[37,tid=31262,Native,Thread*=0xb8029c28,peer=0x12d8f100,"Thread-17524 - - 0"]
01-11 16:35:37.435 29767-30794/com.rank.webrtc_nomix D/MediaCodecVideo? Create HW video encoder for type 0 (VP8).
01-11 16:35:37.436 29767-30794/com.rank.webrtc_nomix D/MediaCodecVideo? InitEncode request
01-11 16:35:37.437 29767-31278/com.rank.webrtc_nomix D/MediaCodecVideo? InitEncodeOnCodecThread Type: 0. 176 x 144. Bitrate: 300 kbps. Fps: 60
01-11 16:35:37.437 29767-31278/com.rank.webrtc_nomix D/MediaCodecVideoEncoder? Java initEncode: VIDEO_CODEC_VP8 : 176 x 144. @ 300 kbps. Fps: 60. Color: 0x0
01-11 16:35:37.438 29767-31278/com.rank.webrtc_nomix D/MediaCodecVideoEncoder? Found target encoder for mime video/x-vnd.on2.vp8 : OMX.qcom.video.encoder.vp8. Color: 0x15
01-11 16:35:37.438 29767-31278/com.rank.webrtc_nomix D/MediaCodecVideoEncoder? Format: {mime=video/x-vnd.on2.vp8, frame-rate=60, color-format=21, height=144, width=176, bitrate=300000, i-frame-interval=100, bitrate-mode=2}
01-11 16:35:37.440 29767-31280/com.rank.webrtc_nomix I/OMXClient? Using client-side OMX mux.
01-11 16:35:37.566 29767-31280/com.rank.webrtc_nomix E/ACodec? [OMX.qcom.video.encoder.vp8] storeMetaDataInBuffers (output) failed w/ err -1010
01-11 16:35:37.567 29767-31280/com.rank.webrtc_nomix W/ACodec? do not know color format 0x7fa30c04 = 2141391876
01-11 16:35:37.567 29767-31280/com.rank.webrtc_nomix W/ACodec? do not know color format 0x7f000789 = 2130708361
01-11 16:35:37.571 29767-31280/com.rank.webrtc_nomix I/ACodec? [OMX.qcom.video.encoder.vp8] setupVideoEncoder succeeded
01-11 16:35:37.583 29767-31278/com.rank.webrtc_nomix D/MediaCodecVideoEncoder? Input buffers: 3. Output buffers: 4
01-11 16:35:37.594 29767-30795/com.rank.webrtc_nomix D/WooGeen-PeerConnectionChannel? PC Observer ---- onAddStream
01-11 16:35:37.594 29767-30795/com.rank.webrtc_nomix D/WooGeen-ConferencePeerConnectionChannel? audio1 video1
01-11 16:35:37.597 29767-30795/com.rank.webrtc_nomix E/WebRTC? remoteStreamId = tqgRI_6zPR0QC5NuAAAh, from tqgRI_6zPR0QC5NuAAAh
01-11 16:35:37.600 29767-30795/com.rank.webrtc_nomix D/WooGeen-PeerConnectionChannel? onIceConnectionChange:CHECKING
01-11 16:35:37.601 29767-30795/com.rank.webrtc_nomix D/WooGeen-PeerConnectionChannel? onIceGatheringChange:COMPLETE
01-11 16:35:37.604 29767-30795/com.rank.webrtc_nomix D/WooGeen-PeerConnectionChannel? SDPObserver ---- onSetSuccess
01-11 16:35:37.665 29767-30795/com.rank.webrtc_nomix D/WooGeen-PeerConnectionChannel? PC Observer ---- onSignalingChange: STABLE
01-11 16:35:37.690 29767-30794/com.rank.webrtc_nomix D/MediaCodecVideo? Create HW video encoder for type 0 (VP8).
01-11 16:35:37.691 29767-30794/com.rank.webrtc_nomix D/MediaCodecVideo? InitEncode request
01-11 16:35:37.692 29767-31297/com.rank.webrtc_nomix D/MediaCodecVideo? InitEncodeOnCodecThread Type: 0. 176 x 144. Bitrate: 300 kbps. Fps: 60
01-11 16:35:37.692 29767-31297/com.rank.webrtc_nomix D/MediaCodecVideoEncoder? Java initEncode: VIDEO_CODEC_VP8 : 176 x 144. @ 300 kbps. Fps: 60. Color: 0x0
01-11 16:35:37.704 29767-31297/com.rank.webrtc_nomix D/MediaCodecVideoEncoder? Found target encoder for mime video/x-vnd.on2.vp8 : OMX.qcom.video.encoder.vp8. Color: 0x15
01-11 16:35:37.704 29767-31297/com.rank.webrtc_nomix D/MediaCodecVideoEncoder? Format: {mime=video/x-vnd.on2.vp8, frame-rate=60, color-format=21, height=144, width=176, bitrate=300000, i-frame-interval=100, bitrate-mode=2}
01-11 16:35:37.708 29767-31303/com.rank.webrtc_nomix I/OMXClient? Using client-side OMX mux.
01-11 16:35:37.736 29767-31303/com.rank.webrtc_nomix E/ACodec? [OMX.qcom.video.encoder.vp8] storeMetaDataInBuffers (output) failed w/ err -1010
01-11 16:35:37.736 29767-31303/com.rank.webrtc_nomix W/ACodec? do not know color format 0x7fa30c04 = 2141391876
01-11 16:35:37.737 29767-31303/com.rank.webrtc_nomix W/ACodec? do not know color format 0x7f000789 = 2130708361
01-11 16:35:37.746 29767-31303/com.rank.webrtc_nomix I/ACodec? [OMX.qcom.video.encoder.vp8] setupVideoEncoder succeeded
01-11 16:35:37.756 29767-31297/com.rank.webrtc_nomix D/MediaCodecVideoEncoder? Input buffers: 3. Output buffers: 4
01-11 16:35:37.758 29767-30794/com.rank.webrtc_nomix D/MediaCodecVideo? Destroy video encoder.
01-11 16:35:37.758 29767-30794/com.rank.webrtc_nomix D/MediaCodecVideo? EncoderRelease request
01-11 16:35:37.758 29767-31297/com.rank.webrtc_nomix D/MediaCodecVideo? EncoderReleaseOnCodecThread: Frames received: 0. Encoded: 0. Dropped: 0.
01-11 16:35:37.758 29767-31297/com.rank.webrtc_nomix D/MediaCodecVideoEncoder? Java releaseEncoder
01-11 16:35:37.777 29767-31297/com.rank.webrtc_nomix W/art? Native thread exiting without having called DetachCurrentThread (maybe it's going to use a pthread_key_create destructor?): Thread[40,tid=31297,Native,Thread*=0xb83a85a0,peer=0x12dcea60,"Thread-17524 - - 0"]
01-11 16:35:37.778 29767-30794/com.rank.webrtc_nomix D/MediaCodecVideo? Create HW video encoder for type 0 (VP8).
01-11 16:35:37.780 29767-30794/com.rank.webrtc_nomix D/MediaCodecVideo? InitEncode request
01-11 16:35:37.782 29767-31312/com.rank.webrtc_nomix D/MediaCodecVideo? InitEncodeOnCodecThread Type: 0. 176 x 144. Bitrate: 300 kbps. Fps: 60
01-11 16:35:37.782 29767-31312/com.rank.webrtc_nomix D/MediaCodecVideoEncoder? Java initEncode: VIDEO_CODEC_VP8 : 176 x 144. @ 300 kbps. Fps: 60. Color: 0x0
01-11 16:35:37.783 29767-31312/com.rank.webrtc_nomix D/MediaCodecVideoEncoder? Found target encoder for mime video/x-vnd.on2.vp8 : OMX.qcom.video.encoder.vp8. Color: 0x15
01-11 16:35:37.783 29767-31312/com.rank.webrtc_nomix D/MediaCodecVideoEncoder? Format: {mime=video/x-vnd.on2.vp8, frame-rate=60, color-format=21, height=144, width=176, bitrate=300000, i-frame-interval=100, bitrate-mode=2}
01-11 16:35:37.785 29767-31314/com.rank.webrtc_nomix I/OMXClient? Using client-side OMX mux.
01-11 16:35:37.806 29767-31314/com.rank.webrtc_nomix E/ACodec? [OMX.qcom.video.encoder.vp8] storeMetaDataInBuffers (output) failed w/ err -1010
01-11 16:35:37.806 29767-31314/com.rank.webrtc_nomix W/ACodec? do not know color format 0x7fa30c04 = 2141391876
01-11 16:35:37.806 29767-31314/com.rank.webrtc_nomix W/ACodec? do not know color format 0x7f000789 = 2130708361
01-11 16:35:37.815 29767-31314/com.rank.webrtc_nomix I/ACodec? [OMX.qcom.video.encoder.vp8] setupVideoEncoder succeeded
01-11 16:35:37.824 29767-31312/com.rank.webrtc_nomix D/MediaCodecVideoEncoder? Input buffers: 3. Output buffers: 4
01-11 16:35:37.833 29767-30795/com.rank.webrtc_nomix D/WooGeen-PeerConnectionChannel? PC Observer ---- onAddStream
01-11 16:35:37.834 29767-30795/com.rank.webrtc_nomix D/WooGeen-ConferencePeerConnectionChannel? audio1 video1
01-11 16:35:37.834 29767-30795/com.rank.webrtc_nomix E/WebRTC? remoteStreamId = uGXNuVXDJyooAcTrAABD, from uGXNuVXDJyooAcTrAABD
01-11 16:35:37.834 29767-30795/com.rank.webrtc_nomix E/WebRTC? remoteStreamId = tqgRI_6zPR0QC5NuAAAh, from tqgRI_6zPR0QC5NuAAAh
01-11 16:35:37.855 29767-30795/com.rank.webrtc_nomix D/WooGeen-PeerConnectionChannel? onIceConnectionChange:CHECKING
01-11 16:35:37.856 29767-30795/com.rank.webrtc_nomix D/WooGeen-PeerConnectionChannel? SDPObserver ---- onSetSuccess
01-11 16:35:37.876 29767-30795/com.rank.webrtc_nomix D/WooGeen-PeerConnectionChannel? onIceConnectionChange:CONNECTED
01-11 16:35:37.876 29767-30795/com.rank.webrtc_nomix D/WooGeen-ConferencePeerConnectionChannel? Change State=CONNECTED
01-11 16:35:37.877 29767-30795/com.rank.webrtc_nomix D/WooGeen-PeerConnectionChannel? onIceConnectionChange:COMPLETED
01-11 16:35:37.948 29767-30795/com.rank.webrtc_nomix D/WooGeen-PeerConnectionChannel? onIceConnectionChange:CONNECTED
01-11 16:35:37.948 29767-30795/com.rank.webrtc_nomix D/WooGeen-ConferencePeerConnectionChannel? Change State=CONNECTED
01-11 16:35:37.949 29767-30795/com.rank.webrtc_nomix D/WooGeen-PeerConnectionChannel? onIceConnectionChange:COMPLETED
01-11 16:35:38.716 29767-30867/com.rank.webrtc_nomix D/MediaCodecVideo? DecoderRelease request
01-11 16:35:38.719 29767-30868/com.rank.webrtc_nomix D/MediaCodecVideo? InitDecodeOnCodecThread Type: 0. 1280 x 1280. Fps: 60. Errors: 0
01-11 16:35:38.722 29767-30868/com.rank.webrtc_nomix D/MediaCodecVideoDecoder? Found target decoder OMX.qcom.video.decoder.vp8. Color: 0x13
01-11 16:35:38.722 29767-30868/com.rank.webrtc_nomix D/MediaCodecVideoDecoder? Java initDecode: VIDEO_CODEC_VP8 : 1280 x 1280. Color: 0x13. Use Surface: false. Use SW codec: false
01-11 16:35:38.722 29767-30868/com.rank.webrtc_nomix D/MediaCodecVideoDecoder? Format: {height=1280, width=1280, mime=video/x-vnd.on2.vp8, color-format=19}
01-11 16:35:38.732 29767-31330/com.rank.webrtc_nomix I/OMXClient? Using client-side OMX mux.
01-11 16:35:38.746 29767-30858/com.rank.webrtc_nomix D/MediaCodecVideo? DecoderRelease request
01-11 16:35:38.750 29767-30859/com.rank.webrtc_nomix D/MediaCodecVideo? InitDecodeOnCodecThread Type: 0. 1280 x 1280. Fps: 60. Errors: 0
01-11 16:35:38.752 29767-30859/com.rank.webrtc_nomix D/MediaCodecVideoDecoder? Found target decoder OMX.qcom.video.decoder.vp8. Color: 0x13
01-11 16:35:38.752 29767-30859/com.rank.webrtc_nomix D/MediaCodecVideoDecoder? Java initDecode: VIDEO_CODEC_VP8 : 1280 x 1280. Color: 0x13. Use Surface: false. Use SW codec: false
01-11 16:35:38.752 29767-30859/com.rank.webrtc_nomix D/MediaCodecVideoDecoder? Format: {height=1280, width=1280, mime=video/x-vnd.on2.vp8, color-format=19}
01-11 16:35:38.756 29767-31333/com.rank.webrtc_nomix I/OMXClient? Using client-side OMX mux.
01-11 16:35:38.792 29767-31333/com.rank.webrtc_nomix E/ACodec? [OMX.qcom.video.decoder.vp8] configureCodec returning error -2147483648
01-11 16:35:38.792 29767-31333/com.rank.webrtc_nomix E/ACodec? [OMX.qcom.video.decoder.vp8] configureCodec returning error -2147483648
01-11 16:35:38.793 29767-31333/com.rank.webrtc_nomix E/ACodec? signalError(omxError 0x80001001, internalError -2147483648)
01-11 16:35:38.795 29767-31331/com.rank.webrtc_nomix E/MediaCodec? Codec reported err 0x80001001, actionCode 0, while in state 3
01-11 16:35:38.796 29767-30859/com.rank.webrtc_nomix E/MediaCodec? configure failed with err 0x80001001, resetting...
01-11 16:35:38.806 29767-31333/com.rank.webrtc_nomix I/OMXClient? Using client-side OMX mux.
01-11 16:35:38.833 29767-30859/com.rank.webrtc_nomix E/MediaCodecVideoDecoder? initDecode failed android.media.MediaCodec$CodecException: Error 0x80001001
at android.media.MediaCodec.native_configure(Native Method)
at android.media.MediaCodec.configure(MediaCodec.java:580)
at org.webrtc.MediaCodecVideoDecoder.initDecode(MediaCodecVideoDecoder.java:273)
01-11 16:35:38.834 29767-30858/com.rank.webrtc_nomix D/MediaCodecVideo? DecoderRelease request
01-11 16:35:38.837 29767-30858/com.rank.webrtc_nomix D/MediaCodecVideo? DecoderRelease request
01-11 16:35:38.837 29767-30859/com.rank.webrtc_nomix D/MediaCodecVideo? InitDecodeOnCodecThread Type: 0. 1280 x 1280. Fps: 60. Errors: 0
01-11 16:35:38.838 29767-30859/com.rank.webrtc_nomix W/System.err? java.lang.RuntimeException: Forgot to release()?
01-11 16:35:38.838 29767-30859/com.rank.webrtc_nomix W/System.err?
at org.webrtc.MediaCodecVideoDecoder.initDecode(MediaCodecVideoDecoder.java:207)
01-11 16:35:38.838 29767-30859/com.rank.webrtc_nomix E/rtc? # # Fatal error in ../../talk/app/webrtc/java/jni/androidmediadecoder_jni.cc, line 322 # Check failed: !jni->ExceptionCheck() # # --------- beginning of crash
01-11 16:35:38.840 29767-30859/com.rank.webrtc_nomix A/libc? Fatal signal 6 (SIGABRT), code -6 in tid 30859 (Thread-17524 - )
01-11 16:35:38.876 29767-31330/com.rank.webrtc_nomix I/ExtendedCodec? Decoder will be in frame by frame mode