01-18 17:57:28.361 23918-23949/com.rank.webrtc_nomix E/WebRTC? token is : {"tokenId":"569cda2f815cc87c47d2f72e","host":"webrtc.rankconsultancy.in:8080","secure":true,"signature":"YTA1NDA2ZTI2MDE4NDA3ODVmMjBlZmZmMDY4YmQ2NjdiODg0NzgyMDEzOWUyMzllOWU3MGNlOWMzYjhmMTMxNg=="}
01-18 17:57:28.361 23918-23949/com.rank.webrtc_nomix D/ConferenceClient? Join a conference.
01-18 17:57:28.366 23918-23949/com.rank.webrtc_nomix D/WooGeen-SocketClient? Token is {"tokenId":"569cda2f815cc87c47d2f72e","host":"webrtc.rankconsultancy.in:8080","secure":true,"signature":"YTA1NDA2ZTI2MDE4NDA3ODVmMjBlZmZmMDY4YmQ2NjdiODg0NzgyMDEzOWUyMzllOWU3MGNlOWMzYjhmMTMxNg=="}
01-18 17:57:28.366 23918-31389/com.rank.webrtc_nomix D/WooGeen-SocketClient? Socket thread is started.
01-18 17:57:28.371 23918-31389/com.rank.webrtc_nomix I/System.out? >>>>>>>>>> secured <<<<<<<<
01-18 17:57:31.006 23918-31429/com.rank.webrtc_nomix D/WooGeen-SocketClient? onConnection sucessfully
01-18 17:57:31.471 23918-31430/com.rank.webrtc_nomix D/dalvikvm? GC_FOR_ALLOC freed 1825K, 27% free 8460K/11556K, paused 48ms, total 50ms
01-18 17:57:32.126 23918-31450/com.rank.webrtc_nomix D/WooGeen-SocketClient? args:success
01-18 17:57:32.126 23918-31450/com.rank.webrtc_nomix D/ConferenceClient? Change State=CONNECTED
01-18 17:57:32.131 23918-23949/com.rank.webrtc_nomix E/WebRTC? new stream :
01-18 17:57:32.136 23918-23949/com.rank.webrtc_nomix E/WebRTC? new stream :DflQmJI2UckoZD_cAACr
01-18 17:57:32.136 23918-23949/com.rank.webrtc_nomix D/ConferenceClient? Subscribe DflQmJI2UckoZD_cAACr
01-18 17:57:32.136 23918-23949/com.rank.webrtc_nomix D/WooGeen-ConferencePeerConnectionChannel? ConnectToPeer
01-18 17:57:32.136 23918-23948/com.rank.webrtc_nomix D/WooGeen-PCFactory? Create PeerConnection.
01-18 17:57:32.141 23918-31453/com.rank.webrtc_nomix D/WooGeen-PeerConnectionChannel? Create Offer
01-18 17:57:32.141 23918-24482/com.rank.webrtc_nomix D/WooGeen-PeerConnectionChannel? SDPObserver ---- onCreateSuccess
01-18 17:57:32.206 23918-23948/com.rank.webrtc_nomix D/WooGeen-PCFactory? Create Local MediaStream
01-18 17:57:33.181 23918-24482/com.rank.webrtc_nomix D/WooGeen-PeerConnectionChannel? PC Observer ---- onSignalingChange: HAVE_LOCAL_OFFER
01-18 17:57:33.186 23918-24482/com.rank.webrtc_nomix D/WooGeen-PeerConnectionChannel? onIceGatheringChange:GATHERING
01-18 17:57:33.186 23918-24482/com.rank.webrtc_nomix D/WooGeen-PeerConnectionChannel? onIceGatheringChange:GATHERING
01-18 17:57:33.186 23918-24482/com.rank.webrtc_nomix D/WooGeen-PeerConnectionChannel? onIceGatheringChange:GATHERING
01-18 17:57:33.186 23918-24482/com.rank.webrtc_nomix D/WooGeen-PeerConnectionChannel? onIceGatheringChange:GATHERING
01-18 17:57:33.186 23918-24482/com.rank.webrtc_nomix D/WooGeen-PeerConnectionChannel? SDPObserver ---- onSetSuccess
01-18 17:57:33.186 23918-23948/com.rank.webrtc_nomix D/WooGeen-PCFactory? Initialize Android Globals
01-18 17:57:33.186 23918-31454/com.rank.webrtc_nomix D/ConferenceClient? Publish stream
01-18 17:57:33.191 23918-24482/com.rank.webrtc_nomix D/WooGeen-PeerConnectionChannel? onIceCandidate
01-18 17:57:33.191 23918-24482/com.rank.webrtc_nomix D/WooGeen-PeerConnectionChannel? onIceCandidate
01-18 17:57:33.191 23918-24482/com.rank.webrtc_nomix D/WooGeen-PeerConnectionChannel? onIceCandidate
01-18 17:57:33.191 23918-31454/com.rank.webrtc_nomix D/WooGeen-ConferencePeerConnectionChannel? ConnectToPeer
01-18 17:57:33.191 23918-24482/com.rank.webrtc_nomix D/WooGeen-PeerConnectionChannel? onIceCandidate
01-18 17:57:33.191 23918-23948/com.rank.webrtc_nomix D/WooGeen-PCFactory? Create PeerConnection.
01-18 17:57:33.191 23918-23918/com.rank.webrtc_nomix I/Choreographer? Skipped 59 frames! The application may be doing too much work on its main thread.
01-18 17:57:33.196 23918-31466/com.rank.webrtc_nomix D/WooGeen-PeerConnectionChannel? Add Stream
01-18 17:57:33.196 23918-24482/com.rank.webrtc_nomix D/WooGeen-PeerConnectionChannel? onRenegotiationNeeded
01-18 17:57:33.196 23918-31466/com.rank.webrtc_nomix D/WooGeen-PeerConnectionChannel? Create Offer
01-18 17:57:33.196 23918-24482/com.rank.webrtc_nomix D/WooGeen-PeerConnectionChannel? SDPObserver ---- onCreateSuccess
01-18 17:57:33.861 23918-24482/com.rank.webrtc_nomix D/WooGeen-PeerConnectionChannel? PC Observer ---- onSignalingChange: HAVE_LOCAL_OFFER
01-18 17:57:33.861 23918-24481/com.rank.webrtc_nomix D/AudioRecordJni? StopRecording@[tid=24481]
01-18 17:57:33.866 23918-24482/com.rank.webrtc_nomix D/WooGeen-PeerConnectionChannel? onIceGatheringChange:GATHERING
01-18 17:57:33.866 23918-24482/com.rank.webrtc_nomix D/WooGeen-PeerConnectionChannel? onIceGatheringChange:GATHERING
01-18 17:57:33.866 23918-24482/com.rank.webrtc_nomix D/WooGeen-PeerConnectionChannel? onIceGatheringChange:GATHERING
01-18 17:57:33.866 23918-24482/com.rank.webrtc_nomix D/WooGeen-PeerConnectionChannel? onIceGatheringChange:GATHERING
01-18 17:57:33.866 23918-24482/com.rank.webrtc_nomix D/WooGeen-PeerConnectionChannel? SDPObserver ---- onSetSuccess
01-18 17:57:33.866 23918-24482/com.rank.webrtc_nomix D/WooGeen-PeerConnectionChannel? onIceCandidate
01-18 17:57:33.871 23918-24482/com.rank.webrtc_nomix D/WooGeen-PeerConnectionChannel? onIceCandidate
01-18 17:57:33.871 23918-24482/com.rank.webrtc_nomix D/WooGeen-PeerConnectionChannel? onIceCandidate
01-18 17:57:33.871 23918-24482/com.rank.webrtc_nomix D/WooGeen-PeerConnectionChannel? onIceCandidate
01-18 17:57:33.906 23918-24482/com.rank.webrtc_nomix D/WooGeen-PeerConnectionChannel? onIceCandidate
01-18 17:57:33.906 23918-24482/com.rank.webrtc_nomix D/WooGeen-PeerConnectionChannel? onIceCandidate
01-18 17:57:33.906 23918-24482/com.rank.webrtc_nomix D/WooGeen-PeerConnectionChannel? onIceCandidate
01-18 17:57:33.906 23918-24482/com.rank.webrtc_nomix D/WooGeen-PeerConnectionChannel? onIceCandidate
01-18 17:57:33.966 23918-24482/com.rank.webrtc_nomix D/WooGeen-PeerConnectionChannel? onIceCandidate
01-18 17:57:33.971 23918-24482/com.rank.webrtc_nomix D/WooGeen-PeerConnectionChannel? onIceCandidate
01-18 17:57:33.971 23918-24482/com.rank.webrtc_nomix D/WooGeen-PeerConnectionChannel? onIceCandidate
01-18 17:57:33.971 23918-24482/com.rank.webrtc_nomix D/WooGeen-PeerConnectionChannel? onIceCandidate
01-18 17:57:43.261 23918-24482/com.rank.webrtc_nomix D/WooGeen-PeerConnectionChannel? onIceGatheringChange:COMPLETE
01-18 17:57:43.376 23918-24482/com.rank.webrtc_nomix D/WooGeen-PeerConnectionChannel? onIceGatheringChange:COMPLETE
01-18 17:57:43.811 23918-24481/com.rank.webrtc_nomix D/AudioTrackJni? InitPlayout@[tid=24481]
01-18 17:57:43.811 23918-24481/com.rank.webrtc_nomix D/WebRtcAudioTrack? InitPlayout(sampleRate=44100, channels=1)
01-18 17:57:43.811 23918-24481/com.rank.webrtc_nomix D/WebRtcAudioTrack? byteBuffer.capacity: 882
01-18 17:57:43.811 23918-24481/com.rank.webrtc_nomix D/AudioTrackJni? OnCacheDirectBufferAddress
01-18 17:57:43.811 23918-24481/com.rank.webrtc_nomix D/AudioTrackJni? direct buffer capacity: 882
01-18 17:57:43.811 23918-24481/com.rank.webrtc_nomix D/AudioTrackJni? frames_per_buffer: 441
01-18 17:57:43.816 23918-24481/com.rank.webrtc_nomix D/WebRtcAudioTrack? AudioTrack.getMinBufferSize: 8192
01-18 17:57:43.821 23918-24481/com.rank.webrtc_nomix D/AudioTrackJni? delay_in_milliseconds: 92
01-18 17:57:43.821 23918-24481/com.rank.webrtc_nomix D/AudioTrackJni? StartPlayout@[tid=24481]
01-18 17:57:43.821 23918-24481/com.rank.webrtc_nomix D/WebRtcAudioTrack? StartPlayout
01-18 17:57:43.826 23918-31562/com.rank.webrtc_nomix D/WebRtcAudioTrack? AudioTrackThread@[name=AudioTrackJavaThread, id=675]
01-18 17:57:43.831 23918-24482/com.rank.webrtc_nomix D/WooGeen-PeerConnectionChannel? PC Observer ---- onSignalingChange: STABLE
01-18 17:57:43.876 23918-24482/com.rank.webrtc_nomix D/WooGeen-PeerConnectionChannel? PC Observer ---- onAddStream
01-18 17:57:43.876 23918-24482/com.rank.webrtc_nomix D/WooGeen-ConferencePeerConnectionChannel? audio1 video1
01-18 17:57:43.876 23918-24482/com.rank.webrtc_nomix E/WebRTC? remoteStreamId = DflQmJI2UckoZD_cAACr, from DflQmJI2UckoZD_cAACr
01-18 17:57:43.876 23918-24482/com.rank.webrtc_nomix D/WooGeen-PeerConnectionChannel? onIceConnectionChange:CHECKING
01-18 17:57:43.881 23918-24482/com.rank.webrtc_nomix D/WooGeen-PeerConnectionChannel? SDPObserver ---- onSetSuccess
01-18 17:57:43.991 23918-24482/com.rank.webrtc_nomix D/WooGeen-PeerConnectionChannel? PC Observer ---- onSignalingChange: STABLE
01-18 17:57:44.071 23918-24482/com.rank.webrtc_nomix D/WooGeen-PeerConnectionChannel? PC Observer ---- onAddStream
01-18 17:57:44.071 23918-24482/com.rank.webrtc_nomix D/WooGeen-ConferencePeerConnectionChannel? audio1 video1
01-18 17:57:44.076 23918-24482/com.rank.webrtc_nomix D/WooGeen-PeerConnectionChannel? onIceConnectionChange:CHECKING
01-18 17:57:44.076 23918-24482/com.rank.webrtc_nomix D/WooGeen-PeerConnectionChannel? SDPObserver ---- onSetSuccess
01-18 17:57:44.746 23918-24482/com.rank.webrtc_nomix D/WooGeen-PeerConnectionChannel? onIceConnectionChange:CONNECTED
01-18 17:57:44.746 23918-24482/com.rank.webrtc_nomix D/WooGeen-ConferencePeerConnectionChannel? Change State=CONNECTED
01-18 17:57:44.751 23918-24482/com.rank.webrtc_nomix D/WooGeen-PeerConnectionChannel? onIceConnectionChange:COMPLETED
01-18 17:57:44.751 23918-24481/com.rank.webrtc_nomix D/AudioRecordJni? InitRecording@[tid=24481]
01-18 17:57:44.751 23918-24481/com.rank.webrtc_nomix D/WebRtcAudioRecord? InitRecording(sampleRate=44100, channels=1)
01-18 17:57:44.751 23918-24481/com.rank.webrtc_nomix D/WebRtcAudioRecord? byteBuffer.capacity: 882
01-18 17:57:44.751 23918-24481/com.rank.webrtc_nomix D/AudioRecordJni? OnCacheDirectBufferAddress
01-18 17:57:44.751 23918-24481/com.rank.webrtc_nomix D/AudioRecordJni? direct buffer capacity: 882
01-18 17:57:44.751 23918-24481/com.rank.webrtc_nomix D/WebRtcAudioRecord? AudioRecord.getMinBufferSize: 4096
01-18 17:57:44.751 23918-24481/com.rank.webrtc_nomix D/WebRtcAudioRecord? bufferSizeInBytes: 4096
01-18 17:57:44.766 23918-23918/com.rank.webrtc_nomix E/WebRTC? MY ID : AubffAVAfe_8wH9MAAC7
01-18 17:57:44.806 23918-24481/com.rank.webrtc_nomix D/WebRtcAudioRecord? AudioRecord session ID: 149, audio format: 2, channels: 1, sample rate: 44100
01-18 17:57:44.811 23918-24481/com.rank.webrtc_nomix D/WebRtcAudioRecord? AcousticEchoCanceler.isAvailable: true
01-18 17:57:44.816 23918-24481/com.rank.webrtc_nomix D/WebRtcAudioRecord? AcousticEchoCanceler name: Acoustic Echo Canceler, implementor: NXP Software Ltd., uuid: d6dbf400-93ce-11e0-bcd7-0002a5d5c51b
01-18 17:57:44.816 23918-24481/com.rank.webrtc_nomix D/WebRtcAudioRecord? AcousticEchoCanceler.getEnabled: true
01-18 17:57:44.816 23918-24481/com.rank.webrtc_nomix D/AudioRecordJni? frames_per_buffer: 441
01-18 17:57:44.816 23918-24481/com.rank.webrtc_nomix D/AudioRecordJni? StartRecording@[tid=24481]
01-18 17:57:44.816 23918-24481/com.rank.webrtc_nomix D/WebRtcAudioRecord? StartRecording
01-18 17:57:44.821 23918-31576/com.rank.webrtc_nomix D/WebRtcAudioRecord? AudioRecordThread@[name=AudioRecordJavaThread, id=679]
01-18 17:57:49.161 23918-31565/com.rank.webrtc_nomix D/dalvikvm? GC_FOR_ALLOC freed 1920K, 26% free 8587K/11556K, paused 43ms, total 43ms