07-01 10:14:02.288 3251-3251/? D/dalvikvm﹕ Late-enabling CheckJNI
07-01 10:14:02.588 3251-3303/com.intel.webrtc.p2p.sample D/WooGeen-PCFactory﹕ Initialize Android Globals
07-01 10:14:02.588 3251-3303/com.intel.webrtc.p2p.sample D/dalvikvm﹕ Trying to load lib /data/app-lib/com.intel.webrtc.p2p.sample-2/libjingle_peerconnection_so.so 0x418636b0
07-01 10:14:02.598 3251-3303/com.intel.webrtc.p2p.sample D/dalvikvm﹕ Added shared lib /data/app-lib/com.intel.webrtc.p2p.sample-2/libjingle_peerconnection_so.so 0x418636b0
07-01 10:14:02.608 3251-3303/com.intel.webrtc.p2p.sample D/MediaCodecVideoDecoder﹕ SDK version: 18
07-01 10:14:02.938 3251-3303/com.intel.webrtc.p2p.sample D/WEBRTC-JC﹕ Camera 0, Facing back, Orientation 90
07-01 10:14:03.248 3251-3303/com.intel.webrtc.p2p.sample D/WEBRTC-JC﹕ Camera 1, Facing front, Orientation 270
07-01 10:14:03.258 3251-3303/com.intel.webrtc.p2p.sample D/WEBRTC-JC﹕ [ { "mfpsRanges": [ { "min_mfps": 10000, "max_mfps": 30000 } ], "sizes": [ { "height": 1080, "width": 1920 }, { "height": 1080, "width": 1440 }, { "height": 720, "width": 1280 }, { "height": 720, "width": 1200 }, { "height": 720, "width": 960 }, { "height": 480, "width": 864 }, { "height": 480, "width": 800 }, { "height": 432, "width": 768 }, { "height": 480, "width": 720 }, { "height": 480, "width": 640 }, { "height": 432, "width": 576 }, { "height": 320, "width": 480 }, { "height": 288, "width": 384 }, { "height": 288, "width": 352 }, { "height": 240, "width": 320 }, { "height": 160, "width": 240 }, { "height": 144, "width": 176 } ], "orientation": 90, "front_facing": false, "name": "Camera 0, Facing back, Orientation 90" }, { "mfpsRanges": [ { "min_mfps": 7500, "max_mfps": 30000 } ], "sizes": [ { "height": 480, "width": 640 }, { "height": 432, "width": 576 }, { "height": 320, "width": 480 }, { "height": 288, "width": 384 }, { "height": 288, "width": 352 }, { "height": 240, "width": 320 }, { "height": 160, "width": 240 }, { "height": 144, "width": 176 } ], "orientation": 270, "front_facing": true, "name": "Camera 1, Facing front, Orientation 270" } ]
07-01 10:14:03.258 3251-3303/com.intel.webrtc.p2p.sample D/*WEBRTCN*﹕ SetRenderAndroidVM
07-01 10:14:03.258 3251-3303/com.intel.webrtc.p2p.sample D/MediaCodecVideo﹕ NULL VideoDecoder EGL context - HW surface decoding is disabled.
07-01 10:14:03.258 3251-3251/com.intel.webrtc.p2p.sample D/WooGeen-PCFactory﹕ Is H264 preferred: false
07-01 10:14:03.258 3251-3303/com.intel.webrtc.p2p.sample D/WooGeen-PCFactory﹕ Create new factory
07-01 10:14:03.348 3251-3303/com.intel.webrtc.p2p.sample I/dalvikvm﹕ Could not find method android.media.MediaCodec.setParameters, referenced from method org.webrtc.MediaCodecVideoEncoder.encode
07-01 10:14:03.348 3251-3303/com.intel.webrtc.p2p.sample W/dalvikvm﹕ VFY: unable to resolve virtual method 384: Landroid/media/MediaCodec;.setParameters (Landroid/os/Bundle;)V
07-01 10:14:03.348 3251-3303/com.intel.webrtc.p2p.sample D/dalvikvm﹕ VFY: replacing opcode 0x6e at 0x001a
07-01 10:14:03.358 3251-3303/com.intel.webrtc.p2p.sample I/dalvikvm﹕ Could not find method android.media.MediaCodec.setParameters, referenced from method org.webrtc.MediaCodecVideoEncoder.setRates
07-01 10:14:03.358 3251-3303/com.intel.webrtc.p2p.sample W/dalvikvm﹕ VFY: unable to resolve virtual method 384: Landroid/media/MediaCodec;.setParameters (Landroid/os/Bundle;)V
07-01 10:14:03.358 3251-3303/com.intel.webrtc.p2p.sample D/dalvikvm﹕ VFY: replacing opcode 0x6e at 0x0033
07-01 10:14:03.388 3251-3452/com.intel.webrtc.p2p.sample D/AudioTrack﹕ Turn on Direct Output for VOIP RX
07-01 10:14:03.638 3251-3452/com.intel.webrtc.p2p.sample D/WebRtcAudioRecord-Java﹕ InitRecording
07-01 10:14:03.998 3251-3452/com.intel.webrtc.p2p.sample D/WebRtcAudioRecord-Java﹕ AcousticEchoCanceler.isAvailable: false
07-01 10:14:03.998 3251-3452/com.intel.webrtc.p2p.sample D/WebRtcAudioRecord-Java﹕ StopRecording
07-01 10:14:04.028 3251-3251/com.intel.webrtc.p2p.sample V/InputMethodManager﹕ focusIn: android.widget.RelativeLayout{418b0f70 VFE...C. .FS...I. 0,0-0,0}
07-01 10:14:04.028 3251-3251/com.intel.webrtc.p2p.sample V/InputMethodManager﹕ Not IME target window, ignoring
07-01 10:14:04.058 3251-3251/com.intel.webrtc.p2p.sample D/libEGL﹕ loaded /vendor/lib/egl/libEGL_adreno.so
07-01 10:14:04.058 3251-3251/com.intel.webrtc.p2p.sample D/libEGL﹕ loaded /vendor/lib/egl/libGLESv1_CM_adreno.so
07-01 10:14:04.068 3251-3251/com.intel.webrtc.p2p.sample D/libEGL﹕ loaded /vendor/lib/egl/libGLESv2_adreno.so
07-01 10:14:04.078 3251-3251/com.intel.webrtc.p2p.sample I/Adreno-EGL﹕ : EGL 1.4 QUALCOMM build: AU_LINUX_ANDROID_JB_3.2_RB2.04.03.00.129.092_msm8226_JB_3.2_RB2__release_AU () OpenGL ES Shader Compiler Version: 20.00.06 Build Date: 01/16/14 Thu Local Branch: Remote Branch: quic/jb_3.2_rb2.30 Local Patches: NONE Reconstruct Branch: AU_LINUX_ANDROID_JB_3.2_RB2.04.03.00.129.092 + NOTHING
07-01 10:14:04.108 3251-3251/com.intel.webrtc.p2p.sample D/OpenGLRenderer﹕ Enabling debug mode 0
07-01 10:14:04.208 3251-3251/com.intel.webrtc.p2p.sample V/InputMethodManager﹕ onWindowFocus: android.widget.TabHost{4186ce28 VFE..... .F....ID 0,0-800,480 #1020012 android:id/tabhost} softInputMode=32 first=true flags=#1810500
07-01 10:14:04.208 3251-3251/com.intel.webrtc.p2p.sample V/InputMethodManager﹕ Has been inactive! Starting fresh
07-01 10:14:04.208 3251-3251/com.intel.webrtc.p2p.sample V/InputMethodManager﹕ focusIn: android.widget.TabHost{4186ce28 VFE..... .F....ID 0,0-800,480 #1020012 android:id/tabhost}
07-01 10:14:04.208 3251-3251/com.intel.webrtc.p2p.sample V/InputMethodManager﹕ checkFocus: view=null next=android.widget.TabHost{4186ce28 VFE..... .F....ID 0,0-800,480 #1020012 android:id/tabhost} forceNewFocus=true package=
07-01 10:14:04.208 3251-3251/com.intel.webrtc.p2p.sample V/InputMethodManager﹕ Starting input: view=android.widget.TabHost{4186ce28 VFE..... .F....ID 0,0-800,480 #1020012 android:id/tabhost}
07-01 10:14:04.208 3251-3251/com.intel.webrtc.p2p.sample V/InputMethodManager﹕ Starting input: tba=android.view.inputmethod.EditorInfo@4190ca30 ic=null
07-01 10:14:04.208 3251-3251/com.intel.webrtc.p2p.sample V/InputMethodManager﹕ START INPUT: android.widget.TabHost{4186ce28 VFE..... .F....ID 0,0-800,480 #1020012 android:id/tabhost} ic=null tba=android.view.inputmethod.EditorInfo@4190ca30 controlFlags=#105
07-01 10:14:04.208 3251-3251/com.intel.webrtc.p2p.sample V/InputMethodManager﹕ Starting input: Bind result=InputBindResult{null com.android.inputmethod.latin/.LatinIME #118}
07-01 10:14:04.218 3251-3251/com.intel.webrtc.p2p.sample I/InputMethodManager﹕ handleMessage: MSG_SET_ACTIVE true, was false
07-01 10:14:04.248 3251-3251/com.intel.webrtc.p2p.sample I/InputMethodManager﹕ handleMessage: MSG_BIND 118,com.android.inputmethod.latin/.LatinIME
07-01 10:14:04.248 3251-3251/com.intel.webrtc.p2p.sample V/InputMethodManager﹕ Starting input: view=android.widget.TabHost{4186ce28 VFE..... .F...... 0,0-800,480 #1020012 android:id/tabhost}
07-01 10:14:04.248 3251-3251/com.intel.webrtc.p2p.sample V/InputMethodManager﹕ Starting input: tba=android.view.inputmethod.EditorInfo@4190ec88 ic=null
07-01 10:14:04.248 3251-3251/com.intel.webrtc.p2p.sample V/InputMethodManager﹕ Starting input: finished by someone else (view=android.widget.TabHost{4186ce28 VFE..... .F...... 0,0-800,480 #1020012 android:id/tabhost} conn=false)
07-01 10:14:16.718 3251-3251/com.intel.webrtc.p2p.sample V/InputMethodManager﹕ focusOut: android.widget.TabHost{4186ce28 VFE..... ......ID 0,0-800,480 #1020012 android:id/tabhost} mServedView=android.widget.TabHost{4186ce28 VFE..... ......ID 0,0-800,480 #1020012 android:id/tabhost} winFocus=true
07-01 10:14:16.718 3251-3251/com.intel.webrtc.p2p.sample V/InputMethodManager﹕ focusIn: android.widget.EditText{418a77c8 VFED..CL .F....I. 0,0-0,0 #7f070003 app:id/txt_server}
07-01 10:14:16.768 3251-3251/com.intel.webrtc.p2p.sample V/InputMethodManager﹕ checkFocus: view=android.widget.TabHost{4186ce28 VFE..... ........ 0,0-800,480 #1020012 android:id/tabhost} next=android.widget.EditText{418a77c8 VFED..CL .F...... 0,0-800,64 #7f070003 app:id/txt_server} forceNewFocus=false package=com.intel.webrtc.p2p.sample
07-01 10:14:16.768 3251-3251/com.intel.webrtc.p2p.sample V/InputMethodManager﹕ Starting input: view=android.widget.EditText{418a77c8 VFED..CL .F...... 0,0-800,64 #7f070003 app:id/txt_server}
07-01 10:14:16.768 3251-3251/com.intel.webrtc.p2p.sample V/InputMethodManager﹕ Starting input: tba=android.view.inputmethod.EditorInfo@419169e8 ic=com.android.internal.widget.EditableInputConnection@41916c50
07-01 10:14:16.768 3251-3251/com.intel.webrtc.p2p.sample V/InputMethodManager﹕ START INPUT: android.widget.EditText{418a77c8 VFED..CL .F...... 0,0-800,64 #7f070003 app:id/txt_server} ic=com.android.internal.widget.EditableInputConnection@41916c50 tba=android.view.inputmethod.EditorInfo@419169e8 controlFlags=#100
07-01 10:14:16.768 3251-3251/com.intel.webrtc.p2p.sample V/InputMethodManager﹕ Starting input: Bind result=InputBindResult{com.android.internal.view.IInputMethodSession$Stub$Proxy@41917f88 com.android.inputmethod.latin/.LatinIME #119}
07-01 10:14:17.828 3251-3727/com.intel.webrtc.p2p.sample D/WooGeen-SocketClient﹕ Server Authenticated!
07-01 10:14:17.828 3251-3727/com.intel.webrtc.p2p.sample D/WooGeen-PeerClient﹕ PeerClient State:CONNECTED
07-01 10:14:19.458 3251-3251/com.intel.webrtc.p2p.sample V/InputMethodManager﹕ focusOut: android.widget.EditText{418a77c8 VF.D..CL ........ 0,0-800,64 #7f070003 app:id/txt_server} mServedView=android.widget.EditText{418a77c8 VF.D..CL ........ 0,0-800,64 #7f070003 app:id/txt_server} winFocus=true
07-01 10:14:19.458 3251-3251/com.intel.webrtc.p2p.sample V/InputMethodManager﹕ focusIn: android.widget.TabHost{4186ce28 VFE..... .F....ID 0,0-800,480 #1020012 android:id/tabhost}
07-01 10:14:19.478 3251-3251/com.intel.webrtc.p2p.sample V/InputMethodManager﹕ checkFocus: view=android.widget.EditText{418a77c8 VF.D..CL ......ID 0,0-800,64 #7f070003 app:id/txt_server} next=android.widget.TabHost{4186ce28 VFE..... .F...... 0,0-800,480 #1020012 android:id/tabhost} forceNewFocus=false package=com.intel.webrtc.p2p.sample
07-01 10:14:19.478 3251-3251/com.intel.webrtc.p2p.sample V/InputMethodManager﹕ Starting input: view=android.widget.TabHost{4186ce28 VFE..... .F...... 0,0-800,480 #1020012 android:id/tabhost}
07-01 10:14:19.478 3251-3251/com.intel.webrtc.p2p.sample V/InputMethodManager﹕ Starting input: tba=android.view.inputmethod.EditorInfo@419aeca0 ic=null
07-01 10:14:19.478 3251-3251/com.intel.webrtc.p2p.sample V/InputMethodManager﹕ START INPUT: android.widget.TabHost{4186ce28 VFE..... .F...... 0,0-800,480 #1020012 android:id/tabhost} ic=null tba=android.view.inputmethod.EditorInfo@419aeca0 controlFlags=#100
07-01 10:14:19.488 3251-3251/com.intel.webrtc.p2p.sample V/InputMethodManager﹕ Starting input: Bind result=InputBindResult{com.android.internal.view.IInputMethodSession$Stub$Proxy@419af9a0 com.android.inputmethod.latin/.LatinIME #120}
07-01 10:14:24.008 3251-3805/com.intel.webrtc.p2p.sample D/WooGeen-SocketClient﹕ StopEventCallbackPonsen
07-01 10:14:24.008 3251-3805/com.intel.webrtc.p2p.sample D/WooGeen-SocketClient﹕ InvitationEvent
07-01 10:14:24.008 3251-3805/com.intel.webrtc.p2p.sample D/WooGeen-PeerConnectionChannel﹕ Change NegotiationState to NULL
07-01 10:14:24.008 3251-3805/com.intel.webrtc.p2p.sample D/WooGeen-PeerConnectionChannel﹕ Change state to PENDING
07-01 10:14:25.338 3251-3251/com.intel.webrtc.p2p.sample D/WooGeen-PeerClient﹕ Accept Ponsen
07-01 10:14:25.338 3251-3251/com.intel.webrtc.p2p.sample D/WooGeen-PeerConnectionChannel﹕ Change state to MATCHED
07-01 10:14:25.368 3251-3251/com.intel.webrtc.p2p.sample V/InputMethodManager﹕ onWindowFocus: android.widget.TabHost{4186ce28 VFE..... .F.....D 0,0-800,480 #1020012 android:id/tabhost} softInputMode=32 first=false flags=#1810500
07-01 10:14:25.368 3251-3251/com.intel.webrtc.p2p.sample V/InputMethodManager﹕ focusIn: android.widget.TabHost{4186ce28 VFE..... .F.....D 0,0-800,480 #1020012 android:id/tabhost}
07-01 10:14:25.368 3251-3251/com.intel.webrtc.p2p.sample V/InputMethodManager﹕ Reporting focus gain, without startInput
07-01 10:14:25.478 3251-3866/com.intel.webrtc.p2p.sample D/WooGeen-PeerConnectionChannel﹕ Change state to CONNECTING
07-01 10:14:25.478 3251-3866/com.intel.webrtc.p2p.sample D/WooGeen-PeerConnectionChannel﹕ Received:{"type":"offer","sdp":"v=0\r\no=- 4738793863138722489 2 IN IP4 127.0.0.1\r\ns=-\r\nt=0 0\r\na=group:BUNDLE audio video\r\na=msid-semantic: WMS\r\nm=audio 9 RTP\/SAVPF 111 103 104 9 0 8 106 105 13 126\r\nc=IN IP4 0.0.0.0\r\na=rtcp:9 IN IP4 0.0.0.0\r\na=ice-ufrag:JauvFgtfVelP\/3OJ\r\na=ice-pwd:c8e9T6LU5JELdmjAtj\/Buqqd\r\na=fingerprint:sha-256 0B:A5:88:CD:A7:54:89:F0:69:D8:FA:C1:31:51:FD:59:4B:46:9F:64:73:FB:AF:60:4E:E6:0F:23:07:CB:FC:70\r\na=setup:actpass\r\na=mid:audio\r\na=extmap:1 urn:ietf:params:rtp-hdrext:ssrc-audio-level\r\na=extmap:3 http:\/\/www.webrtc.org\/experiments\/rtp-hdrext\/abs-send-time\r\na=recvonly\r\na=rtcp-mux\r\na=rtpmap:111 opus\/48000\/2\r\na=fmtp:111 minptime=10; useinbandfec=1\r\na=rtpmap:103 ISAC\/16000\r\na=rtpmap:104 ISAC\/32000\r\na=rtpmap:9 G722\/8000\r\na=rtpmap:0 PCMU\/8000\r\na=rtpmap:8 PCMA\/8000\r\na=rtpmap:106 CN\/32000\r\na=rtpmap:105 CN\/16000\r\na=rtpmap:13 CN\/8000\r\na=rtpmap:126 telephone-event\/8000\r\na=maxptime:60\r\nm=video 9 RTP\/SAVPF 100 116 117\r\nc=IN IP4 0.0.0.0\r\na=rtcp:9 IN IP4 0.0.0.0\r\na=ice-ufrag:JauvFgtfVelP\/3OJ\r\na=ice-pwd:c8e9T6LU5JELdmjAtj\/Buqqd\r\na=fingerprint:sha-256 0B:A5:88:CD:A7:54:89:F0:69:D8:FA:C1:31:51:FD:59:4B:46:9F:64:73:FB:AF:60:4E:E6:0F:23:07:CB:FC:70\r\na=setup:actpass\r\na=mid:video\r\na=extmap:2 urn:ietf:params:rtp-hdrext:toffset\r\na=extmap:3 http:\/\/www.webrtc.org\/experiments\/rtp-hdrext\/abs-send-time\r\na=extmap:4 urn:3gpp:video-orientation\r\na=recvonly\r\na=rtcp-mux\r\na=rtpmap:100 VP8\/90000\r\na=rtcp-fb:100 ccm fir\r\na=rtcp-fb:100 nack\r\na=rtcp-fb:100 nack pli\r\na=rtcp-fb:100 goog-remb\r\na=rtpmap:116 red\/90000\r\na=rtpmap:117 ulpfec\/90000\r\n"}
07-01 10:14:25.478 3251-3303/com.intel.webrtc.p2p.sample D/WooGeen-PCFactory﹕ Create PeerConnection.
07-01 10:14:25.478 3251-3866/com.intel.webrtc.p2p.sample D/WooGeen-PeerConnectionChannel﹕ Received:{"sdpMid":"audio","type":"candidates","sdpMLineIndex":0,"candidate":"candidate:1426456921 1 udp 2122260223 192.168.5.152 55784 typ host generation 0"}
07-01 10:14:25.478 3251-3866/com.intel.webrtc.p2p.sample D/WooGeen-PeerConnectionChannel﹕ Add candidate to QueueRemoteCandidate list.
07-01 10:14:25.488 3251-3303/com.intel.webrtc.p2p.sample D/dalvikvm﹕ Trying to load lib /data/app-lib/com.intel.webrtc.p2p.sample-2/libjingle_peerconnection_so.so 0x418636b0
07-01 10:14:25.488 3251-3303/com.intel.webrtc.p2p.sample D/dalvikvm﹕ Shared lib '/data/app-lib/com.intel.webrtc.p2p.sample-2/libjingle_peerconnection_so.so' already loaded in same CL 0x418636b0
07-01 10:14:25.488 3251-3806/com.intel.webrtc.p2p.sample D/WooGeen-PeerConnectionChannel﹕ Setting Remote Description
07-01 10:14:25.488 3251-3866/com.intel.webrtc.p2p.sample D/WooGeen-PeerConnectionChannel﹕ Received:{"sdpMid":"audio","type":"candidates","sdpMLineIndex":0,"candidate":"candidate:1063726844 1 udp 2122194687 192.168.0.119 45898 typ host generation 0"}
07-01 10:14:25.488 3251-3866/com.intel.webrtc.p2p.sample D/WooGeen-PeerConnectionChannel﹕ Add candidate to QueueRemoteCandidate list.
07-01 10:14:25.488 3251-3866/com.intel.webrtc.p2p.sample D/WooGeen-PeerConnectionChannel﹕ Received:{"sdpMid":"audio","type":"candidates","sdpMLineIndex":0,"candidate":"candidate:1426456921 2 udp 2122260222 192.168.5.152 57290 typ host generation 0"}
07-01 10:14:25.488 3251-3866/com.intel.webrtc.p2p.sample D/WooGeen-PeerConnectionChannel﹕ Add candidate to QueueRemoteCandidate list.
07-01 10:14:25.498 3251-3866/com.intel.webrtc.p2p.sample D/WooGeen-PeerConnectionChannel﹕ Received:{"sdpMid":"audio","type":"candidates","sdpMLineIndex":0,"candidate":"candidate:1063726844 2 udp 2122194686 192.168.0.119 39836 typ host generation 0"}
07-01 10:14:25.498 3251-3866/com.intel.webrtc.p2p.sample D/WooGeen-PeerConnectionChannel﹕ Add candidate to QueueRemoteCandidate list.
07-01 10:14:25.498 3251-3866/com.intel.webrtc.p2p.sample D/WooGeen-PeerConnectionChannel﹕ Received:{"sdpMid":"video","type":"candidates","sdpMLineIndex":1,"candidate":"candidate:1426456921 1 udp 2122260223 192.168.5.152 39809 typ host generation 0"}
07-01 10:14:25.498 3251-3866/com.intel.webrtc.p2p.sample D/WooGeen-PeerConnectionChannel﹕ Add candidate to QueueRemoteCandidate list.
07-01 10:14:25.498 3251-3866/com.intel.webrtc.p2p.sample D/WooGeen-PeerConnectionChannel﹕ Received:{"sdpMid":"video","type":"candidates","sdpMLineIndex":1,"candidate":"candidate:1063726844 1 udp 2122194687 192.168.0.119 56476 typ host generation 0"}
07-01 10:14:25.498 3251-3866/com.intel.webrtc.p2p.sample D/WooGeen-PeerConnectionChannel﹕ Add candidate to QueueRemoteCandidate list.
07-01 10:14:25.508 3251-3866/com.intel.webrtc.p2p.sample D/WooGeen-PeerConnectionChannel﹕ Received:{"sdpMid":"video","type":"candidates","sdpMLineIndex":1,"candidate":"candidate:1426456921 2 udp 2122260222 192.168.5.152 50655 typ host generation 0"}
07-01 10:14:25.508 3251-3866/com.intel.webrtc.p2p.sample D/WooGeen-PeerConnectionChannel﹕ Add candidate to QueueRemoteCandidate list.
07-01 10:14:25.508 3251-3866/com.intel.webrtc.p2p.sample D/WooGeen-PeerConnectionChannel﹕ Received:{"sdpMid":"video","type":"candidates","sdpMLineIndex":1,"candidate":"candidate:1063726844 2 udp 2122194686 192.168.0.119 52488 typ host generation 0"}
07-01 10:14:25.508 3251-3866/com.intel.webrtc.p2p.sample D/WooGeen-PeerConnectionChannel﹕ Add candidate to QueueRemoteCandidate list.
07-01 10:14:25.508 3251-3866/com.intel.webrtc.p2p.sample D/WooGeen-PeerConnectionChannel﹕ Received:{"sdpMid":"audio","type":"candidates","sdpMLineIndex":0,"candidate":"candidate:3561883629 1 udp 1686052607 80.150.165.50 54670 typ srflx raddr 192.168.5.152 rport 55784 generation 0"}
07-01 10:14:25.508 3251-3866/com.intel.webrtc.p2p.sample D/WooGeen-PeerConnectionChannel﹕ Add candidate to QueueRemoteCandidate list.
07-01 10:14:25.508 3251-3866/com.intel.webrtc.p2p.sample D/WooGeen-PeerConnectionChannel﹕ Received:{"sdpMid":"audio","type":"candidates","sdpMLineIndex":0,"candidate":"candidate:3561883629 2 udp 1686052606 80.150.165.50 20981 typ srflx raddr 192.168.5.152 rport 57290 generation 0"}
07-01 10:14:25.518 3251-3866/com.intel.webrtc.p2p.sample D/WooGeen-PeerConnectionChannel﹕ Add candidate to QueueRemoteCandidate list.
07-01 10:14:25.518 3251-3866/com.intel.webrtc.p2p.sample D/WooGeen-PeerConnectionChannel﹕ Received:{"sdpMid":"video","type":"candidates","sdpMLineIndex":1,"candidate":"candidate:3561883629 1 udp 1686052607 80.150.165.50 5267 typ srflx raddr 192.168.5.152 rport 39809 generation 0"}
07-01 10:14:25.518 3251-3866/com.intel.webrtc.p2p.sample D/WooGeen-PeerConnectionChannel﹕ Add candidate to QueueRemoteCandidate list.
07-01 10:14:25.518 3251-3866/com.intel.webrtc.p2p.sample D/WooGeen-PeerConnectionChannel﹕ Received:{"sdpMid":"video","type":"candidates","sdpMLineIndex":1,"candidate":"candidate:3561883629 2 udp 1686052606 80.150.165.50 40176 typ srflx raddr 192.168.5.152 rport 50655 generation 0"}
07-01 10:14:25.518 3251-3866/com.intel.webrtc.p2p.sample D/WooGeen-PeerConnectionChannel﹕ Add candidate to QueueRemoteCandidate list.
07-01 10:14:25.568 3251-3867/com.intel.webrtc.p2p.sample D/WooGeen-PeerConnectionChannel﹕ Received:{"sdpMid":"audio","type":"candidates","sdpMLineIndex":0,"candidate":"candidate:461766057 1 tcp 1518280447 192.168.5.152 0 typ host tcptype active generation 0"}
07-01 10:14:25.568 3251-3867/com.intel.webrtc.p2p.sample D/WooGeen-PeerConnectionChannel﹕ Add candidate to QueueRemoteCandidate list.
07-01 10:14:25.568 3251-3867/com.intel.webrtc.p2p.sample D/WooGeen-PeerConnectionChannel﹕ Received:{"sdpMid":"audio","type":"candidates","sdpMLineIndex":0,"candidate":"candidate:1910821388 1 tcp 1518214911 192.168.0.119 0 typ host tcptype active generation 0"}
07-01 10:14:25.568 3251-3867/com.intel.webrtc.p2p.sample D/WooGeen-PeerConnectionChannel﹕ Add candidate to QueueRemoteCandidate list.
07-01 10:14:25.568 3251-3867/com.intel.webrtc.p2p.sample D/WooGeen-PeerConnectionChannel﹕ Received:{"sdpMid":"audio","type":"candidates","sdpMLineIndex":0,"candidate":"candidate:461766057 2 tcp 1518280446 192.168.5.152 0 typ host tcptype active generation 0"}
07-01 10:14:25.568 3251-3867/com.intel.webrtc.p2p.sample D/WooGeen-PeerConnectionChannel﹕ Add candidate to QueueRemoteCandidate list.
07-01 10:14:25.578 3251-3867/com.intel.webrtc.p2p.sample D/WooGeen-PeerConnectionChannel﹕ Received:{"sdpMid":"audio","type":"candidates","sdpMLineIndex":0,"candidate":"candidate:1910821388 2 tcp 1518214910 192.168.0.119 0 typ host tcptype active generation 0"}
07-01 10:14:25.578 3251-3867/com.intel.webrtc.p2p.sample D/WooGeen-PeerConnectionChannel﹕ Add candidate to QueueRemoteCandidate list.
07-01 10:14:25.578 3251-3867/com.intel.webrtc.p2p.sample D/WooGeen-PeerConnectionChannel﹕ Received:{"sdpMid":"video","type":"candidates","sdpMLineIndex":1,"candidate":"candidate:461766057 1 tcp 1518280447 192.168.5.152 0 typ host tcptype active generation 0"}
07-01 10:14:25.578 3251-3867/com.intel.webrtc.p2p.sample D/WooGeen-PeerConnectionChannel﹕ Add candidate to QueueRemoteCandidate list.
07-01 10:14:25.578 3251-3867/com.intel.webrtc.p2p.sample D/WooGeen-PeerConnectionChannel﹕ Received:{"sdpMid":"video","type":"candidates","sdpMLineIndex":1,"candidate":"candidate:1910821388 1 tcp 1518214911 192.168.0.119 0 typ host tcptype active generation 0"}
07-01 10:14:25.578 3251-3867/com.intel.webrtc.p2p.sample D/WooGeen-PeerConnectionChannel﹕ Add candidate to QueueRemoteCandidate list.
07-01 10:14:25.578 3251-3867/com.intel.webrtc.p2p.sample D/WooGeen-PeerConnectionChannel﹕ Received:{"sdpMid":"video","type":"candidates","sdpMLineIndex":1,"candidate":"candidate:461766057 2 tcp 1518280446 192.168.5.152 0 typ host tcptype active generation 0"}
07-01 10:14:25.578 3251-3867/com.intel.webrtc.p2p.sample D/WooGeen-PeerConnectionChannel﹕ Add candidate to QueueRemoteCandidate list.
07-01 10:14:25.588 3251-3867/com.intel.webrtc.p2p.sample D/WooGeen-PeerConnectionChannel﹕ Received:{"sdpMid":"video","type":"candidates","sdpMLineIndex":1,"candidate":"candidate:1910821388 2 tcp 1518214910 192.168.0.119 0 typ host tcptype active generation 0"}
07-01 10:14:25.588 3251-3867/com.intel.webrtc.p2p.sample D/WooGeen-PeerConnectionChannel﹕ Add candidate to QueueRemoteCandidate list.
07-01 10:14:26.238 3251-3452/com.intel.webrtc.p2p.sample D/WooGeen-PeerConnectionChannel﹕ PC Observer ---- onSignalingChange: HAVE_REMOTE_OFFER
07-01 10:14:26.248 3251-3452/com.intel.webrtc.p2p.sample D/WooGeen-PeerConnectionChannel﹕ SDPObserver ---- onSetSuccess
07-01 10:14:26.248 3251-3806/com.intel.webrtc.p2p.sample D/WooGeen-PeerConnectionChannel﹕ Drain Remote Candidates
07-01 10:14:26.248 3251-3806/com.intel.webrtc.p2p.sample D/WooGeen-PeerConnectionChannel﹕ Drain one candidate from list to peer connection.
07-01 10:14:26.248 3251-3806/com.intel.webrtc.p2p.sample D/WooGeen-PeerConnectionChannel﹕ Drain one candidate from list to peer connection.
07-01 10:14:26.248 3251-3806/com.intel.webrtc.p2p.sample D/WooGeen-PeerConnectionChannel﹕ Drain one candidate from list to peer connection.
07-01 10:14:26.248 3251-3806/com.intel.webrtc.p2p.sample D/WooGeen-PeerConnectionChannel﹕ Drain one candidate from list to peer connection.
07-01 10:14:26.248 3251-3806/com.intel.webrtc.p2p.sample D/WooGeen-PeerConnectionChannel﹕ Drain one candidate from list to peer connection.
07-01 10:14:26.248 3251-3806/com.intel.webrtc.p2p.sample D/WooGeen-PeerConnectionChannel﹕ Drain one candidate from list to peer connection.
07-01 10:14:26.248 3251-3806/com.intel.webrtc.p2p.sample D/WooGeen-PeerConnectionChannel﹕ Drain one candidate from list to peer connection.
07-01 10:14:26.258 3251-3806/com.intel.webrtc.p2p.sample D/WooGeen-PeerConnectionChannel﹕ Drain one candidate from list to peer connection.
07-01 10:14:26.258 3251-3806/com.intel.webrtc.p2p.sample D/WooGeen-PeerConnectionChannel﹕ Drain one candidate from list to peer connection.
07-01 10:14:26.258 3251-3806/com.intel.webrtc.p2p.sample D/WooGeen-PeerConnectionChannel﹕ Drain one candidate from list to peer connection.
07-01 10:14:26.258 3251-3806/com.intel.webrtc.p2p.sample D/WooGeen-PeerConnectionChannel﹕ Drain one candidate from list to peer connection.
07-01 10:14:26.258 3251-3806/com.intel.webrtc.p2p.sample D/WooGeen-PeerConnectionChannel﹕ Drain one candidate from list to peer connection.
07-01 10:14:26.258 3251-3806/com.intel.webrtc.p2p.sample D/WooGeen-PeerConnectionChannel﹕ Drain one candidate from list to peer connection.
07-01 10:14:26.258 3251-3806/com.intel.webrtc.p2p.sample D/WooGeen-PeerConnectionChannel﹕ Drain one candidate from list to peer connection.
07-01 10:14:26.258 3251-3806/com.intel.webrtc.p2p.sample D/WooGeen-PeerConnectionChannel﹕ Drain one candidate from list to peer connection.
07-01 10:14:26.258 3251-3806/com.intel.webrtc.p2p.sample D/WooGeen-PeerConnectionChannel﹕ Drain one candidate from list to peer connection.
07-01 10:14:26.258 3251-3806/com.intel.webrtc.p2p.sample D/WooGeen-PeerConnectionChannel﹕ Drain one candidate from list to peer connection.
07-01 10:14:26.258 3251-3806/com.intel.webrtc.p2p.sample D/WooGeen-PeerConnectionChannel﹕ Drain one candidate from list to peer connection.
07-01 10:14:26.258 3251-3806/com.intel.webrtc.p2p.sample D/WooGeen-PeerConnectionChannel﹕ Drain one candidate from list to peer connection.
07-01 10:14:26.258 3251-3806/com.intel.webrtc.p2p.sample D/WooGeen-PeerConnectionChannel﹕ Drain one candidate from list to peer connection.
07-01 10:14:26.258 3251-3806/com.intel.webrtc.p2p.sample D/WooGeen-PeerConnectionChannel﹕ Create Answer
07-01 10:14:26.258 3251-3452/com.intel.webrtc.p2p.sample D/WooGeen-PeerConnectionChannel﹕ SDPObserver ---- onCreateSuccess
07-01 10:14:26.258 3251-3806/com.intel.webrtc.p2p.sample D/WooGeen-PeerConnectionChannel﹕ Setting Local Description
07-01 10:14:26.278 3251-3452/com.intel.webrtc.p2p.sample D/WooGeen-PeerConnectionChannel﹕ PC Observer ---- onSignalingChange: STABLE
07-01 10:14:26.278 3251-3452/com.intel.webrtc.p2p.sample D/WooGeen-PeerConnectionChannel﹕ onIceConnectionChange:CHECKING
07-01 10:14:26.288 3251-3452/com.intel.webrtc.p2p.sample D/WooGeen-PeerConnectionChannel﹕ onIceGatheringChange:GATHERING
07-01 10:14:26.288 3251-3452/com.intel.webrtc.p2p.sample D/WooGeen-PeerConnectionChannel﹕ onIceGatheringChange:GATHERING
07-01 10:14:26.288 3251-3452/com.intel.webrtc.p2p.sample D/WooGeen-PeerConnectionChannel﹕ SDPObserver ---- onSetSuccess
07-01 10:14:26.288 3251-3452/com.intel.webrtc.p2p.sample D/WooGeen-PeerConnectionChannel﹕ onIceCandidate
07-01 10:14:26.288 3251-3452/com.intel.webrtc.p2p.sample D/WooGeen-PeerConnectionChannel﹕ Sending candidate to Ponsen
07-01 10:14:26.288 3251-3452/com.intel.webrtc.p2p.sample D/WooGeen-PeerConnectionChannel﹕ onIceCandidate
07-01 10:14:26.288 3251-3452/com.intel.webrtc.p2p.sample D/WooGeen-PeerConnectionChannel﹕ Sending candidate to Ponsen
07-01 10:14:26.328 3251-3452/com.intel.webrtc.p2p.sample D/WooGeen-PeerConnectionChannel﹕ onIceGatheringChange:COMPLETE
07-01 10:14:27.388 3251-3452/com.intel.webrtc.p2p.sample D/WooGeen-PeerConnectionChannel﹕ onIceConnectionChange:CONNECTED
07-01 10:14:27.388 3251-3452/com.intel.webrtc.p2p.sample D/WooGeen-PeerConnectionChannel﹕ Change state to CONNECTED
07-01 10:14:30.508 3251-3303/com.intel.webrtc.p2p.sample D/WooGeen-PCFactory﹕ Create Local MediaStream
07-01 10:14:30.508 3251-3303/com.intel.webrtc.p2p.sample D/WooGeen-PCFactory﹕ Initialize video source.
07-01 10:14:30.508 3251-3303/com.intel.webrtc.p2p.sample D/WooGeen-LocalCameraStreamParameters﹕ Creating media constraints, width: 320, height: 240, fps: 30
07-01 10:14:30.508 3251-3451/com.intel.webrtc.p2p.sample D/WEBRTC-JC﹕ startCapture: 320x240@10000:30000
07-01 10:14:30.728 3251-4028/com.intel.webrtc.p2p.sample D/WEBRTC-JC﹕ Camera orientation: 90 .Device orientation: 90
07-01 10:14:30.738 3251-4028/com.intel.webrtc.p2p.sample D/WEBRTC-JC﹕ isVideoStabilizationSupported: false
07-01 10:14:30.738 3251-4028/com.intel.webrtc.p2p.sample D/WEBRTC-JC﹕ Camera preview mfps range: 10000 - 30000
07-01 10:14:30.738 3251-4028/com.intel.webrtc.p2p.sample E/WEBRTC-JC﹕ startCapture failed java.lang.RuntimeException: setParameters failed
at android.hardware.Camera.native_setParameters(Native Method)
at android.hardware.Camera.setParameters(Camera.java:1551)
at org.webrtc.videoengine.VideoCaptureAndroid.startCaptureOnCameraThread(VideoCaptureAndroid.java:211)
at org.webrtc.videoengine.VideoCaptureAndroid.access$100(VideoCaptureAndroid.java:43)
at org.webrtc.videoengine.VideoCaptureAndroid$1.run(VideoCaptureAndroid.java:118)
at android.os.Handler.handleCallback(Handler.java:730)
at android.os.Handler.dispatchMessage(Handler.java:92)
at android.os.Looper.loop(Looper.java:137)
at org.webrtc.videoengine.VideoCaptureAndroid$CameraThread.run(VideoCaptureAndroid.java:93)
07-01 10:14:30.738 3251-4028/com.intel.webrtc.p2p.sample D/Camera﹕ app passed NULL surface