D/skia_ext(16419): turboImageDecoder took 1.37ms to decode 100x100 (1x downscale)
D/skia_ext(16419): turboImageDecoder took 0.41ms to decode 80x80 (1x downscale)
D/skia_ext(16419): turboImageDecoder took 0.45ms to decode 80x80 (1x downscale)
I/art (16419): Background sticky concurrent mark sweep GC freed 59527(4MB) AllocSpace objects, 46(736KB) LOS objects, 8% free, 46MB/51MB, paused 45.458ms total 299.046ms
D/skia_ext(16419): turboImageDecoder took 14.98ms to decode 720x405 (1x downscale)
I/WAKELOCK_ACQUIRE(608): TIMESTAMP=16157354556377, TAG=RILJ, TYPE=PARTIAL_WAKE_LOCK , COUNT=0, PID=1228, UID=1001, FLAGS=
W/fb4a(16419): Tried to stop a sequence that wasn't in progress
W/fb4a(16419): Tried to stop a sequence that wasn't in progress
I/WAKELOCK_ACQUIRE(608): TIMESTAMP=16157425149623, TAG=RILJ, TYPE=PARTIAL_WAKE_LOCK , COUNT=0, PID=1228, UID=1001, FLAGS=
I/WAKELOCK_RELEASE(608): TIMESTAMP=16157550318717, TAG=AudioMix, TYPE=PARTIAL_WAKE_LOCK , COUNT=0, PID=0, UID=1013, FLAGS=
I/Choreographer(16419): Skipped 63 frames! The application may be doing too much work on its main thread.
I/WAKELOCK_RELEASE(608): TIMESTAMP=16157600494773, TAG=AudioMix, TYPE=PARTIAL_WAKE_LOCK , COUNT=0, PID=0, UID=1013, FLAGS=
I/WAKELOCK_ACQUIRE(608): TIMESTAMP=16157911699943, TAG=JobSchedulerHack-com.facebook.analytics2.logger.LollipopUploadService-client-2, TYPE=PARTIAL_WAKE_LOCK , COUNT=0, PID=16419, UID=10074, FLAGS=
I/WAKELOCK_ACQUIRE(608): TIMESTAMP=16158083546643, TAG=UploadServiceLogic-com.facebook.analytics2.logger.LollipopUploadService-service-2, TYPE=PARTIAL_WAKE_LOCK , COUNT=0, PID=16419, UID=10074, FLAGS=
I/WAKELOCK_RELEASE(608): TIMESTAMP=16158085487609, TAG=JobSchedulerHack-com.facebook.analytics2.logger.LollipopUploadService-client-2, TYPE=PARTIAL_WAKE_LOCK , COUNT=0, PID=16419, UID=10074, FLAGS=
W/fb4a(16419): Tried to stop a sequence that wasn't in progress
I/KERNEL (221): [16158.719718] iTCO_wdt: iTCO_wdt_keepalive
I/WAKELOCK_ACQUIRE(608): TIMESTAMP=16158459450197, TAG=WindowManager, TYPE=SCREEN_BRIGHT_WAKE_LOCK , COUNT=0, PID=608, UID=1000, FLAGS= ON_AFTER_RELEASE E/EM FG ALGO Iface:(19996): E/EM FG ALGO Iface:(19996): Failed to get File Descriptor
W/VideoCapabilities(16419): Unsupported profile 4 for video/avc
W/VideoCapabilities(16419): Unsupported mime video/x-ms-wmv
W/VideoCapabilities(16419): Unsupported mime video/x-ms-wmv
W/VideoCapabilities(16419): Unsupported profile 4 for video/avc
I/VideoCapabilities(16419): Unsupported profile 4 for video/mp4v-es
I/OMXClient(16419): Using client-side OMX mux.
I/ISVProfile(253): static int32_t ISVProfile::getGlobalStatus(): /data/user/0/com.intel.vpp/shared_prefs/vpp_settings.xml
E/ISVProfile(253): static int32_t ISVProfile::getGlobalStatus(): failed to open file /data/user/0/com.intel.vpp/shared_prefs/vpp_settings.xml
I/ISVProfile(253): static int32_t ISVProfile::getGlobalStatus(): using the default status: VPP=0, FRC=0
I/ISVProfile(253): static int32_t ISVProfile::getGlobalStatus(): /data/user/0/com.intel.vpp/shared_prefs/vpp_settings.xml
E/ISVProfile(253): static int32_t ISVProfile::getGlobalStatus(): failed to open file /data/user/0/com.intel.vpp/shared_prefs/vpp_settings.xml
I/ISVProfile(253): static int32_t ISVProfile::getGlobalStatus(): using the default status: VPP=0, FRC=0
I/isv-omxil(253): ISVComponent::ISVComponent(OMX_PTR): mVPPOn 0
E/wrs-omxil-core(253): OMX_GetHandle(): exit failure, OMX.Intel.aac.decoder not found
I/isv-omxil(253): ISVComponent::~ISVComponent()
E/isv-omxil(253): OMX_ERRORTYPE OMX_GetHandle(void**, OMX_STRING, OMX_PTR, OMX_CALLBACKTYPE*)(): exit failure, OMX.Intel.aac.decoder not found
W/linker (253): libstagefright_soft_aacdec_mdp.so has text relocations. This is wasting memory and prevents security hardening. Please fix.
I/MDP_OMX_CORE(253): Created OMXPlugin : OMX.Intel.aac.decoder
E/OMXNodeInstance(253): setParameter(1866465283) ERROR: 0x8000101a
I/Keyboard.Facilitator(847): onFinishInput()
W/art (16419): Suspending all threads took: 17.622ms
I/art (16419): Background sticky concurrent mark sweep GC freed 16149(941KB) AllocSpace objects, 3(45KB) LOS objects, 2% free, 49MB/51MB, paused 46.459ms total 304.007ms
W/VideoCapabilities(16419): Unsupported profile 4 for video/avc
I/OMXClient(16419): Using client-side OMX mux.
I/ISVProfile(253): static int32_t ISVProfile::getGlobalStatus(): /data/user/0/com.intel.vpp/shared_prefs/vpp_settings.xml
E/ISVProfile(253): static int32_t ISVProfile::getGlobalStatus(): failed to open file /data/user/0/com.intel.vpp/shared_prefs/vpp_settings.xml
I/ISVProfile(253): static int32_t ISVProfile::getGlobalStatus(): using the default status: VPP=0, FRC=0
I/ISVProfile(253): static int32_t ISVProfile::getGlobalStatus(): /data/user/0/com.intel.vpp/shared_prefs/vpp_settings.xml
E/ISVProfile(253): static int32_t ISVProfile::getGlobalStatus(): failed to open file /data/user/0/com.intel.vpp/shared_prefs/vpp_settings.xml
I/ISVProfile(253): static int32_t ISVProfile::getGlobalStatus(): using the default status: VPP=0, FRC=0
I/isv-omxil(253): ISVComponent::ISVComponent(OMX_PTR): mVPPOn 0
E/wrs-omxil-core(253): OMX_GetHandle(): exit failure, OMX.Intel.hw_vd.h264 not found
D/wpa_supplicant(685): wlan0: Control interface command 'SIGNAL_POLL'
I/libva (253): VA-API version 0.34.0
I/libva (253): va_getDriverName() returns 0
I/libva (253): Trying to open /system/lib/i965_drv_video.so
I/libva (253): Found init function __vaDriverInit_0_32
I/libva (253): va_openDriver() returns 0
W/art (16419): Suspending all threads took: 140.141ms
E/OMXNodeInstance(253): OMX_SetParameter() failed for StoreMetaDataInBuffers: 0x8000101a
E/ACodec (16419): [OMX.Intel.hw_vd.h264] storeMetaDataInBuffers failed w/ err -2147483648
W/ACodec (16419): using sliceHeight=224 instead of what codec advertised (=0)
I/art (16419): Background partial concurrent mark sweep GC freed 9287(577KB) AllocSpace objects, 0(0B) LOS objects, 24% free, 49MB/65MB, paused 148.374ms total 383.285ms
I/MultiDisplay(16419): android::status_t android::intel::MultiDisplayVideoClient::setVideoState(int, bool, const android::sp&): Video source Info 400 x 224 @ 0 fps
V/MultiDisplay(608): Enable Disable External DP Mode Setting 0
V/MultiDisplay(608): Current state: false, false, false
V/MultiDisplay(608): Previous state: false, false
D/MOS (253): mm:Mos_InitInterface_Linux called
I/KERNEL (212): [16160.036510] type=1400 audit(1443367700.801:260): avc: denied { read } for pid=16419 comm="facebook.katana" path=2F6465762F6173686D656D2F64616C76696B2D616C6C6F63207370616365202864656C6574656429 dev="tmpfs" ino=11231 scontext=u:r:untrusted_app:s0 tcontext=u:object_r:init_tmpfs:s0 tclass=file result=0
I/MOS (253): Init Gmm Cache Policy
D/MOS (253): Cache Policy is enabled for media driver on other
D/MOS (253): Cache Policy is enabled for media driver on other
D/MOS (253): Cache Policy is enabled for media driver on other
D/MOS (253): Cache Policy is enabled for media driver on other
D/MOS (253): Cache Policy is enabled for media driver on other
D/MOS (253): Cache Policy is enabled for media driver on other
D/MOS (253): Cache Policy is enabled for media driver on other
D/MOS (253): Cache Policy is enabled for media driver on other
D/MOS (253): Cache Policy is enabled for media driver on other
D/MOS (253): Cache Policy is enabled for media driver on other
D/MOS (253): Cache Policy is enabled for media driver on other
D/MOS (253): Cache Policy is enabled for media driver on other
D/MOS (253): Cache Policy is enabled for media driver on other
D/MOS (253): Cache Policy is enabled for media driver on other
D/MOS (253): Cache Policy is enabled for media driver on other
D/MOS (253): Cache Policy is enabled for media driver on other
D/MOS (253): Cache Policy is enabled for media driver on other
D/MOS (253): Cache Policy is enabled for media driver on other
D/MOS (253): Cache Policy is enabled for media driver on other
D/MOS (253): Cache Policy is enabled for media driver on other
D/MOS (253): Cache Policy is enabled for media driver on other
D/MOS (253): Cache Policy is enabled for media driver on other
D/MOS (253): Cache Policy is enabled for media driver on other
D/MOS (253): Cache Policy is enabled for media driver on other
W/ACodec (16419): do not know color format 0x7fa00f00 = 2141196032
D/PROPERTY(253): get media.dump_output.befconv: 0
D/PROPERTY(253): get media.dump_output.aftconv: 0
D/AudioIntelHal(253): startStream: output stream.
D/AudioIntelHal/AudioPlatformState(253): route-parameter-manager: Selection criterion changed event: Criterion name: OutputFlags, current state: Primary
D/AudioIntelHal/AudioPlatformState(253): route-parameter-manager: Configuration application request {
D/AudioIntelHal/AudioPlatformState(253): route-parameter-manager: Applying configurations {
D/AudioIntelHal/AudioPlatformState(253): route-parameter-manager: Applying configuration "Selected" from domain "Parameter.Outputflags.Primary"
D/AudioIntelHal/AudioPlatformState(253): route-parameter-manager: Applying configuration "Applicable" from domain "StreamRoute.Media.Playback"
D/AudioIntelHal/AudioPlatformState(253): route-parameter-manager: Applying configuration "Applicable" from domain "Route.HwCodecMedia.Playback"
D/AudioIntelHal/AudioPlatformState(253): route-parameter-manager: } Applying configurations
D/AudioIntelHal/AudioPlatformState(253): route-parameter-manager: } Configuration application request
D/EVENT_THREAD(253): void CEventThread::trig(void*, uint32_t): in
D/EVENT_THREAD(253): void CEventThread::trig(void*, uint32_t): out
D/RouteManager(253): doReconsiderRouting: Route state:
D/RouteManager(253): -Previously Enabled Route in Input =
D/RouteManager(253): -Previously Enabled Route in Output =
D/RouteManager(253): -Selected Route in Input =
D/RouteManager(253): -Selected Route in Output = Media|HwCodecMedia
D/RouteManager(253): -executeMuteRoutingStage-
D/RouteManager(253): audio-parameter-manager: Selection criterion changed event: Criterion name: RoutageState, current state: Flow
D/RouteManager(253): audio-parameter-manager: Configuration application request {
D/RouteManager(253): audio-parameter-manager: Applying configurations {
D/RouteManager(253): audio-parameter-manager: } Applying configurations
D/RouteManager(253): audio-parameter-manager: } Configuration application request
D/RouteManager(253): -executeDisableRoutingStage-
D/RouteManager(253): audio-parameter-manager: Selection criterion changed event: Criterion name: RoutageState, current state: Path
D/RouteManager(253): audio-parameter-manager: Configuration application request {
D/RouteManager(253): audio-parameter-manager: Applying configurations {
D/RouteManager(253): audio-parameter-manager: } Applying configurations
D/RouteManager(253): audio-parameter-manager: } Configuration application request
D/RouteManager(253): -executeConfigureRoutingStage-
D/RouteManager(253): audio-parameter-manager: Selection criterion changed event: Criterion name: RoutageState, current state: Configure
D/RouteManager(253): audio-parameter-manager: Selection criterion changed event: Criterion name: OpenedPlaybackRoutes, current state: Media|HwCodecMedia
D/RouteManager(253): audio-parameter-manager: Selection criterion changed event: Criterion name: OutputFlags, current state: primary
D/RouteManager(253): audio-parameter-manager: Configuration application request {
D/RouteManager(253): audio-parameter-manager: Applying configurations {
D/RouteManager(253): audio-parameter-manager: } Applying configurations
D/RouteManager(253): audio-parameter-manager: } Configuration application request
D/RouteManager(253): -executeEnableRoutingStage-
D/RouteManager(253): audio-parameter-manager: Selection criterion changed event: Criterion name: RoutageState, current state: Path|Configure
D/RouteManager(253): audio-parameter-manager: Configuration application request {
D/RouteManager(253): audio-parameter-manager: Applying configurations {
D/RouteManager(253): audio-parameter-manager: Applying configuration "Enable" from domain "Routing.Enable.HWCodec.Playback.Analog.IHF.Out"
D/RouteManager(253): audio-parameter-manager: Applying configuration "Enable" from domain "Routing.Enable.HWCodec.Playback.Analog.IHF.Multimedia"
D/RouteManager(253): audio-parameter-manager: Applying configuration "Enable" from domain "Routing.Enable.HWCodec.Playback.Digital.Multimedia"
I/WAKELOCK_ACQUIRE(608): TIMESTAMP=16159968561933, TAG=AudioMix, TYPE=PARTIAL_WAKE_LOCK , COUNT=0, PID=0, UID=1013, FLAGS=
D/RouteManager(253): audio-parameter-manager: } Applying configurations
D/RouteManager(253): audio-parameter-manager: } Configuration application request
D/TinyAlsaAudioDevice(253): open: card (baytrailaudio, 0)
D/TinyAlsaAudioDevice(253): config (rate=48000 format=0 channels= 2).
D/TinyAlsaAudioDevice(253): RingBuffer config: periodSize=1152 nbPeriod=4startTh=4607 stop Th=4608 silence Th=0
I/KERNEL (253): [16160.162755] snd_intel_sst: runtime_resume called
I/KERNEL (138): [16160.186604] snd_intel_sst: FW Version 02.08.0a.09
I/KERNEL (138): [16160.186635] snd_intel_sst: Build date Aug 11 2014 Time 10:58:10
W/ContextImpl(608): Calling a method in the system process without a qualified user: android.app.ContextImpl.sendBroadcast:1321 com.intel.multidisplay.DisplayObserver.enableHdmiSetting:333 com.intel.multidisplay.DisplayObserver.access$900:52 com.intel.multidisplay.DisplayObserver$2.handleMessage:364 android.os.Handler.dispatchMessage:102
D/AudioConversion(253): configure: no convertion required
D/RouteManager(253): -executeUnmuteRoutingStage-
D/RouteManager(253): audio-parameter-manager: Selection criterion changed event: Criterion name: RoutageState, current state: Flow|Path|Configure
D/RouteManager(253): audio-parameter-manager: Configuration application request {
D/RouteManager(253): audio-parameter-manager: Applying configurations {
D/RouteManager(253): audio-parameter-manager: Applying configuration "Unmute" from domain "Routing.Mute.HWCodec.Playback.IHF"
D/RouteManager(253): audio-parameter-manager: } Applying configurations
D/RouteManager(253): audio-parameter-manager: } Configuration application request
D/RouteManager(253): doReconsiderRouting: DONE
D/EVENT_THREAD(253): void CEventThread::run() Do poll with timeout: -1
E/TinyAlsaStream(253): getFramesAvailable: Unable to get available frames
E/TinyAlsaStream(253): getFramesAvailable: Unable to get available frames
E/TinyAlsaStream(253): getFramesAvailable: Unable to get available frames
E/TinyAlsaStream(253): getFramesAvailable: Unable to get available frames
W/MultiDisplay(16419): Ignore MDS preparing and unpreparing for clear content
W/LinuxDDI(253): The surface to be unregistered can not find in RTtbl!
W/LinuxDDI(253): The surface to be unregistered can not find in RTtbl!
W/LinuxDDI(253): The surface to be unregistered can not find in RTtbl!
W/LinuxDDI(253): The surface to be unregistered can not find in RTtbl!
I/isv-omxil(253): ISVComponent::~ISVComponent()
V/MultiDisplay(608): Current state: false, false, true
V/MultiDisplay(608): Enable Disable External DP Mode Setting 1
W/ContextImpl(608): Calling a method in the system process without a qualified user: android.app.ContextImpl.sendBroadcast:1321 com.intel.multidisplay.DisplayObserver.enableHdmiSetting:333 com.intel.multidisplay.DisplayObserver.access$900:52 com.intel.multidisplay.DisplayObserver$2.handleMessage:364 android.os.Handler.dispatchMessage:102
V/MultiDisplay(608): Previous state: false, false
I/OMXClient(16419): Using client-side OMX mux.
I/ISVProfile(253): static int32_t ISVProfile::getGlobalStatus(): /data/user/0/com.intel.vpp/shared_prefs/vpp_settings.xml
E/ISVProfile(253): static int32_t ISVProfile::getGlobalStatus(): failed to open file /data/user/0/com.intel.vpp/shared_prefs/vpp_settings.xml
I/ISVProfile(253): static int32_t ISVProfile::getGlobalStatus(): using the default status: VPP=0, FRC=0
I/ISVProfile(253): static int32_t ISVProfile::getGlobalStatus(): /data/user/0/com.intel.vpp/shared_prefs/vpp_settings.xml
E/ISVProfile(253): static int32_t ISVProfile::getGlobalStatus(): failed to open file /data/user/0/com.intel.vpp/shared_prefs/vpp_settings.xml
I/ISVProfile(253): static int32_t ISVProfile::getGlobalStatus(): using the default status: VPP=0, FRC=0
I/isv-omxil(253): ISVComponent::ISVComponent(OMX_PTR): mVPPOn 0
E/wrs-omxil-core(253): OMX_GetHandle(): exit failure, OMX.Intel.hw_vd.h264 not found
I/libva (253): VA-API version 0.34.0
I/libva (253): va_getDriverName() returns 0
I/libva (253): Trying to open /system/lib/i965_drv_video.so
I/libva (253): Found init function __vaDriverInit_0_32
I/libva (253): va_openDriver() returns 0
E/OMXNodeInstance(253): OMX_SetParameter() failed for StoreMetaDataInBuffers: 0x8000101a
E/ACodec (16419): [OMX.Intel.hw_vd.h264] storeMetaDataInBuffers failed w/ err -2147483648
W/ACodec (16419): using sliceHeight=224 instead of what codec advertised (=0)
I/MultiDisplay(16419): android::status_t android::intel::MultiDisplayVideoClient::setVideoState(int, bool, const android::sp&): Video source Info 400 x 224 @ 0 fps
V/MultiDisplay(608): Current state: false, false, false
V/MultiDisplay(608): Previous state: false, false
V/MultiDisplay(608): Enable Disable External DP Mode Setting 0
W/ContextImpl(608): Calling a method in the system process without a qualified user: android.app.ContextImpl.sendBroadcast:1321 com.intel.multidisplay.DisplayObserver.enableHdmiSetting:333 com.intel.multidisplay.DisplayObserver.access$900:52 com.intel.multidisplay.DisplayObserver$2.handleMessage:364 android.os.Handler.dispatchMessage:102
D/skia_ext(16419): turboImageDecoder took 0.67ms to decode 80x80 (1x downscale)
D/MOS (253): mm:Mos_InitInterface_Linux called
I/MOS (253): Init Gmm Cache Policy
D/MOS (253): Cache Policy is enabled for media driver on other
D/MOS (253): Cache Policy is enabled for media driver on other
D/MOS (253): Cache Policy is enabled for media driver on other
D/MOS (253): Cache Policy is enabled for media driver on other
D/MOS (253): Cache Policy is enabled for media driver on other
D/MOS (253): Cache Policy is enabled for media driver on other
D/MOS (253): Cache Policy is enabled for media driver on other
D/MOS (253): Cache Policy is enabled for media driver on other
D/MOS (253): Cache Policy is enabled for media driver on other
D/MOS (253): Cache Policy is enabled for media driver on other
D/MOS (253): Cache Policy is enabled for media driver on other
D/MOS (253): Cache Policy is enabled for media driver on other
D/MOS (253): Cache Policy is enabled for media driver on other
D/MOS (253): Cache Policy is enabled for media driver on other
D/MOS (253): Cache Policy is enabled for media driver on other
D/MOS (253): Cache Policy is enabled for media driver on other
D/MOS (253): Cache Policy is enabled for media driver on other
D/MOS (253): Cache Policy is enabled for media driver on other
D/MOS (253): Cache Policy is enabled for media driver on other
D/MOS (253): Cache Policy is enabled for media driver on other
D/MOS (253): Cache Policy is enabled for media driver on other
D/MOS (253): Cache Policy is enabled for media driver on other
D/skia_ext(16419): turboImageDecoder took 0.61ms to decode 80x80 (1x downscale)
D/MOS (253): Cache Policy is enabled for media driver on other
D/MOS (253): Cache Policy is enabled for media driver on other
W/ACodec (16419): do not know color format 0x7fa00f00 = 2141196032
E/ivpg-hwc(217): Lost 1 flips
E/ivpg-hwc(217): Lost 1 flips
D/skia_ext(16419): turboImageDecoder took 0.61ms to decode 80x80 (1x downscale)
D/skia_ext(16419): turboImageDecoder took 4.64ms to decode 80x80 (1x downscale)
D/skia_ext(16419): turboImageDecoder took 41.19ms to decode 80x80 (1x downscale)
D/skia_ext(16419): turboImageDecoder took 2.11ms to decode 80x80 (1x downscale)
D/skia_ext(16419): turboImageDecoder took 0.64ms to decode 80x80 (1x downscale)
D/skia_ext(16419): turboImageDecoder took 0.59ms to decode 80x80 (1x downscale)
I/WAKELOCK_ACQUIRE(608): TIMESTAMP=16160910712904, TAG=RILJ, TYPE=PARTIAL_WAKE_LOCK , COUNT=0, PID=1228, UID=1001, FLAGS=
I/WAKELOCK_ACQUIRE(608): TIMESTAMP=16160912533463, TAG=RILJ, TYPE=PARTIAL_WAKE_LOCK , COUNT=0, PID=1228, UID=1001, FLAGS=
I/WAKELOCK_ACQUIRE(608): TIMESTAMP=16160913618077, TAG=RILJ, TYPE=PARTIAL_WAKE_LOCK , COUNT=0, PID=1228, UID=1001, FLAGS=
W/fb4a(16419): BytesViewedLogger not properly configured: has key: true, has bitrate: 0
W/MultiDisplay(16419): Ignore MDS preparing and unpreparing for clear content
W/LinuxDDI(253): The surface to be unregistered can not find in RTtbl!
I/isv-omxil(253): ISVComponent::~ISVComponent()
V/MultiDisplay(608): Current state: false, false, true
V/MultiDisplay(608): Enable Disable External DP Mode Setting 1
W/ContextImpl(608): Calling a method in the system process without a qualified user: android.app.ContextImpl.sendBroadcast:1321 com.intel.multidisplay.DisplayObserver.enableHdmiSetting:333 com.intel.multidisplay.DisplayObserver.access$900:52 com.intel.multidisplay.DisplayObserver$2.handleMessage:364 android.os.Handler.dispatchMessage:102
V/MultiDisplay(608): Previous state: false, false
E/SimpleSoftOMXComponent(253): 1
E/SimpleSoftOMXComponent(253): 2
E/SimpleSoftOMXComponent(253): 3
I/WAKELOCK_ACQUIRE(608): TIMESTAMP=16160972284776, TAG=RILJ, TYPE=PARTIAL_WAKE_LOCK , COUNT=0, PID=1228, UID=1001, FLAGS=
I/Keyboard.Facilitator(847): onFinishInput()
I/WAKELOCK_RELEASE(608): TIMESTAMP=16161112701833, TAG=WindowManager, TYPE=SCREEN_BRIGHT_WAKE_LOCK , COUNT=0, PID=608, UID=1000, FLAGS= ON_AFTER_RELEASE
W/fb4a(16419): ViewBasedLoggingHandler.maybeLogInsertionImpression
I/WAKELOCK_ACQUIRE(608): TIMESTAMP=16161143311207, TAG=RILJ, TYPE=PARTIAL_WAKE_LOCK , COUNT=0, PID=1228, UID=1001, FLAGS=
I/OMXClient(16419): Using client-side OMX mux.
I/ISVProfile(253): static int32_t ISVProfile::getGlobalStatus(): /data/user/0/com.intel.vpp/shared_prefs/vpp_settings.xml
E/ISVProfile(253): static int32_t ISVProfile::getGlobalStatus(): failed to open file /data/user/0/com.intel.vpp/shared_prefs/vpp_settings.xml
I/ISVProfile(253): static int32_t ISVProfile::getGlobalStatus(): using the default status: VPP=0, FRC=0
I/ISVProfile(253): static int32_t ISVProfile::getGlobalStatus(): /data/user/0/com.intel.vpp/shared_prefs/vpp_settings.xml
E/ISVProfile(253): static int32_t ISVProfile::getGlobalStatus(): failed to open file /data/user/0/com.intel.vpp/shared_prefs/vpp_settings.xml
I/ISVProfile(253): static int32_t ISVProfile::getGlobalStatus(): using the default status: VPP=0, FRC=0
I/isv-omxil(253): ISVComponent::ISVComponent(OMX_PTR): mVPPOn 0
E/wrs-omxil-core(253): OMX_GetHandle(): exit failure, OMX.Intel.aac.decoder not found
I/isv-omxil(253): ISVComponent::~ISVComponent()
E/isv-omxil(253): OMX_ERRORTYPE OMX_GetHandle(void**, OMX_STRING, OMX_PTR, OMX_CALLBACKTYPE*)(): exit failure, OMX.Intel.aac.decoder not found
W/linker (253): libstagefright_soft_aacdec_mdp.so has text relocations. This is wasting memory and prevents security hardening. Please fix.
I/MDP_OMX_CORE(253): Created OMXPlugin : OMX.Intel.aac.decoder
E/OMXNodeInstance(253): setParameter(1866465283) ERROR: 0x8000101a
I/WAKELOCK_ACQUIRE(608): TIMESTAMP=16161200041355, TAG=WindowManager, TYPE=SCREEN_BRIGHT_WAKE_LOCK , COUNT=0, PID=608, UID=1000, FLAGS= ON_AFTER_RELEASE
I/WAKELOCK_ACQUIRE(608): TIMESTAMP=16161226107493, TAG=RILJ, TYPE=PARTIAL_WAKE_LOCK , COUNT=0, PID=1228, UID=1001, FLAGS=
I/KERNEL (261): [16161.457715] xhci_hcd 0000:00:14.0: power state changed by ACPI to D0
I/KERNEL (261): [16161.477650] xhci_hcd 0000:00:14.0: power state changed by ACPI to D0
I/KERNEL (261): [16161.498392] xhci_hcd 0000:00:14.0: setting latency timer to 64
I/WAKELOCK_ACQUIRE(608): TIMESTAMP=16161436267720, TAG=RILJ, TYPE=PARTIAL_WAKE_LOCK , COUNT=0, PID=1228, UID=1001, FLAGS=
I/WAKELOCK_ACQUIRE(608): TIMESTAMP=16161442687280, TAG=RILJ, TYPE=PARTIAL_WAKE_LOCK , COUNT=0, PID=1228, UID=1001, FLAGS=
I/WAKELOCK_ACQUIRE(608): TIMESTAMP=16161443945750, TAG=RILJ, TYPE=PARTIAL_WAKE_LOCK , COUNT=0, PID=1228, UID=1001, FLAGS=
I/WAKELOCK_ACQUIRE(608): TIMESTAMP=16161445316371, TAG=RILJ, TYPE=PARTIAL_WAKE_LOCK , COUNT=0, PID=1228, UID=1001, FLAGS=
I/WAKELOCK_ACQUIRE(608): TIMESTAMP=16161446188923, TAG=RILJ, TYPE=PARTIAL_WAKE_LOCK , COUNT=0, PID=1228, UID=1001, FLAGS=
I/WAKELOCK_ACQUIRE(608): TIMESTAMP=16161446959247, TAG=RILJ, TYPE=PARTIAL_WAKE_LOCK , COUNT=0, PID=1228, UID=1001, FLAGS=
I/WAKELOCK_ACQUIRE(608): TIMESTAMP=16161447697891, TAG=RILJ, TYPE=PARTIAL_WAKE_LOCK , COUNT=0, PID=1228, UID=1001, FLAGS=
I/WAKELOCK_ACQUIRE(608): TIMESTAMP=16161452499523, TAG=RILJ, TYPE=PARTIAL_WAKE_LOCK , COUNT=0, PID=1228, UID=1001, FLAGS=
I/WAKELOCK_ACQUIRE(608): TIMESTAMP=16161501309351, TAG=RILJ, TYPE=PARTIAL_WAKE_LOCK , COUNT=0, PID=1228, UID=1001, FLAGS=
I/WAKELOCK_ACQUIRE(608): TIMESTAMP=16161511863322, TAG=RILJ, TYPE=PARTIAL_WAKE_LOCK , COUNT=0, PID=1228, UID=1001, FLAGS=
I/WAKELOCK_ACQUIRE(608): TIMESTAMP=16162366872889, TAG=RILJ, TYPE=PARTIAL_WAKE_LOCK , COUNT=0, PID=1228, UID=1001, FLAGS=
I/WAKELOCK_ACQUIRE(608): TIMESTAMP=16162382093385, TAG=RILJ, TYPE=PARTIAL_WAKE_LOCK , COUNT=0, PID=1228, UID=1001, FLAGS=
I/WAKELOCK_ACQUIRE(608): TIMESTAMP=16162432955742, TAG=RILJ, TYPE=PARTIAL_WAKE_LOCK , COUNT=0, PID=1228, UID=1001, FLAGS=
D/wpa_supplicant(685): wlan0: Control interface command 'SIGNAL_POLL'
I/WAKELOCK_ACQUIRE(608): TIMESTAMP=16162447774564, TAG=RILJ, TYPE=PARTIAL_WAKE_LOCK , COUNT=0, PID=1228, UID=1001, FLAGS=
I/OMXClient(16419): Using client-side OMX mux.
I/ISVProfile(253): static int32_t ISVProfile::getGlobalStatus(): /data/user/0/com.intel.vpp/shared_prefs/vpp_settings.xml
E/ISVProfile(253): static int32_t ISVProfile::getGlobalStatus(): failed to open file /data/user/0/com.intel.vpp/shared_prefs/vpp_settings.xml
I/ISVProfile(253): static int32_t ISVProfile::getGlobalStatus(): using the default status: VPP=0, FRC=0
I/ISVProfile(253): static int32_t ISVProfile::getGlobalStatus(): /data/user/0/com.intel.vpp/shared_prefs/vpp_settings.xml
E/ISVProfile(253): static int32_t ISVProfile::getGlobalStatus(): failed to open file /data/user/0/com.intel.vpp/shared_prefs/vpp_settings.xml
I/ISVProfile(253): static int32_t ISVProfile::getGlobalStatus(): using the default status: VPP=0, FRC=0
I/isv-omxil(253): ISVComponent::ISVComponent(OMX_PTR): mVPPOn 0
E/wrs-omxil-core(253): OMX_GetHandle(): exit failure, OMX.Intel.hw_vd.h264 not found
I/libva (253): VA-API version 0.34.0
I/libva (253): va_getDriverName() returns 0
I/libva (253): Trying to open /system/lib/i965_drv_video.so
I/libva (253): Found init function __vaDriverInit_0_32
I/libva (253): va_openDriver() returns 0
E/OMXNodeInstance(253): OMX_SetParameter() failed for StoreMetaDataInBuffers: 0x8000101a
E/ACodec (16419): [OMX.Intel.hw_vd.h264] storeMetaDataInBuffers failed w/ err -2147483648
W/ACodec (16419): using sliceHeight=224 instead of what codec advertised (=0)
I/MultiDisplay(16419): android::status_t android::intel::MultiDisplayVideoClient::setVideoState(int, bool, const android::sp&): Video source Info 400 x 224 @ 0 fps
V/MultiDisplay(608): Current state: false, false, false
V/MultiDisplay(608): Previous state: false, false
V/MultiDisplay(608): Enable Disable External DP Mode Setting 0
W/ContextImpl(608): Calling a method in the system process without a qualified user: android.app.ContextImpl.sendBroadcast:1321 com.intel.multidisplay.DisplayObserver.enableHdmiSetting:333 com.intel.multidisplay.DisplayObserver.access$900:52 com.intel.multidisplay.DisplayObserver$2.handleMessage:364 android.os.Handler.dispatchMessage:102
W/MultiDisplay(16419): Ignore MDS preparing and unpreparing for clear content
V/AlarmManager(608): triggered: act=com.android.server.WifiManager.action.START_SCAN Pkg: android
D/MOS (253): mm:Mos_InitInterface_Linux called
I/MOS (253): Init Gmm Cache Policy
D/MOS (253): Cache Policy is enabled for media driver on other
D/MOS (253): Cache Policy is enabled for media driver on other
D/MOS (253): Cache Policy is enabled for media driver on other
D/MOS (253): Cache Policy is enabled for media driver on other
D/MOS (253): Cache Policy is enabled for media driver on other
D/MOS (253): Cache Policy is enabled for media driver on other
D/MOS (253): Cache Policy is enabled for media driver on other
D/MOS (253): Cache Policy is enabled for media driver on other
D/MOS (253): Cache Policy is enabled for media driver on other
D/MOS (253): Cache Policy is enabled for media driver on other
D/MOS (253): Cache Policy is enabled for media driver on other
D/MOS (253): Cache Policy is enabled for media driver on other
D/MOS (253): Cache Policy is enabled for media driver on other
D/MOS (253): Cache Policy is enabled for media driver on other
D/MOS (253): Cache Policy is enabled for media driver on other
D/MOS (253): Cache Policy is enabled for media driver on other
D/MOS (253): Cache Policy is enabled for media driver on other
D/MOS (253): Cache Policy is enabled for media driver on other
D/MOS (253): Cache Policy is enabled for media driver on other
D/MOS (253): Cache Policy is enabled for media driver on other
D/MOS (253): Cache Policy is enabled for media driver on other
D/MOS (253): Cache Policy is enabled for media driver on other
D/MOS (253): Cache Policy is enabled for media driver on other
D/MOS (253): Cache Policy is enabled for media driver on other
W/LinuxDDI(253): The surface to be unregistered can not find in RTtbl!
W/LinuxDDI(253): The surface to be unregistered can not find in RTtbl!
W/LinuxDDI(253): The surface to be unregistered can not find in RTtbl!
W/LinuxDDI(253): The surface to be unregistered can not find in RTtbl!
W/LinuxDDI(253): The surface to be unregistered can not find in RTtbl!
W/LinuxDDI(253): The surface to be unregistered can not find in RTtbl!
W/LinuxDDI(253): The surface to be unregistered can not find in RTtbl!
W/LinuxDDI(253): The surface to be unregistered can not find in RTtbl!
W/LinuxDDI(253): The surface to be unregistered can not find in RTtbl!
W/LinuxDDI(253): The surface to be unregistered can not find in RTtbl!
W/LinuxDDI(253): The surface to be unregistered can not find in RTtbl!
W/LinuxDDI(253): The surface to be unregistered can not find in RTtbl!
W/LinuxDDI(253): The surface to be unregistered can not find in RTtbl!
W/LinuxDDI(253): The surface to be unregistered can not find in RTtbl!
W/LinuxDDI(253): The surface to be unregistered can not find in RTtbl!
W/LinuxDDI(253): The surface to be unregistered can not find in RTtbl!
W/LinuxDDI(253): The surface to be unregistered can not find in RTtbl!
W/LinuxDDI(253): The surface to be unregistered can not find in RTtbl!
W/LinuxDDI(253): The surface to be unregistered can not find in RTtbl!
W/LinuxDDI(253): The surface to be unregistered can not find in RTtbl!
W/LinuxDDI(253): The surface to be unregistered can not find in RTtbl!
W/LinuxDDI(253): The surface to be unregistered can not find in RTtbl!
W/LinuxDDI(253): The surface to be unregistered can not find in RTtbl!
I/WAKELOCK_ACQUIRE(608): TIMESTAMP=16163532709868, TAG=*alarm*, TYPE=PARTIAL_WAKE_LOCK , COUNT=0, PID=608, UID=1000, FLAGS=
E/WifiStateMachine(608): WifiStateMachine CMD_START_SCAN source -2 txSuccessRate=3,60 rxSuccessRate=3,02 targetRoamBSSID=e0:10:7f:ab:42:a8 RSSI=-58
I/isv-omxil(253): ISVComponent::~ISVComponent()
E/WifiStateMachine(608): WifiStateMachine starting scan for "e-tab"WPA_PSK with 2412,2462
D/wpa_supplicant(685): wlan0: Control interface command 'SCAN TYPE=ONLY freq=2412,2462'
D/wpa_supplicant(685): wlan0: Setting scan request: 0.000000 sec
D/wpa_supplicant(685): wlan0: Starting AP scan for wildcard SSID
D/wpa_supplicant(685): WPS: Building WPS IE for Probe Request
D/wpa_supplicant(685): WPS: * Version (hardcoded 0x10)
D/wpa_supplicant(685): WPS: * Request Type
D/wpa_supplicant(685): WPS: * Config Methods (4288)
D/wpa_supplicant(685): WPS: * UUID-E
D/wpa_supplicant(685): WPS: * Primary Device Type
D/wpa_supplicant(685): WPS: * RF Bands (3)
D/wpa_supplicant(685): WPS: * Association State
D/wpa_supplicant(685): WPS: * Configuration Error (0)
D/wpa_supplicant(685): WPS: * Device Password ID (0)
D/wpa_supplicant(685): WPS: * Manufacturer
D/wpa_supplicant(685): WPS: * Model Name
D/wpa_supplicant(685): WPS: * Model Number
D/wpa_supplicant(685): WPS: * Device Name
D/wpa_supplicant(685): WPS: * Version2 (0x20)
D/wpa_supplicant(685): P2P: * P2P IE header
D/wpa_supplicant(685): P2P: * Capability dev=25 group=00
D/wpa_supplicant(685): P2P: * Listen Channel: Regulatory Class 81 Channel 1
D/wpa_supplicant(685): wlan0: Limit manual scan to specified channels
D/wpa_supplicant(685): wlan0: Add radio work 'scan'@0xf6e18520
D/wpa_supplicant(685): wlan0: First radio work item in the queue - schedule start immediately
D/wpa_supplicant(685): wlan0: Starting radio work 'scan'@0xf6e18520 after 0.000033 second wait
D/wpa_supplicant(685): wlan0: nl80211: scan request
V/MultiDisplay(608): Enable Disable External DP Mode Setting 1
V/MultiDisplay(608): Current state: false, false, true
V/MultiDisplay(608): Previous state: false, false
W/ContextImpl(608): Calling a method in the system process without a qualified user: android.app.ContextImpl.sendBroadcast:1321 com.intel.multidisplay.DisplayObserver.enableHdmiSetting:333 com.intel.multidisplay.DisplayObserver.access$900:52 com.intel.multidisplay.DisplayObserver$2.handleMessage:364 android.os.Handler.dispatchMessage:102
D/wpa_supplicant(685): Scan requested (ret=0) - scan timeout 30 seconds
D/wpa_supplicant(685): nl80211: Drv Event 33 (NL80211_CMD_TRIGGER_SCAN) received for wlan0
D/wpa_supplicant(685): wlan0: nl80211: Scan trigger
D/wpa_supplicant(685): wlan0: Event SCAN_STARTED (49) received
D/wpa_supplicant(685): wlan0: Own scan request started a scan in 0.000088 seconds
I/wpa_supplicant(685): wlan0: CTRL-EVENT-SCAN-STARTED
D/wpa_supplicant(685): CTRL_IFACE monitor sent successfully to /data/misc/wifi/sockets/wpa_ctrl_608-2\x00
I/OMXClient(16419): Using client-side OMX mux.
I/ISVProfile(253): static int32_t ISVProfile::getGlobalStatus(): /data/user/0/com.intel.vpp/shared_prefs/vpp_settings.xml
E/ISVProfile(253): static int32_t ISVProfile::getGlobalStatus(): failed to open file /data/user/0/com.intel.vpp/shared_prefs/vpp_settings.xml
I/ISVProfile(253): static int32_t ISVProfile::getGlobalStatus(): using the default status: VPP=0, FRC=0
I/ISVProfile(253): static int32_t ISVProfile::getGlobalStatus(): /data/user/0/com.intel.vpp/shared_prefs/vpp_settings.xml
E/ISVProfile(253): static int32_t ISVProfile::getGlobalStatus(): failed to open file /data/user/0/com.intel.vpp/shared_prefs/vpp_settings.xml
I/ISVProfile(253): static int32_t ISVProfile::getGlobalStatus(): using the default status: VPP=0, FRC=0
I/isv-omxil(253): ISVComponent::ISVComponent(OMX_PTR): mVPPOn 0
E/wrs-omxil-core(253): OMX_GetHandle(): exit failure, OMX.Intel.hw_vd.h264 not found
I/libva (253): VA-API version 0.34.0
I/libva (253): va_getDriverName() returns 0
I/libva (253): Trying to open /system/lib/i965_drv_video.so
I/libva (253): Found init function __vaDriverInit_0_32
I/libva (253): va_openDriver() returns 0
E/OMXNodeInstance(253): OMX_SetParameter() failed for StoreMetaDataInBuffers: 0x8000101a
E/ACodec (16419): [OMX.Intel.hw_vd.h264] storeMetaDataInBuffers failed w/ err -2147483648
W/ACodec (16419): using sliceHeight=224 instead of what codec advertised (=0)
I/MultiDisplay(16419): android::status_t android::intel::MultiDisplayVideoClient::setVideoState(int, bool, const android::sp&): Video source Info 400 x 224 @ 0 fps
V/MultiDisplay(608): Current state: false, false, false
V/MultiDisplay(608): Previous state: false, false
V/MultiDisplay(608): Enable Disable External DP Mode Setting 0
W/ContextImpl(608): Calling a method in the system process without a qualified user: android.app.ContextImpl.sendBroadcast:1321 com.intel.multidisplay.DisplayObserver.enableHdmiSetting:333 com.intel.multidisplay.DisplayObserver.access$900:52 com.intel.multidisplay.DisplayObserver$2.handleMessage:364 android.os.Handler.dispatchMessage:102
I/WAKELOCK_RELEASE(608): TIMESTAMP=16163631120403, TAG=*alarm*, TYPE=PARTIAL_WAKE_LOCK , COUNT=0, PID=608, UID=1000, FLAGS=
D/wpa_supplicant(685): nl80211: Drv Event 34 (NL80211_CMD_NEW_SCAN_RESULTS) received for wlan0
D/wpa_supplicant(685): wlan0: nl80211: New scan results available
D/wpa_supplicant(685): nl80211: Scan probed for SSID ''
D/wpa_supplicant(685): nl80211: Scan included frequencies: 2412 2462
D/wpa_supplicant(685): wlan0: Event SCAN_RESULTS (3) received
D/wpa_supplicant(685): wlan0: Scan completed in 0.098837 seconds
D/wpa_supplicant(685): nl80211: Associated on 2462 MHz
D/wpa_supplicant(685): nl80211: Associated with e0:10:7f:ab:42:a8
D/wpa_supplicant(685): nl80211: Received scan results (13 BSSes)
D/wpa_supplicant(685): nl80211: Scan results indicate BSS status with e0:10:7f:ab:42:a8 as associated
D/wpa_supplicant(685): wlan0: BSS: Start scan result update 233
D/wpa_supplicant(685): wlan0: BSS: Add new id 999 BSSID 00:1d:6a:70:bb:e4 SSID 'Alice-75160292'
D/wpa_supplicant(685): CTRL_IFACE monitor sent successfully to /data/misc/wifi/sockets/wpa_ctrl_608-2\x00
D/wpa_supplicant(685): BSS: last_scan_res_used=13/32
D/wpa_supplicant(685): Add access point on channel 60 [BANNED]
D/wpa_supplicant(685): Best Operating channel is = 44
D/wpa_supplicant(685): wlan0: Scan-only results received
D/wpa_supplicant(685): CTRL_IFACE monitor sent successfully to /data/misc/wifi/sockets/wpa_ctrl_608-2\x00
D/wpa_supplicant(685): wlan0: Radio work 'scan'@0xf6e18520 done in 0.110533 seconds
D/wpa_supplicant(685): RTM_NEWLINK: ifi_index=6 ifname=wlan0 wext ifi_flags=0x11043 ([UP][RUNNING][LOWER_UP])
D/wpa_supplicant(685): wlan0: Control interface command 'BSS RANGE=0- MASK=0x21987'
D/MOS (253): mm:Mos_InitInterface_Linux called
I/MOS (253): Init Gmm Cache Policy
D/MOS (253): Cache Policy is enabled for media driver on other
D/MOS (253): Cache Policy is enabled for media driver on other
D/MOS (253): Cache Policy is enabled for media driver on other
D/MOS (253): Cache Policy is enabled for media driver on other
D/MOS (253): Cache Policy is enabled for media driver on other
D/MOS (253): Cache Policy is enabled for media driver on other
D/MOS (253): Cache Policy is enabled for media driver on other
D/MOS (253): Cache Policy is enabled for media driver on other
D/MOS (253): Cache Policy is enabled for media driver on other
D/MOS (253): Cache Policy is enabled for media driver on other
D/MOS (253): Cache Policy is enabled for media driver on other
D/MOS (253): Cache Policy is enabled for media driver on other
D/MOS (253): Cache Policy is enabled for media driver on other
D/MOS (253): Cache Policy is enabled for media driver on other
D/MOS (253): Cache Policy is enabled for media driver on other
D/MOS (253): Cache Policy is enabled for media driver on other
D/MOS (253): Cache Policy is enabled for media driver on other
D/MOS (253): Cache Policy is enabled for media driver on other
D/MOS (253): Cache Policy is enabled for media driver on other
D/MOS (253): Cache Policy is enabled for media driver on other
D/MOS (253): Cache Policy is enabled for media driver on other
D/MOS (253): Cache Policy is enabled for media driver on other
D/MOS (253): Cache Policy is enabled for media driver on other
D/MOS (253): Cache Policy is enabled for media driver on other
W/ACodec (16419): do not know color format 0x7fa00f00 = 2141196032
D/wpa_supplicant(685): wlan0: Control interface command 'STATUS-NO_EVENTS' E/EM FG ALGO Iface:(20057): E/EM FG ALGO Iface:(20057): Failed to get File Descriptor
E/ivpg-hwc(217): Lost 1 flips
E/ivpg-hwc(217): Lost 1 flips
I/KERNEL (17739): [16164.627184] acm_suspend[1][ACM4][531][bc2][47][8d][0][1]
I/KERNEL (17739): [16164.628263] acm_suspend[1][ACM3][1690][1d53][195][196][0][1]
I/KERNEL (17739): [16164.667213] [xhci_pci_suspend], xhci_root_hub pointer:0x77179000
I/KERNEL (17739): [16164.667272] XHCI: port 1, portsc 0xc000e63
I/KERNEL (17739): [16164.727362] xhci_hcd 0000:00:14.0: power state changed by ACPI to D3cold
I/ActivityManager(608): START u0 {cmp=com.facebook.katana/.activity.ImmersiveActivity (has extras)} from uid 10074 on display 0
I/WAKELOCK_ACQUIRE(608): TIMESTAMP=16164851684944, TAG=ActivityManager-Launch, TYPE=PARTIAL_WAKE_LOCK , COUNT=0, PID=608, UID=1000, FLAGS=
I/Choreographer(16419): Skipped 75 frames! The application may be doing too much work on its main thread.
W/fb4a(16419): BytesViewedLogger not properly configured: has key: true, has bitrate: 0
W/MultiDisplay(16419): Ignore MDS preparing and unpreparing for clear content
W/LinuxDDI(253): The surface to be unregistered can not find in RTtbl!
W/LinuxDDI(253): The surface to be unregistered can not find in RTtbl!
W/LinuxDDI(253): The surface to be unregistered can not find in RTtbl!
W/LinuxDDI(253): The surface to be unregistered can not find in RTtbl!
I/isv-omxil(253): ISVComponent::~ISVComponent()
V/MultiDisplay(608): Current state: false, false, true
V/MultiDisplay(608): Enable Disable External DP Mode Setting 1
V/MultiDisplay(608): Previous state: false, false
W/ContextImpl(608): Calling a method in the system process without a qualified user: android.app.ContextImpl.sendBroadcast:1321 com.intel.multidisplay.DisplayObserver.enableHdmiSetting:333 com.intel.multidisplay.DisplayObserver.access$900:52 com.intel.multidisplay.DisplayObserver$2.handleMessage:364 android.os.Handler.dispatchMessage:102
E/SimpleSoftOMXComponent(253): 1
E/SimpleSoftOMXComponent(253): 2
E/SimpleSoftOMXComponent(253): 3
I/WAKELOCK_RELEASE(608): TIMESTAMP=16165027217593, TAG=WindowManager, TYPE=SCREEN_BRIGHT_WAKE_LOCK , COUNT=0, PID=608, UID=1000, FLAGS= ON_AFTER_RELEASE
W/fb4a(16419): ViewBasedLoggingHandler.maybeLogInsertionImpression
D/ (16419): Pixel Format : GGL_PIXEL_FORMAT_RGBA_8888
D/ (16419): Updating FBO content dimensions
I/Keyboard.Facilitator(847): onFinishInput()
D/wpa_supplicant(685): wlan0: Control interface command 'SIGNAL_POLL'
I/ActivityManager(608): Displayed com.facebook.katana/.activity.ImmersiveActivity: +547ms
I/Choreographer(16419): Skipped 32 frames! The application may be doing too much work on its main thread.
E/ivpg-hwc(217): Lost 1 flips
E/ivpg-hwc(217): Lost 1 flips
D/AudioIntelHal(253): stopStream: output stream.
D/AudioIntelHal/AudioPlatformState(253): route-parameter-manager: Selection criterion changed event: Criterion name: OutputFlags, current state:
D/AudioIntelHal/AudioPlatformState(253): route-parameter-manager: Configuration application request {
D/AudioIntelHal/AudioPlatformState(253): route-parameter-manager: Applying configurations {
D/AudioIntelHal/AudioPlatformState(253): route-parameter-manager: Applying configuration "NotSelected" from domain "Parameter.Outputflags.Primary"
D/AudioIntelHal/AudioPlatformState(253): route-parameter-manager: Applying configuration "NotApplicable" from domain "StreamRoute.Media.Playback"
D/AudioIntelHal/AudioPlatformState(253): route-parameter-manager: Applying configuration "NotApplicable" from domain "Route.HwCodecMedia.Playback"
D/AudioIntelHal/AudioPlatformState(253): route-parameter-manager: } Applying configurations
D/AudioIntelHal/AudioPlatformState(253): route-parameter-manager: } Configuration application request
D/EVENT_THREAD(253): void CEventThread::trig(void*, uint32_t): in
D/EVENT_THREAD(253): void CEventThread::trig(void*, uint32_t): out
D/RouteManager(253): doReconsiderRouting: Route state:
D/RouteManager(253): -Previously Enabled Route in Input =
D/RouteManager(253): -Previously Enabled Route in Output = Media|HwCodecMedia
D/RouteManager(253): -Selected Route in Input =
D/RouteManager(253): -Selected Route in Output =
D/RouteManager(253): -executeMuteRoutingStage-
D/RouteManager(253): audio-parameter-manager: Selection criterion changed event: Criterion name: RoutageState, current state: Flow
D/RouteManager(253): audio-parameter-manager: Selection criterion changed event: Criterion name: ClosingPlaybackRoutes, current state: Media|HwCodecMedia
D/RouteManager(253): audio-parameter-manager: Selection criterion changed event: Criterion name: OpenedPlaybackRoutes, current state:
D/RouteManager(253): audio-parameter-manager: Configuration application request {
D/RouteManager(253): audio-parameter-manager: Applying configurations {
D/RouteManager(253): audio-parameter-manager: Applying configuration "Mute" from domain "Routing.Mute.HWCodec.Playback.IHF"
D/RouteManager(253): audio-parameter-manager: } Applying configurations
D/RouteManager(253): audio-parameter-manager: } Configuration application request
D/RouteManager(253): -executeDisableRoutingStage-
D/RouteManager(253): audio-parameter-manager: Selection criterion changed event: Criterion name: RoutageState, current state: Path
D/TinyAlsaAudioDevice(253): close
I/KERNEL (253): [16168.152293] snd_intel_sst: runtime_idle called
D/RouteManager(253): audio-parameter-manager: Configuration application request {
D/RouteManager(253): audio-parameter-manager: Applying configurations {
D/RouteManager(253): audio-parameter-manager: Applying configuration "Disable" from domain "Routing.Enable.HWCodec.Playback.Analog.IHF.Out"
D/RouteManager(253): audio-parameter-manager: Applying configuration "Disable" from domain "Routing.Enable.HWCodec.Playback.Analog.IHF.Multimedia"
D/RouteManager(253): audio-parameter-manager: Applying configuration "Disable" from domain "Routing.Enable.HWCodec.Playback.Digital.Multimedia"
D/RouteManager(253): audio-parameter-manager: } Applying configurations
D/RouteManager(253): audio-parameter-manager: } Configuration application request
D/RouteManager(253): -executeConfigureRoutingStage-
D/RouteManager(253): audio-parameter-manager: Selection criterion changed event: Criterion name: RoutageState, current state: Configure
D/RouteManager(253): audio-parameter-manager: Selection criterion changed event: Criterion name: ClosingPlaybackRoutes, current state:
D/RouteManager(253): audio-parameter-manager: Selection criterion changed event: Criterion name: OutputFlags, current state:
D/RouteManager(253): audio-parameter-manager: Configuration application request {
D/RouteManager(253): audio-parameter-manager: Applying configurations {
D/RouteManager(253): audio-parameter-manager: } Applying configurations
D/RouteManager(253): audio-parameter-manager: } Configuration application request
D/RouteManager(253): -executeEnableRoutingStage-
D/RouteManager(253): audio-parameter-manager: Selection criterion changed event: Criterion name: RoutageState, current state: Path|Configure
D/RouteManager(253): audio-parameter-manager: Configuration application request {
D/RouteManager(253): audio-parameter-manager: Applying configurations {
D/RouteManager(253): audio-parameter-manager: } Applying configurations
D/RouteManager(253): audio-parameter-manager: } Configuration application request
D/RouteManager(253): -executeUnmuteRoutingStage-
D/RouteManager(253): audio-parameter-manager: Selection criterion changed event: Criterion name: RoutageState, current state: Flow|Path|Configure
D/RouteManager(253): audio-parameter-manager: Configuration application request {
D/RouteManager(253): audio-parameter-manager: Applying configurations {
D/RouteManager(253): audio-parameter-manager: } Applying configurations
D/RouteManager(253): audio-parameter-manager: } Configuration application request
D/RouteManager(253): doReconsiderRouting: DONE
D/EVENT_THREAD(253): void CEventThread::run() Do poll with timeout: -1
I/WAKELOCK_RELEASE(608): TIMESTAMP=16167987478080, TAG=AudioMix, TYPE=PARTIAL_WAKE_LOCK , COUNT=0, PID=0, UID=1013, FLAGS=
W/art (16419): Long monitor contention event with owner method=void com.facebook.proxygen.HTTPClient.make(com.facebook.proxygen.JniHandler, com.facebook.proxygen.NativeReadBuffer, boolean, com.facebook.proxygen.TraceEventContext, boolean, com.facebook.proxygen.NetworkStatusMonitor) from HTTPClient.java:4294967294 waiters=0 for 470ms
D/skia_ext(16419): turboImageDecoder took 0.54ms to decode 64x64 (1x downscale)
V/RenderScript(16419): Application requested CPU execution
D/skia_ext(16419): turboImageDecoder took 0.54ms to decode 80x80 (1x downscale)
D/skia_ext(16419): turboImageDecoder took 0.62ms to decode 80x80 (1x downscale)
D/skia_ext(16419): turboImageDecoder took 2.94ms to decode 80x80 (1x downscale)
D/skia_ext(16419): turboImageDecoder took 26.40ms to decode 495x712 (1x downscale)
D/wpa_supplicant(685): wlan0: Control interface command 'SIGNAL_POLL'
I/KERNEL (221): [16168.719872] iTCO_wdt: iTCO_wdt_keepalive
V/RenderScript(16419): 0xce11b400 Launching thread(s), CPUs 4
D/ (16419): Surface destroy: ANDROID_NATIVE_WINDOW_MAGIC
I/WAKELOCK_RELEASE(608): TIMESTAMP=16169037930068, TAG=UploadServiceLogic-com.facebook.analytics2.logger.LollipopUploadService-service-2, TYPE=PARTIAL_WAKE_LOCK , COUNT=0, PID=16419, UID=10074, FLAGS= E/EM FG ALGO Iface:(20076): E/EM FG ALGO Iface:(20076): Failed to get File Descriptor
W/art (16419): Suspending all threads took: 39.233ms
I/art (16419): Background sticky concurrent mark sweep GC freed 93464(6MB) AllocSpace objects, 70(2MB) LOS objects, 12% free, 56MB/64MB, paused 59.032ms total 919.106ms
I/KERNEL (17956): [16170.147234] snd_intel_sst: runtime_suspend called
W/art (16419): Long monitor contention event with owner method=void com.facebook.cache.disk.DiskStorageCache.f() from DiskStorageCache.java:379 waiters=0 for 1.619s
D/skia_ext(16419): turboImageDecoder took 0.26ms to decode 50x50 (1x downscale)
D/skia_ext(16419): turboImageDecoder took 0.38ms to decode 50x50 (1x downscale)
D/skia_ext(16419): turboImageDecoder took 33.96ms to decode 960x720 (1x downscale)
D/skia_ext(16419): turboImageDecoder took 0.33ms to decode 50x50 (1x downscale)
I/Choreographer(16419): Skipped 118 frames! The application may be doing too much work on its main thread.
D/skia_ext(16419): turboImageDecoder took 0.36ms to decode 50x50 (1x downscale)
D/skia_ext(16419): turboImageDecoder took 0.39ms to decode 50x50 (1x downscale)
I/WAKELOCK_ACQUIRE(608): TIMESTAMP=16170310474413, TAG=JobSchedulerHack-com.facebook.analytics2.logger.LollipopUploadService-client-2, TYPE=PARTIAL_WAKE_LOCK , COUNT=0, PID=16419, UID=10074, FLAGS=
