D/AudioStream(253): set: requested format: 1
D/AudioStream(253): set : set format to 1
D/AudioIntelHal(253): openInputStream: input created with status=0
D/AudioStream(253): getBufferSize: 640 (in bytes) for input stream.
D/AudioStream(253): getBufferSize: 640 (in bytes) for input stream.
I/AudioFlinger(253): AudioFlinger's thread 0xf1461000 ready to run
I/WAKELOCK_ACQUIRE(608): TIMESTAMP=15092920077742, TAG=AudioIn, TYPE=PARTIAL_WAKE_LOCK , COUNT=0, PID=0, UID=1013, FLAGS=
I/WAKELOCK_RELEASE(608): TIMESTAMP=15092922032544, TAG=AudioIn, TYPE=PARTIAL_WAKE_LOCK , COUNT=0, PID=0, UID=1013, FLAGS=
D/AudioIntelHal/AudioPlatformState(253): setParameters: key value pair input_devices=4
I/MicrophoneInputStream(5566): mic_started com.google.android.apps.gsa.speech.audio.x@28d3e398
I/WAKELOCK_ACQUIRE(608): TIMESTAMP=15092934579225, TAG=AudioIn, TYPE=PARTIAL_WAKE_LOCK , COUNT=0, PID=0, UID=1013, FLAGS=
W/OpenGLRenderer(1268): Incorrectly called buildLayer on View: ShortcutAndWidgetContainer, destroying layer...
D/PROPERTY(253): get media.dump_input.befconv: 0
D/PROPERTY(253): get media.dump_input.aftconv: 0
D/AudioIntelHal(253): startStream: input stream.
D/AudioIntelHal/AudioPlatformState(253): route-parameter-manager: Selection criterion changed event: Criterion name: InputSources, current state: VoiceRecognition
D/AudioIntelHal/AudioPlatformState(253): route-parameter-manager: Selection criterion changed event: Criterion name: StatesChanged, current state: InputSources
D/AudioIntelHal/AudioPlatformState(253): route-parameter-manager: Configuration application request {
D/AudioIntelHal/AudioPlatformState(253): route-parameter-manager: Applying configurations {
D/AudioIntelHal/AudioPlatformState(253): route-parameter-manager: Applying configuration "Selected" from domain "Parameter.InputSources.VoiceRecognition"
D/AudioIntelHal/AudioPlatformState(253): route-parameter-manager: Applying configuration "Applicable" from domain "Route.HwCodecMedia.Capture"
D/AudioIntelHal/AudioPlatformState(253): route-parameter-manager: Applying configuration "Yes" from domain "Route.HWCodec.NeedReconfigure.Capture"
D/AudioIntelHal/AudioPlatformState(253): route-parameter-manager: } Applying configurations
D/AudioIntelHal/AudioPlatformState(253): route-parameter-manager: } Configuration application request
D/EVENT_THREAD(253): void CEventThread::trig(void*, uint32_t): in
D/EVENT_THREAD(253): void CEventThread::trig(void*, uint32_t): out
D/RouteManager(253): doReconsiderRouting: Route state:
D/RouteManager(253): -Previously Enabled Route in Input =
D/RouteManager(253): -Previously Enabled Route in Output = Media|HwCodecMedia
D/RouteManager(253): -Selected Route in Input = Media|HwCodecMedia
D/RouteManager(253): -Selected Route in Output = Media|HwCodecMedia
D/RouteManager(253): -executeMuteRoutingStage-
D/RouteManager(253): audio-parameter-manager: Selection criterion changed event: Criterion name: RoutageState, current state: Flow
D/RouteManager(253): audio-parameter-manager: Configuration application request {
D/RouteManager(253): audio-parameter-manager: Applying configurations {
D/RouteManager(253): audio-parameter-manager: } Applying configurations
D/RouteManager(253): audio-parameter-manager: } Configuration application request
D/RouteManager(253): -executeDisableRoutingStage-
D/RouteManager(253): audio-parameter-manager: Selection criterion changed event: Criterion name: RoutageState, current state: Path
D/RouteManager(253): audio-parameter-manager: Configuration application request {
D/RouteManager(253): audio-parameter-manager: Applying configurations {
D/RouteManager(253): audio-parameter-manager: } Applying configurations
D/RouteManager(253): audio-parameter-manager: } Configuration application request
D/RouteManager(253): -executeConfigureRoutingStage-
D/RouteManager(253): audio-parameter-manager: Selection criterion changed event: Criterion name: RoutageState, current state: Configure
D/RouteManager(253): audio-parameter-manager: Selection criterion changed event: Criterion name: OpenedCaptureRoutes, current state: Media|HwCodecMedia
D/RouteManager(253): audio-parameter-manager: Selection criterion changed event: Criterion name: AudioSource, current state: VoiceRecognition
D/RouteManager(253): audio-parameter-manager: Configuration application request {
D/RouteManager(253): audio-parameter-manager: Applying configurations {
D/RouteManager(253): audio-parameter-manager: Applying configuration "VoiceRecgnition.FrontMic" from domain "InputDevice.Selected"
D/RouteManager(253): audio-parameter-manager: } Applying configurations
D/RouteManager(253): audio-parameter-manager: } Configuration application request
D/RouteManager(253): -executeEnableRoutingStage-
D/RouteManager(253): audio-parameter-manager: Selection criterion changed event: Criterion name: RoutageState, current state: Path|Configure
D/TinyAlsaAudioDevice(253): open: card (baytrailaudio, 0)
D/TinyAlsaAudioDevice(253): config (rate=48000 format=0 channels= 2).
D/TinyAlsaAudioDevice(253): RingBuffer config: periodSize=960 nbPeriod=4startTh=1 stop Th=3840 silence Th=0
D/RouteManager(253): audio-parameter-manager: Configuration application request {
D/RouteManager(253): audio-parameter-manager: Applying configurations {
D/RouteManager(253): audio-parameter-manager: } Applying configurations
D/RouteManager(253): audio-parameter-manager: } Configuration application request
D/Resampler(253): configure: SOURCE rate=48000 format=1 channels=1
D/Resampler(253): configure: DST rate=16000 format=1 channels=1
D/RouteManager(253): -executeUnmuteRoutingStage-
D/RouteManager(253): audio-parameter-manager: Selection criterion changed event: Criterion name: RoutageState, current state: Flow|Path|Configure
D/RouteManager(253): audio-parameter-manager: Configuration application request {
D/RouteManager(253): audio-parameter-manager: Applying configurations {
D/RouteManager(253): audio-parameter-manager: Applying configuration "Unmute" from domain "Routing.Mute.HWCodec.Capture"
I/WAKELOCK_RELEASE(608): TIMESTAMP=15092954144551, TAG=Icing, TYPE=PARTIAL_WAKE_LOCK , COUNT=0, PID=1509, UID=10007, FLAGS=
D/RouteManager(253): audio-parameter-manager: } Applying configurations
D/RouteManager(253): audio-parameter-manager: } Configuration application request
D/RouteManager(253): doReconsiderRouting: DONE
D/EVENT_THREAD(253): void CEventThread::run() Do poll with timeout: -1
I/HotwordWorkerImpl(5566): onReady
I/Choreographer(14409): Skipped 46 frames! The application may be doing too much work on its main thread.
I/ActivityManager(608): START u0 {act=android.intent.action.MAIN cat=[android.intent.category.LAUNCHER] flg=0x10200000 cmp=com.facebook.pages.app/.activity.PagesManagerLoginActivity bnds=[512,814][768,1116] (has extras)} from uid 10040 on display 0
W/art (608): Long monitor contention event with owner method=int com.android.server.am.ActivityStackSupervisor.startActivityMayWait(android.app.IApplicationThread, int, java.lang.String, android.content.Intent, java.lang.String, android.service.voice.IVoiceInteractionSession, com.android.internal.app.IVoiceInteractor, android.os.IBinder, java.lang.String, int, int, android.app.ProfilerInfo, android.app.IActivityManager$WaitResult, android.content.res.Configuration, android.os.Bundle, int, android.app.IActivityContainer, com.android.server.am.TaskRecord) from ActivityStackSupervisor.java:833 waiters=0 for 216ms
I/WAKELOCK_ACQUIRE(608): TIMESTAMP=15094250678696, TAG=ActivityManager-Launch, TYPE=PARTIAL_WAKE_LOCK , COUNT=0, PID=608, UID=1000, FLAGS=
W/SearchService(5566): Abort, client detached.
I/MicrophoneInputStream(5566): mic_close com.google.android.apps.gsa.speech.audio.x@28d3e398
I/HotwordDetector(5566): Closing mic
D/AudioIntelHal(253): stopStream: input stream.
D/AudioIntelHal/AudioPlatformState(253): route-parameter-manager: Selection criterion changed event: Criterion name: InputSources, current state:
D/AudioIntelHal/AudioPlatformState(253): route-parameter-manager: Configuration application request {
D/AudioIntelHal/AudioPlatformState(253): route-parameter-manager: Applying configurations {
D/AudioIntelHal/AudioPlatformState(253): route-parameter-manager: Applying configuration "NotSelected" from domain "Parameter.InputSources.VoiceRecognition"
D/AudioIntelHal/AudioPlatformState(253): route-parameter-manager: Applying configuration "NotApplicable" from domain "Route.HwCodecMedia.Capture"
D/AudioIntelHal/AudioPlatformState(253): route-parameter-manager: } Applying configurations
D/AudioIntelHal/AudioPlatformState(253): route-parameter-manager: } Configuration application request
D/EVENT_THREAD(253): void CEventThread::trig(void*, uint32_t): in
D/EVENT_THREAD(253): void CEventThread::trig(void*, uint32_t): out
D/RouteManager(253): doReconsiderRouting: Route state:
D/RouteManager(253): -Previously Enabled Route in Input = Media|HwCodecMedia
D/RouteManager(253): -Previously Enabled Route in Output = Media|HwCodecMedia
D/RouteManager(253): -Selected Route in Input =
D/RouteManager(253): -Selected Route in Output = Media|HwCodecMedia
D/RouteManager(253): -executeMuteRoutingStage-
D/RouteManager(253): audio-parameter-manager: Selection criterion changed event: Criterion name: RoutageState, current state: Flow
D/RouteManager(253): audio-parameter-manager: Selection criterion changed event: Criterion name: ClosingCaptureRoutes, current state: Media|HwCodecMedia
D/RouteManager(253): audio-parameter-manager: Selection criterion changed event: Criterion name: OpenedCaptureRoutes, current state:
D/RouteManager(253): audio-parameter-manager: Configuration application request {
D/RouteManager(253): audio-parameter-manager: Applying configurations {
D/RouteManager(253): audio-parameter-manager: Applying configuration "Mute" from domain "Routing.Mute.HWCodec.Capture"
D/RouteManager(253): audio-parameter-manager: } Applying configurations
D/RouteManager(253): audio-parameter-manager: } Configuration application request
D/RouteManager(253): -executeDisableRoutingStage-
D/RouteManager(253): audio-parameter-manager: Selection criterion changed event: Criterion name: RoutageState, current state: Path
D/RouteManager(253): audio-parameter-manager: Configuration application request {
D/RouteManager(253): audio-parameter-manager: Applying configurations {
D/RouteManager(253): audio-parameter-manager: } Applying configurations
D/RouteManager(253): audio-parameter-manager: } Configuration application request
D/TinyAlsaAudioDevice(253): close
D/RouteManager(253): -executeConfigureRoutingStage-
D/RouteManager(253): audio-parameter-manager: Selection criterion changed event: Criterion name: RoutageState, current state: Configure
D/RouteManager(253): audio-parameter-manager: Selection criterion changed event: Criterion name: ClosingCaptureRoutes, current state:
D/RouteManager(253): audio-parameter-manager: Selection criterion changed event: Criterion name: AudioSource, current state:
D/RouteManager(253): audio-parameter-manager: Configuration application request {
D/RouteManager(253): audio-parameter-manager: Applying configurations {
D/RouteManager(253): audio-parameter-manager: Applying configuration "FrontMic" from domain "InputDevice.Selected"
D/RouteManager(253): audio-parameter-manager: } Applying configurations
D/RouteManager(253): audio-parameter-manager: } Configuration application request
D/RouteManager(253): -executeEnableRoutingStage-
D/RouteManager(253): audio-parameter-manager: Selection criterion changed event: Criterion name: RoutageState, current state: Path|Configure
D/RouteManager(253): audio-parameter-manager: Configuration application request {
D/RouteManager(253): audio-parameter-manager: Applying configurations {
D/RouteManager(253): audio-parameter-manager: } Applying configurations
D/RouteManager(253): audio-parameter-manager: } Configuration application request
D/RouteManager(253): -executeUnmuteRoutingStage-
D/RouteManager(253): audio-parameter-manager: Selection criterion changed event: Criterion name: RoutageState, current state: Flow|Path|Configure
D/RouteManager(253): audio-parameter-manager: Configuration application request {
D/RouteManager(253): audio-parameter-manager: Applying configurations {
D/RouteManager(253): audio-parameter-manager: } Applying configurations
D/RouteManager(253): audio-parameter-manager: } Configuration application request
D/RouteManager(253): doReconsiderRouting: DONE
D/EVENT_THREAD(253): void CEventThread::run() Do poll with timeout: -1
I/MicroRecognitionRnrImpl(5566): Stopping hotword detection.
I/MicroRecognitionRnrImpl(5566): Detection finished
I/WAKELOCK_RELEASE(608): TIMESTAMP=15094308565314, TAG=AudioIn, TYPE=PARTIAL_WAKE_LOCK , COUNT=0, PID=0, UID=1013, FLAGS=
I/WAKELOCK_ACQUIRE(608): TIMESTAMP=15094311658647, TAG=AudioIn, TYPE=PARTIAL_WAKE_LOCK , COUNT=0, PID=0, UID=1013, FLAGS=
I/WAKELOCK_RELEASE(608): TIMESTAMP=15094312523074, TAG=AudioIn, TYPE=PARTIAL_WAKE_LOCK , COUNT=0, PID=0, UID=1013, FLAGS=
D/ (1268): Surface destroy: ANDROID_NATIVE_WINDOW_MAGIC E/EM FG ALGO Iface:(18707): E/EM FG ALGO Iface:(18707): Failed to get File Descriptor
I/ActivityManager(608): Waited long enough for: ServiceRecord{e5d7b1b u0 com.booking/.service.LoggingService}
D/wpa_supplicant(685): wlan0: Control interface command 'SIGNAL_POLL'
E/ivpg-hwc(217): Lost 1 flips
E/ivpg-hwc(217): Lost 1 flips
W/CursorWrapperInner(18520): Cursor finalized without prior close()
W/CursorWrapperInner(18520): Cursor finalized without prior close()
D/skia_ext(18520): turboImageDecoder took 449.66ms to decode 1638x956 (1x downscale)
W/art (15944): Suspending all threads took: 6.100ms
I/art (15944): Background sticky concurrent mark sweep GC freed 72818(4MB) AllocSpace objects, 34(663KB) LOS objects, 18% free, 21MB/26MB, paused 8.846ms total 155.913ms
D/AudioIntelHal(253): stopStream: output stream.
D/AudioIntelHal/AudioPlatformState(253): route-parameter-manager: Selection criterion changed event: Criterion name: OutputFlags, current state:
D/AudioIntelHal/AudioPlatformState(253): route-parameter-manager: Selection criterion changed event: Criterion name: StatesChanged, current state: OutputFlags
D/AudioIntelHal/AudioPlatformState(253): route-parameter-manager: Configuration application request {
D/AudioIntelHal/AudioPlatformState(253): route-parameter-manager: Applying configurations {
D/AudioIntelHal/AudioPlatformState(253): route-parameter-manager: Applying configuration "NotSelected" from domain "Parameter.Outputflags.Primary"
D/AudioIntelHal/AudioPlatformState(253): route-parameter-manager: Applying configuration "NotApplicable" from domain "StreamRoute.Media.Playback"
D/AudioIntelHal/AudioPlatformState(253): route-parameter-manager: Applying configuration "NotApplicable" from domain "Route.HwCodecMedia.Playback"
D/AudioIntelHal/AudioPlatformState(253): route-parameter-manager: Applying configuration "No" from domain "Route.HWCodec.NeedReconfigure.Capture"
D/AudioIntelHal/AudioPlatformState(253): route-parameter-manager: } Applying configurations
D/AudioIntelHal/AudioPlatformState(253): route-parameter-manager: } Configuration application request
D/EVENT_THREAD(253): void CEventThread::trig(void*, uint32_t): in
D/EVENT_THREAD(253): void CEventThread::trig(void*, uint32_t): out
D/RouteManager(253): doReconsiderRouting: Route state:
D/RouteManager(253): -Previously Enabled Route in Input =
D/RouteManager(253): -Previously Enabled Route in Output = Media|HwCodecMedia
D/RouteManager(253): -Selected Route in Input =
D/RouteManager(253): -Selected Route in Output =
D/RouteManager(253): -executeMuteRoutingStage-
D/RouteManager(253): audio-parameter-manager: Selection criterion changed event: Criterion name: RoutageState, current state: Flow
D/RouteManager(253): audio-parameter-manager: Selection criterion changed event: Criterion name: ClosingPlaybackRoutes, current state: Media|HwCodecMedia
D/RouteManager(253): audio-parameter-manager: Selection criterion changed event: Criterion name: OpenedPlaybackRoutes, current state:
D/RouteManager(253): audio-parameter-manager: Configuration application request {
D/RouteManager(253): audio-parameter-manager: Applying configurations {
D/RouteManager(253): audio-parameter-manager: Applying configuration "Mute" from domain "Routing.Mute.HWCodec.Playback.IHF"
D/RouteManager(253): audio-parameter-manager: } Applying configurations
D/RouteManager(253): audio-parameter-manager: } Configuration application request
D/RouteManager(253): -executeDisableRoutingStage-
D/RouteManager(253): audio-parameter-manager: Selection criterion changed event: Criterion name: RoutageState, current state: Path
D/TinyAlsaAudioDevice(253): close
I/KERNEL (253): [15097.243674] snd_intel_sst: runtime_idle called
D/RouteManager(253): audio-parameter-manager: Configuration application request {
D/RouteManager(253): audio-parameter-manager: Applying configurations {
D/RouteManager(253): audio-parameter-manager: Applying configuration "Disable" from domain "Routing.Enable.HWCodec.Playback.Analog.IHF.Out"
D/RouteManager(253): audio-parameter-manager: Applying configuration "Disable" from domain "Routing.Enable.HWCodec.Playback.Analog.IHF.Multimedia"
D/RouteManager(253): audio-parameter-manager: Applying configuration "Disable" from domain "Routing.Enable.HWCodec.Playback.Digital.Multimedia"
D/RouteManager(253): audio-parameter-manager: } Applying configurations
D/RouteManager(253): audio-parameter-manager: } Configuration application request
D/RouteManager(253): -executeConfigureRoutingStage-
D/RouteManager(253): audio-parameter-manager: Selection criterion changed event: Criterion name: RoutageState, current state: Configure
D/RouteManager(253): audio-parameter-manager: Selection criterion changed event: Criterion name: ClosingPlaybackRoutes, current state:
D/RouteManager(253): audio-parameter-manager: Selection criterion changed event: Criterion name: OutputFlags, current state:
D/RouteManager(253): audio-parameter-manager: Configuration application request {
D/RouteManager(253): audio-parameter-manager: Applying configurations {
D/RouteManager(253): audio-parameter-manager: } Applying configurations
D/RouteManager(253): audio-parameter-manager: } Configuration application request
D/RouteManager(253): -executeEnableRoutingStage-
D/RouteManager(253): audio-parameter-manager: Selection criterion changed event: Criterion name: RoutageState, current state: Path|Configure
D/RouteManager(253): audio-parameter-manager: Configuration application request {
D/RouteManager(253): audio-parameter-manager: Applying configurations {
D/RouteManager(253): audio-parameter-manager: } Applying configurations
D/RouteManager(253): audio-parameter-manager: } Configuration application request
D/RouteManager(253): -executeUnmuteRoutingStage-
D/RouteManager(253): audio-parameter-manager: Selection criterion changed event: Criterion name: RoutageState, current state: Flow|Path|Configure
D/RouteManager(253): audio-parameter-manager: Configuration application request {
D/RouteManager(253): audio-parameter-manager: Applying configurations {
D/RouteManager(253): audio-parameter-manager: } Applying configurations
D/RouteManager(253): audio-parameter-manager: } Configuration application request
D/RouteManager(253): doReconsiderRouting: DONE
D/EVENT_THREAD(253): void CEventThread::run() Do poll with timeout: -1
I/WAKELOCK_RELEASE(608): TIMESTAMP=15097087384993, TAG=AudioMix, TYPE=PARTIAL_WAKE_LOCK , COUNT=0, PID=0, UID=1013, FLAGS=
I/WAKELOCK_ACQUIRE(608): TIMESTAMP=15097182830775, TAG=RILJ, TYPE=PARTIAL_WAKE_LOCK , COUNT=0, PID=1228, UID=1001, FLAGS=
I/NativeImageProcessor(15944): == read 42 bytes ==
I/NativeImageProcessor(15944): == read -1 bytes ==
I/WAKELOCK_ACQUIRE(608): TIMESTAMP=15097996938691, TAG=RILJ, TYPE=PARTIAL_WAKE_LOCK , COUNT=0, PID=1228, UID=1001, FLAGS=
I/WebViewFactory(15944): Loading com.android.webview version 37 (eng.yankendi-x86) (code 199997)
I/LibraryLoader(15944): Loading: webviewchromium
I/LibraryLoader(15944): Time to load native libraries: 8 ms (timestamps 8879-8887)
I/LibraryLoader(15944): Expected native library version number "",actual native library version number ""
E/CRASHLOG(267): CRASH 6c9643f752eb21b560b0 2015-09-27/17:10:39 ANR /mnt/sdcard/logs/crashlog44
I/KERNEL (1): [15098.751019] init: Warning! Service logsystemstate needs a SELinux domain defined; please fix!
D/wpa_supplicant(685): wlan0: Control interface command 'SIGNAL_POLL'
V/WebViewChromiumFactoryProvider(15944): Binding Chromium to main looper Looper (main, tid 1) {151b8f7d}
I/LibraryLoader(15944): Expected native library version number "",actual native library version number ""
I/chromium(15944): [INFO:library_loader_hooks.cc(106)] Chromium logging enabled: level = 0, default verbosity = 0
I/BrowserStartupController(15944): Initializing chromium process, renderers=0
W/art (15944): Attempt to remove local handle scope entry from IRT, ignoring
W/chromium(15944): [WARNING:resource_bundle.cc(315)] locale_file_path.empty()
I/chromium(15944): [INFO:aw_browser_main_parts.cc(63)] Load from apk succesful, fd=64 off=104004 len=3367
I/chromium(15944): [INFO:aw_browser_main_parts.cc(78)] Loading webviewchromium.pak from, fd:65 off:229480 len:643667
W/AudioManagerAndroid(15944): Requires BLUETOOTH permission
I/ufoGralloc(15944): Hello, this is UFO GRALLOC/Intel Corporation
D/ (15944): Pixel Format : GGL_PIXEL_FORMAT_RGBA_8888
D/ (15944): droid_create_context : config id = 1 conf->NativeVisualID=1
D/ (15944): Pixel Format : GGL_PIXEL_FORMAT_RGBA_8888
I/ (15944): Requested context : GLES 2.0
I/KERNEL (221): [15098.989010] iTCO_wdt: iTCO_wdt_keepalive
I/chromium(15944): [INFO:simple_thread.cc(32)] SimpleThread Start
I/chromium(15944): [INFO:simple_thread.cc(52)] SimpleThread ThreadMain
W/chromium(15944): [WARNING:proxy_service.cc(901)] PAC support disabled because there is no system implementation
W/chromium(15944): [WARNING:data_reduction_proxy_settings.cc(403)] SPDY proxy OFF at startup
W/art (15944): Attempt to remove local handle scope entry from IRT, ignoring
W/AwContents(15944): onDetachedFromWindow called when already detached. Ignoring
I/KERNEL (17720): [15099.240091] snd_intel_sst: runtime_suspend called
I/art (15944): Background sticky concurrent mark sweep GC freed 14407(1584KB) AllocSpace objects, 2(32KB) LOS objects, 5% free, 24MB/26MB, paused 2.993ms total 139.522ms
V/AlarmManager(608): triggered: cmp=com.google.android.googlequicksearchbox/com.google.android.velvet.VelvetBackgroundTasksImpl$Service Pkg: com.google.android.googlequicksearchbox
E/Xposed (18716): Could not read /system/xposed.prop: No such file or directory
W/ResourceType(15944): No package identifier when getting value for resource number 0x00000000
W/PackageManager(15944): Failure retrieving resources for com.facebook.pages.app: Resource ID #0x0
D/AndroidRuntime(18716):
D/AndroidRuntime(18716): >>>>>> AndroidRuntime START com.android.internal.os.RuntimeInit <<<<<<
D/AndroidRuntime(18716): CheckJNI is OFF E/EM FG ALGO Iface:(18744): E/EM FG ALGO Iface:(18744): Failed to get File Descriptor
W/ (18716): Failed to bind-mount /system/lib/x86/cpuinfo as /proc/cpuinfo: No such file or directory
I/ActivityManager(608): START u0 {cmp=com.facebook.pages.app/.activity.PagesManagerChromeActivity (has extras)} from uid 10071 on display 0
I/art (15944): Background sticky concurrent mark sweep GC freed 2504(572KB) AllocSpace objects, 0(0B) LOS objects, 3% free, 25MB/26MB, paused 5.035ms total 89.567ms
E/memtrack(18716): Couldn't load memtrack module (No such file or directory)
E/android.os.Debug(18716): failed to load memtrack module: -2
W/PhoneWindow(15944): Previously focused view reported id 16908298 during save, but can't be found during restore.
D/OpenGLRenderer(15944): Render dirty regions requested: true
D/Atlas (15944): Validating map...
D/AndroidRuntime(18716): Calling main entry com.android.commands.am.Am
W/art (15944): Suspending all threads took: 8.283ms
I/art (15944): Background sticky concurrent mark sweep GC freed 5315(306KB) AllocSpace objects, 2(28KB) LOS objects, 1% free, 25MB/26MB, paused 22.797ms total 274.382ms
I/art (15944): Background sticky concurrent mark sweep GC freed 324(17KB) AllocSpace objects, 0(0B) LOS objects, 1% free, 25MB/26MB, paused 7.271ms total 108.673ms
I/Choreographer(15944): Skipped 43 frames! The application may be doing too much work on its main thread.
W/art (15944): Suspending all threads took: 7.723ms
I/art (15944): Background sticky concurrent mark sweep GC freed 1346(105KB) AllocSpace objects, 0(0B) LOS objects, 0% free, 26MB/26MB, paused 10.347ms total 97.115ms
I/art (15944): Background sticky concurrent mark sweep GC freed 686(70KB) AllocSpace objects, 0(0B) LOS objects, 0% free, 26MB/26MB, paused 5.509ms total 26.028ms
I/art (15944): Background sticky concurrent mark sweep GC freed 68(3KB) AllocSpace objects, 0(0B) LOS objects, 0% free, 26MB/26MB, paused 15.045ms total 27.752ms
I/art (15944): Background sticky concurrent mark sweep GC freed 95(14KB) AllocSpace objects, 0(0B) LOS objects, 0% free, 26MB/26MB, paused 7.577ms total 27.757ms
D/wpa_supplicant(685): wlan0: Control interface command 'SIGNAL_POLL'
I/WAKELOCK_ACQUIRE(608): TIMESTAMP=15102192457669, TAG=RILJ, TYPE=PARTIAL_WAKE_LOCK , COUNT=0, PID=1228, UID=1001, FLAGS=
I/WAKELOCK_ACQUIRE(608): TIMESTAMP=15102803708976, TAG=RILJ, TYPE=PARTIAL_WAKE_LOCK , COUNT=0, PID=1228, UID=1001, FLAGS=
W/art (15944): Attempt to remove local handle scope entry from IRT, ignoring
W/AwContents(15944): onDetachedFromWindow called when already detached. Ignoring
I/WAKELOCK_ACQUIRE(608): TIMESTAMP=15103116125396, TAG=RILJ, TYPE=PARTIAL_WAKE_LOCK , COUNT=0, PID=1228, UID=1001, FLAGS=
E/pages(15944): No background color set for PTR fragment
I/KERNEL (261): [15103.479719] xhci_hcd 0000:00:14.0: power state changed by ACPI to D0
I/KERNEL (261): [15103.499620] xhci_hcd 0000:00:14.0: power state changed by ACPI to D0
I/KERNEL (261): [15103.519565] xhci_hcd 0000:00:14.0: setting latency timer to 64
I/WAKELOCK_ACQUIRE(608): TIMESTAMP=15103517594102, TAG=RILJ, TYPE=PARTIAL_WAKE_LOCK , COUNT=0, PID=1228, UID=1001, FLAGS=
I/WAKELOCK_ACQUIRE(608): TIMESTAMP=15103735020858, TAG=RILJ, TYPE=PARTIAL_WAKE_LOCK , COUNT=0, PID=1228, UID=1001, FLAGS= E/EM FG ALGO Iface:(18772): E/EM FG ALGO Iface:(18772): Failed to get File Descriptor
I/OpenGLRenderer(15944): Initialized EGL, version 1.4
W/OpenGLRenderer(15944): Failed to choose config with EGL_SWAP_BEHAVIOR_PRESERVED, retrying without...
D/ (15944): droid_create_context : config id = 5 conf->NativeVisualID=1
D/ (15944): Pixel Format : GGL_PIXEL_FORMAT_RGBA_8888
I/ (15944): Requested context : GLES 2.0
D/ (15944): Pixel Format : GGL_PIXEL_FORMAT_RGBA_8888
D/CRASHLOG(267): receive_inotify_events: Can't handle the event "tmp", no valid entry found, drop it...
D/OpenGLRenderer(15944): Enabling debug mode 0
D/skuwa (15944): Detected device 0F31:15 family 15:9
D/ (15944): Pixel Format : GGL_PIXEL_FORMAT_RGBA_8888
D/ (15944): Updating FBO content dimensions
W/ActivityManager(608): Launch timeout has expired, giving up wake lock!
I/WAKELOCK_RELEASE(608): TIMESTAMP=15104251914382, TAG=ActivityManager-Launch, TYPE=PARTIAL_WAKE_LOCK , COUNT=0, PID=608, UID=1000, FLAGS=
V/AlarmManager(608): triggered: act=com.android.server.WifiManager.action.START_SCAN Pkg: android
I/dumpstate(18780): begin
D/wpa_supplicant(685): wlan0: Control interface command 'SIGNAL_POLL'
D/skia (15944): --- SkImageDecoder::Factory returned null
W/pages(15944): time 15104984: onProducerFinishWithFailure: {requestId: 0, stage: DecodeProducer, elapsedTime: -1 ms, extraMap: null, throwable: java.lang.IllegalArgumentException: unknown image format}
W/pages(15944): time 15104990: onRequestFailure: {requestId: 0, elapsedTime: -1 ms, throwable: java.lang.IllegalArgumentException: unknown image format}
I/Choreographer(15944): Skipped 244 frames! The application may be doing too much work on its main thread.
E/ivpg-hwc(217): Lost 1 flips
E/ivpg-hwc(217): Lost 1 flips
V/RenderScript(15944): Application requested CPU execution
V/RenderScript(15944): 0xd05d9e00 Launching thread(s), CPUs 4
I/ActivityManager(608): Displayed com.facebook.pages.app/.activity.PagesManagerChromeActivity: +11s275ms
I/Keyboard.Facilitator(847): onFinishInput()
I/KERNEL (17950): [15105.879621] acm_suspend[1][ACM4][531][bc2][47][8d][0][1]
I/KERNEL (17950): [15105.880340] acm_suspend[1][ACM3][1369][1772][148][149][0][1]
I/KERNEL (17950): [15105.919633] [xhci_pci_suspend], xhci_root_hub pointer:0x77179000
I/KERNEL (17950): [15105.919694] XHCI: port 1, portsc 0xc000e63
I/Choreographer(15944): Skipped 34 frames! The application may be doing too much work on its main thread.
I/KERNEL (17950): [15105.969626] xhci_hcd 0000:00:14.0: power state changed by ACPI to D3cold
I/WAKELOCK_ACQUIRE(608): TIMESTAMP=15106112466138, TAG=RILJ, TYPE=PARTIAL_WAKE_LOCK , COUNT=0, PID=1228, UID=1001, FLAGS=
D/skia (15944): --- SkImageDecoder::Factory returned null
W/pages(15944): time 15106197: onProducerFinishWithFailure: {requestId: 10, stage: DecodeProducer, elapsedTime: -1 ms, extraMap: null, throwable: java.lang.IllegalArgumentException: unknown image format}
W/pages(15944): time 15106197: onRequestFailure: {requestId: 10, elapsedTime: -1 ms, throwable: java.lang.IllegalArgumentException: unknown image format}
W/pages(15944): time 15106197: onRequestFailure: {requestId: 12, elapsedTime: -1 ms, throwable: java.lang.IllegalArgumentException: unknown image format}
W/pages(15944): time 15106197: onRequestFailure: {requestId: 14, elapsedTime: -1 ms, throwable: java.lang.IllegalArgumentException: unknown image format}
W/pages(15944): time 15106197: onRequestFailure: {requestId: 16, elapsedTime: -1 ms, throwable: java.lang.IllegalArgumentException: unknown image format}
W/pages(15944): time 15106197: onRequestFailure: {requestId: 18, elapsedTime: -1 ms, throwable: java.lang.IllegalArgumentException: unknown image format}
W/pages(15944): time 15106197: onRequestFailure: {requestId: 20, elapsedTime: -1 ms, throwable: java.lang.IllegalArgumentException: unknown image format}
W/pages(15944): time 15106197: onRequestFailure: {requestId: 22, elapsedTime: -1 ms, throwable: java.lang.IllegalArgumentException: unknown image format}
D/skia_ext(15944): turboImageDecoder took 109.78ms to decode 120x120 (1x downscale)
D/skia_ext(15944): turboImageDecoder took 114.87ms to decode 120x120 (1x downscale)
D/skia_ext(15944): turboImageDecoder took 133.76ms to decode 120x120 (1x downscale)
I/WAKELOCK_ACQUIRE(608): TIMESTAMP=15106416368241, TAG=RILJ, TYPE=PARTIAL_WAKE_LOCK , COUNT=0, PID=1228, UID=1001, FLAGS=
I/chromium(15944): [INFO:simple_thread.cc(32)] SimpleThread Start
I/chromium(15944): [INFO:simple_thread.cc(52)] SimpleThread ThreadMain
I/chromium(15944): [INFO:simple_thread.cc(32)] SimpleThread Start
I/chromium(15944): [INFO:simple_thread.cc(52)] SimpleThread ThreadMain
I/chromium(15944): [INFO:simple_thread.cc(32)] SimpleThread Start
I/chromium(15944): [INFO:simple_thread.cc(52)] SimpleThread ThreadMain
I/chromium(15944): [INFO:simple_thread.cc(86)] delegate_ is not NULL
I/art (608): Thread[5,tid=617,WaitingInMainSignalCatcherLoop,Thread*=0xeea0d400,peer=0x12c02080,"Signal Catcher"]: reacting to signal 3
I/CRASHLOG(267): [IPTRAK] check_iptrak_file: Initial value of 'need_update' 0.
I/CRASHLOG(267): [IPTRAK] check_iptrak_file: Force update value 0.
I/CRASHLOG(267): [IPTRAK] check_iptrak_file: 'need_update' value 0.
D/CRASHCONFIG(267): init_config_file start
D/CRASHCONFIG(267): file opened
D/CRASHCONFIG(267): before while
W/CRASHLOG(267): [INGR]: modem Props
E/libdmi (267): Failed to open /sys/firmware/dmi/entries/148-0/raw : No such file or directory
E/libdmi (267): Failed to open /sys/firmware/dmi/entries/148-0/raw : No such file or directory
E/libdmi (267): Failed to open /sys/firmware/dmi/entries/148-0/raw : No such file or directory
E/libdmi (267): Failed to open /sys/firmware/dmi/entries/148-0/raw : No such file or directory
E/libdmi (267): Failed to open /sys/firmware/dmi/entries/148-0/raw : No such file or directory
E/libdmi (267): Failed to open /sys/firmware/dmi/entries/148-0/raw : No such file or directory
E/libdmi (267): Failed to open /sys/firmware/dmi/entries/148-0/raw : No such file or directory
E/libdmi (267): Failed to open /sys/firmware/dmi/entries/148-0/raw : No such file or directory
I/CRASHLOG(267): [INGR]: No diff between 0xf6e010f0 and 0xf6e01178
E/Sensors (608): sensorPoll: line: 246 poll error: 4 Interrupted system call
E/ivpg-hwc(217): Lost 1 flips
E/ivpg-hwc(217): Lost 1 flips
E/WifiHAL (608): Error polling socket E/EM FG ALGO Iface:(18803): E/EM FG ALGO Iface:(18803): Failed to get File Descriptor
I/KERNEL (221): [15108.989157] iTCO_wdt: iTCO_wdt_keepalive
I/art (608): Wrote stack traces to '/data/anr/traces.txt'
I/art (733): Thread[5,tid=743,WaitingInMainSignalCatcherLoop,Thread*=0xeea0d400,peer=0x12c00080,"Signal Catcher"]: reacting to signal 3
D/wpa_supplicant(685): wlan0: Control interface command 'SIGNAL_POLL'
I/WAKELOCK_ACQUIRE(608): TIMESTAMP=15108932442863, TAG=RILJ, TYPE=PARTIAL_WAKE_LOCK , COUNT=0, PID=1228, UID=1001, FLAGS=
I/WAKELOCK_ACQUIRE(608): TIMESTAMP=15109051251148, TAG=RILJ, TYPE=PARTIAL_WAKE_LOCK , COUNT=0, PID=1228, UID=1001, FLAGS=
I/WAKELOCK_ACQUIRE(608): TIMESTAMP=15109052382455, TAG=RILJ, TYPE=PARTIAL_WAKE_LOCK , COUNT=0, PID=1228, UID=1001, FLAGS=
I/WAKELOCK_ACQUIRE(608): TIMESTAMP=15109121729399, TAG=RILJ, TYPE=PARTIAL_WAKE_LOCK , COUNT=0, PID=1228, UID=1001, FLAGS=
I/KERNEL (212): [15109.301008] type=1400 audit(1443366650.068:235): avc: denied { read } for pid=15944 comm="ebook.pages.app" path=2F6465762F6173686D656D2F64616C76696B2D616C6C6F63207370616365202864656C6574656429 dev="tmpfs" ino=11231 scontext=u:r:untrusted_app:s0 tcontext=u:object_r:init_tmpfs:s0 tclass=file result=0
W/pages(15944): Falling back to graph url for pic: https://graph.facebook.com/1154947082/picture?type=square&width=100&height=100
I/KERNEL (261): [15109.359735] xhci_hcd 0000:00:14.0: power state changed by ACPI to D0
I/KERNEL (261): [15109.379658] xhci_hcd 0000:00:14.0: power state changed by ACPI to D0
I/KERNEL (261): [15109.399605] xhci_hcd 0000:00:14.0: setting latency timer to 64
W/pages(15944): Falling back to graph url for pic: https://graph.facebook.com/100006535158288/picture?type=square&width=100&height=100
W/pages(15944): Falling back to graph url for pic: https://graph.facebook.com/100006369255169/picture?type=square&width=100&height=100
D/skia_ext(15944): turboImageDecoder took 1.34ms to decode 100x100 (1x downscale)
D/skia_ext(15944): turboImageDecoder took 30.26ms to decode 719x719 (1x downscale)
I/WAKELOCK_ACQUIRE(608): TIMESTAMP=15109341852601, TAG=RILJ, TYPE=PARTIAL_WAKE_LOCK , COUNT=0, PID=1228, UID=1001, FLAGS=
I/WAKELOCK_ACQUIRE(608): TIMESTAMP=15109342239383, TAG=RILJ, TYPE=PARTIAL_WAKE_LOCK , COUNT=0, PID=1228, UID=1001, FLAGS=
D/skia_ext(15944): turboImageDecoder took 0.88ms to decode 100x100 (1x downscale)
W/pages(15944): Falling back to graph url for pic: https://graph.facebook.com/1580503514/picture?type=square&width=100&height=100
D/skia_ext(15944): turboImageDecoder took 0.83ms to decode 100x100 (1x downscale)
I/art (733): Wrote stack traces to '/data/anr/traces.txt'
I/art (829): Thread[5,tid=838,WaitingInMainSignalCatcherLoop,Thread*=0xeea0d400,peer=0x12c00080,"Signal Catcher"]: reacting to signal 3
W/pages(15944): Falling back to graph url for pic: https://graph.facebook.com/1367988313/picture?type=square&width=100&height=100
D/skia_ext(15944): turboImageDecoder took 0.68ms to decode 100x100 (1x downscale)
W/pages(15944): Falling back to graph url for pic: https://graph.facebook.com/100003619882375/picture?type=square&width=100&height=100
W/pages(15944): Falling back to graph url for pic: https://graph.facebook.com/100002416488158/picture?type=square&width=100&height=100
W/pages(15944): Falling back to graph url for pic: https://graph.facebook.com/1104237730/picture?type=square&width=100&height=100
D/skia_ext(15944): turboImageDecoder took 0.69ms to decode 100x100 (1x downscale)
D/skia_ext(15944): turboImageDecoder took 0.64ms to decode 100x100 (1x downscale)
W/pages(15944): Falling back to graph url for pic: https://graph.facebook.com/100001204580323/picture?type=square&width=100&height=100
D/skia_ext(15944): turboImageDecoder took 0.69ms to decode 100x100 (1x downscale)
W/pages(15944): Falling back to graph url for pic: https://graph.facebook.com/100000036737482/picture?type=square&width=100&height=100
D/skia_ext(15944): turboImageDecoder took 0.70ms to decode 100x100 (1x downscale)
D/skia_ext(15944): turboImageDecoder took 0.71ms to decode 100x100 (1x downscale)
I/Choreographer(15944): Skipped 120 frames! The application may be doing too much work on its main thread.
I/WAKELOCK_ACQUIRE(608): TIMESTAMP=15109738560847, TAG=RILJ, TYPE=PARTIAL_WAKE_LOCK , COUNT=0, PID=1228, UID=1001, FLAGS=
I/WAKELOCK_ACQUIRE(608): TIMESTAMP=15109774957373, TAG=RILJ, TYPE=PARTIAL_WAKE_LOCK , COUNT=0, PID=1228, UID=1001, FLAGS=
I/WAKELOCK_ACQUIRE(608): TIMESTAMP=15110108123585, TAG=RILJ, TYPE=PARTIAL_WAKE_LOCK , COUNT=0, PID=1228, UID=1001, FLAGS=
I/WAKELOCK_ACQUIRE(608): TIMESTAMP=15110116860273, TAG=RILJ, TYPE=PARTIAL_WAKE_LOCK , COUNT=0, PID=1228, UID=1001, FLAGS=
I/art (829): Wrote stack traces to '/data/anr/traces.txt'
I/art (847): Thread[5,tid=856,WaitingInMainSignalCatcherLoop,Thread*=0xeea0d400,peer=0x12c07080,"Signal Catcher"]: reacting to signal 3
I/art (847): Wrote stack traces to '/data/anr/traces.txt'
I/art (1123): Thread[5,tid=1132,WaitingInMainSignalCatcherLoop,Thread*=0xeea0d400,peer=0x12c00080,"Signal Catcher"]: reacting to signal 3
I/WAKELOCK_ACQUIRE(608): TIMESTAMP=15111114927580, TAG=RILJ, TYPE=PARTIAL_WAKE_LOCK , COUNT=0, PID=1228, UID=1001, FLAGS=
I/WAKELOCK_ACQUIRE(608): TIMESTAMP=15111122870268, TAG=RILJ, TYPE=PARTIAL_WAKE_LOCK , COUNT=0, PID=1228, UID=1001, FLAGS=
I/chromium(15944): [INFO:simple_thread.cc(32)] SimpleThread Start
I/chromium(15944): [INFO:simple_thread.cc(52)] SimpleThread ThreadMain
I/chromium(15944): [INFO:simple_thread.cc(32)] SimpleThread Start
I/chromium(15944): [INFO:simple_thread.cc(52)] SimpleThread ThreadMain
I/chromium(15944): [INFO:simple_thread.cc(32)] SimpleThread Start
I/chromium(15944): [INFO:simple_thread.cc(52)] SimpleThread ThreadMain
I/chromium(15944): [INFO:simple_thread.cc(32)] SimpleThread Start
I/chromium(15944): [INFO:simple_thread.cc(52)] SimpleThread ThreadMain
I/chromium(15944): [INFO:simple_thread.cc(32)] SimpleThread Start
I/chromium(15944): [INFO:simple_thread.cc(52)] SimpleThread ThreadMain
I/chromium(15944): [INFO:simple_thread.cc(32)] SimpleThread Start
I/chromium(15944): [INFO:simple_thread.cc(52)] SimpleThread ThreadMain
I/art (1123): Wrote stack traces to '/data/anr/traces.txt'
I/art (1189): Thread[5,tid=1201,WaitingInMainSignalCatcherLoop,Thread*=0xeea0d400,peer=0x12c00080,"Signal Catcher"]: reacting to signal 3
I/WAKELOCK_ACQUIRE(608): TIMESTAMP=15111427359071, TAG=RILJ, TYPE=PARTIAL_WAKE_LOCK , COUNT=0, PID=1228, UID=1001, FLAGS=
I/WAKELOCK_ACQUIRE(608): TIMESTAMP=15111436443818, TAG=RILJ, TYPE=PARTIAL_WAKE_LOCK , COUNT=0, PID=1228, UID=1001, FLAGS=
I/art (1189): Wrote stack traces to '/data/anr/traces.txt'
I/art (1209): Thread[5,tid=1219,WaitingInMainSignalCatcherLoop,Thread*=0xeea0d400,peer=0x12c00080,"Signal Catcher"]: reacting to signal 3
I/art (1209): Wrote stack traces to '/data/anr/traces.txt'
I/art (1228): Thread[5,tid=1240,WaitingInMainSignalCatcherLoop,Thread*=0xeea0d400,peer=0x12c00080,"Signal Catcher"]: reacting to signal 3
I/art (1228): Wrote stack traces to '/data/anr/traces.txt'
I/art (1249): Thread[5,tid=1258,WaitingInMainSignalCatcherLoop,Thread*=0xeea0d400,peer=0x12c00080,"Signal Catcher"]: reacting to signal 3
D/wpa_supplicant(685): wlan0: Control interface command 'SIGNAL_POLL'
I/art (1249): Wrote stack traces to '/data/anr/traces.txt'
I/art (1268): Thread[5,tid=1277,WaitingInMainSignalCatcherLoop,Thread*=0xeea0d400,peer=0x12c07080,"Signal Catcher"]: reacting to signal 3
I/chromium(15944): [INFO:SkFontConfigInterface_android.cpp(247)] ---- failed to open as a font
I/chromium(15944):
I/art (1268): Wrote stack traces to '/data/anr/traces.txt'
I/art (1509): Thread[5,tid=1518,WaitingInMainSignalCatcherLoop,Thread*=0xeea0d400,peer=0x12c00080,"Signal Catcher"]: reacting to signal 3
I/chromium(15944): [INFO:simple_thread.cc(32)] SimpleThread Start
I/chromium(15944): [INFO:simple_thread.cc(52)] SimpleThread ThreadMain
I/KERNEL (17738): [15113.849698] acm_suspend[1][ACM4][531][bc2][47][8d][0][1]
I/KERNEL (17738): [15113.850493] acm_suspend[1][ACM3][13b9][1812][150][151][0][1]
I/KERNEL (17738): [15113.889665] [xhci_pci_suspend], xhci_root_hub pointer:0x77179000
I/art (1509): Wrote stack traces to '/data/anr/traces.txt'
I/art (2510): Thread[5,tid=2520,WaitingInMainSignalCatcherLoop,Thread*=0xeea0d400,peer=0x12c00080,"Signal Catcher"]: reacting to signal 3
I/KERNEL (17738): [15113.889728] XHCI: port 1, portsc 0xc000e63
I/KERNEL (17738): [15113.939753] xhci_hcd 0000:00:14.0: power state changed by ACPI to D3cold
I/art (2510): Wrote stack traces to '/data/anr/traces.txt'
I/art (5566): Thread[5,tid=5574,WaitingInMainSignalCatcherLoop,Thread*=0xeea0d400,peer=0x28807080,"Signal Catcher"]: reacting to signal 3 E/EM FG ALGO Iface:(18819): E/EM FG ALGO Iface:(18819): Failed to get File Descriptor
I/WAKELOCK_ACQUIRE(608): TIMESTAMP=15113937897066, TAG=RILJ, TYPE=PARTIAL_WAKE_LOCK , COUNT=0, PID=1228, UID=1001, FLAGS=
W/View (15944): requestLayout() improperly called by com.facebook.widget.FacebookProgressCircleView{3a750ad4 V.ED.... ......ID 745,21-791,67 #7f0e0e16 app:id/pull_to_refresh_spinner_mask} during layout: running second layout pass
I/art (5566): Wrote stack traces to '/data/anr/traces.txt'
I/art (8794): Thread[5,tid=8798,WaitingInMainSignalCatcherLoop,Thread*=0xeea0d400,peer=0x12c07080,"Signal Catcher"]: reacting to signal 3
I/WAKELOCK_ACQUIRE(608): TIMESTAMP=15114129900376, TAG=RILJ, TYPE=PARTIAL_WAKE_LOCK , COUNT=0, PID=1228, UID=1001, FLAGS=
I/KERNEL (261): [15114.429966] xhci_hcd 0000:00:14.0: power state changed by ACPI to D0
I/KERNEL (261): [15114.449984] xhci_hcd 0000:00:14.0: power state changed by ACPI to D0
I/KERNEL (261): [15114.469633] xhci_hcd 0000:00:14.0: setting latency timer to 64
I/WAKELOCK_ACQUIRE(608): TIMESTAMP=15114391262944, TAG=RILJ, TYPE=PARTIAL_WAKE_LOCK , COUNT=0, PID=1228, UID=1001, FLAGS=
I/WAKELOCK_ACQUIRE(608): TIMESTAMP=15114425537328, TAG=RILJ, TYPE=PARTIAL_WAKE_LOCK , COUNT=0, PID=1228, UID=1001, FLAGS=
I/WAKELOCK_ACQUIRE(608): TIMESTAMP=15114746058207, TAG=RILJ, TYPE=PARTIAL_WAKE_LOCK , COUNT=0, PID=1228, UID=1001, FLAGS=
I/WAKELOCK_ACQUIRE(608): TIMESTAMP=15114756922809, TAG=RILJ, TYPE=PARTIAL_WAKE_LOCK , COUNT=0, PID=1228, UID=1001, FLAGS=
I/WAKELOCK_ACQUIRE(608): TIMESTAMP=15114781931728, TAG=RILJ, TYPE=PARTIAL_WAKE_LOCK , COUNT=0, PID=1228, UID=1001, FLAGS=
I/WAKELOCK_ACQUIRE(608): TIMESTAMP=15114792253524, TAG=RILJ, TYPE=PARTIAL_WAKE_LOCK , COUNT=0, PID=1228, UID=1001, FLAGS=
I/art (8794): Wrote stack traces to '/data/anr/traces.txt'
I/art (10459): Thread[5,tid=10468,WaitingInMainSignalCatcherLoop,Thread*=0xeea0d400,peer=0x12c07080,"Signal Catcher"]: reacting to signal 3
D/wpa_supplicant(685): wlan0: Control interface command 'SIGNAL_POLL'
I/WAKELOCK_ACQUIRE(608): TIMESTAMP=15115113468432, TAG=RILJ, TYPE=PARTIAL_WAKE_LOCK , COUNT=0, PID=1228, UID=1001, FLAGS=
I/WAKELOCK_ACQUIRE(608): TIMESTAMP=15115123114523, TAG=RILJ, TYPE=PARTIAL_WAKE_LOCK , COUNT=0, PID=1228, UID=1001, FLAGS=
I/WAKELOCK_ACQUIRE(608): TIMESTAMP=15115123843664, TAG=RILJ, TYPE=PARTIAL_WAKE_LOCK , COUNT=0, PID=1228, UID=1001, FLAGS=
I/WAKELOCK_ACQUIRE(608): TIMESTAMP=15115131570881, TAG=RILJ, TYPE=PARTIAL_WAKE_LOCK , COUNT=0, PID=1228, UID=1001, FLAGS=
I/art (10459): Wrote stack traces to '/data/anr/traces.txt'
I/art (10919): Thread[5,tid=10928,WaitingInMainSignalCatcherLoop,Thread*=0xeea0d400,peer=0x28807080,"Signal Catcher"]: reacting to signal 3
I/art (10919): Wrote stack traces to '/data/anr/traces.txt'
I/art (10949): Thread[5,tid=10957,WaitingInMainSignalCatcherLoop,Thread*=0xeea0d400,peer=0x28807080,"Signal Catcher"]: reacting to signal 3
I/art (10949): Wrote stack traces to '/data/anr/traces.txt'
I/art (10984): Thread[5,tid=10992,WaitingInMainSignalCatcherLoop,Thread*=0xeea0d400,peer=0x28807080,"Signal Catcher"]: reacting to signal 3
I/art (10984): Wrote stack traces to '/data/anr/traces.txt'
I/art (14409): Thread[5,tid=14418,WaitingInMainSignalCatcherLoop,Thread*=0xeea0d400,peer=0x28807080,"Signal Catcher"]: reacting to signal 3
I/KERNEL (213): [15116.338188] healthd: battery l=42 v=3799 t=28.0 h=2 st=3 c=-2125 chg=
I/WAKELOCK_ACQUIRE(608): TIMESTAMP=15116492094489, TAG=RILJ, TYPE=PARTIAL_WAKE_LOCK , COUNT=0, PID=1228, UID=1001, FLAGS=
I/art (14409): Wrote stack traces to '/data/anr/traces.txt'
I/Choreographer(14409): Skipped 48 frames! The application may be doing too much work on its main thread.
I/art (14868): Thread[5,tid=14877,WaitingInMainSignalCatcherLoop,Thread*=0xeea0d400,peer=0x28807080,"Signal Catcher"]: reacting to signal 3
V/AlarmManager(608): triggered: act=com.android.server.WifiManager.action.START_SCAN Pkg: android
I/art (14868): Wrote stack traces to '/data/anr/traces.txt'
I/art (15944): Thread[5,tid=15953,WaitingInMainSignalCatcherLoop,Thread*=0xeea0d400,peer=0x12c07080,"Signal Catcher"]: reacting to signal 3
I/KERNEL (17738): [15117.849847] acm_suspend[1][ACM4][531][bc2][47][8d][0][1]
I/KERNEL (17738): [15117.850635] acm_suspend[1][ACM3][141d][18da][15a][15b][0][1]
I/KERNEL (17738): [15117.889698] [xhci_pci_suspend], xhci_root_hub pointer:0x77179000
I/KERNEL (17738): [15117.889764] XHCI: port 1, portsc 0xc000e63
I/KERNEL (17738): [15117.949966] xhci_hcd 0000:00:14.0: power state changed by ACPI to D3cold
D/wpa_supplicant(685): wlan0: Control interface command 'SIGNAL_POLL'
E/ivpg-hwc(217): Lost 1 flips
E/ivpg-hwc(217): Lost 1 flips
I/KERNEL (221): [15118.989310] iTCO_wdt: iTCO_wdt_keepalive
I/WAKELOCK_ACQUIRE(608): TIMESTAMP=15118941290531, TAG=RILJ, TYPE=PARTIAL_WAKE_LOCK , COUNT=0, PID=1228, UID=1001, FLAGS= E/EM FG ALGO Iface:(18822): E/EM FG ALGO Iface:(18822): Failed to get File Descriptor
I/Choreographer(15944): Skipped 104 frames! The application may be doing too much work on its main thread.
I/art (15944): Wrote stack traces to '/data/anr/traces.txt'
I/art (16031): Thread[5,tid=16041,WaitingInMainSignalCatcherLoop,Thread*=0xeea0d400,peer=0x12c07080,"Signal Catcher"]: reacting to signal 3
I/WAKELOCK_ACQUIRE(608): TIMESTAMP=15119429673829, TAG=RILJ, TYPE=PARTIAL_WAKE_LOCK , COUNT=0, PID=1228, UID=1001, FLAGS=
I/KERNEL (261): [15119.700354] xhci_hcd 0000:00:14.0: power state changed by ACPI to D0
I/KERNEL (261): [15119.720016] xhci_hcd 0000:00:14.0: power state changed by ACPI to D0
I/KERNEL (261): [15119.739843] xhci_hcd 0000:00:14.0: setting latency timer to 64
I/WAKELOCK_ACQUIRE(608): TIMESTAMP=15119667971048, TAG=RILJ, TYPE=PARTIAL_WAKE_LOCK , COUNT=0, PID=1228, UID=1001, FLAGS=
I/WAKELOCK_ACQUIRE(608): TIMESTAMP=15119831098951, TAG=RILJ, TYPE=PARTIAL_WAKE_LOCK , COUNT=0, PID=1228, UID=1001, FLAGS=
I/art (16031): Wrote stack traces to '/data/anr/traces.txt'
I/art (16366): Thread[5,tid=16371,WaitingInMainSignalCatcherLoop,Thread*=0xeea0d400,peer=0x28807080,"Signal Catcher"]: reacting to signal 3
I/art (16366): Wrote stack traces to '/data/anr/traces.txt'
I/art (16385): Thread[5,tid=16394,WaitingInMainSignalCatcherLoop,Thread*=0xeea0d400,peer=0x28807080,"Signal Catcher"]: reacting to signal 3
I/art (16385): Wrote stack traces to '/data/anr/traces.txt'
I/art (16419): Thread[5,tid=16428,WaitingInMainSignalCatcherLoop,Thread*=0xeea0d400,peer=0x12c07080,"Signal Catcher"]: reacting to signal 3
D/wpa_supplicant(685): wlan0: Control interface command 'SIGNAL_POLL'
I/art (16419): Wrote stack traces to '/data/anr/traces.txt'
I/art (16523): Thread[5,tid=16532,WaitingInMainSignalCatcherLoop,Thread*=0xeea0d400,peer=0x28807080,"Signal Catcher"]: reacting to signal 3
I/art (16523): Wrote stack traces to '/data/anr/traces.txt'
I/art (16552): Thread[5,tid=16561,WaitingInMainSignalCatcherLoop,Thread*=0xeea0d400,peer=0x28807080,"Signal Catcher"]: reacting to signal 3
I/art (16552): Wrote stack traces to '/data/anr/traces.txt'
I/art (16604): Thread[5,tid=16612,WaitingInMainSignalCatcherLoop,Thread*=0xeea0d400,peer=0x28807080,"Signal Catcher"]: reacting to signal 3
I/art (16604): Wrote stack traces to '/data/anr/traces.txt'
I/art (16659): Thread[5,tid=16668,WaitingInMainSignalCatcherLoop,Thread*=0xeea0d400,peer=0x28807080,"Signal Catcher"]: reacting to signal 3
I/art (16659): Wrote stack traces to '/data/anr/traces.txt'
I/art (16755): Thread[5,tid=16764,WaitingInMainSignalCatcherLoop,Thread*=0xeea0d400,peer=0x28807080,"Signal Catcher"]: reacting to signal 3
I/WAKELOCK_ACQUIRE(608): TIMESTAMP=15121498848993, TAG=RILJ, TYPE=PARTIAL_WAKE_LOCK , COUNT=0, PID=1228, UID=1001, FLAGS=
I/WAKELOCK_ACQUIRE(608): TIMESTAMP=15121510919277, TAG=RILJ, TYPE=PARTIAL_WAKE_LOCK , COUNT=0, PID=1228, UID=1001, FLAGS=
I/art (16755): Wrote stack traces to '/data/anr/traces.txt'
I/art (16904): Thread[5,tid=16913,WaitingInMainSignalCatcherLoop,Thread*=0xeea0d400,peer=0x28807080,"Signal Catcher"]: reacting to signal 3
I/art (16904): Wrote stack traces to '/data/anr/traces.txt'
I/art (18211): Thread[5,tid=18220,WaitingInMainSignalCatcherLoop,Thread*=0xeea0d400,peer=0x28807080,"Signal Catcher"]: reacting to signal 3
I/art (18211): Wrote stack traces to '/data/anr/traces.txt'
I/art (18348): Thread[5,tid=18357,WaitingInMainSignalCatcherLoop,Thread*=0xeea0d400,peer=0x12c00080,"Signal Catcher"]: reacting to signal 3
I/art (18348): Wrote stack traces to '/data/anr/traces.txt'
I/art (18380): Thread[5,tid=18389,WaitingInMainSignalCatcherLoop,Thread*=0xeea0d400,peer=0x28807080,"Signal Catcher"]: reacting to signal 3
I/art (18380): Wrote stack traces to '/data/anr/traces.txt'
I/art (18520): Thread[5,tid=18529,WaitingInMainSignalCatcherLoop,Thread*=0xeea0d400,peer=0x28807080,"Signal Catcher"]: reacting to signal 3
