D/AudioIntelHal(253): stopStream: input stream.
I/WAKELOCK_RELEASE(608): TIMESTAMP=16220371688646, TAG=SyncLoopWakeLock, TYPE=PARTIAL_WAKE_LOCK , COUNT=0, PID=608, UID=1000, FLAGS=
D/AudioIntelHal/AudioPlatformState(253): route-parameter-manager: Selection criterion changed event: Criterion name: InputSources, current state:
I/WAKELOCK_ACQUIRE(608): TIMESTAMP=16220375549938, TAG=SyncLoopWakeLock, TYPE=PARTIAL_WAKE_LOCK , COUNT=0, PID=608, UID=1000, FLAGS=
D/AudioIntelHal/AudioPlatformState(253): route-parameter-manager: Configuration application request {
I/WAKELOCK_RELEASE(608): TIMESTAMP=16220376854920, TAG=SyncLoopWakeLock, TYPE=PARTIAL_WAKE_LOCK , COUNT=0, PID=608, UID=1000, FLAGS=
D/AudioIntelHal/AudioPlatformState(253): route-parameter-manager: Applying configurations {
I/WAKELOCK_ACQUIRE(608): TIMESTAMP=16220570933020, TAG=GCoreFlp, TYPE=PARTIAL_WAKE_LOCK , COUNT=0, PID=18348, UID=10007, FLAGS=
D/AudioIntelHal/AudioPlatformState(253): route-parameter-manager: Applying configuration "NotSelected" from domain "Parameter.InputSources.VoiceRecognition"
I/WAKELOCK_RELEASE(608): TIMESTAMP=16220572130962, TAG=GCoreFlp, TYPE=PARTIAL_WAKE_LOCK , COUNT=0, PID=18348, UID=10007, FLAGS=
D/AudioIntelHal/AudioPlatformState(253): route-parameter-manager: Applying configuration "NotApplicable" from domain "Route.HwCodecMedia.Capture"
V/AlarmManager(608): triggered: act=ALARM_WAKEUP_LOCATOR Pkg: com.google.android.gms
D/AudioIntelHal/AudioPlatformState(253): route-parameter-manager: } Applying configurations
I/WAKELOCK_ACQUIRE(608): TIMESTAMP=16220716364924, TAG=*alarm*, TYPE=PARTIAL_WAKE_LOCK , COUNT=0, PID=608, UID=1000, FLAGS=
D/AudioIntelHal/AudioPlatformState(253): route-parameter-manager: } Configuration application request
I/WAKELOCK_ACQUIRE(608): TIMESTAMP=16220792038477, TAG=SyncLoopWakeLock, TYPE=PARTIAL_WAKE_LOCK , COUNT=0, PID=608, UID=1000, FLAGS=
D/EVENT_THREAD(253): void CEventThread::trig(void*, uint32_t): in
I/WAKELOCK_RELEASE(608): TIMESTAMP=16220794387873, TAG=*sync*/com.google.android.gms.fitness/com.google/fabio.rifici@gmail.com, TYPE=PARTIAL_WAKE_LOCK , COUNT=0, PID=608, UID=1000, FLAGS=
D/EVENT_THREAD(253): void CEventThread::trig(void*, uint32_t): out
I/WAKELOCK_RELEASE(608): TIMESTAMP=16220795080066, TAG=SyncLoopWakeLock, TYPE=PARTIAL_WAKE_LOCK , COUNT=0, PID=608, UID=1000, FLAGS=
D/RouteManager(253): doReconsiderRouting: Route state:
D/RouteManager(253): -Previously Enabled Route in Input = Media|HwCodecMedia
D/RouteManager(253): -Previously Enabled Route in Output = Media|HwCodecMedia
D/RouteManager(253): -Selected Route in Input =
D/RouteManager(253): -Selected Route in Output = Media|HwCodecMedia
I/WAKELOCK_ACQUIRE(608): TIMESTAMP=16220846252526, TAG=RILJ, TYPE=PARTIAL_WAKE_LOCK , COUNT=0, PID=1228, UID=1001, FLAGS=
D/RouteManager(253): -executeMuteRoutingStage-
I/WAKELOCK_ACQUIRE(608): TIMESTAMP=16220901702772, TAG=RILJ, TYPE=PARTIAL_WAKE_LOCK , COUNT=0, PID=1228, UID=1001, FLAGS=
D/RouteManager(253): audio-parameter-manager: Selection criterion changed event: Criterion name: RoutageState, current state: Flow
I/WAKELOCK_ACQUIRE(608): TIMESTAMP=16220967632962, TAG=GpsLocationProvider, TYPE=PARTIAL_WAKE_LOCK , COUNT=0, PID=608, UID=1000, FLAGS=
D/RouteManager(253): audio-parameter-manager: Selection criterion changed event: Criterion name: ClosingCaptureRoutes, current state: Media|HwCodecMedia
I/WAKELOCK_RELEASE(608): TIMESTAMP=16220978368012, TAG=GpsLocationProvider, TYPE=PARTIAL_WAKE_LOCK , COUNT=0, PID=608, UID=1000, FLAGS=
D/RouteManager(253): audio-parameter-manager: Selection criterion changed event: Criterion name: OpenedCaptureRoutes, current state:
I/WAKELOCK_ACQUIRE(608): TIMESTAMP=16221129151001, TAG=RILJ, TYPE=PARTIAL_WAKE_LOCK , COUNT=0, PID=1228, UID=1001, FLAGS=
D/RouteManager(253): audio-parameter-manager: Configuration application request {
I/WAKELOCK_RELEASE(608): TIMESTAMP=16221580256139, TAG=AudioMix, TYPE=PARTIAL_WAKE_LOCK , COUNT=0, PID=0, UID=1013, FLAGS=
D/RouteManager(253): audio-parameter-manager: Applying configurations {
I/WAKELOCK_ACQUIRE(608): TIMESTAMP=16221659062060, TAG=GCoreFlp, TYPE=PARTIAL_WAKE_LOCK , COUNT=0, PID=18348, UID=10007, FLAGS=
D/RouteManager(253): audio-parameter-manager: Applying configuration "Mute" from domain "Routing.Mute.HWCodec.Capture"
I/WAKELOCK_RELEASE(608): TIMESTAMP=16221659779128, TAG=GCoreFlp, TYPE=PARTIAL_WAKE_LOCK , COUNT=0, PID=18348, UID=10007, FLAGS=
D/RouteManager(253): audio-parameter-manager: } Applying configurations
I/WAKELOCK_ACQUIRE(608): TIMESTAMP=16221896793110, TAG=RILJ, TYPE=PARTIAL_WAKE_LOCK , COUNT=0, PID=1228, UID=1001, FLAGS=
D/RouteManager(253): audio-parameter-manager: } Configuration application request
I/WAKELOCK_ACQUIRE(608): TIMESTAMP=16221907384293, TAG=RILJ, TYPE=PARTIAL_WAKE_LOCK , COUNT=0, PID=1228, UID=1001, FLAGS=
D/RouteManager(253): -executeDisableRoutingStage-
I/WAKELOCK_ACQUIRE(608): TIMESTAMP=16222240653536, TAG=GCoreFlp, TYPE=PARTIAL_WAKE_LOCK , COUNT=0, PID=18348, UID=10007, FLAGS=
D/RouteManager(253): audio-parameter-manager: Selection criterion changed event: Criterion name: RoutageState, current state: Path
I/WAKELOCK_RELEASE(608): TIMESTAMP=16222241227229, TAG=GCoreFlp, TYPE=PARTIAL_WAKE_LOCK , COUNT=0, PID=18348, UID=10007, FLAGS=
D/RouteManager(253): audio-parameter-manager: Configuration application request {
V/AlarmManager(608): triggered: cmp=com.google.android.googlequicksearchbox/com.google.android.velvet.VelvetBackgroundTasksImpl$Service Pkg: com.google.android.googlequicksearchbox
D/RouteManager(253): audio-parameter-manager: Applying configurations {
I/WAKELOCK_RELEASE(608): TIMESTAMP=16223056881853, TAG=ActivityManager-Launch, TYPE=PARTIAL_WAKE_LOCK , COUNT=0, PID=608, UID=1000, FLAGS=
D/RouteManager(253): audio-parameter-manager: } Applying configurations
I/WAKELOCK_ACQUIRE(608): TIMESTAMP=16223626194931, TAG=GCoreFlp, TYPE=PARTIAL_WAKE_LOCK , COUNT=0, PID=18348, UID=10007, FLAGS=
D/RouteManager(253): audio-parameter-manager: } Configuration application request
I/WAKELOCK_RELEASE(608): TIMESTAMP=16223626940055, TAG=GCoreFlp, TYPE=PARTIAL_WAKE_LOCK , COUNT=0, PID=18348, UID=10007, FLAGS=
D/TinyAlsaAudioDevice(253): close E/EM FG ALGO Iface:(20493): E/EM FG ALGO Iface:(20493): Failed to get File Descriptor
D/RouteManager(253): -executeConfigureRoutingStage-
D/RouteManager(253): audio-parameter-manager: Selection criterion changed event: Criterion name: RoutageState, current state: Configure
D/RouteManager(253): audio-parameter-manager: Selection criterion changed event: Criterion name: ClosingCaptureRoutes, current state:
D/RouteManager(253): audio-parameter-manager: Selection criterion changed event: Criterion name: AudioSource, current state:
D/RouteManager(253): audio-parameter-manager: Configuration application request {
D/RouteManager(253): audio-parameter-manager: Applying configurations {
D/RouteManager(253): audio-parameter-manager: Applying configuration "FrontMic" from domain "InputDevice.Selected"
D/RouteManager(253): audio-parameter-manager: } Applying configurations
D/RouteManager(253): audio-parameter-manager: } Configuration application request
I/WAKELOCK_ACQUIRE(608): TIMESTAMP=16224626867161, TAG=GCoreFlp, TYPE=PARTIAL_WAKE_LOCK , COUNT=0, PID=18348, UID=10007, FLAGS=
D/RouteManager(253): -executeEnableRoutingStage-
I/WAKELOCK_RELEASE(608): TIMESTAMP=16224627756272, TAG=GCoreFlp, TYPE=PARTIAL_WAKE_LOCK , COUNT=0, PID=18348, UID=10007, FLAGS=
D/RouteManager(253): audio-parameter-manager: Selection criterion changed event: Criterion name: RoutageState, current state: Path|Configure
I/WAKELOCK_ACQUIRE(608): TIMESTAMP=16225111466375, TAG=SyncLoopWakeLock, TYPE=PARTIAL_WAKE_LOCK , COUNT=0, PID=608, UID=1000, FLAGS=
D/RouteManager(253): audio-parameter-manager: Configuration application request {
I/WAKELOCK_RELEASE(608): TIMESTAMP=16225122381808, TAG=*sync*/com.twitter.android.provider.TwitterProvider/com.twitter.android.auth.login/fabiorifici, TYPE=PARTIAL_WAKE_LOCK , COUNT=0, PID=608, UID=1000, FLAGS=
D/RouteManager(253): audio-parameter-manager: Applying configurations {
I/WAKELOCK_RELEASE(608): TIMESTAMP=16225122990553, TAG=SyncLoopWakeLock, TYPE=PARTIAL_WAKE_LOCK , COUNT=0, PID=608, UID=1000, FLAGS=
D/RouteManager(253): audio-parameter-manager: } Applying configurations
I/WAKELOCK_ACQUIRE(608): TIMESTAMP=16225881537535, TAG=RILJ, TYPE=PARTIAL_WAKE_LOCK , COUNT=0, PID=1228, UID=1001, FLAGS=
D/RouteManager(253): audio-parameter-manager: } Configuration application request
D/RouteManager(253): -executeUnmuteRoutingStage-
D/RouteManager(253): audio-parameter-manager: Selection criterion changed event: Criterion name: RoutageState, current state: Flow|Path|Configure
D/RouteManager(253): audio-parameter-manager: Configuration application request {
D/RouteManager(253): audio-parameter-manager: Applying configurations {
D/RouteManager(253): audio-parameter-manager: } Applying configurations
D/RouteManager(253): audio-parameter-manager: } Configuration application request
D/RouteManager(253): doReconsiderRouting: DONE
D/EVENT_THREAD(253): void CEventThread::run() Do poll with timeout: -1
I/MicroRecognitionRnrImpl(5566): Stopping hotword detection.
I/MicroRecognitionRnrImpl(5566): Detection finished
I/OpenGLRenderer(14409): Initialized EGL, version 1.4
D/ (14409): droid_create_context : config id = 5 conf->NativeVisualID=1
D/ (14409): Pixel Format : GGL_PIXEL_FORMAT_RGBA_8888
I/ (14409): Requested context : GLES 2.0
D/ (14409): Pixel Format : GGL_PIXEL_FORMAT_RGBA_8888
D/ (14409): Pixel Format : GGL_PIXEL_FORMAT_RGBA_8888
D/ (14409): Updating FBO content dimensions
I/Keyboard.Facilitator(847): onFinishInput()
I/KERNEL (89): [16204.819442] lowmemorykiller: Killing 'ok.katana:nodex' (19922), adj 1000,
I/KERNEL (89): [16204.819442] to free 53432kB on behalf of 'kswapd0' (89) because
I/KERNEL (89): [16204.819442] cache 134848kB is below limit 134960kB for oom_score_adj 16
I/KERNEL (89): [16204.819442] Free memory is -568kB above reserved
I/KERNEL (89): [16204.820057] lowmemorykiller: Killing 'JDWP' (19933), adj 1000,
I/KERNEL (89): [16204.820057] to free 53432kB on behalf of 'kswapd0' (89) because
I/KERNEL (89): [16204.820057] cache 134848kB is below limit 134960kB for oom_score_adj 16
I/KERNEL (89): [16204.820057] Free memory is -568kB above reserved
I/KERNEL (89): [16204.820578] lowmemorykiller: Killing 'oid.apps.photos' (19869), adj 1000,
I/KERNEL (89): [16204.820578] to free 45956kB on behalf of 'kswapd0' (89) because
I/KERNEL (89): [16204.820578] cache 134664kB is below limit 134960kB for oom_score_adj 16
I/KERNEL (89): [16204.820578] Free memory is -444kB above reserved
I/KERNEL (89): [16204.821053] lowmemorykiller: Killing 'Heap thread poo' (19873), adj 1000,
I/KERNEL (89): [16204.821053] to free 45956kB on behalf of 'kswapd0' (89) because
I/KERNEL (89): [16204.821053] cache 134664kB is below limit 134960kB for oom_score_adj 16
I/KERNEL (89): [16204.821053] Free memory is -444kB above reserved
I/KERNEL (89): [16204.821549] lowmemorykiller: Killing 'measurement-1' (19901), adj 1000,
I/KERNEL (89): [16204.821549] to free 45956kB on behalf of 'kswapd0' (89) because
I/KERNEL (89): [16204.821549] cache 134664kB is below limit 134960kB for oom_score_adj 16
I/KERNEL (89): [16204.821549] Free memory is -320kB above reserved
D/ (1268): Surface destroy: ANDROID_NATIVE_WINDOW_MAGIC
D/wpa_supplicant(685): wlan0: Control interface command 'SIGNAL_POLL'
E/ivpg-hwc(217): Lost 1 flips
E/ivpg-hwc(217): Lost 1 flips
D/AudioIntelHal(253): stopStream: output stream.
D/AudioIntelHal/AudioPlatformState(253): route-parameter-manager: Selection criterion changed event: Criterion name: OutputFlags, current state:
D/AudioIntelHal/AudioPlatformState(253): route-parameter-manager: Selection criterion changed event: Criterion name: StatesChanged, current state: OutputFlags
D/AudioIntelHal/AudioPlatformState(253): route-parameter-manager: Configuration application request {
D/AudioIntelHal/AudioPlatformState(253): route-parameter-manager: Applying configurations {
D/AudioIntelHal/AudioPlatformState(253): route-parameter-manager: Applying configuration "NotSelected" from domain "Parameter.Outputflags.Primary"
D/AudioIntelHal/AudioPlatformState(253): route-parameter-manager: Applying configuration "NotApplicable" from domain "StreamRoute.Media.Playback"
D/AudioIntelHal/AudioPlatformState(253): route-parameter-manager: Applying configuration "NotApplicable" from domain "Route.HwCodecMedia.Playback"
D/AudioIntelHal/AudioPlatformState(253): route-parameter-manager: Applying configuration "No" from domain "Route.HWCodec.NeedReconfigure.Capture"
D/AudioIntelHal/AudioPlatformState(253): route-parameter-manager: } Applying configurations
D/AudioIntelHal/AudioPlatformState(253): route-parameter-manager: } Configuration application request
D/EVENT_THREAD(253): void CEventThread::trig(void*, uint32_t): in
D/EVENT_THREAD(253): void CEventThread::trig(void*, uint32_t): out
D/RouteManager(253): doReconsiderRouting: Route state:
D/RouteManager(253): -Previously Enabled Route in Input =
D/RouteManager(253): -Previously Enabled Route in Output = Media|HwCodecMedia
D/RouteManager(253): -Selected Route in Input =
D/RouteManager(253): -Selected Route in Output =
D/RouteManager(253): -executeMuteRoutingStage-
D/RouteManager(253): audio-parameter-manager: Selection criterion changed event: Criterion name: RoutageState, current state: Flow
D/RouteManager(253): audio-parameter-manager: Selection criterion changed event: Criterion name: ClosingPlaybackRoutes, current state: Media|HwCodecMedia
D/RouteManager(253): audio-parameter-manager: Selection criterion changed event: Criterion name: OpenedPlaybackRoutes, current state:
D/RouteManager(253): audio-parameter-manager: Configuration application request {
D/RouteManager(253): audio-parameter-manager: Applying configurations {
D/RouteManager(253): audio-parameter-manager: Applying configuration "Mute" from domain "Routing.Mute.HWCodec.Playback.IHF"
D/RouteManager(253): audio-parameter-manager: } Applying configurations
D/RouteManager(253): audio-parameter-manager: } Configuration application request
D/RouteManager(253): -executeDisableRoutingStage-
D/RouteManager(253): audio-parameter-manager: Selection criterion changed event: Criterion name: RoutageState, current state: Path
D/TinyAlsaAudioDevice(253): close
I/KERNEL (253): [16206.848623] snd_intel_sst: runtime_idle called
D/RouteManager(253): audio-parameter-manager: Configuration application request {
D/RouteManager(253): audio-parameter-manager: Applying configurations {
D/RouteManager(253): audio-parameter-manager: Applying configuration "Disable" from domain "Routing.Enable.HWCodec.Playback.Analog.IHF.Out"
D/RouteManager(253): audio-parameter-manager: Applying configuration "Disable" from domain "Routing.Enable.HWCodec.Playback.Analog.IHF.Multimedia"
D/RouteManager(253): audio-parameter-manager: Applying configuration "Disable" from domain "Routing.Enable.HWCodec.Playback.Digital.Multimedia"
I/WAKELOCK_ACQUIRE(608): TIMESTAMP=16227389574040, TAG=RILJ, TYPE=PARTIAL_WAKE_LOCK , COUNT=0, PID=1228, UID=1001, FLAGS=
D/RouteManager(253): audio-parameter-manager: } Applying configurations
V/AlarmManager(608): triggered: act=aaw.Spotify Pkg: com.spotify.music
D/RouteManager(253): audio-parameter-manager: } Configuration application request
I/WAKELOCK_ACQUIRE(608): TIMESTAMP=16228600437122, TAG=MqttPush, TYPE=PARTIAL_WAKE_LOCK , COUNT=0, PID=18956, UID=10069, FLAGS=
D/RouteManager(253): -executeConfigureRoutingStage-
V/AlarmManager(608): triggered: act=aaw.Spotify Pkg: com.spotify.music
D/RouteManager(253): audio-parameter-manager: Selection criterion changed event: Criterion name: RoutageState, current state: Configure
I/WAKELOCK_ACQUIRE(608): TIMESTAMP=16228836325401, TAG=AudioMix, TYPE=PARTIAL_WAKE_LOCK , COUNT=0, PID=0, UID=1013, FLAGS=
D/RouteManager(253): audio-parameter-manager: Selection criterion changed event: Criterion name: ClosingPlaybackRoutes, current state:
I/ActivityManager(608): START u0 {act=android.intent.action.MAIN cat=[android.intent.category.HOME] flg=0x10200000 cmp=com.google.android.googlequicksearchbox/com.google.android.launcher.GEL} from uid 1000 on display 0
D/RouteManager(253): audio-parameter-manager: Selection criterion changed event: Criterion name: OutputFlags, current state:
I/WAKELOCK_ACQUIRE(608): TIMESTAMP=16228934340178, TAG=ActivityManager-Launch, TYPE=PARTIAL_WAKE_LOCK , COUNT=0, PID=608, UID=1000, FLAGS=
D/RouteManager(253): audio-parameter-manager: Configuration application request { E/EM FG ALGO Iface:(20523): E/EM FG ALGO Iface:(20523): Failed to get File Descriptor
D/RouteManager(253): audio-parameter-manager: Applying configurations {
I/WAKELOCK_RELEASE(608): TIMESTAMP=16229559135578, TAG=MqttPush, TYPE=PARTIAL_WAKE_LOCK , COUNT=0, PID=18956, UID=10069, FLAGS=
D/RouteManager(253): audio-parameter-manager: } Applying configurations
I/WAKELOCK_RELEASE(608): TIMESTAMP=16229833959978, TAG=ActivityManager-Launch, TYPE=PARTIAL_WAKE_LOCK , COUNT=0, PID=608, UID=1000, FLAGS=
D/RouteManager(253): audio-parameter-manager: } Configuration application request
I/WindowState(608): WIN DEATH: Window{3154445 u0 com.booking/com.booking.activity.SearchActivity}
D/RouteManager(253): -executeEnableRoutingStage-
I/WindowState(608): WIN DEATH: Window{352acc8 u0 net.skyscanner.android.main/net.skyscanner.android.activity.RealSearchActivity}
D/RouteManager(253): audio-parameter-manager: Selection criterion changed event: Criterion name: RoutageState, current state: Path|Configure
I/WAKELOCK_ACQUIRE(608): TIMESTAMP=16230301405661, TAG=GCoreFlp, TYPE=PARTIAL_WAKE_LOCK , COUNT=0, PID=18348, UID=10007, FLAGS=
D/RouteManager(253): audio-parameter-manager: Configuration application request {
I/WAKELOCK_RELEASE(608): TIMESTAMP=16230302339665, TAG=GCoreFlp, TYPE=PARTIAL_WAKE_LOCK , COUNT=0, PID=18348, UID=10007, FLAGS=
D/RouteManager(253): audio-parameter-manager: Applying configurations {
I/WindowState(608): WIN DEATH: Window{2517fa06 u0 com.facebook.katana/com.facebook.katana.activity.ImmersiveActivity}
D/RouteManager(253): audio-parameter-manager: } Applying configurations
I/WindowState(608): WIN DEATH: Window{62a6cb8 u0 com.facebook.katana/com.facebook.katana.activity.FbMainTabActivity}
D/RouteManager(253): audio-parameter-manager: } Configuration application request
I/ActivityManager(608): Process com.android.deskclock (pid 16523) has died
D/RouteManager(253): -executeUnmuteRoutingStage-
D/WifiService(608): Client connection lost with reason: 4
D/RouteManager(253): audio-parameter-manager: Selection criterion changed event: Criterion name: RoutageState, current state: Flow|Path|Configure
I/ActivityManager(608): Process com.booking (pid 16031) has died
D/RouteManager(253): audio-parameter-manager: Configuration application request {
I/ActivityManager(608): Process net.skyscanner.android.main (pid 8794) has died
D/RouteManager(253): audio-parameter-manager: Applying configurations {
W/ActivityManager(608): Scheduling restart of crashed service net.skyscanner.android.main/net.skyscanner.android.service.SkyscannerService in 1000ms
D/RouteManager(253): audio-parameter-manager: } Applying configurations
I/ActivityManager(608): Process com.facebook.katana (pid 16419) has died
D/RouteManager(253): audio-parameter-manager: } Configuration application request
W/ActivityManager(608): Scheduling restart of crashed service com.facebook.katana/com.facebook.push.mqtt.service.MqttPushService in 10840ms
D/RouteManager(253): doReconsiderRouting: DONE
D/EVENT_THREAD(253): void CEventThread::run() Do poll with timeout: -1
D/wpa_supplicant(685): wlan0: Control interface command 'SIGNAL_POLL'
I/KERNEL (261): [16208.118368] xhci_hcd 0000:00:14.0: power state changed by ACPI to D0
I/KERNEL (261): [16208.138582] xhci_hcd 0000:00:14.0: power state changed by ACPI to D0
I/KERNEL (261): [16208.158170] xhci_hcd 0000:00:14.0: setting latency timer to 64
D/PROPERTY(253): get media.dump_output.befconv: 0
D/PROPERTY(253): get media.dump_output.aftconv: 0
D/AudioIntelHal(253): startStream: output stream.
D/AudioIntelHal/AudioPlatformState(253): route-parameter-manager: Selection criterion changed event: Criterion name: OutputFlags, current state: Primary
D/AudioIntelHal/AudioPlatformState(253): route-parameter-manager: Configuration application request {
D/AudioIntelHal/AudioPlatformState(253): route-parameter-manager: Applying configurations {
D/AudioIntelHal/AudioPlatformState(253): route-parameter-manager: Applying configuration "Selected" from domain "Parameter.Outputflags.Primary"
D/AudioIntelHal/AudioPlatformState(253): route-parameter-manager: Applying configuration "Applicable" from domain "StreamRoute.Media.Playback"
D/AudioIntelHal/AudioPlatformState(253): route-parameter-manager: Applying configuration "Applicable" from domain "Route.HwCodecMedia.Playback"
D/AudioIntelHal/AudioPlatformState(253): route-parameter-manager: } Applying configurations
D/AudioIntelHal/AudioPlatformState(253): route-parameter-manager: } Configuration application request
D/EVENT_THREAD(253): void CEventThread::trig(void*, uint32_t): in
D/EVENT_THREAD(253): void CEventThread::trig(void*, uint32_t): out
D/RouteManager(253): doReconsiderRouting: Route state:
D/RouteManager(253): -Previously Enabled Route in Input =
D/RouteManager(253): -Previously Enabled Route in Output =
D/RouteManager(253): -Selected Route in Input =
D/RouteManager(253): -Selected Route in Output = Media|HwCodecMedia
D/RouteManager(253): -executeMuteRoutingStage-
D/RouteManager(253): audio-parameter-manager: Selection criterion changed event: Criterion name: RoutageState, current state: Flow
D/RouteManager(253): audio-parameter-manager: Configuration application request {
D/RouteManager(253): audio-parameter-manager: Applying configurations {
D/RouteManager(253): audio-parameter-manager: } Applying configurations
D/RouteManager(253): audio-parameter-manager: } Configuration application request
D/RouteManager(253): -executeDisableRoutingStage-
D/RouteManager(253): audio-parameter-manager: Selection criterion changed event: Criterion name: RoutageState, current state: Path
D/RouteManager(253): audio-parameter-manager: Configuration application request {
D/RouteManager(253): audio-parameter-manager: Applying configurations {
D/RouteManager(253): audio-parameter-manager: } Applying configurations
D/RouteManager(253): audio-parameter-manager: } Configuration application request
D/RouteManager(253): -executeConfigureRoutingStage-
D/RouteManager(253): audio-parameter-manager: Selection criterion changed event: Criterion name: RoutageState, current state: Configure
D/RouteManager(253): audio-parameter-manager: Selection criterion changed event: Criterion name: OpenedPlaybackRoutes, current state: Media|HwCodecMedia
D/RouteManager(253): audio-parameter-manager: Selection criterion changed event: Criterion name: OutputFlags, current state: primary
D/RouteManager(253): audio-parameter-manager: Configuration application request {
I/ActivityManager(608): START u0 {act=android.intent.action.MAIN cat=[android.intent.category.LAUNCHER] flg=0x10200000 cmp=com.microsoft.office.word/com.microsoft.office.apphost.LaunchActivity bnds=[0,1116][256,1418] (has extras)} from uid 10040 on display 0
D/RouteManager(253): audio-parameter-manager: Applying configurations {
I/WAKELOCK_ACQUIRE(608): TIMESTAMP=16231779878671, TAG=ActivityManager-Launch, TYPE=PARTIAL_WAKE_LOCK , COUNT=0, PID=608, UID=1000, FLAGS=
D/RouteManager(253): audio-parameter-manager: } Applying configurations
I/ActivityManager(608): Start proc net.skyscanner.android.main for service net.skyscanner.android.main/net.skyscanner.android.service.SkyscannerService: pid=20538 uid=10088 gids={50088, 9997, 3003, 1028, 1015} abi=x86
D/RouteManager(253): audio-parameter-manager: } Configuration application request
I/ActivityManager(608): Start proc com.microsoft.office.word for activity com.microsoft.office.word/com.microsoft.office.apphost.LaunchActivity: pid=20544 uid=10068 gids={50068, 9997, 1028, 1015, 3003} abi=x86
D/RouteManager(253): -executeEnableRoutingStage-
I/WAKELOCK_ACQUIRE(608): TIMESTAMP=16232316490184, TAG=NlpWakeLock, TYPE=PARTIAL_WAKE_LOCK , COUNT=0, PID=18348, UID=10007, FLAGS=
D/RouteManager(253): audio-parameter-manager: Selection criterion changed event: Criterion name: RoutageState, current state: Path|Configure
I/WAKELOCK_RELEASE(608): TIMESTAMP=16232318354879, TAG=NlpWakeLock, TYPE=PARTIAL_WAKE_LOCK , COUNT=0, PID=18348, UID=10007, FLAGS=
D/RouteManager(253): audio-parameter-manager: Configuration application request {
I/WAKELOCK_ACQUIRE(608): TIMESTAMP=16232319481169, TAG=NlpWakeLock, TYPE=PARTIAL_WAKE_LOCK , COUNT=0, PID=18348, UID=10007, FLAGS=
D/RouteManager(253): audio-parameter-manager: Applying configurations {
I/WAKELOCK_RELEASE(608): TIMESTAMP=16232321034046, TAG=NlpWakeLock, TYPE=PARTIAL_WAKE_LOCK , COUNT=0, PID=18348, UID=10007, FLAGS=
D/RouteManager(253): audio-parameter-manager: Applying configuration "Enable" from domain "Routing.Enable.HWCodec.Playback.Analog.IHF.Out"
I/WAKELOCK_ACQUIRE(608): TIMESTAMP=16232321519407, TAG=NlpWakeLock, TYPE=PARTIAL_WAKE_LOCK , COUNT=0, PID=18348, UID=10007, FLAGS=
D/RouteManager(253): audio-parameter-manager: Applying configuration "Enable" from domain "Routing.Enable.HWCodec.Playback.Analog.IHF.Multimedia"
I/WAKELOCK_RELEASE(608): TIMESTAMP=16232323330798, TAG=NlpWakeLock, TYPE=PARTIAL_WAKE_LOCK , COUNT=0, PID=18348, UID=10007, FLAGS=
D/RouteManager(253): audio-parameter-manager: Applying configuration "Enable" from domain "Routing.Enable.HWCodec.Playback.Digital.Multimedia"
I/WAKELOCK_ACQUIRE(608): TIMESTAMP=16232324612764, TAG=NlpWakeLock, TYPE=PARTIAL_WAKE_LOCK , COUNT=0, PID=18348, UID=10007, FLAGS=
D/RouteManager(253): audio-parameter-manager: } Applying configurations
I/WAKELOCK_ACQUIRE(608): TIMESTAMP=16232326368043, TAG=NlpWakeLock, TYPE=PARTIAL_WAKE_LOCK , COUNT=0, PID=18348, UID=10007, FLAGS=
D/RouteManager(253): audio-parameter-manager: } Configuration application request
I/WAKELOCK_ACQUIRE(608): TIMESTAMP=16232332913518, TAG=GCoreFlp, TYPE=PARTIAL_WAKE_LOCK , COUNT=0, PID=18348, UID=10007, FLAGS=
D/TinyAlsaAudioDevice(253): open: card (baytrailaudio, 0)
D/TinyAlsaAudioDevice(253): config (rate=48000 format=0 channels= 2).
D/TinyAlsaAudioDevice(253): RingBuffer config: periodSize=1152 nbPeriod=4startTh=4607 stop Th=4608 silence Th=0
I/WAKELOCK_ACQUIRE(608): TIMESTAMP=16232334026956, TAG=GCoreFlp, TYPE=PARTIAL_WAKE_LOCK , COUNT=0, PID=18348, UID=10007, FLAGS=
D/AudioConversion(253): configure: no convertion required
I/WAKELOCK_ACQUIRE(608): TIMESTAMP=16232335295326, TAG=GCoreFlp, TYPE=PARTIAL_WAKE_LOCK , COUNT=0, PID=18348, UID=10007, FLAGS=
D/RouteManager(253): -executeUnmuteRoutingStage-
I/WAKELOCK_ACQUIRE(608): TIMESTAMP=16232346523730, TAG=UlrDispSvcFastWL, TYPE=PARTIAL_WAKE_LOCK , COUNT=0, PID=18348, UID=10007, FLAGS=
D/RouteManager(253): audio-parameter-manager: Selection criterion changed event: Criterion name: RoutageState, current state: Flow|Path|Configure
I/WAKELOCK_ACQUIRE(608): TIMESTAMP=16232402851304, TAG=RILJ, TYPE=PARTIAL_WAKE_LOCK , COUNT=0, PID=1228, UID=1001, FLAGS=
D/RouteManager(253): audio-parameter-manager: Configuration application request {
I/WAKELOCK_RELEASE(608): TIMESTAMP=16232433465263, TAG=GCoreFlp, TYPE=PARTIAL_WAKE_LOCK , COUNT=0, PID=18348, UID=10007, FLAGS=
D/RouteManager(253): audio-parameter-manager: Applying configurations {
I/WAKELOCK_RELEASE(608): TIMESTAMP=16232433906548, TAG=GCoreFlp, TYPE=PARTIAL_WAKE_LOCK , COUNT=0, PID=18348, UID=10007, FLAGS=
D/RouteManager(253): audio-parameter-manager: Applying configuration "Unmute" from domain "Routing.Mute.HWCodec.Playback.IHF"
I/WAKELOCK_RELEASE(608): TIMESTAMP=16232434197499, TAG=GCoreFlp, TYPE=PARTIAL_WAKE_LOCK , COUNT=0, PID=18348, UID=10007, FLAGS=
D/RouteManager(253): audio-parameter-manager: } Applying configurations
I/WAKELOCK_ACQUIRE(608): TIMESTAMP=16232557100080, TAG=RILJ, TYPE=PARTIAL_WAKE_LOCK , COUNT=0, PID=1228, UID=1001, FLAGS=
D/RouteManager(253): audio-parameter-manager: } Configuration application request
I/WAKELOCK_RELEASE(608): TIMESTAMP=16232588279043, TAG=*alarm*, TYPE=PARTIAL_WAKE_LOCK , COUNT=0, PID=608, UID=1000, FLAGS=
D/RouteManager(253): doReconsiderRouting: DONE
I/WAKELOCK_ACQUIRE(608): TIMESTAMP=16233020413596, TAG=RILJ, TYPE=PARTIAL_WAKE_LOCK , COUNT=0, PID=1228, UID=1001, FLAGS=
D/EVENT_THREAD(253): void CEventThread::run() Do poll with timeout: -1
I/WAKELOCK_RELEASE(608): TIMESTAMP=16233250801630, TAG=NlpWakeLock, TYPE=PARTIAL_WAKE_LOCK , COUNT=0, PID=18348, UID=10007, FLAGS=
E/TinyAlsaStream(253): getFramesAvailable: Unable to get available frames
I/WAKELOCK_ACQUIRE(608): TIMESTAMP=16233386134877, TAG=ContextManagerWakeLock, TYPE=PARTIAL_WAKE_LOCK , COUNT=0, PID=18348, UID=10007, FLAGS=
E/TinyAlsaStream(253): getFramesAvailable: Unable to get available frames
I/WAKELOCK_RELEASE(608): TIMESTAMP=16233387908168, TAG=NlpWakeLock, TYPE=PARTIAL_WAKE_LOCK , COUNT=0, PID=18348, UID=10007, FLAGS=
E/TinyAlsaStream(253): getFramesAvailable: Unable to get available frames
I/WAKELOCK_RELEASE(608): TIMESTAMP=16234022267592, TAG=UlrDispSvcFastWL, TYPE=PARTIAL_WAKE_LOCK , COUNT=0, PID=18348, UID=10007, FLAGS=
E/TinyAlsaStream(253): getFramesAvailable: Unable to get available frames E/EM FG ALGO Iface:(20588): E/EM FG ALGO Iface:(20588): Failed to get File Descriptor
I/GEL (1268): handleIntent(Intent { act=android.intent.action.MAIN cat=[android.intent.category.HOME] flg=0x10600000 cmp=com.google.android.googlequicksearchbox/com.google.android.launcher.GEL })
I/WAKELOCK_RELEASE(608): TIMESTAMP=16234319931993, TAG=AudioMix, TYPE=PARTIAL_WAKE_LOCK , COUNT=0, PID=0, UID=1013, FLAGS=
D/ (1268): Pixel Format : GGL_PIXEL_FORMAT_RGBA_8888
I/WAKELOCK_RELEASE(608): TIMESTAMP=16234606057937, TAG=ContextManagerWakeLock, TYPE=PARTIAL_WAKE_LOCK , COUNT=0, PID=18348, UID=10007, FLAGS=
D/ (1268): Updating FBO content dimensions
I/WAKELOCK_ACQUIRE(608): TIMESTAMP=16234606453323, TAG=ContextManagerWakeLock, TYPE=PARTIAL_WAKE_LOCK , COUNT=0, PID=18348, UID=10007, FLAGS=
D/ (14409): Surface destroy: ANDROID_NATIVE_WINDOW_MAGIC
I/WAKELOCK_RELEASE(608): TIMESTAMP=16234627164799, TAG=ContextManagerWakeLock, TYPE=PARTIAL_WAKE_LOCK , COUNT=0, PID=18348, UID=10007, FLAGS=
I/Keyboard.Facilitator(847): onFinishInput()
D/TaskPersister(608): removeObsoleteFile: deleting file=108_task.xml
W/HotwordWorkerImpl(5566): No resources found for locale: it-IT
D/TaskPersister(608): removeObsoleteFile: deleting file=108_activity_icon_1443347357169.png
I/MicroRecognitionRnrImpl(5566): Starting detection.
D/TaskPersister(608): removeObsoleteFile: deleting file=108_task_thumbnail.png
I/MicrophoneInputStream(5566): mic_starting com.google.android.apps.gsa.speech.audio.x@137663dd
D/AudioIntelHal(253): openInputStream: called for devices: 2147483652 and input source: 0x%08x6
D/AudioStream(253): set: requested channel mask: 16 (Channels count: 1)
D/AudioStream(253): set: set channels to 16
D/AudioStream(253): set: requested rate: 16000
D/AudioStream(253): set: set rate to 16000
D/AudioStream(253): set: requested format: 1
D/AudioStream(253): set : set format to 1
D/AudioIntelHal(253): openInputStream: input created with status=0
D/AudioStream(253): getBufferSize: 640 (in bytes) for input stream.
D/AudioStream(253): getBufferSize: 640 (in bytes) for input stream.
I/AudioFlinger(253): AudioFlinger's thread 0xf3263000 ready to run
D/AudioIntelHal/AudioPlatformState(253): setParameters: key value pair input_devices=4
I/MicrophoneInputStream(5566): mic_started com.google.android.apps.gsa.speech.audio.x@137663dd
I/Icing (1509): Usage reports 1 indexed 0 rejected 0 imm upload true
D/PROPERTY(253): get media.dump_input.befconv: 0
D/PROPERTY(253): get media.dump_input.aftconv: 0
D/AudioIntelHal(253): startStream: input stream.
D/AudioIntelHal/AudioPlatformState(253): route-parameter-manager: Selection criterion changed event: Criterion name: InputSources, current state: VoiceRecognition
D/AudioIntelHal/AudioPlatformState(253): route-parameter-manager: Selection criterion changed event: Criterion name: StatesChanged, current state: InputSources
D/AudioIntelHal/AudioPlatformState(253): route-parameter-manager: Configuration application request {
D/AudioIntelHal/AudioPlatformState(253): route-parameter-manager: Applying configurations {
D/AudioIntelHal/AudioPlatformState(253): route-parameter-manager: Applying configuration "Selected" from domain "Parameter.InputSources.VoiceRecognition"
D/AudioIntelHal/AudioPlatformState(253): route-parameter-manager: Applying configuration "Applicable" from domain "Route.HwCodecMedia.Capture"
D/AudioIntelHal/AudioPlatformState(253): route-parameter-manager: Applying configuration "Yes" from domain "Route.HWCodec.NeedReconfigure.Capture"
D/AudioIntelHal/AudioPlatformState(253): route-parameter-manager: } Applying configurations
D/AudioIntelHal/AudioPlatformState(253): route-parameter-manager: } Configuration application request
D/EVENT_THREAD(253): void CEventThread::trig(void*, uint32_t): in
D/EVENT_THREAD(253): void CEventThread::trig(void*, uint32_t): out
D/RouteManager(253): doReconsiderRouting: Route state:
D/RouteManager(253): -Previously Enabled Route in Input =
D/RouteManager(253): -Previously Enabled Route in Output = Media|HwCodecMedia
D/RouteManager(253): -Selected Route in Input = Media|HwCodecMedia
D/RouteManager(253): -Selected Route in Output = Media|HwCodecMedia
D/RouteManager(253): -executeMuteRoutingStage-
D/RouteManager(253): audio-parameter-manager: Selection criterion changed event: Criterion name: RoutageState, current state: Flow
D/RouteManager(253): audio-parameter-manager: Configuration application request {
D/RouteManager(253): audio-parameter-manager: Applying configurations {
D/RouteManager(253): audio-parameter-manager: } Applying configurations
D/RouteManager(253): audio-parameter-manager: } Configuration application request
D/RouteManager(253): -executeDisableRoutingStage-
D/RouteManager(253): audio-parameter-manager: Selection criterion changed event: Criterion name: RoutageState, current state: Path
D/RouteManager(253): audio-parameter-manager: Configuration application request {
D/RouteManager(253): audio-parameter-manager: Applying configurations {
D/RouteManager(253): audio-parameter-manager: } Applying configurations
D/RouteManager(253): audio-parameter-manager: } Configuration application request
D/RouteManager(253): -executeConfigureRoutingStage-
D/RouteManager(253): audio-parameter-manager: Selection criterion changed event: Criterion name: RoutageState, current state: Configure
D/RouteManager(253): audio-parameter-manager: Selection criterion changed event: Criterion name: OpenedCaptureRoutes, current state: Media|HwCodecMedia
I/WAKELOCK_ACQUIRE(608): TIMESTAMP=16235833330816, TAG=AudioMix, TYPE=PARTIAL_WAKE_LOCK , COUNT=0, PID=0, UID=1013, FLAGS=
D/RouteManager(253): audio-parameter-manager: Selection criterion changed event: Criterion name: AudioSource, current state: VoiceRecognition
I/WAKELOCK_ACQUIRE(608): TIMESTAMP=16235834154060, TAG=AudioMix, TYPE=PARTIAL_WAKE_LOCK , COUNT=0, PID=0, UID=1013, FLAGS=
D/RouteManager(253): audio-parameter-manager: Configuration application request {
V/AlarmManager(608): triggered: act=com.android.server.WifiManager.action.START_SCAN Pkg: android
D/RouteManager(253): audio-parameter-manager: Applying configurations {
I/WAKELOCK_ACQUIRE(608): TIMESTAMP=16236352148111, TAG=*alarm*, TYPE=PARTIAL_WAKE_LOCK , COUNT=0, PID=608, UID=1000, FLAGS=
D/RouteManager(253): audio-parameter-manager: Applying configuration "VoiceRecgnition.FrontMic" from domain "InputDevice.Selected"
V/AlarmManager(608): triggered: act=ALARM_WAKEUP_LOCATOR Pkg: com.google.android.gms
D/RouteManager(253): audio-parameter-manager: } Applying configurations
I/gpsd (263): GpsHalPowerControlRuntimePm(enable)
D/RouteManager(253): audio-parameter-manager: } Configuration application request
I/WAKELOCK_ACQUIRE(608): TIMESTAMP=16237561130513, TAG=RILJ, TYPE=PARTIAL_WAKE_LOCK , COUNT=0, PID=1228, UID=1001, FLAGS=
D/RouteManager(253): -executeEnableRoutingStage-
I/WAKELOCK_ACQUIRE(608): TIMESTAMP=16237620779983, TAG=MqttPush, TYPE=PARTIAL_WAKE_LOCK , COUNT=0, PID=18956, UID=10069, FLAGS=
D/RouteManager(253): audio-parameter-manager: Selection criterion changed event: Criterion name: RoutageState, current state: Path|Configure
I/WAKELOCK_RELEASE(608): TIMESTAMP=16237625036289, TAG=MqttPush, TYPE=PARTIAL_WAKE_LOCK , COUNT=0, PID=18956, UID=10069, FLAGS=
D/TinyAlsaAudioDevice(253): open: card (baytrailaudio, 0)
D/TinyAlsaAudioDevice(253): config (rate=48000 format=0 channels= 2).
D/TinyAlsaAudioDevice(253): RingBuffer config: periodSize=960 nbPeriod=4startTh=1 stop Th=3840 silence Th=0
I/ActivityManager(608): START u0 {flg=0x24000000 cmp=com.microsoft.office.word/.WordActivity (has extras)} from uid 10068 on display 0
D/RouteManager(253): audio-parameter-manager: Configuration application request {
I/WAKELOCK_ACQUIRE(608): TIMESTAMP=16237788407287, TAG=ActivityManager-Launch, TYPE=PARTIAL_WAKE_LOCK , COUNT=0, PID=608, UID=1000, FLAGS=
D/RouteManager(253): audio-parameter-manager: Applying configurations {
D/RouteManager(253): audio-parameter-manager: } Applying configurations
D/RouteManager(253): audio-parameter-manager: } Configuration application request
D/Resampler(253): configure: SOURCE rate=48000 format=1 channels=1
D/Resampler(253): configure: DST rate=16000 format=1 channels=1
D/RouteManager(253): -executeUnmuteRoutingStage-
D/RouteManager(253): audio-parameter-manager: Selection criterion changed event: Criterion name: RoutageState, current state: Flow|Path|Configure
D/RouteManager(253): audio-parameter-manager: Configuration application request {
D/RouteManager(253): audio-parameter-manager: Applying configurations {
D/RouteManager(253): audio-parameter-manager: Applying configuration "Unmute" from domain "Routing.Mute.HWCodec.Capture"
D/RouteManager(253): audio-parameter-manager: } Applying configurations
D/RouteManager(253): audio-parameter-manager: } Configuration application request
W/ActivityThread(20544): ClassLoader.loadClass: The class loader returned by Thread.getContextClassLoader() may fail for processes that host multiple applications. You should explicitly specify a context class loader. For example: Thread.setContextClassLoader(getClass().getClassLoader());
D/RouteManager(253): doReconsiderRouting: DONE
I/ActivityManager(608): Start proc com.facebook.katana for content provider com.facebook.katana/.provider.AttributionIdProvider: pid=20651 uid=10074 gids={50074, 9997, 1028, 1015, 3003} abi=x86
D/EVENT_THREAD(253): void CEventThread::run() Do poll with timeout: -1
W/ResourcesManager(20651): Asset path '/system/framework/com.google.android.maps.jar' does not exist or contains no resources.
I/HotwordWorkerImpl(5566): onReady E/EM FG ALGO Iface:(20671): E/EM FG ALGO Iface:(20671): Failed to get File Descriptor
I/KERNEL (221): [16208.721254] iTCO_wdt: iTCO_wdt_keepalive
I/WAKELOCK_RELEASE(608): TIMESTAMP=16238513665980, TAG=ActivityManager-Launch, TYPE=PARTIAL_WAKE_LOCK , COUNT=0, PID=608, UID=1000, FLAGS=
W/OpenGLRenderer(1268): Incorrectly called buildLayer on View: ShortcutAndWidgetContainer, destroying layer...
I/WAKELOCK_ACQUIRE(608): TIMESTAMP=16238546738199, TAG=MqttPush, TYPE=PARTIAL_WAKE_LOCK , COUNT=0, PID=18956, UID=10069, FLAGS=
W/SearchService(5566): Abort, client detached.
I/WAKELOCK_RELEASE(608): TIMESTAMP=16238561396053, TAG=MqttPush, TYPE=PARTIAL_WAKE_LOCK , COUNT=0, PID=18956, UID=10069, FLAGS=
I/HotwordDetector(5566): Closing mic
I/WAKELOCK_RELEASE(608): TIMESTAMP=16238837608882, TAG=AudioMix, TYPE=PARTIAL_WAKE_LOCK , COUNT=0, PID=0, UID=1013, FLAGS=
I/MicrophoneInputStream(5566): mic_close com.google.android.apps.gsa.speech.audio.x@137663dd
I/WAKELOCK_RELEASE(608): TIMESTAMP=16238870062672, TAG=AudioMix, TYPE=PARTIAL_WAKE_LOCK , COUNT=0, PID=0, UID=1013, FLAGS=
D/AudioIntelHal(253): stopStream: input stream.
D/AudioIntelHal/AudioPlatformState(253): route-parameter-manager: Selection criterion changed event: Criterion name: InputSources, current state:
D/AudioIntelHal/AudioPlatformState(253): route-parameter-manager: Configuration application request {
D/AudioIntelHal/AudioPlatformState(253): route-parameter-manager: Applying configurations {
D/AudioIntelHal/AudioPlatformState(253): route-parameter-manager: Applying configuration "NotSelected" from domain "Parameter.InputSources.VoiceRecognition"
D/AudioIntelHal/AudioPlatformState(253): route-parameter-manager: Applying configuration "NotApplicable" from domain "Route.HwCodecMedia.Capture"
D/AudioIntelHal/AudioPlatformState(253): route-parameter-manager: } Applying configurations
D/AudioIntelHal/AudioPlatformState(253): route-parameter-manager: } Configuration application request
D/EVENT_THREAD(253): void CEventThread::trig(void*, uint32_t): in
D/EVENT_THREAD(253): void CEventThread::trig(void*, uint32_t): out
D/RouteManager(253): doReconsiderRouting: Route state:
D/RouteManager(253): -Previously Enabled Route in Input = Media|HwCodecMedia
D/RouteManager(253): -Previously Enabled Route in Output = Media|HwCodecMedia
D/RouteManager(253): -Selected Route in Input =
D/RouteManager(253): -Selected Route in Output = Media|HwCodecMedia
D/RouteManager(253): -executeMuteRoutingStage-
D/RouteManager(253): audio-parameter-manager: Selection criterion changed event: Criterion name: RoutageState, current state: Flow
D/RouteManager(253): audio-parameter-manager: Selection criterion changed event: Criterion name: ClosingCaptureRoutes, current state: Media|HwCodecMedia
D/RouteManager(253): audio-parameter-manager: Selection criterion changed event: Criterion name: OpenedCaptureRoutes, current state:
D/RouteManager(253): audio-parameter-manager: Configuration application request {
D/RouteManager(253): audio-parameter-manager: Applying configurations {
D/RouteManager(253): audio-parameter-manager: Applying configuration "Mute" from domain "Routing.Mute.HWCodec.Capture"
D/RouteManager(253): audio-parameter-manager: } Applying configurations
D/RouteManager(253): audio-parameter-manager: } Configuration application request
D/RouteManager(253): -executeDisableRoutingStage-
D/RouteManager(253): audio-parameter-manager: Selection criterion changed event: Criterion name: RoutageState, current state: Path
D/RouteManager(253): audio-parameter-manager: Configuration application request {
D/RouteManager(253): audio-parameter-manager: Applying configurations {
D/RouteManager(253): audio-parameter-manager: } Applying configurations
D/RouteManager(253): audio-parameter-manager: } Configuration application request
D/TinyAlsaAudioDevice(253): close
D/RouteManager(253): -executeConfigureRoutingStage-
D/RouteManager(253): audio-parameter-manager: Selection criterion changed event: Criterion name: RoutageState, current state: Configure
D/RouteManager(253): audio-parameter-manager: Selection criterion changed event: Criterion name: ClosingCaptureRoutes, current state:
D/RouteManager(253): audio-parameter-manager: Selection criterion changed event: Criterion name: AudioSource, current state:
D/RouteManager(253): audio-parameter-manager: Configuration application request {
D/RouteManager(253): audio-parameter-manager: Applying configurations {
D/RouteManager(253): audio-parameter-manager: Applying configuration "FrontMic" from domain "InputDevice.Selected"
D/RouteManager(253): audio-parameter-manager: } Applying configurations
D/RouteManager(253): audio-parameter-manager: } Configuration application request
D/RouteManager(253): -executeEnableRoutingStage-
D/RouteManager(253): audio-parameter-manager: Selection criterion changed event: Criterion name: RoutageState, current state: Path|Configure
D/RouteManager(253): audio-parameter-manager: Configuration application request {
D/RouteManager(253): audio-parameter-manager: Applying configurations {
D/RouteManager(253): audio-parameter-manager: } Applying configurations
D/RouteManager(253): audio-parameter-manager: } Configuration application request
D/RouteManager(253): -executeUnmuteRoutingStage-
D/RouteManager(253): audio-parameter-manager: Selection criterion changed event: Criterion name: RoutageState, current state: Flow|Path|Configure
D/RouteManager(253): audio-parameter-manager: Configuration application request {
D/RouteManager(253): audio-parameter-manager: Applying configurations {
D/RouteManager(253): audio-parameter-manager: } Applying configurations
D/RouteManager(253): audio-parameter-manager: } Configuration application request
D/RouteManager(253): doReconsiderRouting: DONE
D/EVENT_THREAD(253): void CEventThread::run() Do poll with timeout: -1
I/MicroRecognitionRnrImpl(5566): Stopping hotword detection.
I/MicroRecognitionRnrImpl(5566): Detection finished
D/ (1268): Surface destroy: ANDROID_NATIVE_WINDOW_MAGIC
D/Event (14409): No subscribers registered for event class o.aix
D/Event (14409): No subscribers registered for event class o.uq
I/MultiDex(20261): VM with version 2.1.0 has multidex support
I/MultiDex(20261): install
I/MultiDex(20261): VM has multidex support, MultiDex support library is disabled.
D/wpa_supplicant(685): wlan0: Control interface command 'SIGNAL_POLL'
I/art (14409): Explicit concurrent mark sweep GC freed 102625(5MB) AllocSpace objects, 50(1045KB) LOS objects, 23% free, 25MB/33MB, paused 591us total 305.408ms
I/CrashlyticsCore(20261): Initializing Crashlytics 2.3.4.74
E/ivpg-hwc(217): Lost 1 flips
E/ivpg-hwc(217): Lost 1 flips
I/art (20261): Background sticky concurrent mark sweep GC freed 20370(1260KB) AllocSpace objects, 15(240KB) LOS objects, 11% free, 9MB/11MB, paused 998us total 175.294ms
D/AudioIntelHal(253): stopStream: output stream.
D/AudioIntelHal/AudioPlatformState(253): route-parameter-manager: Selection criterion changed event: Criterion name: OutputFlags, current state:
D/AudioIntelHal/AudioPlatformState(253): route-parameter-manager: Selection criterion changed event: Criterion name: StatesChanged, current state: OutputFlags
D/AudioIntelHal/AudioPlatformState(253): route-parameter-manager: Configuration application request {
D/AudioIntelHal/AudioPlatformState(253): route-parameter-manager: Applying configurations {
V/AlarmManager(608): triggered: act=com.facebook.push.mqtt.e.b.ACTION_INEXACT_ALARM.com.facebook.orca pkg=com.facebook.orca Pkg: com.facebook.orca
D/AudioIntelHal/AudioPlatformState(253): route-parameter-manager: Applying configuration "NotSelected" from domain "Parameter.Outputflags.Primary"
D/WifiService(608): New client listening to asynchronous messages
D/AudioIntelHal/AudioPlatformState(253): route-parameter-manager: Applying configuration "NotApplicable" from domain "StreamRoute.Media.Playback"
D/AudioIntelHal/AudioPlatformState(253): route-parameter-manager: Applying configuration "NotApplicable" from domain "Route.HwCodecMedia.Playback"
D/AudioIntelHal/AudioPlatformState(253): route-parameter-manager: Applying configuration "No" from domain "Route.HWCodec.NeedReconfigure.Capture"
D/AudioIntelHal/AudioPlatformState(253): route-parameter-manager: } Applying configurations
D/AudioIntelHal/AudioPlatformState(253): route-parameter-manager: } Configuration application request
D/EVENT_THREAD(253): void CEventThread::trig(void*, uint32_t): in
D/EVENT_THREAD(253): void CEventThread::trig(void*, uint32_t): out
D/RouteManager(253): doReconsiderRouting: Route state:
D/RouteManager(253): -Previously Enabled Route in Input =
D/RouteManager(253): -Previously Enabled Route in Output = Media|HwCodecMedia
D/RouteManager(253): -Selected Route in Input =
D/RouteManager(253): -Selected Route in Output =
D/RouteManager(253): -executeMuteRoutingStage-
D/RouteManager(253): audio-parameter-manager: Selection criterion changed event: Criterion name: RoutageState, current state: Flow
D/RouteManager(253): audio-parameter-manager: Selection criterion changed event: Criterion name: ClosingPlaybackRoutes, current state: Media|HwCodecMedia
D/RouteManager(253): audio-parameter-manager: Selection criterion changed event: Criterion name: OpenedPlaybackRoutes, current state:
D/RouteManager(253): audio-parameter-manager: Configuration application request {
D/RouteManager(253): audio-parameter-manager: Applying configurations {
D/RouteManager(253): audio-parameter-manager: Applying configuration "Mute" from domain "Routing.Mute.HWCodec.Playback.IHF"
D/RouteManager(253): audio-parameter-manager: } Applying configurations
D/RouteManager(253): audio-parameter-manager: } Configuration application request
D/RouteManager(253): -executeDisableRoutingStage-
D/RouteManager(253): audio-parameter-manager: Selection criterion changed event: Criterion name: RoutageState, current state: Path
D/TinyAlsaAudioDevice(253): close
I/KERNEL (253): [16212.540386] snd_intel_sst: runtime_idle called
D/RouteManager(253): audio-parameter-manager: Configuration application request {
D/RouteManager(253): audio-parameter-manager: Applying configurations {
D/RouteManager(253): audio-parameter-manager: Applying configuration "Disable" from domain "Routing.Enable.HWCodec.Playback.Analog.IHF.Out"
D/RouteManager(253): audio-parameter-manager: Applying configuration "Disable" from domain "Routing.Enable.HWCodec.Playback.Analog.IHF.Multimedia"
D/RouteManager(253): audio-parameter-manager: Applying configuration "Disable" from domain "Routing.Enable.HWCodec.Playback.Digital.Multimedia"
D/RouteManager(253): audio-parameter-manager: } Applying configurations
D/RouteManager(253): audio-parameter-manager: } Configuration application request
D/RouteManager(253): -executeConfigureRoutingStage-
D/RouteManager(253): audio-parameter-manager: Selection criterion changed event: Criterion name: RoutageState, current state: Configure
D/RouteManager(253): audio-parameter-manager: Selection criterion changed event: Criterion name: ClosingPlaybackRoutes, current state:
D/RouteManager(253): audio-parameter-manager: Selection criterion changed event: Criterion name: OutputFlags, current state:
