W/art (16419): Long monitor contention event with owner method=void com.facebook.graphql.executor.cache.GraphQLDiskCache.a(java.lang.String, byte[], java.lang.Class, int, byte[], java.util.Collection, long, boolean) from GraphQLDiskCache.java:333 waiters=0 for 326ms
I/WAKELOCK_ACQUIRE(608): TIMESTAMP=16170330980894, TAG=UploadServiceLogic-com.facebook.analytics2.logger.LollipopUploadService-service-2, TYPE=PARTIAL_WAKE_LOCK , COUNT=0, PID=16419, UID=10074, FLAGS=
I/WAKELOCK_RELEASE(608): TIMESTAMP=16170335407240, TAG=JobSchedulerHack-com.facebook.analytics2.logger.LollipopUploadService-client-2, TYPE=PARTIAL_WAKE_LOCK , COUNT=0, PID=16419, UID=10074, FLAGS=
I/WAKELOCK_RELEASE(608): TIMESTAMP=16170339825882, TAG=ActivityManager-Launch, TYPE=PARTIAL_WAKE_LOCK , COUNT=0, PID=608, UID=1000, FLAGS=
D/skia_ext(16419): turboImageDecoder took 0.37ms to decode 50x50 (1x downscale)
I/WAKELOCK_RELEASE(608): TIMESTAMP=16171062960549, TAG=UploadServiceLogic-com.facebook.analytics2.logger.LollipopUploadService-service-2, TYPE=PARTIAL_WAKE_LOCK , COUNT=0, PID=16419, UID=10074, FLAGS=
D/wpa_supplicant(685): wlan0: Control interface command 'SIGNAL_POLL'
E/ivpg-hwc(217): Lost 1 flips
E/ivpg-hwc(217): Lost 1 flips
I/WAKELOCK_ACQUIRE(608): TIMESTAMP=16171786939701, TAG=MqttPush, TYPE=PARTIAL_WAKE_LOCK , COUNT=0, PID=16419, UID=10074, FLAGS=
W/art (16419): Suspending all threads took: 11.819ms
I/art (16419): Background sticky concurrent mark sweep GC freed 42889(2MB) AllocSpace objects, 21(336KB) LOS objects, 5% free, 61MB/64MB, paused 52.540ms total 525.138ms
I/WAKELOCK_RELEASE(608): TIMESTAMP=16171930459018, TAG=MqttPush, TYPE=PARTIAL_WAKE_LOCK , COUNT=0, PID=16419, UID=10074, FLAGS=
D/PROPERTY(253): get media.dump_output.befconv: 0
I/WAKELOCK_ACQUIRE(608): TIMESTAMP=16172061938508, TAG=AudioMix, TYPE=PARTIAL_WAKE_LOCK , COUNT=0, PID=0, UID=1013, FLAGS=
D/PROPERTY(253): get media.dump_output.aftconv: 0
D/AudioIntelHal(253): startStream: output stream.
D/AudioIntelHal/AudioPlatformState(253): route-parameter-manager: Selection criterion changed event: Criterion name: OutputFlags, current state: Primary
D/AudioIntelHal/AudioPlatformState(253): route-parameter-manager: Configuration application request {
D/AudioIntelHal/AudioPlatformState(253): route-parameter-manager: Applying configurations {
D/AudioIntelHal/AudioPlatformState(253): route-parameter-manager: Applying configuration "Selected" from domain "Parameter.Outputflags.Primary"
D/AudioIntelHal/AudioPlatformState(253): route-parameter-manager: Applying configuration "Applicable" from domain "StreamRoute.Media.Playback"
D/AudioIntelHal/AudioPlatformState(253): route-parameter-manager: Applying configuration "Applicable" from domain "Route.HwCodecMedia.Playback"
D/AudioIntelHal/AudioPlatformState(253): route-parameter-manager: } Applying configurations
D/AudioIntelHal/AudioPlatformState(253): route-parameter-manager: } Configuration application request
D/EVENT_THREAD(253): void CEventThread::trig(void*, uint32_t): in
D/EVENT_THREAD(253): void CEventThread::trig(void*, uint32_t): out
D/RouteManager(253): doReconsiderRouting: Route state:
D/RouteManager(253): -Previously Enabled Route in Input =
D/RouteManager(253): -Previously Enabled Route in Output =
D/RouteManager(253): -Selected Route in Input =
D/RouteManager(253): -Selected Route in Output = Media|HwCodecMedia
D/RouteManager(253): -executeMuteRoutingStage-
D/RouteManager(253): audio-parameter-manager: Selection criterion changed event: Criterion name: RoutageState, current state: Flow
D/RouteManager(253): audio-parameter-manager: Configuration application request {
D/RouteManager(253): audio-parameter-manager: Applying configurations {
D/RouteManager(253): audio-parameter-manager: } Applying configurations
D/RouteManager(253): audio-parameter-manager: } Configuration application request
D/RouteManager(253): -executeDisableRoutingStage-
D/RouteManager(253): audio-parameter-manager: Selection criterion changed event: Criterion name: RoutageState, current state: Path
D/RouteManager(253): audio-parameter-manager: Configuration application request {
D/RouteManager(253): audio-parameter-manager: Applying configurations {
D/RouteManager(253): audio-parameter-manager: } Applying configurations
D/RouteManager(253): audio-parameter-manager: } Configuration application request
D/RouteManager(253): -executeConfigureRoutingStage-
D/RouteManager(253): audio-parameter-manager: Selection criterion changed event: Criterion name: RoutageState, current state: Configure
D/RouteManager(253): audio-parameter-manager: Selection criterion changed event: Criterion name: OpenedPlaybackRoutes, current state: Media|HwCodecMedia
D/RouteManager(253): audio-parameter-manager: Selection criterion changed event: Criterion name: OutputFlags, current state: primary
D/RouteManager(253): audio-parameter-manager: Configuration application request {
D/RouteManager(253): audio-parameter-manager: Applying configurations {
D/RouteManager(253): audio-parameter-manager: } Applying configurations
D/RouteManager(253): audio-parameter-manager: } Configuration application request
D/RouteManager(253): -executeEnableRoutingStage-
D/RouteManager(253): audio-parameter-manager: Selection criterion changed event: Criterion name: RoutageState, current state: Path|Configure
D/RouteManager(253): audio-parameter-manager: Configuration application request {
D/RouteManager(253): audio-parameter-manager: Applying configurations {
D/RouteManager(253): audio-parameter-manager: Applying configuration "Enable" from domain "Routing.Enable.HWCodec.Playback.Analog.IHF.Out"
D/RouteManager(253): audio-parameter-manager: Applying configuration "Enable" from domain "Routing.Enable.HWCodec.Playback.Analog.IHF.Multimedia"
D/RouteManager(253): audio-parameter-manager: Applying configuration "Enable" from domain "Routing.Enable.HWCodec.Playback.Digital.Multimedia"
D/RouteManager(253): audio-parameter-manager: } Applying configurations
D/RouteManager(253): audio-parameter-manager: } Configuration application request
D/TinyAlsaAudioDevice(253): open: card (baytrailaudio, 0)
D/TinyAlsaAudioDevice(253): config (rate=48000 format=0 channels= 2).
D/TinyAlsaAudioDevice(253): RingBuffer config: periodSize=1152 nbPeriod=4startTh=4607 stop Th=4608 silence Th=0
I/KERNEL (253): [16172.260161] snd_intel_sst: runtime_resume called
I/ActivityManager(608): START u0 {act=android.intent.action.MAIN cat=[android.intent.category.HOME] flg=0x10200000 cmp=com.google.android.googlequicksearchbox/com.google.android.launcher.GEL} from uid 1000 on display 0
I/KERNEL (138): [16172.284813] snd_intel_sst: FW Version 02.08.0a.09
I/KERNEL (138): [16172.284838] snd_intel_sst: Build date Aug 11 2014 Time 10:58:10
D/AudioConversion(253): configure: no convertion required
D/RouteManager(253): -executeUnmuteRoutingStage-
D/RouteManager(253): audio-parameter-manager: Selection criterion changed event: Criterion name: RoutageState, current state: Flow|Path|Configure
D/RouteManager(253): audio-parameter-manager: Configuration application request {
D/RouteManager(253): audio-parameter-manager: Applying configurations {
D/RouteManager(253): audio-parameter-manager: Applying configuration "Unmute" from domain "Routing.Mute.HWCodec.Playback.IHF"
D/RouteManager(253): audio-parameter-manager: } Applying configurations
D/RouteManager(253): audio-parameter-manager: } Configuration application request
D/RouteManager(253): doReconsiderRouting: DONE
D/EVENT_THREAD(253): void CEventThread::run() Do poll with timeout: -1
E/TinyAlsaStream(253): getFramesAvailable: Unable to get available frames
E/TinyAlsaStream(253): getFramesAvailable: Unable to get available frames
E/TinyAlsaStream(253): getFramesAvailable: Unable to get available frames
E/TinyAlsaStream(253): getFramesAvailable: Unable to get available frames
I/WAKELOCK_ACQUIRE(608): TIMESTAMP=16172190523612, TAG=ActivityManager-Launch, TYPE=PARTIAL_WAKE_LOCK , COUNT=0, PID=608, UID=1000, FLAGS=
W/ActivityManager(608): Activity pause timeout for ActivityRecord{10d34130 u0 com.facebook.katana/.activity.ImmersiveActivity t143}
W/fb4a(16419): Tried to stop a sequence that wasn't in progress
D/skia_ext(16419): turboImageDecoder took 21.15ms to decode 960x540 (1x downscale)
I/Choreographer(16419): Skipped 50 frames! The application may be doing too much work on its main thread.
E/ivpg-hwc(217): Lost 1 flips
E/ivpg-hwc(217): Lost 1 flips
D/skia_ext(16419): turboImageDecoder took 16.96ms to decode 720x720 (1x downscale)
D/skia_ext(16419): turboImageDecoder took 30.86ms to decode 720x720 (1x downscale)
D/skia_ext(16419): turboImageDecoder took 45.54ms to decode 720x1018 (1x downscale)
D/skia_ext(16419): turboImageDecoder took 17.68ms to decode 720x720 (1x downscale)
I/art (16419): Background sticky concurrent mark sweep GC freed 6120(324KB) AllocSpace objects, 14(224KB) LOS objects, 0% free, 75MB/75MB, paused 40.489ms total 324.278ms
D/skia_ext(16419): turboImageDecoder took 30.13ms to decode 720x720 (1x downscale)
D/skia_ext(16419): turboImageDecoder took 42.92ms to decode 720x1018 (1x downscale)
D/skia_ext(16419): turboImageDecoder took 26.86ms to decode 720x720 (1x downscale)
D/skia_ext(16419): turboImageDecoder took 403.87ms to decode 720x1025 (1x downscale)
W/art (16419): Suspending all threads took: 106.233ms
I/GEL (1268): handleIntent(Intent { act=android.intent.action.MAIN cat=[android.intent.category.HOME] flg=0x10600000 cmp=com.google.android.googlequicksearchbox/com.google.android.launcher.GEL })
I/art (16419): Background partial concurrent mark sweep GC freed 31143(1918KB) AllocSpace objects, 29(2MB) LOS objects, 17% free, 77MB/93MB, paused 109.938ms total 494.432ms
E/ivpg-hwc(217): Lost 1 flips
E/ivpg-hwc(217): Lost 1 flips
I/Choreographer(1268): Skipped 81 frames! The application may be doing too much work on its main thread.
D/ (1268): Pixel Format : GGL_PIXEL_FORMAT_RGBA_8888
D/ (1268): Updating FBO content dimensions E/EM FG ALGO Iface:(20080): E/EM FG ALGO Iface:(20080): Failed to get File Descriptor
D/wpa_supplicant(685): wlan0: Control interface command 'SIGNAL_POLL'
I/Keyboard.Facilitator(847): onFinishInput()
W/HotwordWorkerImpl(5566): No resources found for locale: it-IT
D/AudioIntelHal(253): stopStream: output stream.
D/AudioIntelHal/AudioPlatformState(253): route-parameter-manager: Selection criterion changed event: Criterion name: OutputFlags, current state:
D/AudioIntelHal/AudioPlatformState(253): route-parameter-manager: Configuration application request {
D/AudioIntelHal/AudioPlatformState(253): route-parameter-manager: Applying configurations {
D/AudioIntelHal/AudioPlatformState(253): route-parameter-manager: Applying configuration "NotSelected" from domain "Parameter.Outputflags.Primary"
D/AudioIntelHal/AudioPlatformState(253): route-parameter-manager: Applying configuration "NotApplicable" from domain "StreamRoute.Media.Playback"
D/AudioIntelHal/AudioPlatformState(253): route-parameter-manager: Applying configuration "NotApplicable" from domain "Route.HwCodecMedia.Playback"
D/AudioIntelHal/AudioPlatformState(253): route-parameter-manager: } Applying configurations
D/AudioIntelHal/AudioPlatformState(253): route-parameter-manager: } Configuration application request
D/EVENT_THREAD(253): void CEventThread::trig(void*, uint32_t): in
D/EVENT_THREAD(253): void CEventThread::trig(void*, uint32_t): out
D/RouteManager(253): doReconsiderRouting: Route state:
D/RouteManager(253): -Previously Enabled Route in Input =
D/RouteManager(253): -Previously Enabled Route in Output = Media|HwCodecMedia
D/RouteManager(253): -Selected Route in Input =
D/RouteManager(253): -Selected Route in Output =
D/RouteManager(253): -executeMuteRoutingStage-
D/RouteManager(253): audio-parameter-manager: Selection criterion changed event: Criterion name: RoutageState, current state: Flow
D/RouteManager(253): audio-parameter-manager: Selection criterion changed event: Criterion name: ClosingPlaybackRoutes, current state: Media|HwCodecMedia
D/RouteManager(253): audio-parameter-manager: Selection criterion changed event: Criterion name: OpenedPlaybackRoutes, current state:
D/RouteManager(253): audio-parameter-manager: Configuration application request {
D/RouteManager(253): audio-parameter-manager: Applying configurations {
D/RouteManager(253): audio-parameter-manager: Applying configuration "Mute" from domain "Routing.Mute.HWCodec.Playback.IHF"
D/RouteManager(253): audio-parameter-manager: } Applying configurations
D/RouteManager(253): audio-parameter-manager: } Configuration application request
D/RouteManager(253): -executeDisableRoutingStage-
D/RouteManager(253): audio-parameter-manager: Selection criterion changed event: Criterion name: RoutageState, current state: Path
D/TinyAlsaAudioDevice(253): close
I/KERNEL (253): [16175.356546] snd_intel_sst: runtime_idle called
D/RouteManager(253): audio-parameter-manager: Configuration application request {
D/RouteManager(253): audio-parameter-manager: Applying configurations {
D/RouteManager(253): audio-parameter-manager: Applying configuration "Disable" from domain "Routing.Enable.HWCodec.Playback.Analog.IHF.Out"
D/RouteManager(253): audio-parameter-manager: Applying configuration "Disable" from domain "Routing.Enable.HWCodec.Playback.Analog.IHF.Multimedia"
D/RouteManager(253): audio-parameter-manager: Applying configuration "Disable" from domain "Routing.Enable.HWCodec.Playback.Digital.Multimedia"
D/RouteManager(253): audio-parameter-manager: } Applying configurations
D/RouteManager(253): audio-parameter-manager: } Configuration application request
D/RouteManager(253): -executeConfigureRoutingStage-
D/RouteManager(253): audio-parameter-manager: Selection criterion changed event: Criterion name: RoutageState, current state: Configure
D/RouteManager(253): audio-parameter-manager: Selection criterion changed event: Criterion name: ClosingPlaybackRoutes, current state:
D/RouteManager(253): audio-parameter-manager: Selection criterion changed event: Criterion name: OutputFlags, current state:
D/RouteManager(253): audio-parameter-manager: Configuration application request {
D/RouteManager(253): audio-parameter-manager: Applying configurations {
D/RouteManager(253): audio-parameter-manager: } Applying configurations
D/RouteManager(253): audio-parameter-manager: } Configuration application request
D/RouteManager(253): -executeEnableRoutingStage-
D/RouteManager(253): audio-parameter-manager: Selection criterion changed event: Criterion name: RoutageState, current state: Path|Configure
D/RouteManager(253): audio-parameter-manager: Configuration application request {
D/RouteManager(253): audio-parameter-manager: Applying configurations {
D/RouteManager(253): audio-parameter-manager: } Applying configurations
D/RouteManager(253): audio-parameter-manager: } Configuration application request
D/RouteManager(253): -executeUnmuteRoutingStage-
D/RouteManager(253): audio-parameter-manager: Selection criterion changed event: Criterion name: RoutageState, current state: Flow|Path|Configure
D/RouteManager(253): audio-parameter-manager: Configuration application request {
D/RouteManager(253): audio-parameter-manager: Applying configurations {
D/RouteManager(253): audio-parameter-manager: } Applying configurations
D/RouteManager(253): audio-parameter-manager: } Configuration application request
D/RouteManager(253): doReconsiderRouting: DONE
D/EVENT_THREAD(253): void CEventThread::run() Do poll with timeout: -1
I/WAKELOCK_RELEASE(608): TIMESTAMP=16175333820574, TAG=AudioMix, TYPE=PARTIAL_WAKE_LOCK , COUNT=0, PID=0, UID=1013, FLAGS=
I/WAKELOCK_RELEASE(608): TIMESTAMP=16175350482167, TAG=ActivityManager-Launch, TYPE=PARTIAL_WAKE_LOCK , COUNT=0, PID=608, UID=1000, FLAGS=
I/KERNEL (89): [16175.541668] lowmemorykiller: Killing 'android.musicfx' (18211), adj 1000,
I/KERNEL (89): [16175.541668] to free 40240kB on behalf of 'kswapd0' (89) because
I/KERNEL (89): [16175.541668] cache 134800kB is below limit 134960kB for oom_score_adj 16
I/KERNEL (89): [16175.541668] Free memory is -6044kB above reserved
I/KERNEL (89): [16175.542594] lowmemorykiller: Killing 'Signal Catcher' (18220), adj 1000,
I/KERNEL (89): [16175.542594] to free 40240kB on behalf of 'kswapd0' (89) because
I/KERNEL (89): [16175.542594] cache 134800kB is below limit 134960kB for oom_score_adj 16
I/KERNEL (89): [16175.542594] Free memory is -5796kB above reserved
I/KERNEL (89): [16175.542942] lowmemorykiller: Killing 'om.skype.raider' (16904), adj 764,
I/KERNEL (89): [16175.542942] to free 72032kB on behalf of 'kswapd0' (89) because
I/KERNEL (89): [16175.542942] cache 134616kB is below limit 134960kB for oom_score_adj 16
I/KERNEL (89): [16175.542942] Free memory is -5672kB above reserved
I/KERNEL (89): [16175.543634] lowmemorykiller: Killing 'Heap thread poo' (16910), adj 764,
I/KERNEL (89): [16175.543634] to free 72032kB on behalf of 'kswapd0' (89) because
I/KERNEL (89): [16175.543634] cache 134616kB is below limit 134960kB for oom_score_adj 16
I/KERNEL (89): [16175.543634] Free memory is -5672kB above reserved
I/KERNEL (89): [16175.550181] lowmemorykiller: Killing 'id.printspooler' (19311), adj 764,
I/KERNEL (89): [16175.550181] to free 40496kB on behalf of 'kswapd0' (89) because
I/KERNEL (89): [16175.550181] cache 132592kB is below limit 134960kB for oom_score_adj 16
I/KERNEL (89): [16175.550181] Free memory is -712kB above reserved
I/KERNEL (89): [16175.551104] lowmemorykiller: Killing 'Heap thread poo' (19319), adj 764,
I/KERNEL (89): [16175.551104] to free 40496kB on behalf of 'kswapd0' (89) because
I/KERNEL (89): [16175.551104] cache 132408kB is below limit 134960kB for oom_score_adj 16
I/KERNEL (89): [16175.551104] Free memory is -588kB above reserved
I/KERNEL (89): [16175.551805] lowmemorykiller: Killing 'JDWP' (19321), adj 764,
I/KERNEL (89): [16175.551805] to free 40496kB on behalf of 'kswapd0' (89) because
I/KERNEL (89): [16175.551805] cache 132408kB is below limit 134960kB for oom_score_adj 16
I/KERNEL (89): [16175.551805] Free memory is -464kB above reserved
I/KERNEL (89): [16175.553887] lowmemorykiller: Killing '.android.chrome' (10919), adj 705,
I/KERNEL (89): [16175.553887] to free 91484kB on behalf of 'kswapd0' (89) because
I/KERNEL (89): [16175.553887] cache 132224kB is below limit 134960kB for oom_score_adj 16
I/KERNEL (89): [16175.553887] Free memory is -248kB above reserved
I/KERNEL (89): [16175.554860] lowmemorykiller: Killing 'Heap thread poo' (10925), adj 705,
I/KERNEL (89): [16175.554860] to free 91484kB on behalf of 'kswapd0' (89) because
I/KERNEL (89): [16175.554860] cache 132040kB is below limit 134960kB for oom_score_adj 16
I/KERNEL (89): [16175.554860] Free memory is -248kB above reserved
I/KERNEL (89): [16175.555310] lowmemorykiller: Killing 'Heap thread poo' (10926), adj 705,
I/KERNEL (89): [16175.555310] to free 91484kB on behalf of 'kswapd0' (89) because
I/KERNEL (89): [16175.555310] cache 132040kB is below limit 134960kB for oom_score_adj 16
I/KERNEL (89): [16175.555310] Free memory is -124kB above reserved
W/OpenGLRenderer(1268): Incorrectly called buildLayer on View: ShortcutAndWidgetContainer, destroying layer...
V/AlarmManager(608): triggered: act=com.android.server.WifiManager.action.START_SCAN Pkg: android
I/WindowState(608): WIN DEATH: Window{1ebbe23b u0 com.android.chrome/org.chromium.chrome.browser.ChromeTabbedActivity}
I/WAKELOCK_ACQUIRE(608): TIMESTAMP=16175434567930, TAG=*alarm*, TYPE=PARTIAL_WAKE_LOCK , COUNT=0, PID=608, UID=1000, FLAGS=
W/InputDispatcher(608): channel '1ebbe23b com.android.chrome/org.chromium.chrome.browser.ChromeTabbedActivity (server)' ~ Consumer closed input channel or an error occurred. events=0x9
E/InputDispatcher(608): channel '1ebbe23b com.android.chrome/org.chromium.chrome.browser.ChromeTabbedActivity (server)' ~ Channel is unrecoverably broken and will be disposed!
W/InputDispatcher(608): Attempted to unregister already unregistered input channel '1ebbe23b com.android.chrome/org.chromium.chrome.browser.ChromeTabbedActivity (server)'
W/WindowManager(608): Force-removing child win Window{1de58da2 u0 SurfaceView} from container Window{1ebbe23b u0 com.android.chrome/org.chromium.chrome.browser.ChromeTabbedActivity}
D/WifiService(608): Client connection lost with reason: 4
I/ActivityManager(608): Process com.android.chrome (pid 10919) has died
I/ActivityManager(608): Killing 10949:com.android.chrome:sandboxed_process0/u0a33i3 (adj 0): isolated not needed
W/libprocessgroup(608): failed to open /acct/uid_10033/pid_10949/cgroup.procs: No such file or directory
I/KERNEL (19655): [16175.895878] binder: undelivered transaction 1199931
W/art (608): Long monitor contention event with owner method=void com.android.server.wm.WindowState$DeathRecipient.binderDied() from WindowState.java:1144 waiters=0 for 115ms
W/WindowManager(608): Failed looking up window
W/WindowManager(608): java.lang.IllegalArgumentException: Requested window android.os.BinderProxy@98f7d58 does not exist
W/WindowManager(608): at com.android.server.wm.WindowManagerService.windowForClientLocked(WindowManagerService.java:8415)
W/WindowManager(608): at com.android.server.wm.WindowManagerService.windowForClientLocked(WindowManagerService.java:8406)
W/WindowManager(608): at com.android.server.wm.WindowState$DeathRecipient.binderDied(WindowState.java:1145)
W/WindowManager(608): at android.os.BinderProxy.sendDeathNotice(Binder.java:551)
I/WindowState(608): WIN DEATH: null
W/art (608): Long monitor contention event with owner method=void com.android.server.wm.WindowState$DeathRecipient.binderDied() from WindowState.java:1144 waiters=1 for 481ms
W/art (608): Long monitor contention event with owner method=void com.android.server.am.ActivityManagerService$AppDeathRecipient.binderDied() from ActivityManagerService.java:1163 waiters=0 for 947ms
I/ActivityManager(608): Process com.skype.raider (pid 16904) has died
E/lowmemorykiller(214): Error opening /proc/18211/oom_score_adj; errno=2
W/art (608): Long monitor contention event with owner method=void com.android.server.am.ActivityManagerService$AppDeathRecipient.binderDied() from ActivityManagerService.java:1163 waiters=1 for 1.034s
I/ActivityManager(608): Process com.android.musicfx (pid 18211) has died
E/lowmemorykiller(214): Error opening /proc/19311/oom_score_adj; errno=2
W/art (608): Long monitor contention event with owner method=void com.android.server.am.ActivityManagerService$AppDeathRecipient.binderDied() from ActivityManagerService.java:1163 waiters=2 for 1.036s
I/ActivityManager(608): Process com.android.printspooler (pid 19311) has died
W/art (608): Long monitor contention event with owner method=void com.android.server.am.ActivityManagerService$AppDeathRecipient.binderDied() from ActivityManagerService.java:1163 waiters=3 for 1.007s
W/art (608): Long monitor contention event with owner method=void com.android.server.am.ActivityManagerService$AppDeathRecipient.binderDied() from ActivityManagerService.java:1163 waiters=4 for 858ms
E/WifiStateMachine(608): WifiStateMachine CMD_START_SCAN source -2 txSuccessRate=111,10 rxSuccessRate=172,19 targetRoamBSSID=e0:10:7f:ab:42:a8 RSSI=-58
W/art (608): Long monitor contention event with owner method=void com.android.server.am.ActivityManagerService$AppDeathRecipient.binderDied() from ActivityManagerService.java:1163 waiters=5 for 837ms
W/art (608): Long monitor contention event with owner method=void com.android.server.am.ActivityManagerService$AppDeathRecipient.binderDied() from ActivityManagerService.java:1163 waiters=6 for 776ms
I/ActivityManager(608): Process com.android.chrome:privileged_process0 (pid 10984) has died
W/art (608): Long monitor contention event with owner method=void com.android.server.am.ActivityManagerService$AppDeathRecipient.binderDied() from ActivityManagerService.java:1163 waiters=7 for 607ms
W/art (608): Long monitor contention event with owner method=void com.android.server.am.ActivityManagerService$AppDeathRecipient.binderDied() from ActivityManagerService.java:1163 waiters=8 for 488ms
W/art (608): Long monitor contention event with owner method=void com.android.server.am.ActivityManagerService$AppDeathRecipient.binderDied() from ActivityManagerService.java:1163 waiters=9 for 365ms
I/Choreographer(14409): Skipped 32 frames! The application may be doing too much work on its main thread.
I/WAKELOCK_RELEASE(608): TIMESTAMP=16176633752861, TAG=*alarm*, TYPE=PARTIAL_WAKE_LOCK , COUNT=0, PID=608, UID=1000, FLAGS=
W/libprocessgroup(608): failed to open /acct/uid_10033/pid_10949/cgroup.procs: No such file or directory
E/ivpg-hwc(217): Lost 1 flips
E/ivpg-hwc(217): Lost 1 flips
W/art (608): Long monitor contention event with owner method=void com.android.server.am.ActivityManagerService$AppDeathRecipient.binderDied() from ActivityManagerService.java:1163 waiters=2 for 120ms
W/art (608): Long monitor contention event with owner method=void com.android.server.am.ActivityManagerService$AppDeathRecipient.binderDied() from ActivityManagerService.java:1163 waiters=2 for 120ms
D/PROPERTY(253): get media.dump_output.befconv: 0
D/PROPERTY(253): get media.dump_output.aftconv: 0
D/AudioIntelHal(253): startStream: output stream.
D/AudioIntelHal/AudioPlatformState(253): route-parameter-manager: Selection criterion changed event: Criterion name: OutputFlags, current state: Primary
D/AudioIntelHal/AudioPlatformState(253): route-parameter-manager: Configuration application request {
D/AudioIntelHal/AudioPlatformState(253): route-parameter-manager: Applying configurations {
D/AudioIntelHal/AudioPlatformState(253): route-parameter-manager: Applying configuration "Selected" from domain "Parameter.Outputflags.Primary"
D/AudioIntelHal/AudioPlatformState(253): route-parameter-manager: Applying configuration "Applicable" from domain "StreamRoute.Media.Playback"
D/AudioIntelHal/AudioPlatformState(253): route-parameter-manager: Applying configuration "Applicable" from domain "Route.HwCodecMedia.Playback"
D/AudioIntelHal/AudioPlatformState(253): route-parameter-manager: } Applying configurations
D/AudioIntelHal/AudioPlatformState(253): route-parameter-manager: } Configuration application request
D/EVENT_THREAD(253): void CEventThread::trig(void*, uint32_t): in
I/WAKELOCK_ACQUIRE(608): TIMESTAMP=16176865438881, TAG=AudioMix, TYPE=PARTIAL_WAKE_LOCK , COUNT=0, PID=0, UID=1013, FLAGS=
D/EVENT_THREAD(253): void CEventThread::trig(void*, uint32_t): out
D/RouteManager(253): doReconsiderRouting: Route state:
D/RouteManager(253): -Previously Enabled Route in Input =
D/RouteManager(253): -Previously Enabled Route in Output =
D/RouteManager(253): -Selected Route in Input =
D/RouteManager(253): -Selected Route in Output = Media|HwCodecMedia
D/RouteManager(253): -executeMuteRoutingStage-
D/RouteManager(253): audio-parameter-manager: Selection criterion changed event: Criterion name: RoutageState, current state: Flow
D/RouteManager(253): audio-parameter-manager: Configuration application request {
D/RouteManager(253): audio-parameter-manager: Applying configurations {
D/RouteManager(253): audio-parameter-manager: } Applying configurations
D/RouteManager(253): audio-parameter-manager: } Configuration application request
D/RouteManager(253): -executeDisableRoutingStage-
D/RouteManager(253): audio-parameter-manager: Selection criterion changed event: Criterion name: RoutageState, current state: Path
D/RouteManager(253): audio-parameter-manager: Configuration application request {
D/RouteManager(253): audio-parameter-manager: Applying configurations {
D/RouteManager(253): audio-parameter-manager: } Applying configurations
D/RouteManager(253): audio-parameter-manager: } Configuration application request
D/RouteManager(253): -executeConfigureRoutingStage-
D/RouteManager(253): audio-parameter-manager: Selection criterion changed event: Criterion name: RoutageState, current state: Configure
D/RouteManager(253): audio-parameter-manager: Selection criterion changed event: Criterion name: OpenedPlaybackRoutes, current state: Media|HwCodecMedia
D/RouteManager(253): audio-parameter-manager: Selection criterion changed event: Criterion name: OutputFlags, current state: primary
D/RouteManager(253): audio-parameter-manager: Configuration application request {
D/RouteManager(253): audio-parameter-manager: Applying configurations {
D/RouteManager(253): audio-parameter-manager: } Applying configurations
D/RouteManager(253): audio-parameter-manager: } Configuration application request
D/RouteManager(253): -executeEnableRoutingStage-
D/RouteManager(253): audio-parameter-manager: Selection criterion changed event: Criterion name: RoutageState, current state: Path|Configure
D/RouteManager(253): audio-parameter-manager: Configuration application request {
D/RouteManager(253): audio-parameter-manager: Applying configurations {
D/RouteManager(253): audio-parameter-manager: Applying configuration "Enable" from domain "Routing.Enable.HWCodec.Playback.Analog.IHF.Out"
D/RouteManager(253): audio-parameter-manager: Applying configuration "Enable" from domain "Routing.Enable.HWCodec.Playback.Analog.IHF.Multimedia"
D/RouteManager(253): audio-parameter-manager: Applying configuration "Enable" from domain "Routing.Enable.HWCodec.Playback.Digital.Multimedia"
D/RouteManager(253): audio-parameter-manager: } Applying configurations
D/RouteManager(253): audio-parameter-manager: } Configuration application request
D/TinyAlsaAudioDevice(253): open: card (baytrailaudio, 0)
D/TinyAlsaAudioDevice(253): config (rate=48000 format=0 channels= 2).
D/TinyAlsaAudioDevice(253): RingBuffer config: periodSize=1152 nbPeriod=4startTh=4607 stop Th=4608 silence Th=0
I/ActivityManager(608): START u0 {act=android.intent.action.MAIN cat=[android.intent.category.LAUNCHER] flg=0x10200000 cmp=com.facebook.orca/.auth.StartScreenActivity bnds=[256,814][512,1116] (has extras)} from uid 10040 on display 0
D/AudioConversion(253): configure: no convertion required
D/RouteManager(253): -executeUnmuteRoutingStage-
D/RouteManager(253): audio-parameter-manager: Selection criterion changed event: Criterion name: RoutageState, current state: Flow|Path|Configure
D/RouteManager(253): audio-parameter-manager: Configuration application request {
D/RouteManager(253): audio-parameter-manager: Applying configurations {
D/RouteManager(253): audio-parameter-manager: Applying configuration "Unmute" from domain "Routing.Mute.HWCodec.Playback.IHF"
D/RouteManager(253): audio-parameter-manager: } Applying configurations
D/RouteManager(253): audio-parameter-manager: } Configuration application request
D/RouteManager(253): doReconsiderRouting: DONE
D/EVENT_THREAD(253): void CEventThread::run() Do poll with timeout: -1
E/TinyAlsaStream(253): getFramesAvailable: Unable to get available frames
E/TinyAlsaStream(253): getFramesAvailable: Unable to get available frames
E/TinyAlsaStream(253): getFramesAvailable: Unable to get available frames
E/TinyAlsaStream(253): getFramesAvailable: Unable to get available frames
W/ResourcesManager(608): Asset path '/system/framework/com.google.android.maps.jar' does not exist or contains no resources.
D/wpa_supplicant(685): wlan0: Control interface command 'SIGNAL_POLL'
I/WAKELOCK_ACQUIRE(608): TIMESTAMP=16177533499069, TAG=ActivityManager-Launch, TYPE=PARTIAL_WAKE_LOCK , COUNT=0, PID=608, UID=1000, FLAGS=
W/art (608): Long monitor contention event with owner method=int com.android.server.am.ActivityStackSupervisor.startActivityMayWait(android.app.IApplicationThread, int, java.lang.String, android.content.Intent, java.lang.String, android.service.voice.IVoiceInteractionSession, com.android.internal.app.IVoiceInteractor, android.os.IBinder, java.lang.String, int, int, android.app.ProfilerInfo, android.app.IActivityManager$WaitResult, android.content.res.Configuration, android.os.Bundle, int, android.app.IActivityContainer, com.android.server.am.TaskRecord) from ActivityStackSupervisor.java:833 waiters=0 for 468ms
W/art (608): Long monitor contention event with owner method=int com.android.server.am.ActivityStackSupervisor.startActivityMayWait(android.app.IApplicationThread, int, java.lang.String, android.content.Intent, java.lang.String, android.service.voice.IVoiceInteractionSession, com.android.internal.app.IVoiceInteractor, android.os.IBinder, java.lang.String, int, int, android.app.ProfilerInfo, android.app.IActivityManager$WaitResult, android.content.res.Configuration, android.os.Bundle, int, android.app.IActivityContainer, com.android.server.am.TaskRecord) from ActivityStackSupervisor.java:833 waiters=1 for 333ms
I/MicroRecognitionRnrImpl(5566): Starting detection.
I/Choreographer(1268): Skipped 52 frames! The application may be doing too much work on its main thread.
W/SearchService(5566): Abort, client detached.
D/ (1268): Surface destroy: ANDROID_NATIVE_WINDOW_MAGIC
I/WAKELOCK_ACQUIRE(608): TIMESTAMP=16177897794889, TAG=Icing, TYPE=PARTIAL_WAKE_LOCK , COUNT=0, PID=1509, UID=10007, FLAGS=
I/MicrophoneInputStream(5566): mic_starting com.google.android.apps.gsa.speech.audio.x@e23a5cb
D/AudioIntelHal(253): openInputStream: called for devices: 2147483652 and input source: 0x%08x6
D/AudioStream(253): set: requested channel mask: 16 (Channels count: 1)
D/AudioStream(253): set: set channels to 16
D/AudioStream(253): set: requested rate: 16000
D/AudioStream(253): set: set rate to 16000
D/AudioStream(253): set: requested format: 1
D/AudioStream(253): set : set format to 1
D/AudioIntelHal(253): openInputStream: input created with status=0
D/AudioStream(253): getBufferSize: 640 (in bytes) for input stream.
D/AudioStream(253): getBufferSize: 640 (in bytes) for input stream.
I/AudioFlinger(253): AudioFlinger's thread 0xf3263000 ready to run
I/WAKELOCK_ACQUIRE(608): TIMESTAMP=16177993189983, TAG=AudioIn, TYPE=PARTIAL_WAKE_LOCK , COUNT=0, PID=0, UID=1013, FLAGS=
I/WAKELOCK_RELEASE(608): TIMESTAMP=16177993756620, TAG=AudioIn, TYPE=PARTIAL_WAKE_LOCK , COUNT=0, PID=0, UID=1013, FLAGS=
D/AudioIntelHal/AudioPlatformState(253): setParameters: key value pair input_devices=4
I/WAKELOCK_ACQUIRE(608): TIMESTAMP=16178000677802, TAG=AudioIn, TYPE=PARTIAL_WAKE_LOCK , COUNT=0, PID=0, UID=1013, FLAGS=
I/MicrophoneInputStream(5566): mic_started com.google.android.apps.gsa.speech.audio.x@e23a5cb
D/PROPERTY(253): get media.dump_input.befconv: 0
D/PROPERTY(253): get media.dump_input.aftconv: 0
D/AudioIntelHal(253): startStream: input stream.
D/AudioIntelHal/AudioPlatformState(253): route-parameter-manager: Selection criterion changed event: Criterion name: InputSources, current state: VoiceRecognition
D/AudioIntelHal/AudioPlatformState(253): route-parameter-manager: Selection criterion changed event: Criterion name: StatesChanged, current state: InputSources
D/AudioIntelHal/AudioPlatformState(253): route-parameter-manager: Configuration application request {
D/AudioIntelHal/AudioPlatformState(253): route-parameter-manager: Applying configurations {
D/AudioIntelHal/AudioPlatformState(253): route-parameter-manager: Applying configuration "Selected" from domain "Parameter.InputSources.VoiceRecognition"
D/AudioIntelHal/AudioPlatformState(253): route-parameter-manager: Applying configuration "Applicable" from domain "Route.HwCodecMedia.Capture"
D/AudioIntelHal/AudioPlatformState(253): route-parameter-manager: Applying configuration "Yes" from domain "Route.HWCodec.NeedReconfigure.Capture"
D/AudioIntelHal/AudioPlatformState(253): route-parameter-manager: } Applying configurations
D/AudioIntelHal/AudioPlatformState(253): route-parameter-manager: } Configuration application request
D/EVENT_THREAD(253): void CEventThread::trig(void*, uint32_t): in
D/EVENT_THREAD(253): void CEventThread::trig(void*, uint32_t): out
D/RouteManager(253): doReconsiderRouting: Route state:
D/RouteManager(253): -Previously Enabled Route in Input =
D/RouteManager(253): -Previously Enabled Route in Output = Media|HwCodecMedia
D/RouteManager(253): -Selected Route in Input = Media|HwCodecMedia
D/RouteManager(253): -Selected Route in Output = Media|HwCodecMedia
D/RouteManager(253): -executeMuteRoutingStage-
D/RouteManager(253): audio-parameter-manager: Selection criterion changed event: Criterion name: RoutageState, current state: Flow
D/RouteManager(253): audio-parameter-manager: Configuration application request {
D/RouteManager(253): audio-parameter-manager: Applying configurations {
D/RouteManager(253): audio-parameter-manager: } Applying configurations
D/RouteManager(253): audio-parameter-manager: } Configuration application request
D/RouteManager(253): -executeDisableRoutingStage-
D/RouteManager(253): audio-parameter-manager: Selection criterion changed event: Criterion name: RoutageState, current state: Path
D/RouteManager(253): audio-parameter-manager: Configuration application request {
D/RouteManager(253): audio-parameter-manager: Applying configurations {
D/RouteManager(253): audio-parameter-manager: } Applying configurations
D/RouteManager(253): audio-parameter-manager: } Configuration application request
D/RouteManager(253): -executeConfigureRoutingStage-
D/RouteManager(253): audio-parameter-manager: Selection criterion changed event: Criterion name: RoutageState, current state: Configure
D/RouteManager(253): audio-parameter-manager: Selection criterion changed event: Criterion name: OpenedCaptureRoutes, current state: Media|HwCodecMedia
D/RouteManager(253): audio-parameter-manager: Selection criterion changed event: Criterion name: AudioSource, current state: VoiceRecognition
D/RouteManager(253): audio-parameter-manager: Configuration application request {
D/RouteManager(253): audio-parameter-manager: Applying configurations {
D/RouteManager(253): audio-parameter-manager: Applying configuration "VoiceRecgnition.FrontMic" from domain "InputDevice.Selected"
D/RouteManager(253): audio-parameter-manager: } Applying configurations
D/RouteManager(253): audio-parameter-manager: } Configuration application request
D/RouteManager(253): -executeEnableRoutingStage-
D/RouteManager(253): audio-parameter-manager: Selection criterion changed event: Criterion name: RoutageState, current state: Path|Configure
D/TinyAlsaAudioDevice(253): open: card (baytrailaudio, 0)
D/TinyAlsaAudioDevice(253): config (rate=48000 format=0 channels= 2).
D/TinyAlsaAudioDevice(253): RingBuffer config: periodSize=960 nbPeriod=4startTh=1 stop Th=3840 silence Th=0
D/RouteManager(253): audio-parameter-manager: Configuration application request {
D/RouteManager(253): audio-parameter-manager: Applying configurations {
D/RouteManager(253): audio-parameter-manager: } Applying configurations
D/RouteManager(253): audio-parameter-manager: } Configuration application request
D/Resampler(253): configure: SOURCE rate=48000 format=1 channels=1
D/Resampler(253): configure: DST rate=16000 format=1 channels=1
D/RouteManager(253): -executeUnmuteRoutingStage-
D/RouteManager(253): audio-parameter-manager: Selection criterion changed event: Criterion name: RoutageState, current state: Flow|Path|Configure
D/RouteManager(253): audio-parameter-manager: Configuration application request {
D/RouteManager(253): audio-parameter-manager: Applying configurations {
D/RouteManager(253): audio-parameter-manager: Applying configuration "Unmute" from domain "Routing.Mute.HWCodec.Capture"
I/HotwordDetector(5566): Closing mic
I/MicrophoneInputStream(5566): mic_close com.google.android.apps.gsa.speech.audio.x@e23a5cb
D/RouteManager(253): audio-parameter-manager: } Applying configurations
D/RouteManager(253): audio-parameter-manager: } Configuration application request
D/RouteManager(253): doReconsiderRouting: DONE
D/EVENT_THREAD(253): void CEventThread::run() Do poll with timeout: -1
I/WAKELOCK_RELEASE(608): TIMESTAMP=16178106643175, TAG=AudioIn, TYPE=PARTIAL_WAKE_LOCK , COUNT=0, PID=0, UID=1013, FLAGS=
D/AudioIntelHal(253): stopStream: input stream.
I/WAKELOCK_ACQUIRE(608): TIMESTAMP=16178111046001, TAG=AudioIn, TYPE=PARTIAL_WAKE_LOCK , COUNT=0, PID=0, UID=1013, FLAGS=
D/AudioIntelHal/AudioPlatformState(253): route-parameter-manager: Selection criterion changed event: Criterion name: InputSources, current state:
I/WAKELOCK_RELEASE(608): TIMESTAMP=16178111445095, TAG=AudioIn, TYPE=PARTIAL_WAKE_LOCK , COUNT=0, PID=0, UID=1013, FLAGS=
D/AudioIntelHal/AudioPlatformState(253): route-parameter-manager: Configuration application request {
D/AudioIntelHal/AudioPlatformState(253): route-parameter-manager: Applying configurations {
D/AudioIntelHal/AudioPlatformState(253): route-parameter-manager: Applying configuration "NotSelected" from domain "Parameter.InputSources.VoiceRecognition"
D/AudioIntelHal/AudioPlatformState(253): route-parameter-manager: Applying configuration "NotApplicable" from domain "Route.HwCodecMedia.Capture"
D/AudioIntelHal/AudioPlatformState(253): route-parameter-manager: } Applying configurations
D/AudioIntelHal/AudioPlatformState(253): route-parameter-manager: } Configuration application request
D/EVENT_THREAD(253): void CEventThread::trig(void*, uint32_t): in
D/EVENT_THREAD(253): void CEventThread::trig(void*, uint32_t): out
D/RouteManager(253): doReconsiderRouting: Route state:
D/RouteManager(253): -Previously Enabled Route in Input = Media|HwCodecMedia
D/RouteManager(253): -Previously Enabled Route in Output = Media|HwCodecMedia
D/RouteManager(253): -Selected Route in Input =
D/RouteManager(253): -Selected Route in Output = Media|HwCodecMedia
D/RouteManager(253): -executeMuteRoutingStage-
D/RouteManager(253): audio-parameter-manager: Selection criterion changed event: Criterion name: RoutageState, current state: Flow
D/RouteManager(253): audio-parameter-manager: Selection criterion changed event: Criterion name: ClosingCaptureRoutes, current state: Media|HwCodecMedia
D/RouteManager(253): audio-parameter-manager: Selection criterion changed event: Criterion name: OpenedCaptureRoutes, current state:
D/RouteManager(253): audio-parameter-manager: Configuration application request {
D/RouteManager(253): audio-parameter-manager: Applying configurations {
D/RouteManager(253): audio-parameter-manager: Applying configuration "Mute" from domain "Routing.Mute.HWCodec.Capture"
D/RouteManager(253): audio-parameter-manager: } Applying configurations
D/RouteManager(253): audio-parameter-manager: } Configuration application request
D/RouteManager(253): -executeDisableRoutingStage-
D/RouteManager(253): audio-parameter-manager: Selection criterion changed event: Criterion name: RoutageState, current state: Path
D/RouteManager(253): audio-parameter-manager: Configuration application request {
D/RouteManager(253): audio-parameter-manager: Applying configurations {
D/RouteManager(253): audio-parameter-manager: } Applying configurations
D/RouteManager(253): audio-parameter-manager: } Configuration application request
D/TinyAlsaAudioDevice(253): close
D/RouteManager(253): -executeConfigureRoutingStage-
D/RouteManager(253): audio-parameter-manager: Selection criterion changed event: Criterion name: RoutageState, current state: Configure
D/RouteManager(253): audio-parameter-manager: Selection criterion changed event: Criterion name: ClosingCaptureRoutes, current state:
D/RouteManager(253): audio-parameter-manager: Selection criterion changed event: Criterion name: AudioSource, current state:
D/RouteManager(253): audio-parameter-manager: Configuration application request {
D/RouteManager(253): audio-parameter-manager: Applying configurations {
D/RouteManager(253): audio-parameter-manager: Applying configuration "FrontMic" from domain "InputDevice.Selected"
D/RouteManager(253): audio-parameter-manager: } Applying configurations
D/RouteManager(253): audio-parameter-manager: } Configuration application request
D/RouteManager(253): -executeEnableRoutingStage-
D/RouteManager(253): audio-parameter-manager: Selection criterion changed event: Criterion name: RoutageState, current state: Path|Configure
D/RouteManager(253): audio-parameter-manager: Configuration application request {
D/RouteManager(253): audio-parameter-manager: Applying configurations {
D/RouteManager(253): audio-parameter-manager: } Applying configurations
D/RouteManager(253): audio-parameter-manager: } Configuration application request
D/RouteManager(253): -executeUnmuteRoutingStage-
D/RouteManager(253): audio-parameter-manager: Selection criterion changed event: Criterion name: RoutageState, current state: Flow|Path|Configure
D/RouteManager(253): audio-parameter-manager: Configuration application request {
D/RouteManager(253): audio-parameter-manager: Applying configurations {
D/RouteManager(253): audio-parameter-manager: } Applying configurations
D/RouteManager(253): audio-parameter-manager: } Configuration application request
D/RouteManager(253): doReconsiderRouting: DONE
D/EVENT_THREAD(253): void CEventThread::run() Do poll with timeout: -1
I/MicroRecognitionRnrImpl(5566): Detection finished
I/MicroRecognitionRnrImpl(5566): Stopping hotword detection.
I/KERNEL (221): [16178.720024] iTCO_wdt: iTCO_wdt_keepalive E/EM FG ALGO Iface:(20092): E/EM FG ALGO Iface:(20092): Failed to get File Descriptor
E/ivpg-hwc(217): Lost 1 flips
E/ivpg-hwc(217): Lost 1 flips
D/AudioIntelHal(253): stopStream: output stream.
D/AudioIntelHal/AudioPlatformState(253): route-parameter-manager: Selection criterion changed event: Criterion name: OutputFlags, current state:
D/AudioIntelHal/AudioPlatformState(253): route-parameter-manager: Selection criterion changed event: Criterion name: StatesChanged, current state: OutputFlags
D/AudioIntelHal/AudioPlatformState(253): route-parameter-manager: Configuration application request {
D/AudioIntelHal/AudioPlatformState(253): route-parameter-manager: Applying configurations {
D/AudioIntelHal/AudioPlatformState(253): route-parameter-manager: Applying configuration "NotSelected" from domain "Parameter.Outputflags.Primary"
D/AudioIntelHal/AudioPlatformState(253): route-parameter-manager: Applying configuration "NotApplicable" from domain "StreamRoute.Media.Playback"
D/AudioIntelHal/AudioPlatformState(253): route-parameter-manager: Applying configuration "NotApplicable" from domain "Route.HwCodecMedia.Playback"
D/AudioIntelHal/AudioPlatformState(253): route-parameter-manager: Applying configuration "No" from domain "Route.HWCodec.NeedReconfigure.Capture"
D/AudioIntelHal/AudioPlatformState(253): route-parameter-manager: } Applying configurations
D/AudioIntelHal/AudioPlatformState(253): route-parameter-manager: } Configuration application request
D/EVENT_THREAD(253): void CEventThread::trig(void*, uint32_t): in
D/EVENT_THREAD(253): void CEventThread::trig(void*, uint32_t): out
D/RouteManager(253): doReconsiderRouting: Route state:
D/RouteManager(253): -Previously Enabled Route in Input =
D/RouteManager(253): -Previously Enabled Route in Output = Media|HwCodecMedia
D/RouteManager(253): -Selected Route in Input =
D/RouteManager(253): -Selected Route in Output =
D/RouteManager(253): -executeMuteRoutingStage-
D/RouteManager(253): audio-parameter-manager: Selection criterion changed event: Criterion name: RoutageState, current state: Flow
D/RouteManager(253): audio-parameter-manager: Selection criterion changed event: Criterion name: ClosingPlaybackRoutes, current state: Media|HwCodecMedia
D/RouteManager(253): audio-parameter-manager: Selection criterion changed event: Criterion name: OpenedPlaybackRoutes, current state:
D/RouteManager(253): audio-parameter-manager: Configuration application request {
D/RouteManager(253): audio-parameter-manager: Applying configurations {
D/RouteManager(253): audio-parameter-manager: Applying configuration "Mute" from domain "Routing.Mute.HWCodec.Playback.IHF"
D/RouteManager(253): audio-parameter-manager: } Applying configurations
D/RouteManager(253): audio-parameter-manager: } Configuration application request
D/RouteManager(253): -executeDisableRoutingStage-
D/RouteManager(253): audio-parameter-manager: Selection criterion changed event: Criterion name: RoutageState, current state: Path
D/TinyAlsaAudioDevice(253): close
I/KERNEL (253): [16180.135444] snd_intel_sst: runtime_idle called
D/RouteManager(253): audio-parameter-manager: Configuration application request {
D/RouteManager(253): audio-parameter-manager: Applying configurations {
D/RouteManager(253): audio-parameter-manager: Applying configuration "Disable" from domain "Routing.Enable.HWCodec.Playback.Analog.IHF.Out"
D/RouteManager(253): audio-parameter-manager: Applying configuration "Disable" from domain "Routing.Enable.HWCodec.Playback.Analog.IHF.Multimedia"
D/RouteManager(253): audio-parameter-manager: Applying configuration "Disable" from domain "Routing.Enable.HWCodec.Playback.Digital.Multimedia"
D/RouteManager(253): audio-parameter-manager: } Applying configurations
D/RouteManager(253): audio-parameter-manager: } Configuration application request
D/RouteManager(253): -executeConfigureRoutingStage-
D/RouteManager(253): audio-parameter-manager: Selection criterion changed event: Criterion name: RoutageState, current state: Configure
D/RouteManager(253): audio-parameter-manager: Selection criterion changed event: Criterion name: ClosingPlaybackRoutes, current state:
D/RouteManager(253): audio-parameter-manager: Selection criterion changed event: Criterion name: OutputFlags, current state:
D/RouteManager(253): audio-parameter-manager: Configuration application request {
D/RouteManager(253): audio-parameter-manager: Applying configurations {
D/RouteManager(253): audio-parameter-manager: } Applying configurations
D/RouteManager(253): audio-parameter-manager: } Configuration application request
D/RouteManager(253): -executeEnableRoutingStage-
D/RouteManager(253): audio-parameter-manager: Selection criterion changed event: Criterion name: RoutageState, current state: Path|Configure
D/RouteManager(253): audio-parameter-manager: Configuration application request {
D/RouteManager(253): audio-parameter-manager: Applying configurations {
D/RouteManager(253): audio-parameter-manager: } Applying configurations
D/RouteManager(253): audio-parameter-manager: } Configuration application request
D/RouteManager(253): -executeUnmuteRoutingStage-
