I/art (16031): Explicit concurrent mark sweep GC freed 3(96B) AllocSpace objects, 0(0B) LOS objects, 24% free, 21MB/28MB, paused 409us total 32.017ms
I/art (16031): Explicit concurrent mark sweep GC freed 3(96B) AllocSpace objects, 0(0B) LOS objects, 24% free, 21MB/28MB, paused 415us total 32.077ms
I/art (16031): Explicit concurrent mark sweep GC freed 3(96B) AllocSpace objects, 0(0B) LOS objects, 24% free, 21MB/28MB, paused 411us total 32.093ms
I/art (14409): Explicit concurrent mark sweep GC freed 4229(229KB) AllocSpace objects, 27(567KB) LOS objects, 24% free, 24MB/32MB, paused 476us total 146.432ms
I/art (14409): Explicit concurrent mark sweep GC freed 225(10KB) AllocSpace objects, 0(0B) LOS objects, 24% free, 24MB/32MB, paused 406us total 41.092ms
I/art (14409): Explicit concurrent mark sweep GC freed 3(96B) AllocSpace objects, 0(0B) LOS objects, 24% free, 24MB/32MB, paused 406us total 40.950ms
I/art (14409): Explicit concurrent mark sweep GC freed 3(96B) AllocSpace objects, 0(0B) LOS objects, 24% free, 24MB/32MB, paused 403us total 40.946ms
I/art (14409): Explicit concurrent mark sweep GC freed 3(96B) AllocSpace objects, 0(0B) LOS objects, 24% free, 24MB/32MB, paused 405us total 40.933ms
I/WAKELOCK_ACQUIRE(608): TIMESTAMP=15178363533778, TAG=RILJ, TYPE=PARTIAL_WAKE_LOCK , COUNT=0, PID=1228, UID=1001, FLAGS=
I/art (8794): Explicit concurrent mark sweep GC freed 28522(1785KB) AllocSpace objects, 4(160KB) LOS objects, 22% free, 28MB/36MB, paused 485us total 109.900ms
I/KERNEL (261): [15178.680378] xhci_hcd 0000:00:14.0: power state changed by ACPI to D0
I/art (8794): Explicit concurrent mark sweep GC freed 959(34KB) AllocSpace objects, 0(0B) LOS objects, 22% free, 28MB/36MB, paused 473us total 62.192ms
I/KERNEL (261): [15178.700163] xhci_hcd 0000:00:14.0: power state changed by ACPI to D0
I/KERNEL (261): [15178.720099] xhci_hcd 0000:00:14.0: setting latency timer to 64
I/art (8794): Explicit concurrent mark sweep GC freed 21(928B) AllocSpace objects, 0(0B) LOS objects, 22% free, 28MB/36MB, paused 473us total 49.923ms
I/WAKELOCK_ACQUIRE(608): TIMESTAMP=15178639468137, TAG=RILJ, TYPE=PARTIAL_WAKE_LOCK , COUNT=0, PID=1228, UID=1001, FLAGS=
I/art (8794): Explicit concurrent mark sweep GC freed 3(96B) AllocSpace objects, 0(0B) LOS objects, 22% free, 28MB/36MB, paused 479us total 50.266ms
I/art (8794): Explicit concurrent mark sweep GC freed 3(96B) AllocSpace objects, 0(0B) LOS objects, 22% free, 28MB/36MB, paused 476us total 49.861ms
I/KERNEL (221): [15178.990902] iTCO_wdt: iTCO_wdt_keepalive
I/art (10919): Explicit concurrent mark sweep GC freed 889(116KB) AllocSpace objects, 6(96KB) LOS objects, 25% free, 12MB/17MB, paused 219us total 76.664ms
I/art (10919): Explicit concurrent mark sweep GC freed 125(4KB) AllocSpace objects, 0(0B) LOS objects, 25% free, 12MB/17MB, paused 217us total 19.718ms
I/art (10919): Explicit concurrent mark sweep GC freed 3(96B) AllocSpace objects, 0(0B) LOS objects, 25% free, 12MB/17MB, paused 219us total 19.733ms
I/WAKELOCK_ACQUIRE(608): TIMESTAMP=15179032366270, TAG=*alarm*, TYPE=PARTIAL_WAKE_LOCK , COUNT=0, PID=608, UID=1000, FLAGS=
I/art (10919): Explicit concurrent mark sweep GC freed 3(96B) AllocSpace objects, 0(0B) LOS objects, 25% free, 12MB/17MB, paused 313us total 23.255ms
I/WAKELOCK_RELEASE(608): TIMESTAMP=15179081294957, TAG=*alarm*, TYPE=PARTIAL_WAKE_LOCK , COUNT=0, PID=608, UID=1000, FLAGS=
D/wpa_supplicant(685): wlan0: Control interface command 'SIGNAL_POLL'
I/art (10919): Explicit concurrent mark sweep GC freed 3(96B) AllocSpace objects, 0(0B) LOS objects, 25% free, 12MB/17MB, paused 242us total 23.518ms
I/art (847): Explicit concurrent mark sweep GC freed 8183(826KB) AllocSpace objects, 6(96KB) LOS objects, 24% free, 9MB/12MB, paused 199us total 15.750ms
I/art (847): Explicit concurrent mark sweep GC freed 501(19KB) AllocSpace objects, 0(0B) LOS objects, 24% free, 9MB/12MB, paused 196us total 15.438ms
I/art (847): Explicit concurrent mark sweep GC freed 3(96B) AllocSpace objects, 0(0B) LOS objects, 24% free, 9MB/12MB, paused 223us total 14.063ms
I/art (847): Explicit concurrent mark sweep GC freed 3(96B) AllocSpace objects, 0(0B) LOS objects, 24% free, 9MB/12MB, paused 190us total 14.043ms
I/art (847): Explicit concurrent mark sweep GC freed 3(96B) AllocSpace objects, 0(0B) LOS objects, 24% free, 9MB/12MB, paused 191us total 14.198ms E/EM FG ALGO Iface:(19307): E/EM FG ALGO Iface:(19307): Failed to get File Descriptor
I/art (10949): Explicit concurrent mark sweep GC freed 156(44KB) AllocSpace objects, 3(48KB) LOS objects, 25% free, 7MB/10MB, paused 133us total 32.955ms
I/art (10949): Explicit concurrent mark sweep GC freed 58(1928B) AllocSpace objects, 0(0B) LOS objects, 24% free, 7MB/10MB, paused 133us total 10.366ms
I/art (10949): Explicit concurrent mark sweep GC freed 3(96B) AllocSpace objects, 0(0B) LOS objects, 24% free, 7MB/10MB, paused 132us total 9.245ms
I/art (10949): Explicit concurrent mark sweep GC freed 3(96B) AllocSpace objects, 0(0B) LOS objects, 24% free, 7MB/10MB, paused 134us total 9.320ms
I/art (10949): Explicit concurrent mark sweep GC freed 3(96B) AllocSpace objects, 0(0B) LOS objects, 24% free, 7MB/10MB, paused 133us total 9.312ms
I/art (10984): Explicit concurrent mark sweep GC freed 151(44KB) AllocSpace objects, 3(48KB) LOS objects, 24% free, 7MB/10MB, paused 135us total 15.242ms
I/art (10984): Explicit concurrent mark sweep GC freed 58(1928B) AllocSpace objects, 0(0B) LOS objects, 25% free, 7MB/10MB, paused 135us total 9.314ms
I/art (10984): Explicit concurrent mark sweep GC freed 3(96B) AllocSpace objects, 0(0B) LOS objects, 25% free, 7MB/10MB, paused 134us total 9.295ms
I/art (10984): Explicit concurrent mark sweep GC freed 3(96B) AllocSpace objects, 0(0B) LOS objects, 25% free, 7MB/10MB, paused 135us total 9.283ms
I/art (10984): Explicit concurrent mark sweep GC freed 3(96B) AllocSpace objects, 0(0B) LOS objects, 25% free, 7MB/10MB, paused 133us total 9.278ms
I/art (18956): Explicit concurrent mark sweep GC freed 12405(1031KB) AllocSpace objects, 2(32KB) LOS objects, 24% free, 18MB/24MB, paused 634us total 48.373ms
I/art (18956): Explicit concurrent mark sweep GC freed 461(21KB) AllocSpace objects, 0(0B) LOS objects, 25% free, 18MB/24MB, paused 492us total 43.051ms
I/art (18956): Explicit concurrent mark sweep GC freed 3(96B) AllocSpace objects, 0(0B) LOS objects, 25% free, 18MB/24MB, paused 426us total 42.014ms
I/art (18956): Explicit concurrent mark sweep GC freed 3(96B) AllocSpace objects, 0(0B) LOS objects, 25% free, 18MB/24MB, paused 423us total 42.652ms
I/art (18956): Explicit concurrent mark sweep GC freed 3(96B) AllocSpace objects, 0(0B) LOS objects, 25% free, 18MB/24MB, paused 431us total 42.615ms
I/art (1509): Explicit concurrent mark sweep GC freed 22469(1816KB) AllocSpace objects, 13(165KB) LOS objects, 40% free, 16MB/27MB, paused 787us total 103.489ms
I/art (1509): Explicit concurrent mark sweep GC freed 1310(57KB) AllocSpace objects, 0(0B) LOS objects, 40% free, 16MB/27MB, paused 621us total 39.504ms
I/art (1509): Explicit concurrent mark sweep GC freed 3(96B) AllocSpace objects, 0(0B) LOS objects, 40% free, 16MB/27MB, paused 669us total 43.390ms
I/art (1509): Explicit concurrent mark sweep GC freed 3(96B) AllocSpace objects, 0(0B) LOS objects, 40% free, 16MB/27MB, paused 602us total 36.829ms
I/art (1509): Explicit concurrent mark sweep GC freed 3(96B) AllocSpace objects, 0(0B) LOS objects, 40% free, 16MB/27MB, paused 801us total 36.981ms
I/KERNEL (17950): [15180.879961] acm_suspend[1][ACM4][531][bc2][47][8d][0][1]
I/KERNEL (17950): [15180.880645] acm_suspend[1][ACM3][1535][1b0a][176][177][0][1]
I/KERNEL (17639): [15180.920157] [xhci_pci_suspend], xhci_root_hub pointer:0x77179000
I/KERNEL (17639): [15180.920234] XHCI: port 1, portsc 0xc000e63
I/art (16904): Explicit concurrent mark sweep GC freed 5081(310KB) AllocSpace objects, 2(32KB) LOS objects, 24% free, 9MB/12MB, paused 157us total 61.745ms
I/art (16904): Explicit concurrent mark sweep GC freed 152(7KB) AllocSpace objects, 0(0B) LOS objects, 24% free, 9MB/12MB, paused 159us total 18.181ms
I/KERNEL (17639): [15180.990017] xhci_hcd 0000:00:14.0: power state changed by ACPI to D3cold
I/art (16904): Explicit concurrent mark sweep GC freed 42(1480B) AllocSpace objects, 0(0B) LOS objects, 24% free, 9MB/12MB, paused 155us total 15.548ms
I/art (16904): Explicit concurrent mark sweep GC freed 3(96B) AllocSpace objects, 0(0B) LOS objects, 24% free, 9MB/12MB, paused 157us total 15.385ms
I/art (16904): Explicit concurrent mark sweep GC freed 3(96B) AllocSpace objects, 0(0B) LOS objects, 24% free, 9MB/12MB, paused 156us total 15.428ms
I/art (16419): Explicit concurrent mark sweep GC freed 11882(808KB) AllocSpace objects, 2(32KB) LOS objects, 21% free, 28MB/36MB, paused 570us total 210.179ms
I/art (16419): Explicit concurrent mark sweep GC freed 656(30KB) AllocSpace objects, 0(0B) LOS objects, 21% free, 28MB/36MB, paused 535us total 70.095ms
I/art (16419): Explicit concurrent mark sweep GC freed 3(96B) AllocSpace objects, 0(0B) LOS objects, 21% free, 28MB/36MB, paused 535us total 68.341ms
I/art (16419): Explicit concurrent mark sweep GC freed 3(96B) AllocSpace objects, 0(0B) LOS objects, 21% free, 28MB/36MB, paused 542us total 68.304ms
I/art (16419): Explicit concurrent mark sweep GC freed 3(96B) AllocSpace objects, 0(0B) LOS objects, 21% free, 28MB/36MB, paused 532us total 68.117ms
I/art (18380): Explicit concurrent mark sweep GC freed 22086(1353KB) AllocSpace objects, 2(32KB) LOS objects, 24% free, 8MB/11MB, paused 138us total 15.884ms
I/art (18380): Explicit concurrent mark sweep GC freed 79(2840B) AllocSpace objects, 0(0B) LOS objects, 24% free, 8MB/11MB, paused 138us total 14.517ms
I/art (18380): Explicit concurrent mark sweep GC freed 3(96B) AllocSpace objects, 0(0B) LOS objects, 24% free, 8MB/11MB, paused 137us total 11.044ms
I/art (18380): Explicit concurrent mark sweep GC freed 3(96B) AllocSpace objects, 0(0B) LOS objects, 24% free, 8MB/11MB, paused 137us total 10.964ms
I/art (18380): Explicit concurrent mark sweep GC freed 3(96B) AllocSpace objects, 0(0B) LOS objects, 24% free, 8MB/11MB, paused 138us total 11.019ms
I/art (18211): Explicit concurrent mark sweep GC freed 109(42KB) AllocSpace objects, 2(32KB) LOS objects, 24% free, 6MB/9MB, paused 122us total 9.733ms
I/art (18211): Explicit concurrent mark sweep GC freed 45(1480B) AllocSpace objects, 0(0B) LOS objects, 24% free, 6MB/9MB, paused 122us total 8.496ms
I/art (18211): Explicit concurrent mark sweep GC freed 3(96B) AllocSpace objects, 0(0B) LOS objects, 24% free, 6MB/9MB, paused 148us total 8.095ms
I/art (18211): Explicit concurrent mark sweep GC freed 3(96B) AllocSpace objects, 0(0B) LOS objects, 24% free, 6MB/9MB, paused 121us total 7.779ms
I/art (18211): Explicit concurrent mark sweep GC freed 3(96B) AllocSpace objects, 0(0B) LOS objects, 24% free, 6MB/9MB, paused 121us total 7.722ms
I/art (16523): Explicit concurrent mark sweep GC freed 598(65KB) AllocSpace objects, 2(32KB) LOS objects, 24% free, 6MB/9MB, paused 122us total 10.147ms
I/art (16523): Explicit concurrent mark sweep GC freed 85(3016B) AllocSpace objects, 0(0B) LOS objects, 25% free, 6MB/9MB, paused 122us total 8.552ms
D/wpa_supplicant(685): wlan0: Control interface command 'SIGNAL_POLL'
I/art (16523): Explicit concurrent mark sweep GC freed 3(96B) AllocSpace objects, 0(0B) LOS objects, 25% free, 6MB/9MB, paused 165us total 8.691ms
I/art (16523): Explicit concurrent mark sweep GC freed 3(96B) AllocSpace objects, 0(0B) LOS objects, 25% free, 6MB/9MB, paused 121us total 8.145ms
I/art (16523): Explicit concurrent mark sweep GC freed 3(96B) AllocSpace objects, 0(0B) LOS objects, 25% free, 6MB/9MB, paused 165us total 8.557ms
I/art (16552): Explicit concurrent mark sweep GC freed 224(47KB) AllocSpace objects, 2(32KB) LOS objects, 24% free, 8MB/11MB, paused 124us total 15.664ms
I/art (16552): Explicit concurrent mark sweep GC freed 50(1680B) AllocSpace objects, 0(0B) LOS objects, 24% free, 8MB/11MB, paused 166us total 14.451ms
I/art (16552): Explicit concurrent mark sweep GC freed 3(96B) AllocSpace objects, 0(0B) LOS objects, 24% free, 8MB/11MB, paused 123us total 12.128ms
I/art (16552): Explicit concurrent mark sweep GC freed 3(96B) AllocSpace objects, 0(0B) LOS objects, 24% free, 8MB/11MB, paused 121us total 12.030ms
I/art (16552): Explicit concurrent mark sweep GC freed 3(96B) AllocSpace objects, 0(0B) LOS objects, 24% free, 8MB/11MB, paused 121us total 12.101ms
I/art (16659): Explicit concurrent mark sweep GC freed 2408(163KB) AllocSpace objects, 2(32KB) LOS objects, 24% free, 7MB/10MB, paused 144us total 65.226ms
I/art (16659): Explicit concurrent mark sweep GC freed 328(16KB) AllocSpace objects, 0(0B) LOS objects, 24% free, 7MB/10MB, paused 144us total 10.805ms
I/art (16659): Explicit concurrent mark sweep GC freed 3(96B) AllocSpace objects, 0(0B) LOS objects, 24% free, 7MB/10MB, paused 143us total 10.025ms
I/art (16659): Explicit concurrent mark sweep GC freed 3(96B) AllocSpace objects, 0(0B) LOS objects, 24% free, 7MB/10MB, paused 144us total 9.994ms
I/art (16659): Explicit concurrent mark sweep GC freed 3(96B) AllocSpace objects, 0(0B) LOS objects, 24% free, 7MB/10MB, paused 144us total 10.004ms
I/KERNEL (212): [15182.881330] type=1400 audit(1443366723.658:244): avc: denied { read } for pid=16382 comm="Binder_1" path=2F6465762F6173686D656D2F64616C76696B2D616C6C6F63207370616365202864656C6574656429 dev="tmpfs" ino=11231 scontext=u:r:system_app:s0 tcontext=u:object_r:init_tmpfs:s0 tclass=file result=0
I/art (16366): Explicit concurrent mark sweep GC freed 117(42KB) AllocSpace objects, 2(32KB) LOS objects, 24% free, 6MB/9MB, paused 165us total 11.141ms
I/art (16366): Explicit concurrent mark sweep GC freed 45(1480B) AllocSpace objects, 0(0B) LOS objects, 24% free, 6MB/9MB, paused 123us total 10.988ms
I/art (16366): Explicit concurrent mark sweep GC freed 3(96B) AllocSpace objects, 0(0B) LOS objects, 24% free, 6MB/9MB, paused 121us total 7.767ms
I/art (16366): Explicit concurrent mark sweep GC freed 3(96B) AllocSpace objects, 0(0B) LOS objects, 24% free, 6MB/9MB, paused 121us total 7.718ms
I/art (16366): Explicit concurrent mark sweep GC freed 3(96B) AllocSpace objects, 0(0B) LOS objects, 24% free, 6MB/9MB, paused 121us total 7.796ms
I/art (2510): Explicit concurrent mark sweep GC freed 222(60KB) AllocSpace objects, 4(64KB) LOS objects, 39% free, 6MB/11MB, paused 303us total 12.878ms
I/art (2510): Explicit concurrent mark sweep GC freed 75(2496B) AllocSpace objects, 0(0B) LOS objects, 39% free, 6MB/11MB, paused 160us total 8.110ms
I/art (2510): Explicit concurrent mark sweep GC freed 3(96B) AllocSpace objects, 0(0B) LOS objects, 39% free, 6MB/11MB, paused 211us total 8.242ms
I/art (2510): Explicit concurrent mark sweep GC freed 3(96B) AllocSpace objects, 0(0B) LOS objects, 39% free, 6MB/11MB, paused 789us total 8.805ms
I/art (2510): Explicit concurrent mark sweep GC freed 3(96B) AllocSpace objects, 0(0B) LOS objects, 39% free, 6MB/11MB, paused 301us total 9.999ms
I/art (1228): Explicit concurrent mark sweep GC freed 6183(374KB) AllocSpace objects, 6(96KB) LOS objects, 39% free, 8MB/13MB, paused 605us total 36.842ms
I/art (1228): Explicit concurrent mark sweep GC freed 317(13KB) AllocSpace objects, 0(0B) LOS objects, 39% free, 8MB/13MB, paused 290us total 12.976ms
I/art (1228): Explicit concurrent mark sweep GC freed 3(96B) AllocSpace objects, 0(0B) LOS objects, 39% free, 8MB/13MB, paused 357us total 12.956ms
I/art (1228): Explicit concurrent mark sweep GC freed 3(96B) AllocSpace objects, 0(0B) LOS objects, 39% free, 8MB/13MB, paused 324us total 12.885ms
I/art (1228): Explicit concurrent mark sweep GC freed 3(96B) AllocSpace objects, 0(0B) LOS objects, 39% free, 8MB/13MB, paused 281us total 13.218ms
I/art (1249): Explicit concurrent mark sweep GC freed 206(59KB) AllocSpace objects, 4(64KB) LOS objects, 39% free, 6MB/11MB, paused 603us total 8.912ms
I/art (1249): Explicit concurrent mark sweep GC freed 71(2368B) AllocSpace objects, 0(0B) LOS objects, 39% free, 6MB/11MB, paused 192us total 8.211ms
I/art (1249): Explicit concurrent mark sweep GC freed 3(96B) AllocSpace objects, 0(0B) LOS objects, 39% free, 6MB/11MB, paused 586us total 9.064ms
I/art (1249): Explicit concurrent mark sweep GC freed 3(96B) AllocSpace objects, 0(0B) LOS objects, 39% free, 6MB/11MB, paused 570us total 8.876ms
I/art (1249): Explicit concurrent mark sweep GC freed 3(96B) AllocSpace objects, 0(0B) LOS objects, 39% free, 6MB/11MB, paused 243us total 10.201ms
I/art (1209): Explicit concurrent mark sweep GC freed 226(60KB) AllocSpace objects, 4(64KB) LOS objects, 40% free, 7MB/11MB, paused 319us total 12.506ms
I/art (1209): Explicit concurrent mark sweep GC freed 75(2496B) AllocSpace objects, 0(0B) LOS objects, 39% free, 7MB/11MB, paused 163us total 10.746ms
I/art (1209): Explicit concurrent mark sweep GC freed 3(96B) AllocSpace objects, 0(0B) LOS objects, 39% free, 7MB/11MB, paused 313us total 9.177ms
I/art (1209): Explicit concurrent mark sweep GC freed 3(96B) AllocSpace objects, 0(0B) LOS objects, 39% free, 7MB/11MB, paused 205us total 10.036ms
I/art (1209): Explicit concurrent mark sweep GC freed 3(96B) AllocSpace objects, 0(0B) LOS objects, 39% free, 7MB/11MB, paused 187us total 9.027ms
I/art (1189): Explicit concurrent mark sweep GC freed 1224(91KB) AllocSpace objects, 4(64KB) LOS objects, 39% free, 6MB/11MB, paused 484us total 32.764ms
I/art (1189): Explicit concurrent mark sweep GC freed 75(2496B) AllocSpace objects, 0(0B) LOS objects, 39% free, 6MB/11MB, paused 250us total 8.571ms
I/art (1189): Explicit concurrent mark sweep GC freed 3(96B) AllocSpace objects, 0(0B) LOS objects, 39% free, 6MB/11MB, paused 236us total 11.367ms
I/art (1189): Explicit concurrent mark sweep GC freed 3(96B) AllocSpace objects, 0(0B) LOS objects, 39% free, 6MB/11MB, paused 315us total 8.695ms
I/art (1189): Explicit concurrent mark sweep GC freed 3(96B) AllocSpace objects, 0(0B) LOS objects, 39% free, 6MB/11MB, paused 227us total 8.581ms
I/art (829): Explicit concurrent mark sweep GC freed 239(62KB) AllocSpace objects, 4(64KB) LOS objects, 39% free, 7MB/12MB, paused 244us total 10.312ms
I/art (829): Explicit concurrent mark sweep GC freed 75(2496B) AllocSpace objects, 0(0B) LOS objects, 40% free, 7MB/12MB, paused 231us total 10.219ms
I/art (829): Explicit concurrent mark sweep GC freed 3(96B) AllocSpace objects, 0(0B) LOS objects, 40% free, 7MB/12MB, paused 234us total 10.739ms
I/art (829): Explicit concurrent mark sweep GC freed 3(96B) AllocSpace objects, 0(0B) LOS objects, 40% free, 7MB/12MB, paused 200us total 9.790ms
I/art (829): Explicit concurrent mark sweep GC freed 3(96B) AllocSpace objects, 0(0B) LOS objects, 40% free, 7MB/12MB, paused 199us total 9.952ms
I/art (733): Explicit concurrent mark sweep GC freed 134620(5MB) AllocSpace objects, 9(141KB) LOS objects, 33% free, 31MB/47MB, paused 503us total 64.186ms
I/art (733): Explicit concurrent mark sweep GC freed 13757(913KB) AllocSpace objects, 0(0B) LOS objects, 34% free, 30MB/46MB, paused 415us total 44.207ms
I/art (733): Explicit concurrent mark sweep GC freed 19076(1415KB) AllocSpace objects, 3(480KB) LOS objects, 35% free, 28MB/44MB, paused 470us total 22.193ms
I/art (733): Explicit concurrent mark sweep GC freed 3(96B) AllocSpace objects, 0(0B) LOS objects, 35% free, 28MB/44MB, paused 398us total 25.422ms E/EM FG ALGO Iface:(19310): E/EM FG ALGO Iface:(19310): Failed to get File Descriptor
I/art (733): Explicit concurrent mark sweep GC freed 3(96B) AllocSpace objects, 0(0B) LOS objects, 35% free, 28MB/44MB, paused 386us total 19.815ms
I/KERNEL (212): [15184.617518] type=1400 audit(1443366725.388:245): avc: denied { read } for pid=10963 comm="HeapTrimmerDaem" path=2F6465762F6173686D656D2F64616C76696B2D6D61696E207370616365202864656C6574656429 dev="tmpfs" ino=11194 scontext=u:r:isolated_app:s0 tcontext=u:object_r:init_tmpfs:s0 tclass=file result=0
I/art (608): Explicit concurrent mark sweep GC freed 185479(11MB) AllocSpace objects, 46(771KB) LOS objects, 25% free, 46MB/62MB, paused 862us total 176.279ms
I/art (608): Explicit concurrent mark sweep GC freed 4556(180KB) AllocSpace objects, 0(0B) LOS objects, 25% free, 45MB/61MB, paused 797us total 54.870ms
I/art (608): Explicit concurrent mark sweep GC freed 34(1472B) AllocSpace objects, 0(0B) LOS objects, 25% free, 45MB/61MB, paused 949us total 53.255ms
I/art (608): Explicit concurrent mark sweep GC freed 3(96B) AllocSpace objects, 0(0B) LOS objects, 25% free, 45MB/61MB, paused 813us total 56.274ms
I/art (608): Explicit concurrent mark sweep GC freed 3(96B) AllocSpace objects, 0(0B) LOS objects, 25% free, 45MB/61MB, paused 741us total 60.057ms
D/wpa_supplicant(685): wlan0: Control interface command 'SIGNAL_POLL'
I/ActivityManager(608): Start proc com.android.printspooler for service com.android.printspooler/.model.PrintSpoolerService: pid=19311 uid=10057 gids={50057, 9997} abi=armeabi-v7a
I/KERNEL (212): [15185.660880] type=1400 audit(1443366726.428:246): avc: denied { setcurrent } for pid=19311 comm="main" scontext=u:r:init:s0 tcontext=u:r:init:s0 tclass=process result=0
I/KERNEL (212): [15185.662456] type=1400 audit(1443366726.438:247): avc: denied { setpgid } for pid=265 comm="main" scontext=u:r:init:s0 tcontext=u:r:untrusted_app:s0 tclass=process result=0
D/houdini (19311): [19311] Initialize library(version: 5.0.0_y.46242 RELEASE)... successfully.
I/PrintSpoolerService(19311): No existing print spooler state.
I/ProcessStatsService(608): Added stats: 2015-09-27-12-59-24, over +4h11m42s330ms
I/ProcessStatsService(608): Added stats: 2015-09-27-11-27-32, over +1h1m9s892ms
I/ProcessStatsService(608): Added stats: 2015-09-27-08-23-10, over +3h4m21s529ms
I/ProcessStatsService(608): Added stats: 2015-09-27-05-12-29, over +3h10m41s98ms
I/ProcessStatsService(608): Added stats: 2015-09-27-01-23-38, over +3h48m51s124ms
I/ProcessStatsService(608): Added stats: 2015-09-26-21-21-46, over +4h1m51s733ms
I/ProcessStatsService(608): Added stats: 2015-09-26-20-10-01, over +1h10m59s73ms
I/ProcessStatsService(608): Added stats: 2015-09-26-17-36-00, over +2h33m26s414ms
I/ProcessStatsService(608): Added stats: 2015-09-27-12-59-24, over +4h11m42s330ms
I/art (608): Background sticky concurrent mark sweep GC freed 292718(12MB) AllocSpace objects, 91(3MB) LOS objects, 14% free, 46MB/54MB, paused 5.983ms total 74.981ms
D/wpa_supplicant(685): wlan0: Control interface command 'STATUS-NO_EVENTS'
W/art (608): Suspending all threads took: 10.120ms
I/art (608): Background partial concurrent mark sweep GC freed 174768(10MB) AllocSpace objects, 29(528KB) LOS objects, 25% free, 46MB/62MB, paused 32.912ms total 171.397ms
E/WifiStateMachine(608): WifiStateMachine CMD_START_SCAN source -2 txSuccessRate=15,94 rxSuccessRate=13,30 targetRoamBSSID=e0:10:7f:ab:42:a8 RSSI=-56
E/WifiStateMachine(608): WifiStateMachine starting scan for "e-tab"WPA_PSK with 2412,2462
D/wpa_supplicant(685): wlan0: Control interface command 'SCAN TYPE=ONLY freq=2412,2462'
D/wpa_supplicant(685): wlan0: Setting scan request: 0.000000 sec
D/wpa_supplicant(685): wlan0: Starting AP scan for wildcard SSID
D/wpa_supplicant(685): WPS: Building WPS IE for Probe Request
D/wpa_supplicant(685): WPS: * Version (hardcoded 0x10)
D/wpa_supplicant(685): WPS: * Request Type
D/wpa_supplicant(685): WPS: * Config Methods (4288)
D/wpa_supplicant(685): WPS: * UUID-E
D/wpa_supplicant(685): WPS: * Primary Device Type
D/wpa_supplicant(685): WPS: * RF Bands (3)
D/wpa_supplicant(685): WPS: * Association State
D/wpa_supplicant(685): WPS: * Configuration Error (0)
D/wpa_supplicant(685): WPS: * Device Password ID (0)
D/wpa_supplicant(685): WPS: * Manufacturer
D/wpa_supplicant(685): WPS: * Model Name
D/wpa_supplicant(685): WPS: * Model Number
D/wpa_supplicant(685): WPS: * Device Name
D/wpa_supplicant(685): WPS: * Version2 (0x20)
D/wpa_supplicant(685): P2P: * P2P IE header
D/wpa_supplicant(685): P2P: * Capability dev=25 group=00
D/wpa_supplicant(685): P2P: * Listen Channel: Regulatory Class 81 Channel 1
D/wpa_supplicant(685): wlan0: Limit manual scan to specified channels
D/wpa_supplicant(685): wlan0: Add radio work 'scan'@0xf6e18520
D/wpa_supplicant(685): wlan0: First radio work item in the queue - schedule start immediately
D/wpa_supplicant(685): wlan0: Starting radio work 'scan'@0xf6e18520 after 0.000022 second wait
D/wpa_supplicant(685): wlan0: nl80211: scan request
V/AlarmManager(608): triggered: act=com.android.server.WifiManager.action.START_SCAN Pkg: android
I/WAKELOCK_ACQUIRE(608): TIMESTAMP=15187532373928, TAG=*alarm*, TYPE=PARTIAL_WAKE_LOCK , COUNT=0, PID=608, UID=1000, FLAGS=
V/AlarmManager(608): triggered: act=ALARM_WAKEUP_LOCATOR Pkg: com.google.android.gms
V/AlarmManager(608): triggered: act=ALARM_WAKEUP_ACTIVITY_DETECTION Pkg: com.google.android.gms
D/wpa_supplicant(685): Scan requested (ret=0) - scan timeout 30 seconds
D/wpa_supplicant(685): nl80211: Drv Event 33 (NL80211_CMD_TRIGGER_SCAN) received for wlan0
D/wpa_supplicant(685): wlan0: nl80211: Scan trigger
D/wpa_supplicant(685): wlan0: Event SCAN_STARTED (49) received
D/wpa_supplicant(685): wlan0: Own scan request started a scan in 0.000066 seconds
I/wpa_supplicant(685): wlan0: CTRL-EVENT-SCAN-STARTED
D/wpa_supplicant(685): CTRL_IFACE monitor sent successfully to /data/misc/wifi/sockets/wpa_ctrl_608-2\x00
I/art (1268): Explicit concurrent mark sweep GC freed 1510(90KB) AllocSpace objects, 1(16KB) LOS objects, 40% free, 22MB/37MB, paused 615us total 35.127ms
I/WAKELOCK_ACQUIRE(608): TIMESTAMP=15187596438331, TAG=NlpCollectorWakeLock, TYPE=PARTIAL_WAKE_LOCK , COUNT=0, PID=18348, UID=10007, FLAGS=
I/WAKELOCK_ACQUIRE(608): TIMESTAMP=15187617937951, TAG=NlpCollectorWakeLock, TYPE=PARTIAL_WAKE_LOCK , COUNT=0, PID=18348, UID=10007, FLAGS=
I/WAKELOCK_ACQUIRE(608): TIMESTAMP=15187618674988, TAG=NlpCollectorWakeLock, TYPE=PARTIAL_WAKE_LOCK , COUNT=0, PID=18348, UID=10007, FLAGS=
W/Sensors (608): flush line: 66 KXCJ Accelerometer batch not enabled
E/WifiStateMachine(608): WifiStateMachine CMD_START_SCAN source 10007 txSuccessRate=15,94 rxSuccessRate=13,30 targetRoamBSSID=e0:10:7f:ab:42:a8 RSSI=-56
I/art (1268): Explicit concurrent mark sweep GC freed 29(952B) AllocSpace objects, 0(0B) LOS objects, 40% free, 22MB/37MB, paused 476us total 39.073ms
D/wpa_supplicant(685): nl80211: Drv Event 34 (NL80211_CMD_NEW_SCAN_RESULTS) received for wlan0
D/wpa_supplicant(685): wlan0: nl80211: New scan results available
D/wpa_supplicant(685): nl80211: Scan probed for SSID ''
D/wpa_supplicant(685): nl80211: Scan included frequencies: 2412 2462
D/wpa_supplicant(685): wlan0: Event SCAN_RESULTS (3) received
D/wpa_supplicant(685): wlan0: Scan completed in 0.096190 seconds
D/wpa_supplicant(685): nl80211: Associated on 2462 MHz
D/wpa_supplicant(685): nl80211: Associated with e0:10:7f:ab:42:a8
D/wpa_supplicant(685): nl80211: Received scan results (12 BSSes)
D/wpa_supplicant(685): nl80211: Scan results indicate BSS status with e0:10:7f:ab:42:a8 as associated
D/wpa_supplicant(685): wlan0: BSS: Start scan result update 221
D/wpa_supplicant(685): BSS: last_scan_res_used=12/32
D/wpa_supplicant(685): Add access point on channel 60 [BANNED]
D/wpa_supplicant(685): Best Operating channel is = 44
D/wpa_supplicant(685): wlan0: Scan-only results received
D/wpa_supplicant(685): CTRL_IFACE monitor sent successfully to /data/misc/wifi/sockets/wpa_ctrl_608-2\x00
D/wpa_supplicant(685): wlan0: Radio work 'scan'@0xf6e18520 done in 0.112763 seconds
D/wpa_supplicant(685): RTM_NEWLINK: ifi_index=6 ifname=wlan0 wext ifi_flags=0x11043 ([UP][RUNNING][LOWER_UP])
I/WAKELOCK_ACQUIRE(608): TIMESTAMP=15187638800675, TAG=NlpWakeLock, TYPE=PARTIAL_WAKE_LOCK , COUNT=0, PID=18348, UID=10007, FLAGS=
I/WAKELOCK_ACQUIRE(608): TIMESTAMP=15187639864362, TAG=NlpWakeLock, TYPE=PARTIAL_WAKE_LOCK , COUNT=0, PID=18348, UID=10007, FLAGS=
D/WifiService(608): acquireWifiLockLocked: WifiLock{NlpWifiLock type=2 binder=android.os.BinderProxy@36b7ab9d}
I/WAKELOCK_RELEASE(608): TIMESTAMP=15187642665172, TAG=NlpWakeLock, TYPE=PARTIAL_WAKE_LOCK , COUNT=0, PID=18348, UID=10007, FLAGS=
I/WAKELOCK_ACQUIRE(608): TIMESTAMP=15187644704129, TAG=RILJ, TYPE=PARTIAL_WAKE_LOCK , COUNT=0, PID=1228, UID=1001, FLAGS=
D/wpa_supplicant(685): wlan0: Control interface command 'SCAN TYPE=ONLY'
D/wpa_supplicant(685): wlan0: Setting scan request: 0.000000 sec
D/wpa_supplicant(685): wlan0: Starting AP scan for wildcard SSID
D/wpa_supplicant(685): WPS: Building WPS IE for Probe Request
D/wpa_supplicant(685): WPS: * Version (hardcoded 0x10)
D/wpa_supplicant(685): WPS: * Request Type
D/wpa_supplicant(685): WPS: * Config Methods (4288)
D/wpa_supplicant(685): WPS: * UUID-E
D/wpa_supplicant(685): WPS: * Primary Device Type
D/wpa_supplicant(685): WPS: * RF Bands (3)
D/wpa_supplicant(685): WPS: * Association State
D/wpa_supplicant(685): WPS: * Configuration Error (0)
D/wpa_supplicant(685): WPS: * Device Password ID (0)
D/wpa_supplicant(685): WPS: * Manufacturer
D/wpa_supplicant(685): WPS: * Model Name
D/wpa_supplicant(685): WPS: * Model Number
D/wpa_supplicant(685): WPS: * Device Name
D/wpa_supplicant(685): WPS: * Version2 (0x20)
D/wpa_supplicant(685): P2P: * P2P IE header
D/wpa_supplicant(685): P2P: * Capability dev=25 group=00
D/wpa_supplicant(685): P2P: * Listen Channel: Regulatory Class 81 Channel 1
D/wpa_supplicant(685): wlan0: Add radio work 'scan'@0xf6e18580
D/wpa_supplicant(685): wlan0: First radio work item in the queue - schedule start immediately
D/wpa_supplicant(685): wlan0: Starting radio work 'scan'@0xf6e18580 after 0.000030 second wait
D/wpa_supplicant(685): wlan0: nl80211: scan request
D/wpa_supplicant(685): Scan requested (ret=0) - scan timeout 30 seconds
D/wpa_supplicant(685): wlan0: Control interface command 'BSS RANGE=0- MASK=0x21987'
D/wpa_supplicant(685): nl80211: Drv Event 33 (NL80211_CMD_TRIGGER_SCAN) received for wlan0
D/wpa_supplicant(685): wlan0: nl80211: Scan trigger
D/wpa_supplicant(685): wlan0: Event SCAN_STARTED (49) received
D/wpa_supplicant(685): wlan0: Own scan request started a scan in 0.000444 seconds
I/wpa_supplicant(685): wlan0: CTRL-EVENT-SCAN-STARTED
D/wpa_supplicant(685): CTRL_IFACE monitor sent successfully to /data/misc/wifi/sockets/wpa_ctrl_608-2\x00
D/wpa_supplicant(685): wlan0: Control interface command 'STATUS-NO_EVENTS'
I/art (1268): Explicit concurrent mark sweep GC freed 3(96B) AllocSpace objects, 0(0B) LOS objects, 40% free, 22MB/37MB, paused 442us total 37.088ms
I/art (1268): Explicit concurrent mark sweep GC freed 3(96B) AllocSpace objects, 0(0B) LOS objects, 40% free, 22MB/37MB, paused 616us total 34.569ms
I/art (1268): Explicit concurrent mark sweep GC freed 3(96B) AllocSpace objects, 0(0B) LOS objects, 40% free, 22MB/37MB, paused 467us total 31.078ms
I/art (1123): Explicit concurrent mark sweep GC freed 1765(104KB) AllocSpace objects, 1(16KB) LOS objects, 39% free, 12MB/20MB, paused 395us total 27.635ms
I/art (1123): Explicit concurrent mark sweep GC freed 468(16KB) AllocSpace objects, 0(0B) LOS objects, 39% free, 12MB/20MB, paused 438us total 22.964ms
I/art (1123): Explicit concurrent mark sweep GC freed 3(96B) AllocSpace objects, 0(0B) LOS objects, 39% free, 12MB/20MB, paused 408us total 25.940ms
I/art (1123): Explicit concurrent mark sweep GC freed 3(96B) AllocSpace objects, 0(0B) LOS objects, 39% free, 12MB/20MB, paused 412us total 22.804ms
I/art (1123): Explicit concurrent mark sweep GC freed 3(96B) AllocSpace objects, 0(0B) LOS objects, 39% free, 12MB/20MB, paused 434us total 30.788ms
I/WAKELOCK_ACQUIRE(608): TIMESTAMP=15188169870712, TAG=NlpWakeLock, TYPE=PARTIAL_WAKE_LOCK , COUNT=0, PID=18348, UID=10007, FLAGS=
I/WAKELOCK_RELEASE(608): TIMESTAMP=15188170545157, TAG=NlpCollectorWakeLock, TYPE=PARTIAL_WAKE_LOCK , COUNT=0, PID=18348, UID=10007, FLAGS=
I/WAKELOCK_RELEASE(608): TIMESTAMP=15188170902755, TAG=NlpCollectorWakeLock, TYPE=PARTIAL_WAKE_LOCK , COUNT=0, PID=18348, UID=10007, FLAGS=
D/wpa_supplicant(685): wlan0: Control interface command 'SIGNAL_POLL'
I/WAKELOCK_RELEASE(608): TIMESTAMP=15188189201475, TAG=NlpCollectorWakeLock, TYPE=PARTIAL_WAKE_LOCK , COUNT=0, PID=18348, UID=10007, FLAGS=
I/art (5566): Explicit concurrent mark sweep GC freed 1615(93KB) AllocSpace objects, 1(16KB) LOS objects, 40% free, 16MB/26MB, paused 445us total 44.913ms
I/art (5566): Explicit concurrent mark sweep GC freed 30(1016B) AllocSpace objects, 0(0B) LOS objects, 40% free, 16MB/26MB, paused 491us total 31.291ms
I/art (5566): Explicit concurrent mark sweep GC freed 5(176B) AllocSpace objects, 0(0B) LOS objects, 39% free, 16MB/26MB, paused 491us total 31.155ms
I/art (5566): Explicit concurrent mark sweep GC freed 3(96B) AllocSpace objects, 0(0B) LOS objects, 39% free, 16MB/26MB, paused 455us total 30.938ms
I/art (5566): Explicit concurrent mark sweep GC freed 3(96B) AllocSpace objects, 0(0B) LOS objects, 39% free, 16MB/26MB, paused 482us total 35.972ms
I/art (15944): Explicit concurrent mark sweep GC freed 2302(130KB) AllocSpace objects, 2(52KB) LOS objects, 18% free, 34MB/42MB, paused 738us total 98.199ms
I/art (15944): Explicit concurrent mark sweep GC freed 52(2032B) AllocSpace objects, 0(0B) LOS objects, 18% free, 34MB/42MB, paused 767us total 90.323ms
I/KERNEL (221): [15188.991194] iTCO_wdt: iTCO_wdt_keepalive
I/art (15944): Explicit concurrent mark sweep GC freed 3(96B) AllocSpace objects, 0(0B) LOS objects, 18% free, 34MB/42MB, paused 740us total 101.552ms
I/art (15944): Explicit concurrent mark sweep GC freed 3(96B) AllocSpace objects, 0(0B) LOS objects, 18% free, 34MB/42MB, paused 704us total 91.217ms
I/KERNEL (212): [15189.331657] type=1400 audit(1443366730.108:248): avc: denied { read } for pid=749 comm="HeapTrimmerDaem" path=2F6465762F6173686D656D2F64616C76696B2D6D61696E207370616365202864656C6574656429 dev="tmpfs" ino=11194 scontext=u:r:platform_app:s0 tcontext=u:object_r:init_tmpfs:s0 tclass=file result=0
I/art (15944): Explicit concurrent mark sweep GC freed 3(96B) AllocSpace objects, 0(0B) LOS objects, 18% free, 34MB/42MB, paused 710us total 100.631ms
I/art (18520): Explicit concurrent mark sweep GC freed 32(2152B) AllocSpace objects, 0(0B) LOS objects, 23% free, 25MB/33MB, paused 523us total 36.451ms E/EM FG ALGO Iface:(19335): E/EM FG ALGO Iface:(19335): Failed to get File Descriptor
I/art (18520): Explicit concurrent mark sweep GC freed 3(96B) AllocSpace objects, 0(0B) LOS objects, 23% free, 25MB/33MB, paused 533us total 37.070ms
I/art (18520): Explicit concurrent mark sweep GC freed 3(96B) AllocSpace objects, 0(0B) LOS objects, 23% free, 25MB/33MB, paused 714us total 38.717ms
I/art (18520): Explicit concurrent mark sweep GC freed 3(96B) AllocSpace objects, 0(0B) LOS objects, 23% free, 25MB/33MB, paused 523us total 36.190ms
I/art (18520): Explicit concurrent mark sweep GC freed 3(96B) AllocSpace objects, 0(0B) LOS objects, 23% free, 25MB/33MB, paused 550us total 36.457ms
I/art (18348): Explicit concurrent mark sweep GC freed 1527(89KB) AllocSpace objects, 1(16KB) LOS objects, 40% free, 13MB/21MB, paused 507us total 46.260ms
I/art (18348): Explicit concurrent mark sweep GC freed 151(5KB) AllocSpace objects, 0(0B) LOS objects, 39% free, 13MB/21MB, paused 369us total 25.914ms
I/art (18348): Explicit concurrent mark sweep GC freed 3(96B) AllocSpace objects, 0(0B) LOS objects, 39% free, 13MB/21MB, paused 375us total 27.728ms
I/art (18348): Explicit concurrent mark sweep GC freed 3(96B) AllocSpace objects, 0(0B) LOS objects, 39% free, 13MB/21MB, paused 378us total 25.330ms
I/art (18348): Explicit concurrent mark sweep GC freed 3(96B) AllocSpace objects, 0(0B) LOS objects, 39% free, 13MB/21MB, paused 490us total 25.662ms
I/art (10459): Explicit concurrent mark sweep GC freed 599(29KB) AllocSpace objects, 0(0B) LOS objects, 18% free, 34MB/42MB, paused 374us total 39.037ms
D/wpa_supplicant(685): nl80211: Drv Event 34 (NL80211_CMD_NEW_SCAN_RESULTS) received for wlan0
D/wpa_supplicant(685): wlan0: nl80211: New scan results available
D/wpa_supplicant(685): nl80211: Scan probed for SSID ''
D/wpa_supplicant(685): nl80211: Scan included frequencies: 2412 2417 2422 2427 2432 2437 2442 2447 2452 2457 2462 2467 2472 5180 5200 5220 5240 5260 5280 5300 5320 5500 5520 5540 5560 5580 5600 5620 5640 5660 5680 5700
D/wpa_supplicant(685): wlan0: Event SCAN_RESULTS (3) received
D/wpa_supplicant(685): wlan0: Scan completed in 2.344270 seconds
D/wpa_supplicant(685): nl80211: Associated on 2462 MHz
D/wpa_supplicant(685): nl80211: Associated with e0:10:7f:ab:42:a8
D/wpa_supplicant(685): nl80211: Received scan results (19 BSSes)
D/wpa_supplicant(685): nl80211: Scan results indicate BSS status with e0:10:7f:ab:42:a8 as associated
D/wpa_supplicant(685): wlan0: BSS: Start scan result update 222
D/wpa_supplicant(685): wlan0: BSS: Add new id 926 BSSID f0:b0:52:9b:d3:27 SSID ''
D/wpa_supplicant(685): CTRL_IFACE monitor sent successfully to /data/misc/wifi/sockets/wpa_ctrl_608-2\x00
D/wpa_supplicant(685): wlan0: BSS: Add new id 927 BSSID d0:d4:12:f3:c9:62 SSID 'FASTWEB-1-J711x7RdMtKn'
D/wpa_supplicant(685): CTRL_IFACE monitor sent successfully to /data/misc/wifi/sockets/wpa_ctrl_608-2\x00
D/wpa_supplicant(685): BSS: last_scan_res_used=19/32
D/wpa_supplicant(685): Add access point on channel 60 [BANNED]
D/wpa_supplicant(685): Add access point on channel 60 [BANNED]
D/wpa_supplicant(685): Best Operating channel is = 44
D/wpa_supplicant(685): wlan0: Scan-only results received
D/wpa_supplicant(685): CTRL_IFACE monitor sent successfully to /data/misc/wifi/sockets/wpa_ctrl_608-2\x00
D/wpa_supplicant(685): wlan0: Radio work 'scan'@0xf6e18580 done in 2.347300 seconds
D/wpa_supplicant(685): RTM_NEWLINK: ifi_index=6 ifname=wlan0 wext ifi_flags=0x11043 ([UP][RUNNING][LOWER_UP])
D/wpa_supplicant(685): wlan0: Control interface command 'BSS RANGE=0- MASK=0x21987'
D/wpa_supplicant(685): wlan0: Control interface command 'STATUS-NO_EVENTS'
I/art (10459): Explicit concurrent mark sweep GC freed 6(192B) AllocSpace objects, 0(0B) LOS objects, 18% free, 34MB/42MB, paused 354us total 38.837ms
I/art (10459): Explicit concurrent mark sweep GC freed 3(96B) AllocSpace objects, 0(0B) LOS objects, 18% free, 34MB/42MB, paused 352us total 38.722ms
I/art (10459): Explicit concurrent mark sweep GC freed 3(96B) AllocSpace objects, 0(0B) LOS objects, 18% free, 34MB/42MB, paused 351us total 39.481ms
I/art (10459): Explicit concurrent mark sweep GC freed 3(96B) AllocSpace objects, 0(0B) LOS objects, 18% free, 34MB/42MB, paused 351us total 41.514ms
I/art (16031): Explicit concurrent mark sweep GC freed 30(2072B) AllocSpace objects, 0(0B) LOS objects, 24% free, 21MB/28MB, paused 415us total 32.239ms
I/art (16031): Explicit concurrent mark sweep GC freed 3(96B) AllocSpace objects, 0(0B) LOS objects, 24% free, 21MB/28MB, paused 409us total 32.132ms
I/art (16031): Explicit concurrent mark sweep GC freed 3(96B) AllocSpace objects, 0(0B) LOS objects, 24% free, 21MB/28MB, paused 408us total 32.144ms
I/art (16031): Explicit concurrent mark sweep GC freed 3(96B) AllocSpace objects, 0(0B) LOS objects, 24% free, 21MB/28MB, paused 427us total 32.021ms
I/art (16031): Explicit concurrent mark sweep GC freed 3(96B) AllocSpace objects, 0(0B) LOS objects, 24% free, 21MB/28MB, paused 408us total 31.998ms
I/art (14409): Explicit concurrent mark sweep GC freed 3869(210KB) AllocSpace objects, 0(0B) LOS objects, 24% free, 24MB/32MB, paused 419us total 44.260ms
I/art (14409): Explicit concurrent mark sweep GC freed 80(3KB) AllocSpace objects, 0(0B) LOS objects, 24% free, 24MB/32MB, paused 413us total 41.306ms
I/art (14409): Explicit concurrent mark sweep GC freed 3(96B) AllocSpace objects, 0(0B) LOS objects, 24% free, 24MB/32MB, paused 411us total 42.905ms
I/art (14409): Explicit concurrent mark sweep GC freed 3(96B) AllocSpace objects, 0(0B) LOS objects, 24% free, 24MB/32MB, paused 411us total 41.204ms
I/art (14409): Explicit concurrent mark sweep GC freed 3(96B) AllocSpace objects, 0(0B) LOS objects, 24% free, 24MB/32MB, paused 411us total 41.126ms
I/art (8794): Explicit concurrent mark sweep GC freed 105(6KB) AllocSpace objects, 0(0B) LOS objects, 22% free, 28MB/36MB, paused 506us total 50.726ms
D/wpa_supplicant(685): wlan0: Control interface command 'SIGNAL_POLL'
I/art (8794): Explicit concurrent mark sweep GC freed 6(192B) AllocSpace objects, 0(0B) LOS objects, 22% free, 28MB/36MB, paused 631us total 53.476ms
I/art (8794): Explicit concurrent mark sweep GC freed 3(96B) AllocSpace objects, 0(0B) LOS objects, 22% free, 28MB/36MB, paused 484us total 53.462ms
I/art (8794): Explicit concurrent mark sweep GC freed 3(96B) AllocSpace objects, 0(0B) LOS objects, 22% free, 28MB/36MB, paused 463us total 50.007ms
I/art (8794): Explicit concurrent mark sweep GC freed 3(96B) AllocSpace objects, 0(0B) LOS objects, 22% free, 28MB/36MB, paused 462us total 49.973ms
I/art (10919): Explicit concurrent mark sweep GC freed 26(2120B) AllocSpace objects, 0(0B) LOS objects, 25% free, 12MB/17MB, paused 227us total 20.204ms
I/art (10919): Explicit concurrent mark sweep GC freed 3(96B) AllocSpace objects, 0(0B) LOS objects, 25% free, 12MB/17MB, paused 217us total 19.898ms
I/art (10919): Explicit concurrent mark sweep GC freed 3(96B) AllocSpace objects, 0(0B) LOS objects, 25% free, 12MB/17MB, paused 217us total 19.675ms
I/art (10919): Explicit concurrent mark sweep GC freed 3(96B) AllocSpace objects, 0(0B) LOS objects, 25% free, 12MB/17MB, paused 217us total 19.885ms
I/art (10919): Explicit concurrent mark sweep GC freed 3(96B) AllocSpace objects, 0(0B) LOS objects, 25% free, 12MB/17MB, paused 216us total 19.669ms
I/art (847): Explicit concurrent mark sweep GC freed 32(2312B) AllocSpace objects, 0(0B) LOS objects, 24% free, 9MB/12MB, paused 209us total 15.138ms
I/art (847): Explicit concurrent mark sweep GC freed 3(96B) AllocSpace objects, 0(0B) LOS objects, 24% free, 9MB/12MB, paused 189us total 14.098ms
I/art (847): Explicit concurrent mark sweep GC freed 3(96B) AllocSpace objects, 0(0B) LOS objects, 24% free, 9MB/12MB, paused 188us total 14.029ms
I/art (847): Explicit concurrent mark sweep GC freed 3(96B) AllocSpace objects, 0(0B) LOS objects, 24% free, 9MB/12MB, paused 188us total 14.022ms
I/art (847): Explicit concurrent mark sweep GC freed 3(96B) AllocSpace objects, 0(0B) LOS objects, 24% free, 9MB/12MB, paused 195us total 15.912ms
I/art (10949): Explicit concurrent mark sweep GC freed 26(2120B) AllocSpace objects, 0(0B) LOS objects, 24% free, 7MB/10MB, paused 133us total 9.344ms
I/art (10949): Explicit concurrent mark sweep GC freed 3(96B) AllocSpace objects, 0(0B) LOS objects, 24% free, 7MB/10MB, paused 134us total 9.350ms
I/art (10949): Explicit concurrent mark sweep GC freed 3(96B) AllocSpace objects, 0(0B) LOS objects, 24% free, 7MB/10MB, paused 134us total 9.262ms
I/art (10949): Explicit concurrent mark sweep GC freed 3(96B) AllocSpace objects, 0(0B) LOS objects, 24% free, 7MB/10MB, paused 132us total 9.305ms
I/art (10949): Explicit concurrent mark sweep GC freed 3(96B) AllocSpace objects, 0(0B) LOS objects, 24% free, 7MB/10MB, paused 134us total 9.240ms
I/art (10984): Explicit concurrent mark sweep GC freed 26(2120B) AllocSpace objects, 0(0B) LOS objects, 25% free, 7MB/10MB, paused 157us total 12.769ms
I/art (10984): Explicit concurrent mark sweep GC freed 3(96B) AllocSpace objects, 0(0B) LOS objects, 25% free, 7MB/10MB, paused 133us total 10.077ms
I/art (10984): Explicit concurrent mark sweep GC freed 3(96B) AllocSpace objects, 0(0B) LOS objects, 25% free, 7MB/10MB, paused 133us total 9.315ms
I/art (10984): Explicit concurrent mark sweep GC freed 1(32B) AllocSpace objects, 0(0B) LOS objects, 24% free, 7MB/10MB, paused 133us total 9.932ms
I/art (10984): Explicit concurrent mark sweep GC freed 5(160B) AllocSpace objects, 0(0B) LOS objects, 25% free, 7MB/10MB, paused 132us total 9.512ms
I/art (19311): Explicit concurrent mark sweep GC freed 2602(221KB) AllocSpace objects, 1(16KB) LOS objects, 25% free, 6MB/9MB, paused 146us total 10.729ms
I/art (19311): Explicit concurrent mark sweep GC freed 63(2304B) AllocSpace objects, 0(0B) LOS objects, 24% free, 6MB/9MB, paused 131us total 8.964ms
I/art (19311): Explicit concurrent mark sweep GC freed 3(96B) AllocSpace objects, 0(0B) LOS objects, 24% free, 6MB/9MB, paused 129us total 10.496ms
I/art (19311): Explicit concurrent mark sweep GC freed 3(96B) AllocSpace objects, 0(0B) LOS objects, 24% free, 6MB/9MB, paused 130us total 8.245ms
I/art (19311): Explicit concurrent mark sweep GC freed 3(96B) AllocSpace objects, 0(0B) LOS objects, 24% free, 6MB/9MB, paused 130us total 8.143ms
I/art (18956): Explicit concurrent mark sweep GC freed 126(5KB) AllocSpace objects, 0(0B) LOS objects, 25% free, 18MB/24MB, paused 419us total 42.374ms
I/art (18956): Explicit concurrent mark sweep GC freed 3(96B) AllocSpace objects, 0(0B) LOS objects, 25% free, 18MB/24MB, paused 419us total 41.780ms
V/AlarmManager(608): triggered: act=ALARM_WAKEUP_LOCATOR Pkg: com.google.android.gms
I/WAKELOCK_ACQUIRE(608): TIMESTAMP=15192647578909, TAG=RILJ, TYPE=PARTIAL_WAKE_LOCK , COUNT=0, PID=1228, UID=1001, FLAGS=
I/art (18956): Explicit concurrent mark sweep GC freed 3(96B) AllocSpace objects, 0(0B) LOS objects, 25% free, 18MB/24MB, paused 425us total 42.853ms
I/art (18956): Explicit concurrent mark sweep GC freed 3(96B) AllocSpace objects, 0(0B) LOS objects, 25% free, 18MB/24MB, paused 443us total 43.157ms
I/art (18956): Explicit concurrent mark sweep GC freed 3(96B) AllocSpace objects, 0(0B) LOS objects, 25% free, 18MB/24MB, paused 419us total 41.860ms
I/art (1509): Explicit concurrent mark sweep GC freed 2142(136KB) AllocSpace objects, 1(16KB) LOS objects, 39% free, 16MB/27MB, paused 693us total 37.268ms
I/art (1509): Explicit concurrent mark sweep GC freed 93(3KB) AllocSpace objects, 0(0B) LOS objects, 39% free, 16MB/27MB, paused 567us total 36.446ms
I/art (1509): Explicit concurrent mark sweep GC freed 3(96B) AllocSpace objects, 0(0B) LOS objects, 39% free, 16MB/27MB, paused 550us total 36.769ms
I/art (1509): Explicit concurrent mark sweep GC freed 3(96B) AllocSpace objects, 0(0B) LOS objects, 39% free, 16MB/27MB, paused 702us total 36.484ms
I/art (1509): Explicit concurrent mark sweep GC freed 3(96B) AllocSpace objects, 0(0B) LOS objects, 39% free, 16MB/27MB, paused 605us total 39.995ms
I/art (16904): Explicit concurrent mark sweep GC freed 93(4KB) AllocSpace objects, 0(0B) LOS objects, 24% free, 9MB/12MB, paused 155us total 16.112ms
I/art (16904): Explicit concurrent mark sweep GC freed 9(416B) AllocSpace objects, 0(0B) LOS objects, 24% free, 9MB/12MB, paused 154us total 15.415ms
I/art (16904): Explicit concurrent mark sweep GC freed 3(96B) AllocSpace objects, 0(0B) LOS objects, 24% free, 9MB/12MB, paused 154us total 15.459ms
I/art (16904): Explicit concurrent mark sweep GC freed 3(96B) AllocSpace objects, 0(0B) LOS objects, 24% free, 9MB/12MB, paused 153us total 15.450ms
I/art (16904): Explicit concurrent mark sweep GC freed 3(96B) AllocSpace objects, 0(0B) LOS objects, 24% free, 9MB/12MB, paused 153us total 15.402ms
I/art (16419): Explicit concurrent mark sweep GC freed 75(3KB) AllocSpace objects, 0(0B) LOS objects, 21% free, 28MB/36MB, paused 540us total 68.922ms
I/art (16419): Explicit concurrent mark sweep GC freed 3(96B) AllocSpace objects, 0(0B) LOS objects, 21% free, 28MB/36MB, paused 694us total 71.017ms
I/art (16419): Explicit concurrent mark sweep GC freed 3(96B) AllocSpace objects, 0(0B) LOS objects, 21% free, 28MB/36MB, paused 588us total 70.760ms
I/art (16419): Explicit concurrent mark sweep GC freed 3(96B) AllocSpace objects, 0(0B) LOS objects, 21% free, 28MB/36MB, paused 529us total 69.736ms
I/art (16419): Explicit concurrent mark sweep GC freed 3(96B) AllocSpace objects, 0(0B) LOS objects, 21% free, 28MB/36MB, paused 528us total 68.355ms
I/art (18380): Explicit concurrent mark sweep GC freed 26(2120B) AllocSpace objects, 0(0B) LOS objects, 24% free, 8MB/11MB, paused 130us total 11.573ms
I/art (18380): Explicit concurrent mark sweep GC freed 3(96B) AllocSpace objects, 0(0B) LOS objects, 24% free, 8MB/11MB, paused 131us total 10.959ms
I/art (18380): Explicit concurrent mark sweep GC freed 3(96B) AllocSpace objects, 0(0B) LOS objects, 24% free, 8MB/11MB, paused 130us total 11.011ms
I/art (18380): Explicit concurrent mark sweep GC freed 3(96B) AllocSpace objects, 0(0B) LOS objects, 24% free, 8MB/11MB, paused 129us total 10.990ms
I/art (18380): Explicit concurrent mark sweep GC freed 3(96B) AllocSpace objects, 0(0B) LOS objects, 24% free, 8MB/11MB, paused 129us total 10.955ms
D/wpa_supplicant(685): wlan0: Control interface command 'SIGNAL_POLL'
I/art (18211): Explicit concurrent mark sweep GC freed 26(2120B) AllocSpace objects, 0(0B) LOS objects, 24% free, 6MB/9MB, paused 168us total 12.124ms
I/art (18211): Explicit concurrent mark sweep GC freed 3(96B) AllocSpace objects, 0(0B) LOS objects, 24% free, 6MB/9MB, paused 164us total 10.100ms
I/art (18211): Explicit concurrent mark sweep GC freed 3(96B) AllocSpace objects, 0(0B) LOS objects, 24% free, 6MB/9MB, paused 119us total 7.772ms
I/art (18211): Explicit concurrent mark sweep GC freed 3(96B) AllocSpace objects, 0(0B) LOS objects, 24% free, 6MB/9MB, paused 120us total 8.512ms
I/art (18211): Explicit concurrent mark sweep GC freed 3(96B) AllocSpace objects, 0(0B) LOS objects, 24% free, 6MB/9MB, paused 120us total 7.960ms E/EM FG ALGO Iface:(19337): E/EM FG ALGO Iface:(19337): Failed to get File Descriptor
I/art (16523): Explicit concurrent mark sweep GC freed 26(2120B) AllocSpace objects, 0(0B) LOS objects, 24% free, 6MB/9MB, paused 121us total 8.369ms
I/art (16523): Explicit concurrent mark sweep GC freed 3(96B) AllocSpace objects, 0(0B) LOS objects, 24% free, 6MB/9MB, paused 120us total 7.842ms
I/art (16523): Explicit concurrent mark sweep GC freed 3(96B) AllocSpace objects, 0(0B) LOS objects, 24% free, 6MB/9MB, paused 119us total 7.829ms
I/art (16523): Explicit concurrent mark sweep GC freed 3(96B) AllocSpace objects, 0(0B) LOS objects, 24% free, 6MB/9MB, paused 121us total 7.841ms
I/art (16523): Explicit concurrent mark sweep GC freed 3(96B) AllocSpace objects, 0(0B) LOS objects, 24% free, 6MB/9MB, paused 121us total 7.812ms
