--------- beginning of system
I/WAKELOCK_ACQUIRE(608): TIMESTAMP=15062444168177, TAG=ActivityManager-Launch, TYPE=PARTIAL_WAKE_LOCK , COUNT=0, PID=608, UID=1000, FLAGS=
I/ActivityManager(608): Killing 16638:com.android.providers.calendar/u0a1 (adj 15): empty for 2690s
I/ActivityManager(608): START u0 {dat=periscope://broadcast/1BdGYapknQZGX flg=0x14000000 cmp=tv.periscope.android/o.apq (has extras)} from uid 10065 on display 0
W/libprocessgroup(608): failed to open /acct/uid_10001/pid_16638/cgroup.procs: No such file or directory
W/InputMethodManagerService(608): Window already focused, ignoring focus gain of: com.android.internal.view.IInputMethodClient$Stub$Proxy@200bb011 attribute=null, token = android.os.BinderProxy@2a41be4c
I/WAKELOCK_ACQUIRE(608): TIMESTAMP=15063871598098, TAG=UPLOAD_WAKE_LOCK, TYPE=PARTIAL_WAKE_LOCK , COUNT=0, PID=14409, UID=10065, FLAGS=
I/WAKELOCK_ACQUIRE(608): TIMESTAMP=15063913445105, TAG=UPLOAD_WAKE_LOCK, TYPE=PARTIAL_WAKE_LOCK , COUNT=0, PID=14409, UID=10065, FLAGS= E/EM FG ALGO Iface:(18288): E/EM FG ALGO Iface:(18288): Failed to get File Descriptor
I/WAKELOCK_ACQUIRE(608): TIMESTAMP=15063964076091, TAG=WindowManager, TYPE=SCREEN_BRIGHT_WAKE_LOCK , COUNT=0, PID=608, UID=1000, FLAGS= ON_AFTER_RELEASE
I/WAKELOCK_RELEASE(608): TIMESTAMP=15064291770943, TAG=ActivityManager-Launch, TYPE=PARTIAL_WAKE_LOCK , COUNT=0, PID=608, UID=1000, FLAGS=
I/WAKELOCK_RELEASE(608): TIMESTAMP=15064437410157, TAG=UPLOAD_WAKE_LOCK, TYPE=PARTIAL_WAKE_LOCK , COUNT=0, PID=14409, UID=10065, FLAGS=
I/WAKELOCK_RELEASE(608): TIMESTAMP=15064509878707, TAG=UPLOAD_WAKE_LOCK, TYPE=PARTIAL_WAKE_LOCK , COUNT=0, PID=14409, UID=10065, FLAGS=
I/WAKELOCK_ACQUIRE(608): TIMESTAMP=15064681154797, TAG=ActivityManager-Launch, TYPE=PARTIAL_WAKE_LOCK , COUNT=0, PID=608, UID=1000, FLAGS=
I/WAKELOCK_ACQUIRE(608): TIMESTAMP=15064843830159, TAG=UPLOAD_WAKE_LOCK, TYPE=PARTIAL_WAKE_LOCK , COUNT=0, PID=14409, UID=10065, FLAGS=
I/WAKELOCK_RELEASE(608): TIMESTAMP=15064992718681, TAG=UPLOAD_WAKE_LOCK, TYPE=PARTIAL_WAKE_LOCK , COUNT=0, PID=14409, UID=10065, FLAGS=
I/WAKELOCK_RELEASE(608): TIMESTAMP=15065523950357, TAG=AudioMix, TYPE=PARTIAL_WAKE_LOCK , COUNT=0, PID=0, UID=1013, FLAGS=
I/WAKELOCK_ACQUIRE(608): TIMESTAMP=15066147764582, TAG=RILJ, TYPE=PARTIAL_WAKE_LOCK , COUNT=0, PID=1228, UID=1001, FLAGS=
W/BroadcastQueue(608): Timeout of broadcast BroadcastRecord{196af3e3 u-1 android.intent.action.SCREEN_ON} - receiver=android.os.BinderProxy@caa4548, started 10002ms ago
W/BroadcastQueue(608): Receiver during timeout: BroadcastFilter{1aefd106 u0 ReceiverList{234b9fe1 14129 com.google.android.gms.persistent/10007/u0 remote:caa4548}}
I/WAKELOCK_RELEASE(608): TIMESTAMP=15067033745970, TAG=ActivityManager-Launch, TYPE=PARTIAL_WAKE_LOCK , COUNT=0, PID=608, UID=1000, FLAGS= E/EM FG ALGO Iface:(18330): E/EM FG ALGO Iface:(18330): Failed to get File Descriptor
I/WAKELOCK_RELEASE(608): TIMESTAMP=15069328280414, TAG=WindowManager, TYPE=SCREEN_BRIGHT_WAKE_LOCK , COUNT=0, PID=608, UID=1000, FLAGS= ON_AFTER_RELEASE
D/WifiService(608): releaseWifiLockLocked: WifiLock{NlpWifiLock type=2 binder=android.os.BinderProxy@1cb8a463}
I/WAKELOCK_RELEASE(608): TIMESTAMP=15071158444170, TAG=NlpWakeLock, TYPE=PARTIAL_WAKE_LOCK , COUNT=0, PID=14129, UID=10007, FLAGS=
I/WAKELOCK_ACQUIRE(608): TIMESTAMP=15071159918627, TAG=NlpWakeLock, TYPE=PARTIAL_WAKE_LOCK , COUNT=0, PID=14129, UID=10007, FLAGS=
I/WAKELOCK_RELEASE(608): TIMESTAMP=15071164696919, TAG=NlpWakeLock, TYPE=PARTIAL_WAKE_LOCK , COUNT=0, PID=14129, UID=10007, FLAGS=
I/WAKELOCK_ACQUIRE(608): TIMESTAMP=15071166423927, TAG=NlpWakeLock, TYPE=PARTIAL_WAKE_LOCK , COUNT=0, PID=14129, UID=10007, FLAGS=
I/WAKELOCK_ACQUIRE(608): TIMESTAMP=15071171681520, TAG=NlpWakeLock, TYPE=PARTIAL_WAKE_LOCK , COUNT=0, PID=14129, UID=10007, FLAGS=
I/WAKELOCK_RELEASE(608): TIMESTAMP=15071172957990, TAG=NlpWakeLock, TYPE=PARTIAL_WAKE_LOCK , COUNT=0, PID=14129, UID=10007, FLAGS=
I/WAKELOCK_ACQUIRE(608): TIMESTAMP=15071174023284, TAG=GCoreFlp, TYPE=PARTIAL_WAKE_LOCK , COUNT=0, PID=14129, UID=10007, FLAGS=
I/WAKELOCK_RELEASE(608): TIMESTAMP=15071176119362, TAG=GCoreFlp, TYPE=PARTIAL_WAKE_LOCK , COUNT=0, PID=14129, UID=10007, FLAGS=
I/WAKELOCK_ACQUIRE(608): TIMESTAMP=15071177274872, TAG=GCoreFlp, TYPE=PARTIAL_WAKE_LOCK , COUNT=0, PID=14129, UID=10007, FLAGS=
I/WAKELOCK_RELEASE(608): TIMESTAMP=15071179028279, TAG=NlpWakeLock, TYPE=PARTIAL_WAKE_LOCK , COUNT=0, PID=14129, UID=10007, FLAGS=
I/WAKELOCK_ACQUIRE(608): TIMESTAMP=15071180054910, TAG=GCoreFlp, TYPE=PARTIAL_WAKE_LOCK , COUNT=0, PID=14129, UID=10007, FLAGS=
I/WAKELOCK_RELEASE(608): TIMESTAMP=15071182206932, TAG=GCoreFlp, TYPE=PARTIAL_WAKE_LOCK , COUNT=0, PID=14129, UID=10007, FLAGS=
I/WAKELOCK_RELEASE(608): TIMESTAMP=15071184727435, TAG=GCoreFlp, TYPE=PARTIAL_WAKE_LOCK , COUNT=0, PID=14129, UID=10007, FLAGS=
I/WAKELOCK_ACQUIRE(608): TIMESTAMP=15071185402348, TAG=NlpWakeLock, TYPE=PARTIAL_WAKE_LOCK , COUNT=0, PID=14129, UID=10007, FLAGS=
D/WifiService(608): acquireWifiLockLocked: WifiLock{NlpWifiLock type=2 binder=android.os.BinderProxy@1cb8a463}
I/WAKELOCK_RELEASE(608): TIMESTAMP=15071202111280, TAG=*alarm*, TYPE=PARTIAL_WAKE_LOCK , COUNT=0, PID=608, UID=1000, FLAGS=
I/WAKELOCK_ACQUIRE(608): TIMESTAMP=15071226880464, TAG=RILJ, TYPE=PARTIAL_WAKE_LOCK , COUNT=0, PID=1228, UID=1001, FLAGS=
I/ActivityManager(608): START u0 {act=android.intent.action.MAIN cat=[android.intent.category.HOME] flg=0x10200000 cmp=com.google.android.googlequicksearchbox/com.google.android.launcher.GEL} from uid 1000 on display 0
I/WAKELOCK_ACQUIRE(608): TIMESTAMP=15071398808655, TAG=AudioMix, TYPE=PARTIAL_WAKE_LOCK , COUNT=0, PID=0, UID=1013, FLAGS=
I/WAKELOCK_ACQUIRE(608): TIMESTAMP=15071423084989, TAG=ActivityManager-Launch, TYPE=PARTIAL_WAKE_LOCK , COUNT=0, PID=608, UID=1000, FLAGS=
W/InputMethodManagerService(608): Starting input on non-focused client com.android.internal.view.IInputMethodClient$Stub$Proxy@2b6f61c5 (uid=10065 pid=14409)
I/WAKELOCK_RELEASE(608): TIMESTAMP=15071572192559, TAG=ActivityManager-Launch, TYPE=PARTIAL_WAKE_LOCK , COUNT=0, PID=608, UID=1000, FLAGS=
E/ActivityManager(608): ANR in com.google.android.gms.persistent
E/ActivityManager(608): PID: 14129
E/ActivityManager(608): Reason: Broadcast of Intent { act=android.intent.action.SCREEN_ON flg=0x50000010 }
E/ActivityManager(608): Load: 0.83 / 0.56 / 0.54
E/ActivityManager(608): CPU usage from 4155ms to -4824ms ago with 99% awake:
E/ActivityManager(608): 63% 14409/tv.periscope.android: 37% user + 16% kernel + 10% iowait / faults: 30367 minor 260 major
E/ActivityManager(608): 23% 608/system_server: 11% user + 12% kernel / faults: 6462 minor 40 major
E/ActivityManager(608): 12% 217/surfaceflinger: 7.2% user + 5.2% kernel / faults: 32 minor
E/ActivityManager(608): 6.2% 733/com.android.systemui: 2.3% user + 2.7% kernel + 1.1% iowait / faults: 1333 minor 11 major
E/ActivityManager(608): 6.1% 1123/com.google.process.gapps: 3.4% user + 2.6% kernel / faults: 3211 minor 29 major
E/ActivityManager(608): 0% 257/debuggerd: 0% user + 0% kernel + 0% iowait / faults: 1156 minor 16 major
E/ActivityManager(608): 4.7% 14129/com.google.android.gms.persistent: 1.7% user + 3% kernel / faults: 2168 minor 65 major
E/ActivityManager(608): 4.2% 167/jbd2/mmcblk0p15: 0% user + 0.1% kernel + 4.1% iowait
E/ActivityManager(608): 4.1% 5566/com.google.android.googlequicksearchbox:search: 2.4% user + 1.6% kernel / faults: 3396 minor 11 major
E/ActivityManager(608): 2.6% 245/dhd_dpc: 0% user + 2.6% kernel
E/ActivityManager(608): 2.4% 1228/com.android.phone: 1.1% user + 1.3% kernel / faults: 1880 minor 7 major
E/ActivityManager(608): 2.4% 1268/com.google.android.googlequicksearchbox: 1.2% user + 0.7% kernel + 0.4% iowait / faults: 1905 minor 2 major
E/ActivityManager(608): 2.3% 125/mmcqd/0: 0% user + 2.3% kernel
E/ActivityManager(608): 1.1% 89/kswapd0: 0% user + 1.1% kernel
E/ActivityManager(608): 0% 1209/com.android.server.telecom: 0% user + 0% kernel + 0% iowait / faults: 906 minor 4 major
E/ActivityManager(608): 0.4% 16031/com.booking: 0.3% user + 0% kernel / faults: 2360 minor 12 major
E/ActivityManager(608): 0.6% 253/mediaserver: 0.1% user + 0.5% kernel / faults: 20 minor
E/ActivityManager(608): 0.2% 1189/com.intel.thermal: 0.1% user + 0% kernel / faults: 875 minor 2 major
E/ActivityManager(608): 0% 1249/com.intel.security.service: 0% user + 0% kernel / faults: 791 minor 4 major
E/ActivityManager(608): 0.5% 10459/com.kayak.android: 0.4% user + 0.1% kernel / faults: 36 minor
E/ActivityManager(608): 0.4% 17950/kworker/0:0: 0% user + 0.4% kernel
E/ActivityManager(608): 0.3% 37/cfinteractive: 0% user + 0.3% kernel
E/ActivityManager(608): 0.1% 8794/net.skyscanner.android.main: 0.1% user + 0% kernel / faults: 108 minor
E/ActivityManager(608): 0% 8/rcu_preempt: 0% user + 0% kernel
E/ActivityManager(608): 0.1% 138/irq/29-intel_ss: 0% user + 0.1% kernel
E/ActivityManager(608): 0.1% 141/kworker/u9:0: 0% user + 0.1% kernel
E/ActivityManager(608): 0.1% 214/lmkd: 0% user + 0.1% kernel
E/ActivityManager(608): 0% 244/dhd_watchdog_th: 0% user + 0% kernel
E/ActivityManager(608): 0% 256/netd: 0% user + 0% kernel / faults: 98 minor
E/ActivityManager(608): 0% 685/wpa_supplicant: 0% user + 0% kernel
E/ActivityManager(608): 0.1% 1509/com.google.android.gms: 0.1% user + 0% kernel
E/ActivityManager(608): 0% 16702/kworker/u8:6: 0% user + 0% kernel
E/ActivityManager(608): 0% 16755/com.google.android.apps.maps: 0% user + 0% kernel / faults: 2 minor
E/ActivityManager(608): 0.1% 16904/com.skype.raider: 0.1% user + 0% kernel
E/ActivityManager(608): 0% 17720/kworker/2:0: 0% user + 0% kernel
E/ActivityManager(608): 0% 18160/kworker/0:2: 0% user + 0% kernel
E/ActivityManager(608): +0% 18326/kworker/3:1: 0% user + 0% kernel
E/ActivityManager(608): 41% TOTAL: 18% user + 14% kernel + 7.3% iowait + 0.9% irq + 0.5% softirq
E/ActivityManager(608): CPU usage from 3702ms to 4232ms later:
E/ActivityManager(608): 34% 608/system_server: 18% user + 16% kernel / faults: 4 minor
E/ActivityManager(608): 7.2% 629/ActivityManager: 0% user + 7.2% kernel
E/ActivityManager(608): 3.6% 625/Binder_2: 3.6% user + 0% kernel
E/ActivityManager(608): 1.8% 620/FinalizerDaemon: 1.8% user + 0% kernel
E/ActivityManager(608): 1.8% 624/Binder_1: 1.8% user + 0% kernel
E/ActivityManager(608): 1.8% 626/SensorService: 0% user + 1.8% kernel
E/ActivityManager(608): 1.8% 651/AlarmManager: 1.8% user + 0% kernel
E/ActivityManager(608): 1.8% 671/WifiStateMachin: 1.8% user + 0% kernel
E/ActivityManager(608): 1.8% 678/Binder_3: 0% user + 1.8% kernel
E/ActivityManager(608): 1.8% 1116/Binder_4: 0% user + 1.8% kernel
E/ActivityManager(608): 1.8% 1195/Binder_5: 0% user + 1.8% kernel
E/ActivityManager(608): 1.8% 1238/Binder_7: 0% user + 1.8% kernel
E/ActivityManager(608): 1.8% 1267/Binder_9: 1.8% user + 0% kernel
E/ActivityManager(608): 1.8% 1304/Binder_A: 1.8% user + 0% kernel
E/ActivityManager(608): 1.8% 2235/Binder_C: 0% user + 1.8% kernel
E/ActivityManager(608): 1.8% 2236/Binder_D: 1.8% user + 0% kernel
E/ActivityManager(608): 1.8% 2237/Binder_E: 1.8% user + 0% kernel
E/ActivityManager(608): 1.8% 2238/Binder_F: 0% user + 1.8% kernel
E/ActivityManager(608): 1.8% 2949/Binder_10: 0% user + 1.8% kernel
E/ActivityManager(608): 18% 1123/com.google.process.gapps: 10% user + 7.2% kernel / faults: 410 minor
E/ActivityManager(608): 2.4% 18331/AOS[ClearcutLog: 0% user + 2.4% kernel
E/ActivityManager(608): 1.2% 1123/e.process.gapps: 1.2% user + 0% kernel
E/ActivityManager(608): 1.2% 1465/Binder_3: 1.2% user + 0% kernel
E/ActivityManager(608): +0% 18333/AOS[ClearcutLog: 0% user + 0% kernel
E/ActivityManager(608): 7% 5566/com.google.android.googlequicksearchbox:sear
I/ActivityManager(608): Killing 14129:com.google.android.gms.persistent/u0a7 (adj 1): bg anr
I/WAKELOCK_RELEASE(608): TIMESTAMP=15071859552288, TAG=NlpWakeLock, TYPE=PARTIAL_WAKE_LOCK , COUNT=0, PID=14129, UID=10007, FLAGS=
D/WifiService(608): releaseWifiLockLocked: WifiLock{NlpWifiLock type=2 binder=android.os.BinderProxy@1cb8a463}
D/WifiService(608): Client connection lost with reason: 4
V/BackupManagerService(608): Disconnected from transport ComponentInfo{com.google.android.gms/com.google.android.gms.backup.BackupTransportService}
V/BackupManagerService(608): Registering transport com.google.android.gms/.backup.BackupTransportService::null = null
W/libprocessgroup(608): failed to open /acct/uid_10007/pid_14129/cgroup.procs: No such file or directory
W/ActivityManager(608): Scheduling restart of crashed service com.google.android.gms/com.google.android.location.internal.GoogleLocationManagerService in 1000ms
W/ActivityManager(608): Scheduling restart of crashed service com.google.android.gms/.auth.trustagent.GoogleTrustAgent in 11000ms
W/ActivityManager(608): Scheduling restart of crashed service com.google.android.gms/com.google.android.location.geocode.GeocodeService in 21000ms
W/ActivityManager(608): Scheduling restart of crashed service com.google.android.gms/com.google.android.location.geofencer.service.GeofenceProviderService in 31000ms
W/ActivityManager(608): Scheduling restart of crashed service com.google.android.gms/com.google.android.location.network.NetworkLocationService in 41000ms
W/ActivityManager(608): Scheduling restart of crashed service com.google.android.gms/com.google.android.location.fused.FusedLocationService in 50999ms
W/ActivityManager(608): Scheduling restart of crashed service com.google.android.gms/com.google.android.location.reporting.service.DispatchingService in 60999ms
W/ActivityManager(608): Scheduling restart of crashed service com.google.android.gms/.backup.BackupTransportService in 60999ms
W/ActivityManager(608): Scheduling restart of crashed service com.google.android.gms/com.google.android.location.internal.PendingIntentCallbackService in 70999ms
W/ActivityManager(608): Scheduling restart of crashed service com.google.android.gms/.common.stats.GmsCoreStatsService in 80999ms
W/ActivityManager(608): Scheduling restart of crashed service com.google.android.gms/com.google.android.contextmanager.service.ContextManagerService in 90999ms
W/ActivityManager(608): Scheduling restart of crashed service com.google.android.gms/.deviceconnection.service.DeviceConnectionServiceBroker in 100999ms
W/ActivityManager(608): Scheduling restart of crashed service com.google.android.gms/com.google.android.location.reporting.service.ReportingAndroidService in 110999ms
W/ActivityManager(608): Scheduling restart of crashed service com.google.android.gms/com.google.android.location.internal.server.GoogleLocationService in 120999ms
I/WAKELOCK_ACQUIRE(608): TIMESTAMP=15071959995349, TAG=Icing, TYPE=PARTIAL_WAKE_LOCK , COUNT=0, PID=1509, UID=10007, FLAGS=
I/WAKELOCK_ACQUIRE(608): TIMESTAMP=15071969999975, TAG=AudioIn, TYPE=PARTIAL_WAKE_LOCK , COUNT=0, PID=0, UID=1013, FLAGS=
I/WAKELOCK_RELEASE(608): TIMESTAMP=15071972134428, TAG=AudioIn, TYPE=PARTIAL_WAKE_LOCK , COUNT=0, PID=0, UID=1013, FLAGS=
I/WAKELOCK_ACQUIRE(608): TIMESTAMP=15071976275128, TAG=AudioIn, TYPE=PARTIAL_WAKE_LOCK , COUNT=0, PID=0, UID=1013, FLAGS=
I/WAKELOCK_RELEASE(608): TIMESTAMP=15072005092287, TAG=Icing, TYPE=PARTIAL_WAKE_LOCK , COUNT=0, PID=1509, UID=10007, FLAGS=
I/ActivityManager(608): Start proc com.google.android.gms.persistent for service com.google.android.gms/com.google.android.location.internal.GoogleLocationManagerService: pid=18348 uid=10007 gids={50007, 9997, 2001, 3003, 1007, 3006, 3007, 1028, 1015, 3002, 3001, 1005} abi=x86
W/ResourcesManager(18348): Asset path '/system/framework/com.android.media.remotedisplay.jar' does not exist or contains no resources.
W/ResourcesManager(18348): Asset path '/system/framework/com.android.location.provider.jar' does not exist or contains no resources.
W/ActivityThread(18348): ClassLoader.loadClass: The class loader returned by Thread.getContextClassLoader() may fail for processes that host multiple applications. You should explicitly specify a context class loader. For example: Thread.setContextClassLoader(getClass().getClassLoader());
D/WifiService(608): New client listening to asynchronous messages
I/WAKELOCK_ACQUIRE(608): TIMESTAMP=15073924713844, TAG=Wakeful StateMachine: GeofencerStateMachine, TYPE=PARTIAL_WAKE_LOCK , COUNT=0, PID=18348, UID=10007, FLAGS=
I/WAKELOCK_RELEASE(608): TIMESTAMP=15073926088833, TAG=Wakeful StateMachine: GeofencerStateMachine, TYPE=PARTIAL_WAKE_LOCK , COUNT=0, PID=18348, UID=10007, FLAGS=
I/ActivityManager(608): Start proc com.google.android.gms.wearable for service com.google.android.gms/.wearable.service.WearableService: pid=18380 uid=10007 gids={50007, 9997, 2001, 3003, 1007, 3006, 3007, 1028, 1015, 3002, 3001, 1005} abi=x86
I/ActivityManager(608): START u0 {act=android.intent.action.MAIN cat=[android.intent.category.LAUNCHER] flg=0x10200000 cmp=com.booking/.activity.StartActivity bnds=[1280,814][1536,1116] (has extras)} from uid 10040 on display 0
I/WAKELOCK_ACQUIRE(608): TIMESTAMP=15074207856915, TAG=ActivityManager-Launch, TYPE=PARTIAL_WAKE_LOCK , COUNT=0, PID=608, UID=1000, FLAGS=
I/WAKELOCK_ACQUIRE(608): TIMESTAMP=15074214923871, TAG=GCoreFlp, TYPE=PARTIAL_WAKE_LOCK , COUNT=0, PID=18348, UID=10007, FLAGS= E/EM FG ALGO Iface:(18400): E/EM FG ALGO Iface:(18400): Failed to get File Descriptor
I/WAKELOCK_RELEASE(608): TIMESTAMP=15074257615721, TAG=AudioIn, TYPE=PARTIAL_WAKE_LOCK , COUNT=0, PID=0, UID=1013, FLAGS=
I/WAKELOCK_ACQUIRE(608): TIMESTAMP=15074263333861, TAG=AudioIn, TYPE=PARTIAL_WAKE_LOCK , COUNT=0, PID=0, UID=1013, FLAGS=
I/WAKELOCK_RELEASE(608): TIMESTAMP=15074264464567, TAG=AudioIn, TYPE=PARTIAL_WAKE_LOCK , COUNT=0, PID=0, UID=1013, FLAGS=
I/WAKELOCK_RELEASE(608): TIMESTAMP=15074290147019, TAG=GCoreFlp, TYPE=PARTIAL_WAKE_LOCK , COUNT=0, PID=18348, UID=10007, FLAGS=
W/ResourcesManager(18380): Asset path '/system/framework/com.android.media.remotedisplay.jar' does not exist or contains no resources.
W/ResourcesManager(18380): Asset path '/system/framework/com.android.location.provider.jar' does not exist or contains no resources.
I/WAKELOCK_ACQUIRE(608): TIMESTAMP=15074467860669, TAG=Wakeful StateMachine: GeofencerStateMachine, TYPE=PARTIAL_WAKE_LOCK , COUNT=0, PID=18348, UID=10007, FLAGS=
I/WAKELOCK_RELEASE(608): TIMESTAMP=15074470201545, TAG=Wakeful StateMachine: GeofencerStateMachine, TYPE=PARTIAL_WAKE_LOCK , COUNT=0, PID=18348, UID=10007, FLAGS=
W/ActivityThread(18380): ClassLoader.loadClass: The class loader returned by Thread.getContextClassLoader() may fail for processes that host multiple applications. You should explicitly specify a context class loader. For example: Thread.setContextClassLoader(getClass().getClassLoader());
I/WAKELOCK_ACQUIRE(608): TIMESTAMP=15074566013649, TAG=GCoreFlp, TYPE=PARTIAL_WAKE_LOCK , COUNT=0, PID=18348, UID=10007, FLAGS=
I/WAKELOCK_RELEASE(608): TIMESTAMP=15074575834064, TAG=GCoreFlp, TYPE=PARTIAL_WAKE_LOCK , COUNT=0, PID=18348, UID=10007, FLAGS=
V/BackupManagerService(608): Connected to transport ComponentInfo{com.google.android.gms/com.google.android.gms.backup.BackupTransportService}
I/WAKELOCK_ACQUIRE(608): TIMESTAMP=15074892643626, TAG=ContextManagerWakeLock, TYPE=PARTIAL_WAKE_LOCK , COUNT=0, PID=18348, UID=10007, FLAGS=
I/WAKELOCK_RELEASE(608): TIMESTAMP=15074900041553, TAG=ContextManagerWakeLock, TYPE=PARTIAL_WAKE_LOCK , COUNT=0, PID=18348, UID=10007, FLAGS=
V/BackupManagerService(608): Registering transport com.google.android.gms/.backup.BackupTransportService::com.google.android.gms/.backup.BackupTransportService = com.android.internal.backup.IBackupTransport$Stub$Proxy@27f8055c
I/WAKELOCK_ACQUIRE(608): TIMESTAMP=15075128950295, TAG=ContextManagerWakeLock, TYPE=PARTIAL_WAKE_LOCK , COUNT=0, PID=18348, UID=10007, FLAGS=
I/WAKELOCK_RELEASE(608): TIMESTAMP=15075610343821, TAG=ActivityManager-Launch, TYPE=PARTIAL_WAKE_LOCK , COUNT=0, PID=608, UID=1000, FLAGS=
I/WAKELOCK_ACQUIRE(608): TIMESTAMP=15075629549892, TAG=Wakeful StateMachine: GeofencerStateMachine, TYPE=PARTIAL_WAKE_LOCK , COUNT=0, PID=18348, UID=10007, FLAGS=
I/WAKELOCK_ACQUIRE(608): TIMESTAMP=15075630790374, TAG=GCoreFlp, TYPE=PARTIAL_WAKE_LOCK , COUNT=0, PID=18348, UID=10007, FLAGS=
I/WAKELOCK_RELEASE(608): TIMESTAMP=15075998183415, TAG=GCoreFlp, TYPE=PARTIAL_WAKE_LOCK , COUNT=0, PID=18348, UID=10007, FLAGS=
I/WAKELOCK_RELEASE(608): TIMESTAMP=15076020051385, TAG=Wakeful StateMachine: GeofencerStateMachine, TYPE=PARTIAL_WAKE_LOCK , COUNT=0, PID=18348, UID=10007, FLAGS=
I/WAKELOCK_ACQUIRE(608): TIMESTAMP=15076066694648, TAG=NlpWakeLock, TYPE=PARTIAL_WAKE_LOCK , COUNT=0, PID=18348, UID=10007, FLAGS=
I/WAKELOCK_ACQUIRE(608): TIMESTAMP=15076111809634, TAG=GCoreFlp, TYPE=PARTIAL_WAKE_LOCK , COUNT=0, PID=18348, UID=10007, FLAGS=
I/WAKELOCK_RELEASE(608): TIMESTAMP=15076122022399, TAG=GCoreFlp, TYPE=PARTIAL_WAKE_LOCK , COUNT=0, PID=18348, UID=10007, FLAGS=
V/AlarmManager(608): triggered: act=ALARM_WAKEUP_LOCATOR Pkg: com.google.android.gms
I/WAKELOCK_ACQUIRE(608): TIMESTAMP=15076187380600, TAG=*alarm*, TYPE=PARTIAL_WAKE_LOCK , COUNT=0, PID=608, UID=1000, FLAGS=
I/WAKELOCK_RELEASE(608): TIMESTAMP=15076433453971, TAG=NlpWakeLock, TYPE=PARTIAL_WAKE_LOCK , COUNT=0, PID=18348, UID=10007, FLAGS=
I/WAKELOCK_ACQUIRE(608): TIMESTAMP=15076436774379, TAG=NlpWakeLock, TYPE=PARTIAL_WAKE_LOCK , COUNT=0, PID=18348, UID=10007, FLAGS=
I/WAKELOCK_ACQUIRE(608): TIMESTAMP=15076564782238, TAG=NlpCollectorWakeLock, TYPE=PARTIAL_WAKE_LOCK , COUNT=0, PID=18348, UID=10007, FLAGS=
I/WAKELOCK_ACQUIRE(608): TIMESTAMP=15076570856512, TAG=NlpCollectorWakeLock, TYPE=PARTIAL_WAKE_LOCK , COUNT=0, PID=18348, UID=10007, FLAGS=
I/WAKELOCK_ACQUIRE(608): TIMESTAMP=15076571969650, TAG=NlpCollectorWakeLock, TYPE=PARTIAL_WAKE_LOCK , COUNT=0, PID=18348, UID=10007, FLAGS=
I/WAKELOCK_ACQUIRE(608): TIMESTAMP=15076651567099, TAG=Wakeful StateMachine: GeofencerStateMachine, TYPE=PARTIAL_WAKE_LOCK , COUNT=0, PID=18348, UID=10007, FLAGS=
I/WAKELOCK_RELEASE(608): TIMESTAMP=15076724325423, TAG=Wakeful StateMachine: GeofencerStateMachine, TYPE=PARTIAL_WAKE_LOCK , COUNT=0, PID=18348, UID=10007, FLAGS=
I/WAKELOCK_ACQUIRE(608): TIMESTAMP=15076802835810, TAG=Wakeful StateMachine: GeofencerStateMachine, TYPE=PARTIAL_WAKE_LOCK , COUNT=0, PID=18348, UID=10007, FLAGS=
I/WAKELOCK_RELEASE(608): TIMESTAMP=15076803681890, TAG=Wakeful StateMachine: GeofencerStateMachine, TYPE=PARTIAL_WAKE_LOCK , COUNT=0, PID=18348, UID=10007, FLAGS=
I/WAKELOCK_ACQUIRE(608): TIMESTAMP=15076816529541, TAG=Wakeful StateMachine: GeofencerStateMachine, TYPE=PARTIAL_WAKE_LOCK , COUNT=0, PID=18348, UID=10007, FLAGS=
I/WAKELOCK_RELEASE(608): TIMESTAMP=15076838540035, TAG=*alarm*, TYPE=PARTIAL_WAKE_LOCK , COUNT=0, PID=608, UID=1000, FLAGS=
I/WAKELOCK_ACQUIRE(608): TIMESTAMP=15076844772432, TAG=GCoreFlp, TYPE=PARTIAL_WAKE_LOCK , COUNT=0, PID=18348, UID=10007, FLAGS=
I/WAKELOCK_RELEASE(608): TIMESTAMP=15076847723349, TAG=GCoreFlp, TYPE=PARTIAL_WAKE_LOCK , COUNT=0, PID=18348, UID=10007, FLAGS=
I/WAKELOCK_ACQUIRE(608): TIMESTAMP=15076864980067, TAG=GCoreFlp, TYPE=PARTIAL_WAKE_LOCK , COUNT=0, PID=18348, UID=10007, FLAGS=
I/WAKELOCK_RELEASE(608): TIMESTAMP=15076870523247, TAG=Wakeful StateMachine: GeofencerStateMachine, TYPE=PARTIAL_WAKE_LOCK , COUNT=0, PID=18348, UID=10007, FLAGS=
I/WAKELOCK_RELEASE(608): TIMESTAMP=15076882187309, TAG=GCoreFlp, TYPE=PARTIAL_WAKE_LOCK , COUNT=0, PID=18348, UID=10007, FLAGS=
I/WAKELOCK_RELEASE(608): TIMESTAMP=15076892088087, TAG=NlpWakeLock, TYPE=PARTIAL_WAKE_LOCK , COUNT=0, PID=18348, UID=10007, FLAGS=
I/WAKELOCK_ACQUIRE(608): TIMESTAMP=15076892885303, TAG=NlpWakeLock, TYPE=PARTIAL_WAKE_LOCK , COUNT=0, PID=18348, UID=10007, FLAGS=
I/WAKELOCK_RELEASE(608): TIMESTAMP=15076894758014, TAG=ContextManagerWakeLock, TYPE=PARTIAL_WAKE_LOCK , COUNT=0, PID=18348, UID=10007, FLAGS=
I/WAKELOCK_ACQUIRE(608): TIMESTAMP=15076895397203, TAG=NlpWakeLock, TYPE=PARTIAL_WAKE_LOCK , COUNT=0, PID=18348, UID=10007, FLAGS=
I/WAKELOCK_RELEASE(608): TIMESTAMP=15076900252330, TAG=NlpWakeLock, TYPE=PARTIAL_WAKE_LOCK , COUNT=0, PID=18348, UID=10007, FLAGS=
I/WAKELOCK_ACQUIRE(608): TIMESTAMP=15076900384882, TAG=NlpWakeLock, TYPE=PARTIAL_WAKE_LOCK , COUNT=0, PID=18348, UID=10007, FLAGS=
I/WAKELOCK_ACQUIRE(608): TIMESTAMP=15076903176992, TAG=NlpWakeLock, TYPE=PARTIAL_WAKE_LOCK , COUNT=0, PID=18348, UID=10007, FLAGS=
I/WAKELOCK_RELEASE(608): TIMESTAMP=15076903876456, TAG=NlpWakeLock, TYPE=PARTIAL_WAKE_LOCK , COUNT=0, PID=18348, UID=10007, FLAGS=
I/WAKELOCK_RELEASE(608): TIMESTAMP=15076905423788, TAG=NlpWakeLock, TYPE=PARTIAL_WAKE_LOCK , COUNT=0, PID=18348, UID=10007, FLAGS=
I/WAKELOCK_ACQUIRE(608): TIMESTAMP=15076911342051, TAG=RequestScheduleEvaluatorService, TYPE=PARTIAL_WAKE_LOCK , COUNT=0, PID=5566, UID=10040, FLAGS=
I/WAKELOCK_ACQUIRE(608): TIMESTAMP=15076920857883, TAG=NlpWakeLock, TYPE=PARTIAL_WAKE_LOCK , COUNT=0, PID=18348, UID=10007, FLAGS=
D/WifiService(608): acquireWifiLockLocked: WifiLock{NlpWifiLock type=2 binder=android.os.BinderProxy@3fbc4610}
I/WAKELOCK_RELEASE(608): TIMESTAMP=15076940210006, TAG=NlpWakeLock, TYPE=PARTIAL_WAKE_LOCK , COUNT=0, PID=18348, UID=10007, FLAGS=
I/WAKELOCK_ACQUIRE(608): TIMESTAMP=15076942055669, TAG=RILJ, TYPE=PARTIAL_WAKE_LOCK , COUNT=0, PID=1228, UID=1001, FLAGS=
I/WAKELOCK_RELEASE(608): TIMESTAMP=15076990506110, TAG=RequestScheduleEvaluatorService, TYPE=PARTIAL_WAKE_LOCK , COUNT=0, PID=5566, UID=10040, FLAGS=
I/WAKELOCK_ACQUIRE(608): TIMESTAMP=15076991632533, TAG=RequestScheduleEvaluatorService, TYPE=PARTIAL_WAKE_LOCK , COUNT=0, PID=5566, UID=10040, FLAGS=
I/WAKELOCK_RELEASE(608): TIMESTAMP=15076992964526, TAG=RequestScheduleEvaluatorService, TYPE=PARTIAL_WAKE_LOCK , COUNT=0, PID=5566, UID=10040, FLAGS=
I/WAKELOCK_ACQUIRE(608): TIMESTAMP=15076993975425, TAG=RequestScheduleEvaluatorService, TYPE=PARTIAL_WAKE_LOCK , COUNT=0, PID=5566, UID=10040, FLAGS=
I/WAKELOCK_RELEASE(608): TIMESTAMP=15076995292370, TAG=RequestScheduleEvaluatorService, TYPE=PARTIAL_WAKE_LOCK , COUNT=0, PID=5566, UID=10040, FLAGS=
I/WAKELOCK_ACQUIRE(608): TIMESTAMP=15077111825695, TAG=UlrDispSvcFastWL, TYPE=PARTIAL_WAKE_LOCK , COUNT=0, PID=18348, UID=10007, FLAGS=
I/WAKELOCK_ACQUIRE(608): TIMESTAMP=15077112104706, TAG=NlpWakeLock, TYPE=PARTIAL_WAKE_LOCK , COUNT=0, PID=18348, UID=10007, FLAGS=
I/WAKELOCK_RELEASE(608): TIMESTAMP=15077112769694, TAG=NlpCollectorWakeLock, TYPE=PARTIAL_WAKE_LOCK , COUNT=0, PID=18348, UID=10007, FLAGS=
I/WAKELOCK_RELEASE(608): TIMESTAMP=15077113420475, TAG=NlpCollectorWakeLock, TYPE=PARTIAL_WAKE_LOCK , COUNT=0, PID=18348, UID=10007, FLAGS=
I/WAKELOCK_RELEASE(608): TIMESTAMP=15077114480406, TAG=NlpCollectorWakeLock, TYPE=PARTIAL_WAKE_LOCK , COUNT=0, PID=18348, UID=10007, FLAGS=
I/WAKELOCK_ACQUIRE(608): TIMESTAMP=15077124447844, TAG=GCoreFlp, TYPE=PARTIAL_WAKE_LOCK , COUNT=0, PID=18348, UID=10007, FLAGS=
I/WAKELOCK_RELEASE(608): TIMESTAMP=15077125074217, TAG=GCoreFlp, TYPE=PARTIAL_WAKE_LOCK , COUNT=0, PID=18348, UID=10007, FLAGS=
I/WAKELOCK_ACQUIRE(608): TIMESTAMP=15077139568896, TAG=GCoreFlp, TYPE=PARTIAL_WAKE_LOCK , COUNT=0, PID=18348, UID=10007, FLAGS=
I/WAKELOCK_RELEASE(608): TIMESTAMP=15077147556536, TAG=GCoreFlp, TYPE=PARTIAL_WAKE_LOCK , COUNT=0, PID=18348, UID=10007, FLAGS=
I/WAKELOCK_RELEASE(608): TIMESTAMP=15077308340731, TAG=AudioMix, TYPE=PARTIAL_WAKE_LOCK , COUNT=0, PID=0, UID=1013, FLAGS=
I/WAKELOCK_ACQUIRE(608): TIMESTAMP=15077325155215, TAG=GCoreFlp, TYPE=PARTIAL_WAKE_LOCK , COUNT=0, PID=18348, UID=10007, FLAGS=
I/WAKELOCK_RELEASE(608): TIMESTAMP=15077331839889, TAG=GCoreFlp, TYPE=PARTIAL_WAKE_LOCK , COUNT=0, PID=18348, UID=10007, FLAGS=
I/WAKELOCK_RELEASE(608): TIMESTAMP=15077373756616, TAG=UlrDispSvcFastWL, TYPE=PARTIAL_WAKE_LOCK , COUNT=0, PID=18348, UID=10007, FLAGS=
I/WAKELOCK_ACQUIRE(608): TIMESTAMP=15077386606559, TAG=UlrDispSvcFastWL, TYPE=PARTIAL_WAKE_LOCK , COUNT=0, PID=18348, UID=10007, FLAGS=
V/DeadZone(733): consuming errant click: (752.5101,21.036621)
I/WAKELOCK_RELEASE(608): TIMESTAMP=15077469094578, TAG=UlrDispSvcFastWL, TYPE=PARTIAL_WAKE_LOCK , COUNT=0, PID=18348, UID=10007, FLAGS=
I/ActivityManager(608): START u0 {act=android.intent.action.MAIN cat=[android.intent.category.HOME] flg=0x10200000 cmp=com.google.android.googlequicksearchbox/com.google.android.launcher.GEL} from uid 1000 on display 0
I/WAKELOCK_ACQUIRE(608): TIMESTAMP=15078268399584, TAG=AudioMix, TYPE=PARTIAL_WAKE_LOCK , COUNT=0, PID=0, UID=1013, FLAGS=
I/WAKELOCK_ACQUIRE(608): TIMESTAMP=15078290494138, TAG=ActivityManager-Launch, TYPE=PARTIAL_WAKE_LOCK , COUNT=0, PID=608, UID=1000, FLAGS=
I/WAKELOCK_RELEASE(608): TIMESTAMP=15078398994378, TAG=ActivityManager-Launch, TYPE=PARTIAL_WAKE_LOCK , COUNT=0, PID=608, UID=1000, FLAGS=
I/WAKELOCK_ACQUIRE(608): TIMESTAMP=15078438389293, TAG=Icing, TYPE=PARTIAL_WAKE_LOCK , COUNT=0, PID=1509, UID=10007, FLAGS=
I/WAKELOCK_ACQUIRE(608): TIMESTAMP=15078456600162, TAG=AudioIn, TYPE=PARTIAL_WAKE_LOCK , COUNT=0, PID=0, UID=1013, FLAGS=
I/WAKELOCK_RELEASE(608): TIMESTAMP=15078457837380, TAG=AudioIn, TYPE=PARTIAL_WAKE_LOCK , COUNT=0, PID=0, UID=1013, FLAGS=
I/WAKELOCK_ACQUIRE(608): TIMESTAMP=15078481364162, TAG=AudioIn, TYPE=PARTIAL_WAKE_LOCK , COUNT=0, PID=0, UID=1013, FLAGS=
I/WAKELOCK_RELEASE(608): TIMESTAMP=15078552442218, TAG=Icing, TYPE=PARTIAL_WAKE_LOCK , COUNT=0, PID=1509, UID=10007, FLAGS= E/EM FG ALGO Iface:(18479): E/EM FG ALGO Iface:(18479): Failed to get File Descriptor
I/ActivityManager(608): START u0 {act=android.intent.action.MAIN cat=[android.intent.category.LAUNCHER] flg=0x10200000 cmp=com.kayak.android/.Splash bnds=[256,1418][512,1720] (has extras)} from uid 10040 on display 0
I/WAKELOCK_ACQUIRE(608): TIMESTAMP=15080722013727, TAG=ActivityManager-Launch, TYPE=PARTIAL_WAKE_LOCK , COUNT=0, PID=608, UID=1000, FLAGS=
I/WAKELOCK_RELEASE(608): TIMESTAMP=15080778020471, TAG=AudioIn, TYPE=PARTIAL_WAKE_LOCK , COUNT=0, PID=0, UID=1013, FLAGS=
I/WAKELOCK_ACQUIRE(608): TIMESTAMP=15080780444063, TAG=AudioIn, TYPE=PARTIAL_WAKE_LOCK , COUNT=0, PID=0, UID=1013, FLAGS=
I/WAKELOCK_RELEASE(608): TIMESTAMP=15080782187390, TAG=AudioIn, TYPE=PARTIAL_WAKE_LOCK , COUNT=0, PID=0, UID=1013, FLAGS=
I/WAKELOCK_RELEASE(608): TIMESTAMP=15081874711072, TAG=ActivityManager-Launch, TYPE=PARTIAL_WAKE_LOCK , COUNT=0, PID=608, UID=1000, FLAGS=
E/ActivityThread(16031): Failed to find provider info for com.sfr.android.console.partner.provider
V/AlarmManager(608): triggered: act=com.android.server.WifiManager.action.START_SCAN Pkg: android
I/WAKELOCK_ACQUIRE(608): TIMESTAMP=15081933453106, TAG=*alarm*, TYPE=PARTIAL_WAKE_LOCK , COUNT=0, PID=608, UID=1000, FLAGS=
V/AlarmManager(608): triggered: act=ALARM_WAKEUP_LOCATOR Pkg: com.google.android.gms
I/WAKELOCK_ACQUIRE(608): TIMESTAMP=15081956175052, TAG=RILJ, TYPE=PARTIAL_WAKE_LOCK , COUNT=0, PID=1228, UID=1001, FLAGS=
I/WAKELOCK_ACQUIRE(608): TIMESTAMP=15082165385281, TAG=GCoreFlp, TYPE=PARTIAL_WAKE_LOCK , COUNT=0, PID=18348, UID=10007, FLAGS=
I/WAKELOCK_RELEASE(608): TIMESTAMP=15082166075961, TAG=GCoreFlp, TYPE=PARTIAL_WAKE_LOCK , COUNT=0, PID=18348, UID=10007, FLAGS=
I/ActivityManager(608): START u0 {act=android.intent.action.MAIN cat=[android.intent.category.HOME] flg=0x10200000 cmp=com.google.android.googlequicksearchbox/com.google.android.launcher.GEL} from uid 1000 on display 0
I/WAKELOCK_ACQUIRE(608): TIMESTAMP=15083354952429, TAG=ActivityManager-Launch, TYPE=PARTIAL_WAKE_LOCK , COUNT=0, PID=608, UID=1000, FLAGS=
V/AlarmManager(608): triggered: cmp=com.google.android.googlequicksearchbox/com.google.android.velvet.VelvetBackgroundTasksImpl$Service Pkg: com.google.android.googlequicksearchbox
I/WAKELOCK_RELEASE(608): TIMESTAMP=15083501861621, TAG=ActivityManager-Launch, TYPE=PARTIAL_WAKE_LOCK , COUNT=0, PID=608, UID=1000, FLAGS=
I/WAKELOCK_ACQUIRE(608): TIMESTAMP=15083566986879, TAG=Icing, TYPE=PARTIAL_WAKE_LOCK , COUNT=0, PID=1509, UID=10007, FLAGS=
I/WAKELOCK_ACQUIRE(608): TIMESTAMP=15083571300378, TAG=AudioIn, TYPE=PARTIAL_WAKE_LOCK , COUNT=0, PID=0, UID=1013, FLAGS=
I/WAKELOCK_RELEASE(608): TIMESTAMP=15083575314394, TAG=AudioIn, TYPE=PARTIAL_WAKE_LOCK , COUNT=0, PID=0, UID=1013, FLAGS=
I/WAKELOCK_ACQUIRE(608): TIMESTAMP=15083583781167, TAG=AudioIn, TYPE=PARTIAL_WAKE_LOCK , COUNT=0, PID=0, UID=1013, FLAGS=
I/WAKELOCK_RELEASE(608): TIMESTAMP=15083640489799, TAG=Icing, TYPE=PARTIAL_WAKE_LOCK , COUNT=0, PID=1509, UID=10007, FLAGS= E/EM FG ALGO Iface:(18516): E/EM FG ALGO Iface:(18516): Failed to get File Descriptor
I/ActivityManager(608): START u0 {act=android.intent.action.MAIN cat=[android.intent.category.LAUNCHER] flg=0x10200000 cmp=com.expedia.bookings/.activity.SearchActivity bnds=[0,1418][256,1720] (has extras)} from uid 10040 on display 0
I/WAKELOCK_ACQUIRE(608): TIMESTAMP=15084940163296, TAG=ActivityManager-Launch, TYPE=PARTIAL_WAKE_LOCK , COUNT=0, PID=608, UID=1000, FLAGS=
I/WAKELOCK_RELEASE(608): TIMESTAMP=15084999375583, TAG=AudioIn, TYPE=PARTIAL_WAKE_LOCK , COUNT=0, PID=0, UID=1013, FLAGS=
I/WAKELOCK_ACQUIRE(608): TIMESTAMP=15085001905615, TAG=AudioIn, TYPE=PARTIAL_WAKE_LOCK , COUNT=0, PID=0, UID=1013, FLAGS=
I/WAKELOCK_RELEASE(608): TIMESTAMP=15085002218237, TAG=AudioIn, TYPE=PARTIAL_WAKE_LOCK , COUNT=0, PID=0, UID=1013, FLAGS=
I/ActivityManager(608): Start proc com.expedia.bookings for activity com.expedia.bookings/.activity.TabletResultsActivity: pid=18520 uid=10090 gids={50090, 9997, 3003, 1028, 1015} abi=x86
V/AlarmManager(608): triggered: act=ALARM_WAKEUP15074820 Pkg: com.google.android.gms
V/AlarmManager(608): triggered: act=ALARM_WAKEUP15074820 Pkg: com.google.android.gms
I/WAKELOCK_ACQUIRE(608): TIMESTAMP=15086965294289, TAG=RILJ, TYPE=PARTIAL_WAKE_LOCK , COUNT=0, PID=1228, UID=1001, FLAGS=
I/WAKELOCK_ACQUIRE(608): TIMESTAMP=15087557203937, TAG=ActivityManager-Launch, TYPE=PARTIAL_WAKE_LOCK , COUNT=0, PID=608, UID=1000, FLAGS=
W/ResourcesManager(18520): Asset path '/system/framework/com.android.media.remotedisplay.jar' does not exist or contains no resources.
W/ResourcesManager(18520): Asset path '/system/framework/com.android.location.provider.jar' does not exist or contains no resources.
W/ActivityManager(608): Activity pause timeout for ActivityRecord{e88feb4 u0 com.expedia.bookings/.activity.TabletResultsActivity t138 f}
I/WAKELOCK_RELEASE(608): TIMESTAMP=15088063566986, TAG=AudioMix, TYPE=PARTIAL_WAKE_LOCK , COUNT=0, PID=0, UID=1013, FLAGS=
V/AlarmManager(608): triggered: cmp=com.google.android.googlequicksearchbox/com.google.android.velvet.VelvetBackgroundTasksImpl$Service Pkg: com.google.android.googlequicksearchbox E/EM FG ALGO Iface:(18626): E/EM FG ALGO Iface:(18626): Failed to get File Descriptor
I/WAKELOCK_ACQUIRE(608): TIMESTAMP=15090620678355, TAG=GCoreFlp, TYPE=PARTIAL_WAKE_LOCK , COUNT=0, PID=18348, UID=10007, FLAGS=
I/WAKELOCK_RELEASE(608): TIMESTAMP=15090621585094, TAG=GCoreFlp, TYPE=PARTIAL_WAKE_LOCK , COUNT=0, PID=18348, UID=10007, FLAGS= --------- beginning of main
D/skia_ext(18520): turboImageDecoder took 2.60ms to decode 256x256 (1x downscale)
D/skia_ext(18520): turboImageDecoder took 3.52ms to decode 256x256 (1x downscale)
D/skia_ext(18520): turboImageDecoder took 4.43ms to decode 256x256 (1x downscale)
D/skia_ext(18520): turboImageDecoder took 3.95ms to decode 256x256 (1x downscale)
D/skia_ext(18520): turboImageDecoder took 3.03ms to decode 256x256 (1x downscale)
D/skia_ext(18520): turboImageDecoder took 2.18ms to decode 256x256 (1x downscale)
D/skia_ext(18520): turboImageDecoder took 2.09ms to decode 256x256 (1x downscale)
D/skia_ext(18520): turboImageDecoder took 2.41ms to decode 256x256 (1x downscale)
I/WAKELOCK_RELEASE(608): TIMESTAMP=15091037204405, TAG=ActivityManager-Launch, TYPE=PARTIAL_WAKE_LOCK , COUNT=0, PID=608, UID=1000, FLAGS=
D/skia_ext(18520): turboImageDecoder took 2.77ms to decode 256x256 (1x downscale)
I/art (18520): Background partial concurrent mark sweep GC freed 44221(3MB) AllocSpace objects, 66(2MB) LOS objects, 40% free, 22MB/38MB, paused 20.089ms total 140.292ms
W/CursorWrapperInner(18520): Cursor finalized without prior close()
D/skia_ext(18520): turboImageDecoder took 9.80ms to decode 256x256 (1x downscale)
D/skia_ext(18520): turboImageDecoder took 2.33ms to decode 256x256 (1x downscale)
D/skia_ext(18520): turboImageDecoder took 53.27ms to decode 1536x785 (1x downscale)
D/skia_ext(18520): turboImageDecoder took 2.96ms to decode 256x256 (1x downscale)
D/skia_ext(18520): turboImageDecoder took 1.86ms to decode 256x256 (1x downscale)
D/skia_ext(18520): turboImageDecoder took 9.24ms to decode 256x256 (1x downscale)
D/skia_ext(18520): turboImageDecoder took 1.79ms to decode 256x256 (1x downscale)
D/skia_ext(18520): turboImageDecoder took 1.89ms to decode 256x256 (1x downscale)
D/skia_ext(18520): turboImageDecoder took 2.31ms to decode 256x256 (1x downscale)
D/skia_ext(18520): turboImageDecoder took 1.84ms to decode 256x256 (1x downscale)
D/skia_ext(18520): turboImageDecoder took 2.68ms to decode 256x256 (1x downscale)
D/skia_ext(18520): turboImageDecoder took 6.04ms to decode 256x256 (1x downscale)
D/skia_ext(18520): turboImageDecoder took 2.19ms to decode 256x256 (1x downscale)
D/skia_ext(18520): turboImageDecoder took 1.83ms to decode 256x256 (1x downscale)
D/skia_ext(18520): turboImageDecoder took 2.15ms to decode 256x256 (1x downscale)
D/skia_ext(18520): turboImageDecoder took 1.89ms to decode 256x256 (1x downscale)
D/skia_ext(18520): turboImageDecoder took 2.07ms to decode 256x256 (1x downscale)
D/skia_ext(18520): turboImageDecoder took 2.10ms to decode 256x256 (1x downscale)
D/skia_ext(18520): turboImageDecoder took 1.71ms to decode 256x256 (1x downscale)
D/skia_ext(18520): turboImageDecoder took 2.30ms to decode 256x256 (1x downscale)
D/skia_ext(18520): turboImageDecoder took 2.54ms to decode 256x256 (1x downscale)
D/skia_ext(18520): turboImageDecoder took 2.50ms to decode 256x256 (1x downscale)
D/skia_ext(18520): turboImageDecoder took 2.43ms to decode 256x256 (1x downscale)
D/skia_ext(18520): turboImageDecoder took 2.16ms to decode 256x256 (1x downscale)
D/skia_ext(18520): turboImageDecoder took 2.28ms to decode 256x256 (1x downscale)
D/SVGAndroid(18520): UNRECOGNIZED SVG COMMAND: metadata
D/skia_ext(18520): turboImageDecoder took 1.42ms to decode 256x256 (1x downscale)
D/skia_ext(18520): turboImageDecoder took 1.77ms to decode 256x256 (1x downscale)
D/skia_ext(18520): turboImageDecoder took 1.90ms to decode 256x256 (1x downscale)
D/skia_ext(18520): turboImageDecoder took 1.95ms to decode 256x256 (1x downscale)
D/skia_ext(18520): turboImageDecoder took 2.58ms to decode 256x256 (1x downscale)
D/SVGAndroid(18520): UNRECOGNIZED SVG COMMAND: metadata
D/skia_ext(18520): turboImageDecoder took 2.83ms to decode 256x256 (1x downscale)
D/skia_ext(18520): turboImageDecoder took 2.29ms to decode 256x256 (1x downscale)
D/skia_ext(18520): turboImageDecoder took 2.36ms to decode 256x256 (1x downscale)
D/skia_ext(18520): turboImageDecoder took 2.07ms to decode 256x256 (1x downscale)
D/skia_ext(18520): turboImageDecoder took 2.51ms to decode 256x256 (1x downscale)
E/ivpg-hwc(217): Lost 1 flips
E/ivpg-hwc(217): Lost 1 flips
D/skia_ext(18520): turboImageDecoder took 2.15ms to decode 256x256 (1x downscale)
D/skia_ext(18520): turboImageDecoder took 2.08ms to decode 256x256 (1x downscale)
D/skia_ext(18520): turboImageDecoder took 1.54ms to decode 256x256 (1x downscale)
D/skia_ext(18520): turboImageDecoder took 2.01ms to decode 256x256 (1x downscale)
D/skia_ext(18520): turboImageDecoder took 2.08ms to decode 256x256 (1x downscale)
D/skia_ext(18520): turboImageDecoder took 1.84ms to decode 256x256 (1x downscale)
D/skia_ext(18520): turboImageDecoder took 2.35ms to decode 256x256 (1x downscale)
D/skia_ext(18520): turboImageDecoder took 2.15ms to decode 256x256 (1x downscale)
D/SVGAndroid(18520): UNRECOGNIZED SVG COMMAND: metadata
D/SVGAndroid(18520): UNRECOGNIZED SVG COMMAND: metadata
D/skia_ext(18520): turboImageDecoder took 6.02ms to decode 256x256 (1x downscale)
D/skia_ext(18520): turboImageDecoder took 2.55ms to decode 256x256 (1x downscale)
D/skia_ext(18520): turboImageDecoder took 2.89ms to decode 256x256 (1x downscale)
D/PROPERTY(253): get media.dump_output.befconv: 0
D/PROPERTY(253): get media.dump_output.aftconv: 0
D/AudioIntelHal(253): startStream: output stream.
D/AudioIntelHal/AudioPlatformState(253): route-parameter-manager: Selection criterion changed event: Criterion name: OutputFlags, current state: Primary
D/AudioIntelHal/AudioPlatformState(253): route-parameter-manager: Configuration application request {
D/AudioIntelHal/AudioPlatformState(253): route-parameter-manager: Applying configurations {
D/AudioIntelHal/AudioPlatformState(253): route-parameter-manager: Applying configuration "Selected" from domain "Parameter.Outputflags.Primary"
D/AudioIntelHal/AudioPlatformState(253): route-parameter-manager: Applying configuration "Applicable" from domain "StreamRoute.Media.Playback"
D/AudioIntelHal/AudioPlatformState(253): route-parameter-manager: Applying configuration "Applicable" from domain "Route.HwCodecMedia.Playback"
D/AudioIntelHal/AudioPlatformState(253): route-parameter-manager: } Applying configurations
I/WAKELOCK_ACQUIRE(608): TIMESTAMP=15091927069790, TAG=AudioMix, TYPE=PARTIAL_WAKE_LOCK , COUNT=0, PID=0, UID=1013, FLAGS=
D/AudioIntelHal/AudioPlatformState(253): route-parameter-manager: } Configuration application request
D/EVENT_THREAD(253): void CEventThread::trig(void*, uint32_t): in
D/EVENT_THREAD(253): void CEventThread::trig(void*, uint32_t): out
D/RouteManager(253): doReconsiderRouting: Route state:
D/RouteManager(253): -Previously Enabled Route in Input =
D/RouteManager(253): -Previously Enabled Route in Output =
D/RouteManager(253): -Selected Route in Input =
D/RouteManager(253): -Selected Route in Output = Media|HwCodecMedia
D/RouteManager(253): -executeMuteRoutingStage-
D/RouteManager(253): audio-parameter-manager: Selection criterion changed event: Criterion name: RoutageState, current state: Flow
D/RouteManager(253): audio-parameter-manager: Configuration application request {
D/RouteManager(253): audio-parameter-manager: Applying configurations {
D/RouteManager(253): audio-parameter-manager: } Applying configurations
D/RouteManager(253): audio-parameter-manager: } Configuration application request
D/RouteManager(253): -executeDisableRoutingStage-
D/RouteManager(253): audio-parameter-manager: Selection criterion changed event: Criterion name: RoutageState, current state: Path
D/RouteManager(253): audio-parameter-manager: Configuration application request {
D/RouteManager(253): audio-parameter-manager: Applying configurations {
D/RouteManager(253): audio-parameter-manager: } Applying configurations
D/RouteManager(253): audio-parameter-manager: } Configuration application request
D/RouteManager(253): -executeConfigureRoutingStage-
D/RouteManager(253): audio-parameter-manager: Selection criterion changed event: Criterion name: RoutageState, current state: Configure
D/RouteManager(253): audio-parameter-manager: Selection criterion changed event: Criterion name: OpenedPlaybackRoutes, current state: Media|HwCodecMedia
D/RouteManager(253): audio-parameter-manager: Selection criterion changed event: Criterion name: OutputFlags, current state: primary
D/RouteManager(253): audio-parameter-manager: Configuration application request {
D/RouteManager(253): audio-parameter-manager: Applying configurations {
D/RouteManager(253): audio-parameter-manager: } Applying configurations
D/RouteManager(253): audio-parameter-manager: } Configuration application request
D/RouteManager(253): -executeEnableRoutingStage-
D/RouteManager(253): audio-parameter-manager: Selection criterion changed event: Criterion name: RoutageState, current state: Path|Configure
D/RouteManager(253): audio-parameter-manager: Configuration application request {
D/RouteManager(253): audio-parameter-manager: Applying configurations {
D/RouteManager(253): audio-parameter-manager: Applying configuration "Enable" from domain "Routing.Enable.HWCodec.Playback.Analog.IHF.Out"
D/RouteManager(253): audio-parameter-manager: Applying configuration "Enable" from domain "Routing.Enable.HWCodec.Playback.Analog.IHF.Multimedia"
D/RouteManager(253): audio-parameter-manager: Applying configuration "Enable" from domain "Routing.Enable.HWCodec.Playback.Digital.Multimedia"
D/skia_ext(18520): turboImageDecoder took 2.06ms to decode 256x256 (1x downscale)
D/RouteManager(253): audio-parameter-manager: } Applying configurations
D/RouteManager(253): audio-parameter-manager: } Configuration application request
D/TinyAlsaAudioDevice(253): open: card (baytrailaudio, 0)
D/TinyAlsaAudioDevice(253): config (rate=48000 format=0 channels= 2).
D/TinyAlsaAudioDevice(253): RingBuffer config: periodSize=1152 nbPeriod=4startTh=4607 stop Th=4608 silence Th=0
I/ActivityManager(608): START u0 {act=android.intent.action.MAIN cat=[android.intent.category.HOME] flg=0x10200000 cmp=com.google.android.googlequicksearchbox/com.google.android.launcher.GEL} from uid 1000 on display 0
D/skia_ext(18520): turboImageDecoder took 2.35ms to decode 256x256 (1x downscale)
I/KERNEL (253): [15092.118850] snd_intel_sst: runtime_resume called
I/KERNEL (138): [15092.144338] snd_intel_sst: FW Version 02.08.0a.09
I/KERNEL (138): [15092.144378] snd_intel_sst: Build date Aug 11 2014 Time 10:58:10
I/WAKELOCK_ACQUIRE(608): TIMESTAMP=15092011296384, TAG=ActivityManager-Launch, TYPE=PARTIAL_WAKE_LOCK , COUNT=0, PID=608, UID=1000, FLAGS=
D/AudioConversion(253): configure: no convertion required
D/RouteManager(253): -executeUnmuteRoutingStage-
D/RouteManager(253): audio-parameter-manager: Selection criterion changed event: Criterion name: RoutageState, current state: Flow|Path|Configure
D/RouteManager(253): audio-parameter-manager: Configuration application request {
D/RouteManager(253): audio-parameter-manager: Applying configurations {
D/RouteManager(253): audio-parameter-manager: Applying configuration "Unmute" from domain "Routing.Mute.HWCodec.Playback.IHF"
D/RouteManager(253): audio-parameter-manager: } Applying configurations
D/RouteManager(253): audio-parameter-manager: } Configuration application request
D/RouteManager(253): doReconsiderRouting: DONE
D/EVENT_THREAD(253): void CEventThread::run() Do poll with timeout: -1
E/TinyAlsaStream(253): getFramesAvailable: Unable to get available frames
E/TinyAlsaStream(253): getFramesAvailable: Unable to get available frames
E/TinyAlsaStream(253): getFramesAvailable: Unable to get available frames
E/TinyAlsaStream(253): getFramesAvailable: Unable to get available frames
D/WifiService(608): releaseWifiLockLocked: WifiLock{NlpWifiLock type=2 binder=android.os.BinderProxy@3fbc4610}
I/WAKELOCK_RELEASE(608): TIMESTAMP=15092142125621, TAG=NlpWakeLock, TYPE=PARTIAL_WAKE_LOCK , COUNT=0, PID=18348, UID=10007, FLAGS=
I/WAKELOCK_ACQUIRE(608): TIMESTAMP=15092148426562, TAG=NlpWakeLock, TYPE=PARTIAL_WAKE_LOCK , COUNT=0, PID=18348, UID=10007, FLAGS=
I/WAKELOCK_RELEASE(608): TIMESTAMP=15092152117407, TAG=NlpWakeLock, TYPE=PARTIAL_WAKE_LOCK , COUNT=0, PID=18348, UID=10007, FLAGS=
I/WAKELOCK_ACQUIRE(608): TIMESTAMP=15092152466473, TAG=NlpWakeLock, TYPE=PARTIAL_WAKE_LOCK , COUNT=0, PID=18348, UID=10007, FLAGS=
I/WAKELOCK_ACQUIRE(608): TIMESTAMP=15092153230245, TAG=GCoreFlp, TYPE=PARTIAL_WAKE_LOCK , COUNT=0, PID=18348, UID=10007, FLAGS=
I/WAKELOCK_ACQUIRE(608): TIMESTAMP=15092154128033, TAG=GCoreFlp, TYPE=PARTIAL_WAKE_LOCK , COUNT=0, PID=18348, UID=10007, FLAGS=
I/WAKELOCK_RELEASE(608): TIMESTAMP=15092154676070, TAG=GCoreFlp, TYPE=PARTIAL_WAKE_LOCK , COUNT=0, PID=18348, UID=10007, FLAGS=
I/WAKELOCK_ACQUIRE(608): TIMESTAMP=15092155198392, TAG=GCoreFlp, TYPE=PARTIAL_WAKE_LOCK , COUNT=0, PID=18348, UID=10007, FLAGS=
I/WAKELOCK_RELEASE(608): TIMESTAMP=15092156238330, TAG=NlpWakeLock, TYPE=PARTIAL_WAKE_LOCK , COUNT=0, PID=18348, UID=10007, FLAGS=
I/WAKELOCK_RELEASE(608): TIMESTAMP=15092156906031, TAG=GCoreFlp, TYPE=PARTIAL_WAKE_LOCK , COUNT=0, PID=18348, UID=10007, FLAGS=
I/WAKELOCK_RELEASE(608): TIMESTAMP=15092157632627, TAG=GCoreFlp, TYPE=PARTIAL_WAKE_LOCK , COUNT=0, PID=18348, UID=10007, FLAGS=
I/WAKELOCK_ACQUIRE(608): TIMESTAMP=15092160285850, TAG=NlpWakeLock, TYPE=PARTIAL_WAKE_LOCK , COUNT=0, PID=18348, UID=10007, FLAGS=
I/WAKELOCK_RELEASE(608): TIMESTAMP=15092163187208, TAG=NlpWakeLock, TYPE=PARTIAL_WAKE_LOCK , COUNT=0, PID=18348, UID=10007, FLAGS=
I/WAKELOCK_ACQUIRE(608): TIMESTAMP=15092175917332, TAG=RILJ, TYPE=PARTIAL_WAKE_LOCK , COUNT=0, PID=1228, UID=1001, FLAGS=
D/ (18520): Surface destroy: ANDROID_NATIVE_WINDOW_MAGIC
I/GEL (1268): handleIntent(Intent { act=android.intent.action.MAIN cat=[android.intent.category.HOME] flg=0x10600000 cmp=com.google.android.googlequicksearchbox/com.google.android.launcher.GEL })
D/ (1268): Pixel Format : GGL_PIXEL_FORMAT_RGBA_8888
D/ (1268): Updating FBO content dimensions
D/ (18520): Surface destroy: ANDROID_NATIVE_WINDOW_MAGIC
W/HotwordWorkerImpl(5566): No resources found for locale: it-IT
W/IInputConnectionWrapper(18520): showStatusIcon on inactive InputConnection
I/Keyboard.Facilitator(847): onFinishInput()
I/WAKELOCK_RELEASE(608): TIMESTAMP=15092569810620, TAG=ActivityManager-Launch, TYPE=PARTIAL_WAKE_LOCK , COUNT=0, PID=608, UID=1000, FLAGS=
D/wpa_supplicant(685): wlan0: Control interface command 'SIGNAL_POLL'
I/art (5566): Background sticky concurrent mark sweep GC freed 26042(1703KB) AllocSpace objects, 69(3MB) LOS objects, 22% free, 16MB/20MB, paused 5.966ms total 207.961ms
I/WAKELOCK_ACQUIRE(608): TIMESTAMP=15092830536602, TAG=Icing, TYPE=PARTIAL_WAKE_LOCK , COUNT=0, PID=1509, UID=10007, FLAGS=
I/WAKELOCK_RELEASE(608): TIMESTAMP=15092891439789, TAG=Icing, TYPE=PARTIAL_WAKE_LOCK , COUNT=0, PID=1509, UID=10007, FLAGS=
I/WAKELOCK_ACQUIRE(608): TIMESTAMP=15092902505558, TAG=Icing, TYPE=PARTIAL_WAKE_LOCK , COUNT=0, PID=1509, UID=10007, FLAGS=
I/MicroRecognitionRnrImpl(5566): Starting detection.
I/MicrophoneInputStream(5566): mic_starting com.google.android.apps.gsa.speech.audio.x@28d3e398
D/AudioIntelHal(253): openInputStream: called for devices: 2147483652 and input source: 0x%08x6
D/AudioStream(253): set: requested channel mask: 16 (Channels count: 1)
D/AudioStream(253): set: set channels to 16
D/AudioStream(253): set: requested rate: 16000
D/AudioStream(253): set: set rate to 16000
