D/AudioIntelHal/AudioPlatformState(253): route-parameter-manager: } Configuration application request
D/EVENT_THREAD(253): void CEventThread::trig(void*, uint32_t): in
D/EVENT_THREAD(253): void CEventThread::trig(void*, uint32_t): out
D/RouteManager(253): audio-parameter-manager: Selection criterion changed event: Criterion name: ScreenState, current state: Off
D/RouteManager(253): audio-parameter-manager: Configuration application request {
D/RouteManager(253): audio-parameter-manager: Applying configurations {
D/RouteManager(253): audio-parameter-manager: } Applying configurations
D/RouteManager(253): audio-parameter-manager: } Configuration application request
D/EVENT_THREAD(253): void CEventThread::run() Do poll with timeout: -1
E/audio_a2dp_hw(253): adev_set_parameters: ERROR: set param called even when stream out is null
I/WAKELOCK_ACQUIRE(608): TIMESTAMP=15259291269588, TAG=WifiSuspend, TYPE=PARTIAL_WAKE_LOCK , COUNT=0, PID=608, UID=1000, FLAGS=
E/native (608): do suspend true
D/wpa_supplicant(685): wlan0: Control interface command 'DRIVER SETSUSPENDMODE 1'
D/wpa_supplicant(685): wpa_driver_nl80211_driver_cmd len = 0, 0
I/WAKELOCK_RELEASE(608): TIMESTAMP=15259326989029, TAG=WifiSuspend, TYPE=PARTIAL_WAKE_LOCK , COUNT=0, PID=608, UID=1000, FLAGS=
W/art (5566): Long monitor contention event with owner method=java.lang.String com.google.android.apps.gsa.shared.search.Query.iV(java.lang.String) from Query.java:2100 waiters=0 for 319ms
W/SearchService(5566): Abort, client detached.
D/SurfaceFlinger(217): Set power mode=0, type=0 flinger=0xf6f65000
I/DisplayManagerService(608): Display device changed: DisplayDeviceInfo{"Schermo incorporato": 1536 x 2048, 60.000004 fps, supportedRefreshRates [60.000004], density 320, 260.096 x 260.096 dpi, appVsyncOff 7500000, presDeadline 12666666, touch INTERNAL, rotation 0, type BUILT_IN, state OFF, FLAG_DEFAULT_DISPLAY, FLAG_ROTATES_WITH_CONTENT, FLAG_SECURE, FLAG_SUPPORTS_PROTECTED_BUFFERS}
V/ActivityManager(608): Display changed displayId=0
I/WAKELOCK_ACQUIRE(608): TIMESTAMP=15259636620179, TAG=RILJ, TYPE=PARTIAL_WAKE_LOCK , COUNT=0, PID=1228, UID=1001, FLAGS=
E/ivpg-hwc(217): Lost 1 flips
I/KERNEL (608): [15259.915906] request_suspend_state: sleep (0->3) at 9170065591367 (2015-09-27 15:13:20.701248293 UTC)
I/KERNEL (16709): [15259.915940] Goodix_TS 4-0014: Esd cancelled E/EM FG ALGO Iface:(19557): E/EM FG ALGO Iface:(19557): Failed to get File Descriptor
I/KERNEL (261): [15259.960421] xhci_hcd 0000:00:14.0: power state changed by ACPI to D0
I/KERNEL (16709): [15259.961223] Goodix_TS 4-0014: GTP enter sleep!
I/HotwordDetector(5566): Closing mic
I/KERNEL (261): [15259.980578] xhci_hcd 0000:00:14.0: power state changed by ACPI to D0
I/MicrophoneInputStream(5566): mic_close com.google.android.apps.gsa.speech.audio.x@368bdfa9
I/KERNEL (261): [15260.000475] xhci_hcd 0000:00:14.0: setting latency timer to 64
D/AudioIntelHal(253): stopStream: input stream.
D/AudioIntelHal/AudioPlatformState(253): route-parameter-manager: Selection criterion changed event: Criterion name: InputSources, current state:
D/AudioIntelHal/AudioPlatformState(253): route-parameter-manager: Selection criterion changed event: Criterion name: StatesChanged, current state: InputSources
D/AudioIntelHal/AudioPlatformState(253): route-parameter-manager: Configuration application request {
D/AudioIntelHal/AudioPlatformState(253): route-parameter-manager: Applying configurations {
D/AudioIntelHal/AudioPlatformState(253): route-parameter-manager: Applying configuration "NotSelected" from domain "Parameter.InputSources.VoiceRecognition"
D/AudioIntelHal/AudioPlatformState(253): route-parameter-manager: Applying configuration "NotApplicable" from domain "Route.HwCodecMedia.Capture"
D/AudioIntelHal/AudioPlatformState(253): route-parameter-manager: Applying configuration "Yes" from domain "Route.HWCodec.NeedReconfigure.Capture"
D/AudioIntelHal/AudioPlatformState(253): route-parameter-manager: } Applying configurations
D/AudioIntelHal/AudioPlatformState(253): route-parameter-manager: } Configuration application request
D/EVENT_THREAD(253): void CEventThread::trig(void*, uint32_t): in
D/EVENT_THREAD(253): void CEventThread::trig(void*, uint32_t): out
D/RouteManager(253): doReconsiderRouting: Route state:
D/RouteManager(253): -Previously Enabled Route in Input = Media|HwCodecMedia
D/RouteManager(253): -Previously Enabled Route in Output =
D/RouteManager(253): -Selected Route in Input =
D/RouteManager(253): -Selected Route in Output =
D/RouteManager(253): -executeMuteRoutingStage-
D/RouteManager(253): audio-parameter-manager: Selection criterion changed event: Criterion name: RoutageState, current state: Flow
D/RouteManager(253): audio-parameter-manager: Selection criterion changed event: Criterion name: ClosingCaptureRoutes, current state: Media|HwCodecMedia
D/RouteManager(253): audio-parameter-manager: Selection criterion changed event: Criterion name: OpenedCaptureRoutes, current state:
D/RouteManager(253): audio-parameter-manager: Configuration application request {
D/RouteManager(253): audio-parameter-manager: Applying configurations {
D/RouteManager(253): audio-parameter-manager: Applying configuration "Mute" from domain "Routing.Mute.HWCodec.Capture"
I/KERNEL (16709): [15260.030367] dhd_set_suspend: force extra Suspend setting
I/KERNEL (16709): [15260.050884] dhd_get_suspend_bcn_li_dtim beacon=100 bcn_li_dtim=3 DTIM=1 Listen=3
D/RouteManager(253): audio-parameter-manager: } Applying configurations
D/RouteManager(253): audio-parameter-manager: } Configuration application request
D/RouteManager(253): -executeDisableRoutingStage-
D/RouteManager(253): audio-parameter-manager: Selection criterion changed event: Criterion name: RoutageState, current state: Path
D/RouteManager(253): audio-parameter-manager: Configuration application request {
D/RouteManager(253): audio-parameter-manager: Applying configurations {
D/RouteManager(253): audio-parameter-manager: } Applying configurations
D/RouteManager(253): audio-parameter-manager: } Configuration application request
D/TinyAlsaAudioDevice(253): close
D/RouteManager(253): -executeConfigureRoutingStage-
D/RouteManager(253): audio-parameter-manager: Selection criterion changed event: Criterion name: RoutageState, current state: Configure
D/RouteManager(253): audio-parameter-manager: Selection criterion changed event: Criterion name: ClosingCaptureRoutes, current state:
D/RouteManager(253): audio-parameter-manager: Selection criterion changed event: Criterion name: AudioSource, current state:
D/RouteManager(253): audio-parameter-manager: Configuration application request {
D/RouteManager(253): audio-parameter-manager: Applying configurations {
D/RouteManager(253): audio-parameter-manager: Applying configuration "FrontMic" from domain "InputDevice.Selected"
D/RouteManager(253): audio-parameter-manager: } Applying configurations
D/RouteManager(253): audio-parameter-manager: } Configuration application request
D/RouteManager(253): -executeEnableRoutingStage-
D/RouteManager(253): audio-parameter-manager: Selection criterion changed event: Criterion name: RoutageState, current state: Path|Configure
D/RouteManager(253): audio-parameter-manager: Configuration application request {
D/RouteManager(253): audio-parameter-manager: Applying configurations {
D/RouteManager(253): audio-parameter-manager: } Applying configurations
D/RouteManager(253): audio-parameter-manager: } Configuration application request
D/RouteManager(253): -executeUnmuteRoutingStage-
D/RouteManager(253): audio-parameter-manager: Selection criterion changed event: Criterion name: RoutageState, current state: Flow|Path|Configure
D/RouteManager(253): audio-parameter-manager: Configuration application request {
D/RouteManager(253): audio-parameter-manager: Applying configurations {
D/RouteManager(253): audio-parameter-manager: } Applying configurations
D/RouteManager(253): audio-parameter-manager: } Configuration application request
D/RouteManager(253): doReconsiderRouting: DONE
D/EVENT_THREAD(253): void CEventThread::run() Do poll with timeout: -1
I/KERNEL (253): [15260.061610] snd_intel_sst: runtime_idle called
I/MicroRecognitionRnrImpl(5566): Stopping hotword detection.
D/PowerManagerService-JNI(608): Excessive delay in autosuspend_enable() while turning screen off: 205ms
W/art (608): Long monitor contention event with owner method=void com.android.server.power.PowerManagerService$2.onDisplayStateChange(int) from PowerManagerService.java:1958 waiters=0 for 249ms
W/art (608): Long monitor contention event with owner method=void com.android.server.power.PowerManagerService$2.onDisplayStateChange(int) from PowerManagerService.java:1958 waiters=1 for 104ms
I/WAKELOCK_RELEASE(608): TIMESTAMP=15259989278289, TAG=AudioIn, TYPE=PARTIAL_WAKE_LOCK , COUNT=0, PID=0, UID=1013, FLAGS=
I/WAKELOCK_ACQUIRE(608): TIMESTAMP=15259989479684, TAG=AudioIn, TYPE=PARTIAL_WAKE_LOCK , COUNT=0, PID=0, UID=1013, FLAGS=
I/WAKELOCK_RELEASE(608): TIMESTAMP=15259989761647, TAG=AudioIn, TYPE=PARTIAL_WAKE_LOCK , COUNT=0, PID=0, UID=1013, FLAGS=
I/MicroRecognitionRnrImpl(5566): Detection finished
I/Keyboard.Facilitator(847): onFinishInput()
I/WAKELOCK_RELEASE(608): TIMESTAMP=15260040357318, TAG=ActivityManager-Sleep, TYPE=PARTIAL_WAKE_LOCK , COUNT=0, PID=608, UID=1000, FLAGS=
I/WAKELOCK_ACQUIRE(608): TIMESTAMP=15260065746863, TAG=FbClientConnManager, TYPE=PARTIAL_WAKE_LOCK , COUNT=0, PID=15944, UID=10071, FLAGS=
I/WAKELOCK_ACQUIRE(608): TIMESTAMP=15260096024055, TAG=Wakeful StateMachine: GeofencerStateMachine, TYPE=PARTIAL_WAKE_LOCK , COUNT=0, PID=18348, UID=10007, FLAGS=
I/WAKELOCK_ACQUIRE(608): TIMESTAMP=15260098172464, TAG=GCoreFlp, TYPE=PARTIAL_WAKE_LOCK , COUNT=0, PID=18348, UID=10007, FLAGS=
I/WAKELOCK_RELEASE(608): TIMESTAMP=15260098633382, TAG=GCoreFlp, TYPE=PARTIAL_WAKE_LOCK , COUNT=0, PID=18348, UID=10007, FLAGS=
I/WAKELOCK_RELEASE(608): TIMESTAMP=15260120525028, TAG=Wakeful StateMachine: GeofencerStateMachine, TYPE=PARTIAL_WAKE_LOCK , COUNT=0, PID=18348, UID=10007, FLAGS=
D/ScreenOnOffReceiver(18348): Received intent: Intent { act=android.intent.action.SCREEN_OFF flg=0x50000010 }.
W/IdleConnectionHandler(15944): Removing a connection that never existed!
W/IdleConnectionHandler(15944): Removing a connection that never existed!
W/IdleConnectionHandler(15944): Removing a connection that never existed!
W/IdleConnectionHandler(15944): Removing a connection that never existed!
I/WAKELOCK_RELEASE(608): TIMESTAMP=15261725624644, TAG=FbClientConnManager, TYPE=PARTIAL_WAKE_LOCK , COUNT=0, PID=15944, UID=10071, FLAGS=
I/KERNEL (17739): [15262.060815] snd_intel_sst: runtime_suspend called
I/KERNEL (17739): [15262.090851] acm_suspend[1][ACM4][531][bc2][47][8d][0][1]
I/KERNEL (17739): [15262.092157] acm_suspend[1][ACM3][154a][1b16][178][179][0][1]
I/KERNEL (17739): [15262.130911] [xhci_pci_suspend], xhci_root_hub pointer:0x77179000
I/KERNEL (17739): [15262.131013] XHCI: port 1, portsc 0xc000e63
I/KERNEL (17739): [15262.220935] xhci_hcd 0000:00:14.0: power state changed by ACPI to D3cold
D/WifiService(608): releaseWifiLockLocked: WifiLock{NlpWifiLock type=2 binder=android.os.BinderProxy@16588c28}
I/WAKELOCK_RELEASE(608): TIMESTAMP=15263710232079, TAG=NlpWakeLock, TYPE=PARTIAL_WAKE_LOCK , COUNT=0, PID=18348, UID=10007, FLAGS=
I/WAKELOCK_ACQUIRE(608): TIMESTAMP=15263723083799, TAG=NlpWakeLock, TYPE=PARTIAL_WAKE_LOCK , COUNT=0, PID=18348, UID=10007, FLAGS=
I/WAKELOCK_RELEASE(608): TIMESTAMP=15263726735693, TAG=NlpWakeLock, TYPE=PARTIAL_WAKE_LOCK , COUNT=0, PID=18348, UID=10007, FLAGS=
I/WAKELOCK_ACQUIRE(608): TIMESTAMP=15263728017058, TAG=GCoreFlp, TYPE=PARTIAL_WAKE_LOCK , COUNT=0, PID=18348, UID=10007, FLAGS=
I/WAKELOCK_ACQUIRE(608): TIMESTAMP=15263729605778, TAG=NlpWakeLock, TYPE=PARTIAL_WAKE_LOCK , COUNT=0, PID=18348, UID=10007, FLAGS=
I/WAKELOCK_RELEASE(608): TIMESTAMP=15263730399202, TAG=GCoreFlp, TYPE=PARTIAL_WAKE_LOCK , COUNT=0, PID=18348, UID=10007, FLAGS=
I/WAKELOCK_ACQUIRE(608): TIMESTAMP=15263730673809, TAG=GCoreFlp, TYPE=PARTIAL_WAKE_LOCK , COUNT=0, PID=18348, UID=10007, FLAGS=
I/WAKELOCK_RELEASE(608): TIMESTAMP=15263732349889, TAG=GCoreFlp, TYPE=PARTIAL_WAKE_LOCK , COUNT=0, PID=18348, UID=10007, FLAGS=
I/WAKELOCK_ACQUIRE(608): TIMESTAMP=15263734096696, TAG=GCoreFlp, TYPE=PARTIAL_WAKE_LOCK , COUNT=0, PID=18348, UID=10007, FLAGS=
I/WAKELOCK_RELEASE(608): TIMESTAMP=15263734717189, TAG=NlpWakeLock, TYPE=PARTIAL_WAKE_LOCK , COUNT=0, PID=18348, UID=10007, FLAGS=
I/WAKELOCK_RELEASE(608): TIMESTAMP=15263736960697, TAG=GCoreFlp, TYPE=PARTIAL_WAKE_LOCK , COUNT=0, PID=18348, UID=10007, FLAGS=
I/WAKELOCK_ACQUIRE(608): TIMESTAMP=15263738156023, TAG=NlpWakeLock, TYPE=PARTIAL_WAKE_LOCK , COUNT=0, PID=18348, UID=10007, FLAGS=
I/WAKELOCK_RELEASE(608): TIMESTAMP=15263739669408, TAG=NlpWakeLock, TYPE=PARTIAL_WAKE_LOCK , COUNT=0, PID=18348, UID=10007, FLAGS=
I/WAKELOCK_ACQUIRE(608): TIMESTAMP=15263759546984, TAG=NlpWakeLock, TYPE=PARTIAL_WAKE_LOCK , COUNT=0, PID=18348, UID=10007, FLAGS=
I/WAKELOCK_ACQUIRE(608): TIMESTAMP=15263760717614, TAG=NlpWakeLock, TYPE=PARTIAL_WAKE_LOCK , COUNT=0, PID=18348, UID=10007, FLAGS=
I/WAKELOCK_RELEASE(608): TIMESTAMP=15263761861821, TAG=NlpWakeLock, TYPE=PARTIAL_WAKE_LOCK , COUNT=0, PID=18348, UID=10007, FLAGS=
I/WAKELOCK_ACQUIRE(608): TIMESTAMP=15263762570657, TAG=NlpWakeLock, TYPE=PARTIAL_WAKE_LOCK , COUNT=0, PID=18348, UID=10007, FLAGS=
I/WAKELOCK_ACQUIRE(608): TIMESTAMP=15263762767024, TAG=GCoreFlp, TYPE=PARTIAL_WAKE_LOCK , COUNT=0, PID=18348, UID=10007, FLAGS=
I/WAKELOCK_ACQUIRE(608): TIMESTAMP=15263763160790, TAG=GCoreFlp, TYPE=PARTIAL_WAKE_LOCK , COUNT=0, PID=18348, UID=10007, FLAGS=
I/WAKELOCK_RELEASE(608): TIMESTAMP=15263763363133, TAG=GCoreFlp, TYPE=PARTIAL_WAKE_LOCK , COUNT=0, PID=18348, UID=10007, FLAGS=
I/WAKELOCK_RELEASE(608): TIMESTAMP=15263763808991, TAG=GCoreFlp, TYPE=PARTIAL_WAKE_LOCK , COUNT=0, PID=18348, UID=10007, FLAGS=
I/WAKELOCK_ACQUIRE(608): TIMESTAMP=15263764293141, TAG=GCoreFlp, TYPE=PARTIAL_WAKE_LOCK , COUNT=0, PID=18348, UID=10007, FLAGS=
I/WAKELOCK_RELEASE(608): TIMESTAMP=15263764550203, TAG=NlpWakeLock, TYPE=PARTIAL_WAKE_LOCK , COUNT=0, PID=18348, UID=10007, FLAGS=
I/WAKELOCK_ACQUIRE(608): TIMESTAMP=15263764963049, TAG=Wakeful StateMachine: GeofencerStateMachine, TYPE=PARTIAL_WAKE_LOCK , COUNT=0, PID=18348, UID=10007, FLAGS=
I/WAKELOCK_RELEASE(608): TIMESTAMP=15263765367339, TAG=GCoreFlp, TYPE=PARTIAL_WAKE_LOCK , COUNT=0, PID=18348, UID=10007, FLAGS=
I/WAKELOCK_ACQUIRE(608): TIMESTAMP=15263766185915, TAG=NlpWakeLock, TYPE=PARTIAL_WAKE_LOCK , COUNT=0, PID=18348, UID=10007, FLAGS=
I/WAKELOCK_RELEASE(608): TIMESTAMP=15263768165521, TAG=NlpWakeLock, TYPE=PARTIAL_WAKE_LOCK , COUNT=0, PID=18348, UID=10007, FLAGS=
I/WAKELOCK_ACQUIRE(608): TIMESTAMP=15263769329191, TAG=NlpWakeLock, TYPE=PARTIAL_WAKE_LOCK , COUNT=0, PID=18348, UID=10007, FLAGS= E/EM FG ALGO Iface:(19559): E/EM FG ALGO Iface:(19559): Failed to get File Descriptor
I/WAKELOCK_ACQUIRE(608): TIMESTAMP=15263782783896, TAG=UlrDispSvcFastWL, TYPE=PARTIAL_WAKE_LOCK , COUNT=0, PID=18348, UID=10007, FLAGS=
I/WAKELOCK_RELEASE(608): TIMESTAMP=15263858474369, TAG=UlrDispSvcFastWL, TYPE=PARTIAL_WAKE_LOCK , COUNT=0, PID=18348, UID=10007, FLAGS=
I/WAKELOCK_RELEASE(608): TIMESTAMP=15263873415626, TAG=NlpWakeLock, TYPE=PARTIAL_WAKE_LOCK , COUNT=0, PID=18348, UID=10007, FLAGS=
I/WAKELOCK_ACQUIRE(608): TIMESTAMP=15263897223867, TAG=NlpWakeLock, TYPE=PARTIAL_WAKE_LOCK , COUNT=0, PID=18348, UID=10007, FLAGS=
I/WAKELOCK_RELEASE(608): TIMESTAMP=15263900004817, TAG=NlpWakeLock, TYPE=PARTIAL_WAKE_LOCK , COUNT=0, PID=18348, UID=10007, FLAGS=
I/WAKELOCK_ACQUIRE(608): TIMESTAMP=15263901354630, TAG=NlpWakeLock, TYPE=PARTIAL_WAKE_LOCK , COUNT=0, PID=18348, UID=10007, FLAGS=
I/WAKELOCK_RELEASE(608): TIMESTAMP=15263903055490, TAG=NlpWakeLock, TYPE=PARTIAL_WAKE_LOCK , COUNT=0, PID=18348, UID=10007, FLAGS=
I/WAKELOCK_RELEASE(608): TIMESTAMP=15263903393492, TAG=Wakeful StateMachine: GeofencerStateMachine, TYPE=PARTIAL_WAKE_LOCK , COUNT=0, PID=18348, UID=10007, FLAGS=
I/WAKELOCK_ACQUIRE(608): TIMESTAMP=15263904121108, TAG=NlpWakeLock, TYPE=PARTIAL_WAKE_LOCK , COUNT=0, PID=18348, UID=10007, FLAGS=
I/WAKELOCK_RELEASE(608): TIMESTAMP=15263905701129, TAG=NlpWakeLock, TYPE=PARTIAL_WAKE_LOCK , COUNT=0, PID=18348, UID=10007, FLAGS=
I/WAKELOCK_ACQUIRE(608): TIMESTAMP=15263906266398, TAG=GCoreFlp, TYPE=PARTIAL_WAKE_LOCK , COUNT=0, PID=18348, UID=10007, FLAGS=
I/WAKELOCK_ACQUIRE(608): TIMESTAMP=15263906820651, TAG=NlpWakeLock, TYPE=PARTIAL_WAKE_LOCK , COUNT=0, PID=18348, UID=10007, FLAGS=
D/LocationFilter(18348): Stable location not established yet. Returning original location.
I/WAKELOCK_ACQUIRE(608): TIMESTAMP=15263908095465, TAG=GCoreFlp, TYPE=PARTIAL_WAKE_LOCK , COUNT=0, PID=18348, UID=10007, FLAGS=
I/WAKELOCK_RELEASE(608): TIMESTAMP=15263908722269, TAG=NlpWakeLock, TYPE=PARTIAL_WAKE_LOCK , COUNT=0, PID=18348, UID=10007, FLAGS=
I/WAKELOCK_ACQUIRE(608): TIMESTAMP=15263909073088, TAG=GCoreFlp, TYPE=PARTIAL_WAKE_LOCK , COUNT=0, PID=18348, UID=10007, FLAGS=
I/WAKELOCK_ACQUIRE(608): TIMESTAMP=15263909542033, TAG=GCoreFlp, TYPE=PARTIAL_WAKE_LOCK , COUNT=0, PID=18348, UID=10007, FLAGS=
I/WAKELOCK_ACQUIRE(608): TIMESTAMP=15263909707201, TAG=NlpWakeLock, TYPE=PARTIAL_WAKE_LOCK , COUNT=0, PID=18348, UID=10007, FLAGS=
I/WAKELOCK_RELEASE(608): TIMESTAMP=15263910551408, TAG=GCoreFlp, TYPE=PARTIAL_WAKE_LOCK , COUNT=0, PID=18348, UID=10007, FLAGS=
I/WAKELOCK_ACQUIRE(608): TIMESTAMP=15263912040097, TAG=GCoreFlp, TYPE=PARTIAL_WAKE_LOCK , COUNT=0, PID=18348, UID=10007, FLAGS=
I/WAKELOCK_ACQUIRE(608): TIMESTAMP=15263912364899, TAG=Wakeful StateMachine: GeofencerStateMachine, TYPE=PARTIAL_WAKE_LOCK , COUNT=0, PID=18348, UID=10007, FLAGS=
I/WAKELOCK_RELEASE(608): TIMESTAMP=15263914018611, TAG=GCoreFlp, TYPE=PARTIAL_WAKE_LOCK , COUNT=0, PID=18348, UID=10007, FLAGS=
I/WAKELOCK_RELEASE(608): TIMESTAMP=15263914444777, TAG=NlpWakeLock, TYPE=PARTIAL_WAKE_LOCK , COUNT=0, PID=18348, UID=10007, FLAGS=
I/WAKELOCK_ACQUIRE(608): TIMESTAMP=15263916297712, TAG=NlpWakeLock, TYPE=PARTIAL_WAKE_LOCK , COUNT=0, PID=18348, UID=10007, FLAGS=
I/WAKELOCK_ACQUIRE(608): TIMESTAMP=15263918339873, TAG=UlrDispSvcFastWL, TYPE=PARTIAL_WAKE_LOCK , COUNT=0, PID=18348, UID=10007, FLAGS=
I/WAKELOCK_RELEASE(608): TIMESTAMP=15263919719662, TAG=Wakeful StateMachine: GeofencerStateMachine, TYPE=PARTIAL_WAKE_LOCK , COUNT=0, PID=18348, UID=10007, FLAGS=
I/WAKELOCK_RELEASE(608): TIMESTAMP=15263921843700, TAG=NlpWakeLock, TYPE=PARTIAL_WAKE_LOCK , COUNT=0, PID=18348, UID=10007, FLAGS=
I/WAKELOCK_ACQUIRE(608): TIMESTAMP=15263923254797, TAG=ContextManagerWakeLock, TYPE=PARTIAL_WAKE_LOCK , COUNT=0, PID=18348, UID=10007, FLAGS=
I/libgps (608): proxy_gps_inject_location(45.417471, 9.126056, 20.000000)
D/gpsd (263): WakeLock(Acquire,GPSD)
D/gpsd (263): WakeLock(Release,GPSD)
I/WAKELOCK_ACQUIRE(608): TIMESTAMP=15263928571454, TAG=LocationManagerService, TYPE=PARTIAL_WAKE_LOCK , COUNT=0, PID=608, UID=1000, FLAGS=
I/WAKELOCK_ACQUIRE(608): TIMESTAMP=15263928995772, TAG=LocationManagerService, TYPE=PARTIAL_WAKE_LOCK , COUNT=0, PID=608, UID=1000, FLAGS=
I/WAKELOCK_ACQUIRE(608): TIMESTAMP=15263929624545, TAG=LocationManagerService, TYPE=PARTIAL_WAKE_LOCK , COUNT=0, PID=608, UID=1000, FLAGS=
I/WAKELOCK_RELEASE(608): TIMESTAMP=15263930256630, TAG=LocationManagerService, TYPE=PARTIAL_WAKE_LOCK , COUNT=0, PID=608, UID=1000, FLAGS=
I/WAKELOCK_RELEASE(608): TIMESTAMP=15263931127957, TAG=LocationManagerService, TYPE=PARTIAL_WAKE_LOCK , COUNT=0, PID=608, UID=1000, FLAGS=
I/GCoreUlr(18348): Successfully inserted 1 locations
I/WAKELOCK_ACQUIRE(608): TIMESTAMP=15263974171070, TAG=NlpCollectorWakeLock, TYPE=PARTIAL_WAKE_LOCK , COUNT=0, PID=18348, UID=10007, FLAGS=
D/WifiService(608): acquireWifiLockLocked: WifiLock{NlpWifiLock type=2 binder=android.os.BinderProxy@38be42d4}
I/GCoreUlr(18348): Not calling LocationReporter, hasMoved: false, elapsed millis: 61033, request: Stationary(3600000)
I/WAKELOCK_RELEASE(608): TIMESTAMP=15264002489260, TAG=GCoreFlp, TYPE=PARTIAL_WAKE_LOCK , COUNT=0, PID=18348, UID=10007, FLAGS=
I/WAKELOCK_RELEASE(608): TIMESTAMP=15264003069373, TAG=GCoreFlp, TYPE=PARTIAL_WAKE_LOCK , COUNT=0, PID=18348, UID=10007, FLAGS=
I/WAKELOCK_RELEASE(608): TIMESTAMP=15264003370500, TAG=UlrDispSvcFastWL, TYPE=PARTIAL_WAKE_LOCK , COUNT=0, PID=18348, UID=10007, FLAGS=
I/WAKELOCK_RELEASE(608): TIMESTAMP=15264003618826, TAG=GCoreFlp, TYPE=PARTIAL_WAKE_LOCK , COUNT=0, PID=18348, UID=10007, FLAGS=
I/WAKELOCK_RELEASE(608): TIMESTAMP=15264003956733, TAG=LocationManagerService, TYPE=PARTIAL_WAKE_LOCK , COUNT=0, PID=608, UID=1000, FLAGS=
I/WAKELOCK_ACQUIRE(608): TIMESTAMP=15264065937574, TAG=GpsLocationProvider, TYPE=PARTIAL_WAKE_LOCK , COUNT=0, PID=608, UID=1000, FLAGS=
E/WifiStateMachine(608): WifiStateMachine CMD_START_SCAN source -2 txSuccessRate=0,00 rxSuccessRate=0,00 targetRoamBSSID=e0:10:7f:ab:42:a8 RSSI=-52
E/WifiStateMachine(608): WifiStateMachine starting scan for "e-tab"WPA_PSK with 2412,2462
D/wpa_supplicant(685): wlan0: Control interface command 'SCAN TYPE=ONLY freq=2412,2462'
D/wpa_supplicant(685): wlan0: Setting scan request: 0.000000 sec
D/wpa_supplicant(685): wlan0: Starting AP scan for wildcard SSID
D/wpa_supplicant(685): WPS: Building WPS IE for Probe Request
D/wpa_supplicant(685): WPS: * Version (hardcoded 0x10)
D/wpa_supplicant(685): WPS: * Request Type
D/wpa_supplicant(685): WPS: * Config Methods (4288)
D/wpa_supplicant(685): WPS: * UUID-E
D/wpa_supplicant(685): WPS: * Primary Device Type
D/wpa_supplicant(685): WPS: * RF Bands (3)
D/wpa_supplicant(685): WPS: * Association State
D/wpa_supplicant(685): WPS: * Configuration Error (0)
D/wpa_supplicant(685): WPS: * Device Password ID (0)
D/wpa_supplicant(685): WPS: * Manufacturer
D/wpa_supplicant(685): WPS: * Model Name
D/wpa_supplicant(685): WPS: * Model Number
D/wpa_supplicant(685): WPS: * Device Name
D/wpa_supplicant(685): WPS: * Version2 (0x20)
D/wpa_supplicant(685): P2P: * P2P IE header
D/wpa_supplicant(685): P2P: * Capability dev=25 group=00
D/wpa_supplicant(685): P2P: * Listen Channel: Regulatory Class 81 Channel 1
D/wpa_supplicant(685): wlan0: Limit manual scan to specified channels
D/wpa_supplicant(685): wlan0: Add radio work 'scan'@0xf6e18580
D/wpa_supplicant(685): wlan0: First radio work item in the queue - schedule start immediately
D/wpa_supplicant(685): wlan0: Starting radio work 'scan'@0xf6e18580 after 0.000022 second wait
D/wpa_supplicant(685): wlan0: nl80211: scan request
I/WAKELOCK_RELEASE(608): TIMESTAMP=15264070661711, TAG=*alarm*, TYPE=PARTIAL_WAKE_LOCK , COUNT=0, PID=608, UID=1000, FLAGS=
D/wpa_supplicant(685): Scan requested (ret=0) - scan timeout 30 seconds
D/wpa_supplicant(685): nl80211: Drv Event 33 (NL80211_CMD_TRIGGER_SCAN) received for wlan0
D/wpa_supplicant(685): wlan0: nl80211: Scan trigger
D/wpa_supplicant(685): wlan0: Event SCAN_STARTED (49) received
D/wpa_supplicant(685): wlan0: Own scan request started a scan in 0.000064 seconds
I/wpa_supplicant(685): wlan0: CTRL-EVENT-SCAN-STARTED
D/wpa_supplicant(685): CTRL_IFACE monitor sent successfully to /data/misc/wifi/sockets/wpa_ctrl_608-2\x00
I/libgps (608): proxy_gps_set_position_mode: mode(1), recurrence(0), min_interval(1000), preferred_accuracy(0), preferred_time(0)
I/libgps (608): proxy_gps_start()
D/gpsd (263): WakeLock(Acquire,GPSD)
I/WAKELOCK_RELEASE(608): TIMESTAMP=15264115367727, TAG=GpsLocationProvider, TYPE=PARTIAL_WAKE_LOCK , COUNT=0, PID=608, UID=1000, FLAGS=
D/gpsd (263): WakeLock(Release,GPSD)
D/gpsd (263): WakeLock(Acquire,GPSD)
D/gpsd (263): WakeLock(Release,GPSD)
D/gpsd (263): WakeLock(Acquire,GPSD)
D/wpa_supplicant(685): nl80211: Drv Event 34 (NL80211_CMD_NEW_SCAN_RESULTS) received for wlan0
D/wpa_supplicant(685): wlan0: nl80211: New scan results available
D/wpa_supplicant(685): nl80211: Scan probed for SSID ''
D/wpa_supplicant(685): nl80211: Scan included frequencies: 2412 2462
D/wpa_supplicant(685): wlan0: Event SCAN_RESULTS (3) received
D/wpa_supplicant(685): wlan0: Scan completed in 0.096467 seconds
D/wpa_supplicant(685): nl80211: Associated on 2462 MHz
D/wpa_supplicant(685): nl80211: Associated with e0:10:7f:ab:42:a8
D/wpa_supplicant(685): nl80211: Received scan results (12 BSSes)
D/wpa_supplicant(685): nl80211: Scan results indicate BSS status with e0:10:7f:ab:42:a8 as associated
D/wpa_supplicant(685): wlan0: BSS: Start scan result update 226
D/wpa_supplicant(685): BSS: last_scan_res_used=12/32
D/wpa_supplicant(685): Add access point on channel 60 [BANNED]
D/wpa_supplicant(685): Add access point on channel 60 [BANNED]
D/wpa_supplicant(685): Best Operating channel is = 44
D/wpa_supplicant(685): wlan0: Scan-only results received
D/wpa_supplicant(685): CTRL_IFACE monitor sent successfully to /data/misc/wifi/sockets/wpa_ctrl_608-2\x00
D/wpa_supplicant(685): wlan0: Radio work 'scan'@0xf6e18580 done in 0.115743 seconds
D/wpa_supplicant(685): RTM_NEWLINK: ifi_index=6 ifname=wlan0 wext ifi_flags=0x11043 ([UP][RUNNING][LOWER_UP])
D/wpa_supplicant(685): wlan0: Control interface command 'BSS RANGE=0- MASK=0x21987'
D/wpa_supplicant(685): wlan0: Control interface command 'STATUS-NO_EVENTS'
I/KERNEL (212): [15264.496798] type=1400 audit(1443366805.268:250): avc: denied { read } for pid=5566 comm="earchbox:search" path=2F6465762F6173686D656D2F64616C76696B2D616C6C6F63207370616365202864656C6574656429 dev="tmpfs" ino=11231 scontext=u:r:untrusted_app:s0 tcontext=u:object_r:init_tmpfs:s0 tclass=file result=0
I/WAKELOCK_RELEASE(608): TIMESTAMP=15264413713857, TAG=NlpWakeLock, TYPE=PARTIAL_WAKE_LOCK , COUNT=0, PID=18348, UID=10007, FLAGS=
I/WAKELOCK_RELEASE(608): TIMESTAMP=15264417256587, TAG=NlpWakeLock, TYPE=PARTIAL_WAKE_LOCK , COUNT=0, PID=18348, UID=10007, FLAGS=
E/SQLiteLog(18348): (2067) abort at 35 in [INSERT INTO context(context_name,end_time,context_family,module_id,version,sync_state_mod_time_millis,start_time,sync_state,context_id,time_type,proto_blob) VALUES (?,?,?,?,?,?,?,?,?,?,?)]: UNI
I/gpsd (263): GlEngineOnStart(0, 0)
I/KERNEL (263): [15264.620477] DW HSU: Can't find LPIO1 DMA controller by PCI, try ACPI
I/gpsd (263): GpsHalPowerControlRuntimePm(disable)
D/gpsd (263): CALL_SENTRY(main()): GlEngine::OnStart took 208 ms (from 15264262 to 15264470) (logOverhead=0,0,0), start: 17:13:25.231
E/SQLiteDatabase(18348): Error inserting context_name=6 end_time=1443366805379 context_family=1 module_id=com.google.android.contextmanager.module.DetectedActivityProducer version=1 sync_state_mod_time_millis=1443366805387 start_time=1443366743836 sync_state=0 context_id=0b85783f-2c2a-4516-aef6-f70490838944 time_type=3 proto_blob=[B@b5185b9
E/SQLiteDatabase(18348): android.database.sqlite.SQLiteConstraintException: UNIQUE constraint failed: context.context_id (code 2067)
E/SQLiteDatabase(18348): at android.database.sqlite.SQLiteConnection.nativeExecuteForLastInsertedRowId(Native Method)
E/SQLiteDatabase(18348): at android.database.sqlite.SQLiteConnection.executeForLastInsertedRowId(SQLiteConnection.java:782)
E/SQLiteDatabase(18348): at android.database.sqlite.SQLiteSession.executeForLastInsertedRowId(SQLiteSession.java:788)
E/SQLiteDatabase(18348): at android.database.sqlite.SQLiteStatement.executeInsert(SQLiteStatement.java:86)
E/SQLiteDatabase(18348): at android.database.sqlite.SQLiteDatabase.insertWithOnConflict(SQLiteDatabase.java:1471)
E/SQLiteDatabase(18348): at android.database.sqlite.SQLiteDatabase.insert(SQLiteDatabase.java:1341)
E/SQLiteDatabase(18348): at com.google.android.contextmanager.q.al.a(SourceFile:408)
E/SQLiteDatabase(18348): at com.google.android.contextmanager.q.al.b(SourceFile:383)
E/SQLiteDatabase(18348): at com.google.android.contextmanager.q.al.a(SourceFile:349)
E/SQLiteDatabase(18348): at com.google.android.contextmanager.q.al.b(SourceFile:376)
E/SQLiteDatabase(18348): at com.google.android.contextmanager.g.a.j.a(SourceFile:58)
E/SQLiteDatabase(18348): at com.google.android.contextmanager.g.a.a.run(SourceFile:52)
E/SQLiteDatabase(18348): at com.google.android.contextmanager.g.i.handleMessage(SourceFile:215)
E/SQLiteDatabase(18348): at android.os.Handler.dispatchMessage(Handler.java:102)
E/SQLiteDatabase(18348): at android.os.Looper.loop(Looper.java:135)
E/SQLiteDatabase(18348): at android.os.HandlerThread.run(HandlerThread.java:61)
D/gpsd (263): WakeLock(Acquire,SUPL)
D/gpsd (263): CALL_SENTRY(main()): marshal_gps_start took 541 ms (from 15264143 to 15264684) (logOverhead=0,0,0), start: 17:13:25.111
D/gpsd (263): CALL_SENTRY(main()): ProcessEvent took 541 ms (from 15264143 to 15264684) (logOverhead=0,0,0), start: 17:13:25.112
I/libgps (608): OnGpsExtensionMessage: MSG_REQUEST_LOCATION_ID CELLID, MAC and ENHANCED CELLID
I/libgps (608): proxy_agps_ril_request_refloc_cb: flags(7)
I/WAKELOCK_RELEASE(608): TIMESTAMP=15264680645813, TAG=ContextManagerWakeLock, TYPE=PARTIAL_WAKE_LOCK , COUNT=0, PID=18348, UID=10007, FLAGS=
I/WAKELOCK_ACQUIRE(608): TIMESTAMP=15264686498411, TAG=RILJ, TYPE=PARTIAL_WAKE_LOCK , COUNT=0, PID=1228, UID=1001, FLAGS=
V/AlarmManager(608): triggered: act=com.facebook.analytics.service.AnalyticsEventUploader.ACTION_ALARM Pkg: com.facebook.pages.app
I/WAKELOCK_ACQUIRE(608): TIMESTAMP=15264801979041, TAG=*alarm*, TYPE=PARTIAL_WAKE_LOCK , COUNT=0, PID=608, UID=1000, FLAGS=
V/AlarmManager(608): triggered: act=com.facebook.analytics.service.a.ACTION_ALARM Pkg: com.facebook.orca
V/AlarmManager(608): triggered: act=com.android.internal.policy.impl.PhoneWindowManager.DELAYED_KEYGUARD Pkg: com.android.systemui
V/AlarmManager(608): triggered: cmp=com.google.android.googlequicksearchbox/com.google.android.velvet.VelvetBackgroundTasksImpl$Service Pkg: com.google.android.googlequicksearchbox
W/art (5566): Suspending all threads took: 5.391ms
D/gpsd (263): $PGLOR,0,RID,4752,17,19,13,213919*0C
I/WAKELOCK_ACQUIRE(608): TIMESTAMP=15265021157956, TAG=show keyguard, TYPE=PARTIAL_WAKE_LOCK , COUNT=0, PID=733, UID=10019, FLAGS=
I/WAKELOCK_RELEASE(608): TIMESTAMP=15265021876512, TAG=*alarm*, TYPE=PARTIAL_WAKE_LOCK , COUNT=0, PID=608, UID=1000, FLAGS=
W/VibratorService(608): Tried to stop vibrating but there is no vibrator device.
D/PhoneStatusBar(733): disable: < expand ICONS* alerts SYSTEM_INFO* back home recent clock search > D/BluetoothAdapter(733): 918621972: getState() : mService = null. Returning STATE_OFF
D/BluetoothAdapter(733): 918621972: getState() : mService = null. Returning STATE_OFF
D/BluetoothAdapter(733): 918621972: getState() : mService = null. Returning STATE_OFF
D/BluetoothAdapter(733): 918621972: getState() : mService = null. Returning STATE_OFF
I/WAKELOCK_RELEASE(608): TIMESTAMP=15265339142732, TAG=show keyguard, TYPE=PARTIAL_WAKE_LOCK , COUNT=0, PID=733, UID=10019, FLAGS=
D/ (733): Surface destroy: ANDROID_NATIVE_WINDOW_MAGIC
I/KERNEL (733): [15265.721604] i915 0000:00:02.0: setting latency timer to 64
D/ (733): Pixel Format : GGL_PIXEL_FORMAT_RGBA_8888
D/ (733): Updating FBO content dimensions
I/KERNEL (733): [15265.724978] [drm:valleyview_enable_rps] *ERROR* GT fifo had a previous error 10
D/ (733): Surface destroy: ANDROID_NATIVE_WINDOW_MAGIC
D/PhoneStatusBar(733): disable: < expand ICONS alerts SYSTEM_INFO back HOME* RECENT* clock SEARCH* > D/wpa_supplicant(685): wlan0: BSS: Remove id 927 BSSID d0:d4:12:f3:c9:62 SSID 'FASTWEB-1-J711x7RdMtKn' due to wpa_bss_flush_by_age
D/wpa_supplicant(685): CTRL_IFACE monitor sent successfully to /data/misc/wifi/sockets/wpa_ctrl_608-2\x00
D/gpsd (263): WakeLock(Release,SUPL)
V/AlarmManager(608): triggered: act=com.facebook.common.executors.WakingExecutorService.ACTION_ALARM.com.facebook.pages.app.Mqtt_Wakeup pkg=com.facebook.pages.app Pkg: com.facebook.pages.app
I/WAKELOCK_ACQUIRE(608): TIMESTAMP=15268682503448, TAG=*alarm*, TYPE=PARTIAL_WAKE_LOCK , COUNT=0, PID=608, UID=1000, FLAGS=
I/WAKELOCK_RELEASE(608): TIMESTAMP=15268686363409, TAG=*alarm*, TYPE=PARTIAL_WAKE_LOCK , COUNT=0, PID=608, UID=1000, FLAGS=
V/AlarmManager(608): triggered: act=com.facebook.common.executors.WakingExecutorService.ACTION_ALARM.com.facebook.katana.Mqtt_Wakeup pkg=com.facebook.katana Pkg: com.facebook.katana
I/WAKELOCK_ACQUIRE(608): TIMESTAMP=15268796512369, TAG=*alarm*, TYPE=PARTIAL_WAKE_LOCK , COUNT=0, PID=608, UID=1000, FLAGS=
I/KERNEL (221): [15268.994731] iTCO_wdt: iTCO_wdt_keepalive
I/WAKELOCK_RELEASE(608): TIMESTAMP=15268914686302, TAG=*alarm*, TYPE=PARTIAL_WAKE_LOCK , COUNT=0, PID=608, UID=1000, FLAGS=
V/AlarmManager(608): triggered: act=com.facebook.common.executors.do.ACTION_ALARM.com.facebook.orca.Mqtt_Wakeup pkg=com.facebook.orca Pkg: com.facebook.orca
I/WAKELOCK_ACQUIRE(608): TIMESTAMP=15269208129700, TAG=*alarm*, TYPE=PARTIAL_WAKE_LOCK , COUNT=0, PID=608, UID=1000, FLAGS=
I/WAKELOCK_RELEASE(608): TIMESTAMP=15269291120613, TAG=*alarm*, TYPE=PARTIAL_WAKE_LOCK , COUNT=0, PID=608, UID=1000, FLAGS= E/EM FG ALGO Iface:(19570): E/EM FG ALGO Iface:(19570): Failed to get File Descriptor
E/GpsLocationProvider(608): Error getting cell location info.
I/libgps (608): proxy_agps_ril_set_ref_location: agps_reflocation->type(3)
D/libgps (608): CALL_SENTRY(lib): HandleGpsExtensionMessage took 5004 ms (from 15264684 to 15269688) (logOverhead=0,0,0), start: 17:13:25.652
I/libgps (608): proxy_agps_ril_request_setid_cb: flags(1)
D/GpsLocationProvider(608): NTP server returned: 1443351618419 (Sun Sep 27 13:00:18 CEST 2015) reference: 77450 certainty: 572 system time offset: -15192239
I/libgps (608): proxy_gps_inject_time()
I/libgps (608): proxy_gps_inject_time(1443351618419, 77450, 572)
I/libgps (608): proxy_gps_inject_time: exit
I/WAKELOCK_ACQUIRE(608): TIMESTAMP=15269688944553, TAG=GpsLocationProvider, TYPE=PARTIAL_WAKE_LOCK , COUNT=0, PID=608, UID=1000, FLAGS=
I/WAKELOCK_RELEASE(608): TIMESTAMP=15269692098209, TAG=GpsLocationProvider, TYPE=PARTIAL_WAKE_LOCK , COUNT=0, PID=608, UID=1000, FLAGS=
I/WAKELOCK_ACQUIRE(608): TIMESTAMP=15270864365968, TAG=*alarm*, TYPE=PARTIAL_WAKE_LOCK , COUNT=0, PID=608, UID=1000, FLAGS=
I/WAKELOCK_RELEASE(608): TIMESTAMP=15270917843688, TAG=*alarm*, TYPE=PARTIAL_WAKE_LOCK , COUNT=0, PID=608, UID=1000, FLAGS= E/EM FG ALGO Iface:(19574): E/EM FG ALGO Iface:(19574): Failed to get File Descriptor
D/gpsd (263): WakeLock(Acquire,SUPL)
I/libgps (608): OnGpsExtensionMessage: MSG_REQUEST_LOCATION_ID CELLID, MAC and ENHANCED CELLID
I/libgps (608): proxy_agps_ril_request_refloc_cb: flags(7)
I/WAKELOCK_ACQUIRE(608): TIMESTAMP=15274656427226, TAG=RILJ, TYPE=PARTIAL_WAKE_LOCK , COUNT=0, PID=1228, UID=1001, FLAGS=
V/AlarmManager(608): triggered: act=ALARM_WAKEUP15074820 Pkg: com.google.android.gms
I/WAKELOCK_ACQUIRE(608): TIMESTAMP=15274678367640, TAG=*alarm*, TYPE=PARTIAL_WAKE_LOCK , COUNT=0, PID=608, UID=1000, FLAGS=
I/WAKELOCK_ACQUIRE(608): TIMESTAMP=15274680244034, TAG=ContextManagerWakeLock, TYPE=PARTIAL_WAKE_LOCK , COUNT=0, PID=18348, UID=10007, FLAGS=
I/WAKELOCK_RELEASE(608): TIMESTAMP=15274680675312, TAG=*alarm*, TYPE=PARTIAL_WAKE_LOCK , COUNT=0, PID=608, UID=1000, FLAGS=
I/WAKELOCK_RELEASE(608): TIMESTAMP=15274681197118, TAG=ContextManagerWakeLock, TYPE=PARTIAL_WAKE_LOCK , COUNT=0, PID=18348, UID=10007, FLAGS=
D/gpsd (263): WakeLock(Release,SUPL)
I/KERNEL (221): [15278.995299] iTCO_wdt: iTCO_wdt_keepalive
V/AlarmManager(608): triggered: act=com.facebook.common.executors.WakingExecutorService.ACTION_ALARM.com.facebook.pages.app.Mqtt_Wakeup pkg=com.facebook.pages.app Pkg: com.facebook.pages.app
I/WAKELOCK_ACQUIRE(608): TIMESTAMP=15278884406821, TAG=*alarm*, TYPE=PARTIAL_WAKE_LOCK , COUNT=0, PID=608, UID=1000, FLAGS=
I/WAKELOCK_RELEASE(608): TIMESTAMP=15278980163762, TAG=*alarm*, TYPE=PARTIAL_WAKE_LOCK , COUNT=0, PID=608, UID=1000, FLAGS= E/EM FG ALGO Iface:(19575): E/EM FG ALGO Iface:(19575): Failed to get File Descriptor
E/GpsLocationProvider(608): Error getting cell location info.
I/libgps (608): proxy_agps_ril_set_ref_location: agps_reflocation->type(3)
D/libgps (608): CALL_SENTRY(lib): HandleGpsExtensionMessage took 5004 ms (from 15274654 to 15279658) (logOverhead=0,0,0), start: 17:13:35.622
V/AlarmManager(608): triggered: act=com.facebook.push.mqtt.keepalive.KeepaliveManager.ACTION_INEXACT_ALARM.com.facebook.pages.app pkg=com.facebook.pages.app Pkg: com.facebook.pages.app
I/WAKELOCK_ACQUIRE(608): TIMESTAMP=15284067446574, TAG=*alarm*, TYPE=PARTIAL_WAKE_LOCK , COUNT=0, PID=608, UID=1000, FLAGS=
V/AlarmManager(608): triggered: act=ALARM_WAKEUP_PASSIVE_COLLECTOR Pkg: com.google.android.gms
I/WAKELOCK_ACQUIRE(608): TIMESTAMP=15284085189086, TAG=GpsLocationProvider, TYPE=PARTIAL_WAKE_LOCK , COUNT=0, PID=608, UID=1000, FLAGS=
D/WifiService(608): releaseWifiLockLocked: WifiLock{NlpWifiLock type=2 binder=android.os.BinderProxy@38be42d4}
I/WAKELOCK_RELEASE(608): TIMESTAMP=15284112478833, TAG=NlpCollectorWakeLock, TYPE=PARTIAL_WAKE_LOCK , COUNT=0, PID=18348, UID=10007, FLAGS=
I/WAKELOCK_RELEASE(608): TIMESTAMP=15284113800590, TAG=*alarm*, TYPE=PARTIAL_WAKE_LOCK , COUNT=0, PID=608, UID=1000, FLAGS=
I/libgps (608): proxy_gps_stop()
I/WAKELOCK_RELEASE(608): TIMESTAMP=15284133129278, TAG=GpsLocationProvider, TYPE=PARTIAL_WAKE_LOCK , COUNT=0, PID=608, UID=1000, FLAGS= E/EM FG ALGO Iface:(19576): E/EM FG ALGO Iface:(19576): Failed to get File Descriptor
I/gpsd (263): GlEngineOnStop(0, 0)
D/gpsd (263): WakeLock(Release,GPSD)
I/gpsd (263): GpsHalPowerControlRuntimePm(enable)
I/KERNEL (221): [15288.995883] iTCO_wdt: iTCO_wdt_keepalive
V/AlarmManager(608): triggered: act=com.google.android.intent.action.SEND_IDLE Pkg: com.google.android.gms
I/WAKELOCK_ACQUIRE(608): TIMESTAMP=15289408293074, TAG=*alarm*, TYPE=PARTIAL_WAKE_LOCK , COUNT=0, PID=608, UID=1000, FLAGS=
I/WAKELOCK_RELEASE(608): TIMESTAMP=15289451854596, TAG=*alarm*, TYPE=PARTIAL_WAKE_LOCK , COUNT=0, PID=608, UID=1000, FLAGS= E/EM FG ALGO Iface:(19577): E/EM FG ALGO Iface:(19577): Failed to get File Descriptor E/EM FG ALGO Iface:(19578): E/EM FG ALGO Iface:(19578): Failed to get File Descriptor
I/KERNEL (213): [15296.858062] healthd: battery l=41 v=3802 t=28.0 h=2 st=3 c=-137 chg= E/EM FG ALGO Iface:(19579): E/EM FG ALGO Iface:(19579): Failed to get File Descriptor
I/KERNEL (221): [15298.996470] iTCO_wdt: iTCO_wdt_keepalive E/EM FG ALGO Iface:(19580): E/EM FG ALGO Iface:(19580): Failed to get File Descriptor E/EM FG ALGO Iface:(19581): E/EM FG ALGO Iface:(19581): Failed to get File Descriptor
I/KERNEL (221): [15308.997100] iTCO_wdt: iTCO_wdt_keepalive
I/WAKELOCK_ACQUIRE(608): TIMESTAMP=15309687119401, TAG=*alarm*, TYPE=PARTIAL_WAKE_LOCK , COUNT=0, PID=608, UID=1000, FLAGS=
V/AlarmManager(608): triggered: act=ALARM_WAKEUP_LOCATOR Pkg: com.google.android.gms
V/AlarmManager(608): triggered: act=ALARM_WAKEUP_ACTIVITY_DETECTION Pkg: com.google.android.gms
I/WAKELOCK_ACQUIRE(608): TIMESTAMP=15309705897207, TAG=NlpCollectorWakeLock, TYPE=PARTIAL_WAKE_LOCK , COUNT=0, PID=18348, UID=10007, FLAGS=
I/WAKELOCK_ACQUIRE(608): TIMESTAMP=15309708665054, TAG=NlpCollectorWakeLock, TYPE=PARTIAL_WAKE_LOCK , COUNT=0, PID=18348, UID=10007, FLAGS=
I/WAKELOCK_ACQUIRE(608): TIMESTAMP=15309710650120, TAG=NlpCollectorWakeLock, TYPE=PARTIAL_WAKE_LOCK , COUNT=0, PID=18348, UID=10007, FLAGS=
E/WifiStateMachine(608): WifiStateMachine CMD_START_SCAN source 10007 txSuccessRate=0,00 rxSuccessRate=0,00 targetRoamBSSID=e0:10:7f:ab:42:a8 RSSI=-52
D/wpa_supplicant(685): wlan0: Control interface command 'SCAN TYPE=ONLY'
D/wpa_supplicant(685): wlan0: Setting scan request: 0.000000 sec
D/wpa_supplicant(685): wlan0: Starting AP scan for wildcard SSID
D/wpa_supplicant(685): WPS: Building WPS IE for Probe Request
D/wpa_supplicant(685): WPS: * Version (hardcoded 0x10)
D/wpa_supplicant(685): WPS: * Request Type
D/wpa_supplicant(685): WPS: * Config Methods (4288)
D/wpa_supplicant(685): WPS: * UUID-E
D/wpa_supplicant(685): WPS: * Primary Device Type
D/wpa_supplicant(685): WPS: * RF Bands (3)
D/wpa_supplicant(685): WPS: * Association State
D/wpa_supplicant(685): WPS: * Configuration Error (0)
D/wpa_supplicant(685): WPS: * Device Password ID (0)
D/wpa_supplicant(685): WPS: * Manufacturer
D/wpa_supplicant(685): WPS: * Model Name
D/wpa_supplicant(685): WPS: * Model Number
D/wpa_supplicant(685): WPS: * Device Name
D/wpa_supplicant(685): WPS: * Version2 (0x20)
D/wpa_supplicant(685): P2P: * P2P IE header
D/wpa_supplicant(685): P2P: * Capability dev=25 group=00
D/wpa_supplicant(685): P2P: * Listen Channel: Regulatory Class 81 Channel 1
D/wpa_supplicant(685): wlan0: Add radio work 'scan'@0xf6e18520
D/wpa_supplicant(685): wlan0: First radio work item in the queue - schedule start immediately
D/wpa_supplicant(685): wlan0: Starting radio work 'scan'@0xf6e18520 after 0.000030 second wait
D/wpa_supplicant(685): wlan0: nl80211: scan request
I/WAKELOCK_ACQUIRE(608): TIMESTAMP=15309728373479, TAG=NlpWakeLock, TYPE=PARTIAL_WAKE_LOCK , COUNT=0, PID=18348, UID=10007, FLAGS=
I/WAKELOCK_ACQUIRE(608): TIMESTAMP=15309729784168, TAG=NlpWakeLock, TYPE=PARTIAL_WAKE_LOCK , COUNT=0, PID=18348, UID=10007, FLAGS=
D/WifiService(608): acquireWifiLockLocked: WifiLock{NlpWifiLock type=2 binder=android.os.BinderProxy@16588c28}
I/WAKELOCK_RELEASE(608): TIMESTAMP=15309735181405, TAG=NlpWakeLock, TYPE=PARTIAL_WAKE_LOCK , COUNT=0, PID=18348, UID=10007, FLAGS=
I/WAKELOCK_ACQUIRE(608): TIMESTAMP=15309736666349, TAG=RILJ, TYPE=PARTIAL_WAKE_LOCK , COUNT=0, PID=1228, UID=1001, FLAGS=
D/wpa_supplicant(685): Scan requested (ret=0) - scan timeout 30 seconds
D/wpa_supplicant(685): nl80211: Drv Event 33 (NL80211_CMD_TRIGGER_SCAN) received for wlan0
D/wpa_supplicant(685): wlan0: nl80211: Scan trigger
D/wpa_supplicant(685): wlan0: Event SCAN_STARTED (49) received
D/wpa_supplicant(685): wlan0: Own scan request started a scan in 0.000093 seconds
I/wpa_supplicant(685): wlan0: CTRL-EVENT-SCAN-STARTED
D/wpa_supplicant(685): CTRL_IFACE monitor sent successfully to /data/misc/wifi/sockets/wpa_ctrl_608-2\x00
I/WAKELOCK_ACQUIRE(608): TIMESTAMP=15310323144033, TAG=NlpWakeLock, TYPE=PARTIAL_WAKE_LOCK , COUNT=0, PID=18348, UID=10007, FLAGS=
I/WAKELOCK_RELEASE(608): TIMESTAMP=15310324839121, TAG=NlpCollectorWakeLock, TYPE=PARTIAL_WAKE_LOCK , COUNT=0, PID=18348, UID=10007, FLAGS=
I/WAKELOCK_RELEASE(608): TIMESTAMP=15310326081798, TAG=NlpCollectorWakeLock, TYPE=PARTIAL_WAKE_LOCK , COUNT=0, PID=18348, UID=10007, FLAGS=
I/WAKELOCK_RELEASE(608): TIMESTAMP=15310327565615, TAG=NlpCollectorWakeLock, TYPE=PARTIAL_WAKE_LOCK , COUNT=0, PID=18348, UID=10007, FLAGS=
D/wpa_supplicant(685): nl80211: Drv Event 34 (NL80211_CMD_NEW_SCAN_RESULTS) received for wlan0
D/wpa_supplicant(685): wlan0: nl80211: New scan results available
D/wpa_supplicant(685): nl80211: Scan probed for SSID ''
D/wpa_supplicant(685): nl80211: Scan included frequencies: 2412 2417 2422 2427 2432 2437 2442 2447 2452 2457 2462 2467 2472 5180 5200 5220 5240 5260 5280 5300 5320 5500 5520 5540 5560 5580 5600 5620 5640 5660 5680 5700
D/wpa_supplicant(685): wlan0: Event SCAN_RESULTS (3) received
D/wpa_supplicant(685): wlan0: Scan completed in 2.347850 seconds
D/wpa_supplicant(685): nl80211: Associated on 2462 MHz
D/wpa_supplicant(685): nl80211: Associated with e0:10:7f:ab:42:a8
D/wpa_supplicant(685): nl80211: Received scan results (18 BSSes)
D/wpa_supplicant(685): nl80211: Scan results indicate BSS status with e0:10:7f:ab:42:a8 as associated
D/wpa_supplicant(685): wlan0: BSS: Start scan result update 227
D/wpa_supplicant(685): wlan0: BSS: Add new id 929 BSSID d0:d4:12:f3:c9:62 SSID 'FASTWEB-1-J711x7RdMtKn'
D/wpa_supplicant(685): CTRL_IFACE monitor sent successfully to /data/misc/wifi/sockets/wpa_ctrl_608-2\x00
D/wpa_supplicant(685): BSS: last_scan_res_used=18/32
D/wpa_supplicant(685): Add access point on channel 60 [BANNED]
D/wpa_supplicant(685): Add access point on channel 60 [BANNED]
D/wpa_supplicant(685): Best Operating channel is = 44
D/wpa_supplicant(685): wlan0: Scan-only results received
D/wpa_supplicant(685): CTRL_IFACE monitor sent successfully to /data/misc/wifi/sockets/wpa_ctrl_608-2\x00
D/wpa_supplicant(685): wlan0: Radio work 'scan'@0xf6e18520 done in 2.380118 seconds
D/wpa_supplicant(685): RTM_NEWLINK: ifi_index=6 ifname=wlan0 wext ifi_flags=0x11043 ([UP][RUNNING][LOWER_UP])
D/wpa_supplicant(685): wlan0: Control interface command 'BSS RANGE=0- MASK=0x21987'
D/wpa_supplicant(685): wlan0: Control interface command 'STATUS-NO_EVENTS' E/EM FG ALGO Iface:(19583): E/EM FG ALGO Iface:(19583): Failed to get File Descriptor
V/AlarmManager(608): triggered: act=ALARM_WAKEUP_LOCATOR Pkg: com.google.android.gms
I/WAKELOCK_ACQUIRE(608): TIMESTAMP=15314749775554, TAG=RILJ, TYPE=PARTIAL_WAKE_LOCK , COUNT=0, PID=1228, UID=1001, FLAGS=
D/wpa_supplicant(685): wlan0: BSS: Remove id 926 BSSID f0:b0:52:9b:d3:27 SSID '' due to wpa_bss_flush_by_age
D/wpa_supplicant(685): CTRL_IFACE monitor sent successfully to /data/misc/wifi/sockets/wpa_ctrl_608-2\x00
D/wpa_supplicant(685): wlan0: BSS: Remove id 928 BSSID 00:50:fc:d6:0b:37 SSID 'default' due to wpa_bss_flush_by_age
D/wpa_supplicant(685): CTRL_IFACE monitor sent successfully to /data/misc/wifi/sockets/wpa_ctrl_608-2\x00 E/EM FG ALGO Iface:(19584): E/EM FG ALGO Iface:(19584): Failed to get File Descriptor
I/KERNEL (221): [15318.997663] iTCO_wdt: iTCO_wdt_keepalive
I/WAKELOCK_ACQUIRE(608): TIMESTAMP=15319754115874, TAG=RILJ, TYPE=PARTIAL_WAKE_LOCK , COUNT=0, PID=1228, UID=1001, FLAGS= I/Keyboard.Facilitator.LanguageModelFlusher(847): run()
I/Keyboard.Facilitator(847): flushDynamicLanguageModels() E/EM FG ALGO Iface:(19585): E/EM FG ALGO Iface:(19585): Failed to get File Descriptor
D/WifiService(608): releaseWifiLockLocked: WifiLock{NlpWifiLock type=2 binder=android.os.BinderProxy@16588c28}
I/WAKELOCK_RELEASE(608): TIMESTAMP=15324762509498, TAG=NlpWakeLock, TYPE=PARTIAL_WAKE_LOCK , COUNT=0, PID=18348, UID=10007, FLAGS=
I/WAKELOCK_ACQUIRE(608): TIMESTAMP=15324763624940, TAG=NlpWakeLock, TYPE=PARTIAL_WAKE_LOCK , COUNT=0, PID=18348, UID=10007, FLAGS=
I/WAKELOCK_RELEASE(608): TIMESTAMP=15324766808488, TAG=NlpWakeLock, TYPE=PARTIAL_WAKE_LOCK , COUNT=0, PID=18348, UID=10007, FLAGS=
I/WAKELOCK_ACQUIRE(608): TIMESTAMP=15324768192513, TAG=GCoreFlp, TYPE=PARTIAL_WAKE_LOCK , COUNT=0, PID=18348, UID=10007, FLAGS=
I/WAKELOCK_RELEASE(608): TIMESTAMP=15324770007348, TAG=GCoreFlp, TYPE=PARTIAL_WAKE_LOCK , COUNT=0, PID=18348, UID=10007, FLAGS=
I/WAKELOCK_ACQUIRE(608): TIMESTAMP=15324770551102, TAG=GCoreFlp, TYPE=PARTIAL_WAKE_LOCK , COUNT=0, PID=18348, UID=10007, FLAGS=
I/WAKELOCK_ACQUIRE(608): TIMESTAMP=15324771285942, TAG=NlpWakeLock, TYPE=PARTIAL_WAKE_LOCK , COUNT=0, PID=18348, UID=10007, FLAGS=
I/WAKELOCK_RELEASE(608): TIMESTAMP=15324772530720, TAG=GCoreFlp, TYPE=PARTIAL_WAKE_LOCK , COUNT=0, PID=18348, UID=10007, FLAGS=
I/WAKELOCK_ACQUIRE(608): TIMESTAMP=15324773423707, TAG=GCoreFlp, TYPE=PARTIAL_WAKE_LOCK , COUNT=0, PID=18348, UID=10007, FLAGS=
I/WAKELOCK_RELEASE(608): TIMESTAMP=15324776615031, TAG=NlpWakeLock, TYPE=PARTIAL_WAKE_LOCK , COUNT=0, PID=18348, UID=10007, FLAGS=
I/WAKELOCK_RELEASE(608): TIMESTAMP=15324777752649, TAG=GCoreFlp, TYPE=PARTIAL_WAKE_LOCK , COUNT=0, PID=18348, UID=10007, FLAGS=
I/WAKELOCK_ACQUIRE(608): TIMESTAMP=15324778026092, TAG=NlpWakeLock, TYPE=PARTIAL_WAKE_LOCK , COUNT=0, PID=18348, UID=10007, FLAGS=
I/WAKELOCK_RELEASE(608): TIMESTAMP=15324781670666, TAG=NlpWakeLock, TYPE=PARTIAL_WAKE_LOCK , COUNT=0, PID=18348, UID=10007, FLAGS=
I/WAKELOCK_ACQUIRE(608): TIMESTAMP=15324789010933, TAG=NlpWakeLock, TYPE=PARTIAL_WAKE_LOCK , COUNT=0, PID=18348, UID=10007, FLAGS=
I/WAKELOCK_ACQUIRE(608): TIMESTAMP=15324792482612, TAG=NlpWakeLock, TYPE=PARTIAL_WAKE_LOCK , COUNT=0, PID=18348, UID=10007, FLAGS=
I/WAKELOCK_RELEASE(608): TIMESTAMP=15324795924374, TAG=NlpWakeLock, TYPE=PARTIAL_WAKE_LOCK , COUNT=0, PID=18348, UID=10007, FLAGS=
I/WAKELOCK_ACQUIRE(608): TIMESTAMP=15324797123672, TAG=GCoreFlp, TYPE=PARTIAL_WAKE_LOCK , COUNT=0, PID=18348, UID=10007, FLAGS=
I/WAKELOCK_ACQUIRE(608): TIMESTAMP=15324798994475, TAG=GCoreFlp, TYPE=PARTIAL_WAKE_LOCK , COUNT=0, PID=18348, UID=10007, FLAGS=
I/WAKELOCK_ACQUIRE(608): TIMESTAMP=15324799855303, TAG=NlpWakeLock, TYPE=PARTIAL_WAKE_LOCK , COUNT=0, PID=18348, UID=10007, FLAGS=
I/WAKELOCK_RELEASE(608): TIMESTAMP=15324802617245, TAG=GCoreFlp, TYPE=PARTIAL_WAKE_LOCK , COUNT=0, PID=18348, UID=10007, FLAGS=
I/WAKELOCK_RELEASE(608): TIMESTAMP=15324803696052, TAG=NlpWakeLock, TYPE=PARTIAL_WAKE_LOCK , COUNT=0, PID=18348, UID=10007, FLAGS=
I/WAKELOCK_ACQUIRE(608): TIMESTAMP=15324804332324, TAG=GCoreFlp, TYPE=PARTIAL_WAKE_LOCK , COUNT=0, PID=18348, UID=10007, FLAGS=
I/WAKELOCK_ACQUIRE(608): TIMESTAMP=15324805760893, TAG=NlpWakeLock, TYPE=PARTIAL_WAKE_LOCK , COUNT=0, PID=18348, UID=10007, FLAGS=
I/WAKELOCK_ACQUIRE(608): TIMESTAMP=15324806351674, TAG=Wakeful StateMachine: GeofencerStateMachine, TYPE=PARTIAL_WAKE_LOCK , COUNT=0, PID=18348, UID=10007, FLAGS=
I/WAKELOCK_RELEASE(608): TIMESTAMP=15324807700300, TAG=GCoreFlp, TYPE=PARTIAL_WAKE_LOCK , COUNT=0, PID=18348, UID=10007, FLAGS=
I/WAKELOCK_RELEASE(608): TIMESTAMP=15324809356411, TAG=GCoreFlp, TYPE=PARTIAL_WAKE_LOCK , COUNT=0, PID=18348, UID=10007, FLAGS=
I/WAKELOCK_RELEASE(608): TIMESTAMP=15324811631792, TAG=NlpWakeLock, TYPE=PARTIAL_WAKE_LOCK , COUNT=0, PID=18348, UID=10007, FLAGS=
I/WAKELOCK_ACQUIRE(608): TIMESTAMP=15324821940568, TAG=NlpWakeLock, TYPE=PARTIAL_WAKE_LOCK , COUNT=0, PID=18348, UID=10007, FLAGS=
I/WAKELOCK_ACQUIRE(608): TIMESTAMP=15324822560389, TAG=UlrDispSvcFastWL, TYPE=PARTIAL_WAKE_LOCK , COUNT=0, PID=18348, UID=10007, FLAGS=
I/WAKELOCK_RELEASE(608): TIMESTAMP=15324858323678, TAG=Wakeful StateMachine: GeofencerStateMachine, TYPE=PARTIAL_WAKE_LOCK , COUNT=0, PID=18348, UID=10007, FLAGS=
I/WAKELOCK_RELEASE(608): TIMESTAMP=15324859270125, TAG=*alarm*, TYPE=PARTIAL_WAKE_LOCK , COUNT=0, PID=608, UID=1000, FLAGS=
I/WAKELOCK_RELEASE(608): TIMESTAMP=15324860439687, TAG=NlpWakeLock, TYPE=PARTIAL_WAKE_LOCK , COUNT=0, PID=18348, UID=10007, FLAGS=
I/WAKELOCK_ACQUIRE(608): TIMESTAMP=15324985165167, TAG=NlpWakeLock, TYPE=PARTIAL_WAKE_LOCK , COUNT=0, PID=18348, UID=10007, FLAGS=
I/WAKELOCK_ACQUIRE(608): TIMESTAMP=15324986258842, TAG=ContextManagerWakeLock, TYPE=PARTIAL_WAKE_LOCK , COUNT=0, PID=18348, UID=10007, FLAGS=
I/libgps (608): proxy_gps_inject_location(45.417479, 9.126050, 20.000000)
D/gpsd (263): WakeLock(Acquire,GPSD)
D/gpsd (263): WakeLock(Release,GPSD)
