I/KERNEL (16720): [15459.080543] PM: noirq resume of devices complete after 143.839 msecs
I/KERNEL (16720): [15459.080553] Wakeup from IRQ 0
I/KERNEL (16720): [15459.080568] Wakeup from IRQ 8 rtc0
I/KERNEL (16720): [15459.080741] Wakeup from IRQ 36 i2c-designware-5
I/KERNEL (16720): [15459.080923] Wakeup from IRQ 389 GODX0911:00
I/KERNEL (16720): [15459.080994] Wakeup from IRQ 456
I/KERNEL (16720): [15459.081000] Wakeup from IRQ 457
I/KERNEL (16720): [15459.081014] Wakeup from IRQ 464
I/KERNEL (16720): [15459.081020] Wakeup from IRQ 465
I/KERNEL (16720): [15459.081042] Wakeup from IRQ 483
I/KERNEL (16720): [15459.081048] Wakeup from IRQ 484
I/KERNEL (16720): [15459.081054] Wakeup from IRQ 485
I/KERNEL (16720): [15459.081060] Wakeup from IRQ 486
I/KERNEL (16720): [15459.081076] Wakeup from IRQ 498
I/KERNEL (16720): [15459.081082] Wakeup from IRQ 499
I/KERNEL (16720): [15459.081088] Wakeup from IRQ 501
I/KERNEL (16720): [15459.081094] Wakeup from IRQ 502
I/KERNEL (16720): [15459.081100] Wakeup from IRQ 503
I/KERNEL (16720): [15459.087349] PM: early resume of devices complete after 6.186 msecs
I/KERNEL (16720): [15459.087588] i915 0000:00:02.0: setting latency timer to 64
I/KERNEL (16720): [15459.089372] atomisp-css2400b0_v21 0000:00:03.0: DFS target frequency=200.
I/WAKELOCK_ACQUIRE(608): TIMESTAMP=15459045793086, TAG=*alarm*, TYPE=PARTIAL_WAKE_LOCK , COUNT=0, PID=608, UID=1000, FLAGS=
V/AlarmManager(608): triggered: act=ALARM_WAKEUP_LOCATOR Pkg: com.google.android.gms
I/WAKELOCK_ACQUIRE(608): TIMESTAMP=15459047866412, TAG=NlpWakeLock, TYPE=PARTIAL_WAKE_LOCK , COUNT=0, PID=18348, UID=10007, FLAGS=
D/WifiService(608): acquireWifiLockLocked: WifiLock{NlpWifiLock type=2 binder=android.os.BinderProxy@163ce882}
I/KERNEL (16720): [15459.089720] xhci_hcd 0000:00:14.0: power state changed by ACPI to D0
I/KERNEL (16720): [15459.089750] xhci_hcd 0000:00:14.0: setting latency timer to 64
I/KERNEL (16720): [15459.097138] [drm:valleyview_enable_rps] *ERROR* GT fifo had a previous error 10
I/KERNEL (16720): [15459.098688] mei_txe 0000:00:1a.0: irq 103 for MSI/MSI-X
I/KERNEL (16720): [15459.099309] snd_intel_sst: runtime_resume called
I/KERNEL (16720): [15459.170418] bcmsdh_sdmmc_resume Enter
I/KERNEL (16720): [15459.170434] bcmsdh_sdmmc_resume Enter
I/KERNEL (16720): [15459.189370] PM: resume of devices complete after 101.998 msecs
I/KERNEL (16720): [15459.228715] PM: Finishing wakeup.
E/WifiStateMachine(608): WifiStateMachine CMD_START_SCAN source 10007 txSuccessRate=0,00 rxSuccessRate=0,00 targetRoamBSSID=e0:10:7f:ab:42:a8 RSSI=-52
D/wpa_supplicant(685): wlan0: Control interface command 'SCAN TYPE=ONLY'
D/wpa_supplicant(685): wlan0: Setting scan request: 0.000000 sec
D/wpa_supplicant(685): wlan0: Starting AP scan for wildcard SSID
D/wpa_supplicant(685): WPS: Building WPS IE for Probe Request
D/wpa_supplicant(685): WPS: * Version (hardcoded 0x10)
D/wpa_supplicant(685): WPS: * Request Type
D/wpa_supplicant(685): WPS: * Config Methods (4288)
D/wpa_supplicant(685): WPS: * UUID-E
D/wpa_supplicant(685): WPS: * Primary Device Type
D/wpa_supplicant(685): WPS: * RF Bands (3)
D/wpa_supplicant(685): WPS: * Association State
D/wpa_supplicant(685): WPS: * Configuration Error (0)
D/wpa_supplicant(685): WPS: * Device Password ID (0)
D/wpa_supplicant(685): WPS: * Manufacturer
D/wpa_supplicant(685): WPS: * Model Name
D/wpa_supplicant(685): WPS: * Model Number
D/wpa_supplicant(685): WPS: * Device Name
D/wpa_supplicant(685): WPS: * Version2 (0x20)
D/wpa_supplicant(685): P2P: * P2P IE header
D/wpa_supplicant(685): P2P: * Capability dev=25 group=00
D/wpa_supplicant(685): P2P: * Listen Channel: Regulatory Class 81 Channel 1
D/wpa_supplicant(685): wlan0: Add radio work 'scan'@0xf6e18520
D/wpa_supplicant(685): wlan0: First radio work item in the queue - schedule start immediately
D/wpa_supplicant(685): wlan0: Starting radio work 'scan'@0xf6e18520 after 0.000030 second wait
D/wpa_supplicant(685): wlan0: nl80211: scan request
I/KERNEL (16720): [15459.228721] Restarting tasks ...
I/KERNEL (17639): [15459.230601] atomisp-css2400b0_v21 0000:00:03.0: DFS target frequency=200.
I/KERNEL (17639): [15459.231890] video LNXVIDEO:00: Restoring backlight state
I/WAKELOCK_ACQUIRE(608): TIMESTAMP=15459063581737, TAG=RILJ, TYPE=PARTIAL_WAKE_LOCK , COUNT=0, PID=1228, UID=1001, FLAGS=
I/KERNEL (18160): done.
I/KERNEL (17950): [15459.240655] snd_intel_sst: runtime_idle called
I/KERNEL (17950): [15459.240668] snd_intel_sst: runtime_suspend called
I/KERNEL (16720): [15459.242731] PM: suspend exit 2015-09-27 15:16:40.027076517 UTC
D/wpa_supplicant(685): Scan requested (ret=0) - scan timeout 30 seconds
D/wpa_supplicant(685): nl80211: Drv Event 33 (NL80211_CMD_TRIGGER_SCAN) received for wlan0
D/wpa_supplicant(685): wlan0: nl80211: Scan trigger
D/wpa_supplicant(685): wlan0: Event SCAN_STARTED (49) received
D/wpa_supplicant(685): wlan0: Own scan request started a scan in 0.000083 seconds
I/wpa_supplicant(685): wlan0: CTRL-EVENT-SCAN-STARTED
D/wpa_supplicant(685): CTRL_IFACE monitor sent successfully to /data/misc/wifi/sockets/wpa_ctrl_608-2\x00
I/WAKELOCK_RELEASE(608): TIMESTAMP=15459148547587, TAG=*alarm*, TYPE=PARTIAL_WAKE_LOCK , COUNT=0, PID=608, UID=1000, FLAGS=
I/KERNEL (221): [15460.019620] iTCO_wdt: iTCO_wdt_keepalive E/EM FG ALGO Iface:(19663): E/EM FG ALGO Iface:(19663): Failed to get File Descriptor
D/wpa_supplicant(685): nl80211: Drv Event 34 (NL80211_CMD_NEW_SCAN_RESULTS) received for wlan0
D/wpa_supplicant(685): wlan0: nl80211: New scan results available
D/wpa_supplicant(685): nl80211: Scan probed for SSID ''
D/wpa_supplicant(685): nl80211: Scan included frequencies: 2412 2417 2422 2427 2432 2437 2442 2447 2452 2457 2462 2467 2472 5180 5200 5220 5240 5260 5280 5300 5320 5500 5520 5540 5560 5580 5600 5620 5640 5660 5680 5700
D/wpa_supplicant(685): wlan0: Event SCAN_RESULTS (3) received
D/wpa_supplicant(685): wlan0: Scan completed in 2.343184 seconds
D/wpa_supplicant(685): nl80211: Associated on 2462 MHz
D/wpa_supplicant(685): nl80211: Associated with e0:10:7f:ab:42:a8
D/wpa_supplicant(685): nl80211: Received scan results (19 BSSes)
D/wpa_supplicant(685): nl80211: Scan results indicate BSS status with e0:10:7f:ab:42:a8 as associated
D/wpa_supplicant(685): wlan0: BSS: Start scan result update 229
D/wpa_supplicant(685): wlan0: BSS: Add new id 930 BSSID e0:10:7f:6b:42:a9 SSID 'test'
D/wpa_supplicant(685): CTRL_IFACE monitor sent successfully to /data/misc/wifi/sockets/wpa_ctrl_608-2\x00
D/wpa_supplicant(685): wlan0: BSS: Add new id 931 BSSID e0:10:7f:6b:42:a8 SSID 'Act-e-Tab'
D/wpa_supplicant(685): CTRL_IFACE monitor sent successfully to /data/misc/wifi/sockets/wpa_ctrl_608-2\x00
D/wpa_supplicant(685): wlan0: BSS: Add new id 932 BSSID e0:10:7f:2b:42:a8 SSID 'Microtech'
D/wpa_supplicant(685): CTRL_IFACE monitor sent successfully to /data/misc/wifi/sockets/wpa_ctrl_608-2\x00
D/wpa_supplicant(685): wlan0: BSS: Add new id 933 BSSID e0:10:7f:eb:42:a8 SSID 'test_dpsk'
D/wpa_supplicant(685): CTRL_IFACE monitor sent successfully to /data/misc/wifi/sockets/wpa_ctrl_608-2\x00
D/wpa_supplicant(685): wlan0: BSS: Add new id 934 BSSID e0:10:7f:2b:42:ac SSID 'etab_5GHz'
D/wpa_supplicant(685): CTRL_IFACE monitor sent successfully to /data/misc/wifi/sockets/wpa_ctrl_608-2\x00
D/wpa_supplicant(685): wlan0: BSS: Add new id 935 BSSID f0:b0:52:1b:d3:2c SSID 'etab_5GHz'
D/wpa_supplicant(685): CTRL_IFACE monitor sent successfully to /data/misc/wifi/sockets/wpa_ctrl_608-2\x00
D/wpa_supplicant(685): wlan0: BSS: Add new id 936 BSSID f0:b0:52:db:d3:28 SSID 'test_dpsk'
D/wpa_supplicant(685): CTRL_IFACE monitor sent successfully to /data/misc/wifi/sockets/wpa_ctrl_608-2\x00
D/wpa_supplicant(685): wlan0: BSS: Add new id 937 BSSID f0:b0:52:1b:d3:28 SSID 'Microtech'
D/wpa_supplicant(685): CTRL_IFACE monitor sent successfully to /data/misc/wifi/sockets/wpa_ctrl_608-2\x00
D/wpa_supplicant(685): wlan0: BSS: Add new id 938 BSSID f0:b0:52:5b:d3:28 SSID 'Act-e-Tab'
D/wpa_supplicant(685): CTRL_IFACE monitor sent successfully to /data/misc/wifi/sockets/wpa_ctrl_608-2\x00
D/wpa_supplicant(685): wlan0: BSS: Add new id 939 BSSID f0:b0:52:9b:d3:28 SSID 'e-tab'
D/wpa_supplicant(685): CTRL_IFACE monitor sent successfully to /data/misc/wifi/sockets/wpa_ctrl_608-2\x00
D/wpa_supplicant(685): wlan0: BSS: Add new id 940 BSSID f0:b0:52:5b:d3:29 SSID 'test'
D/wpa_supplicant(685): CTRL_IFACE monitor sent successfully to /data/misc/wifi/sockets/wpa_ctrl_608-2\x00
D/wpa_supplicant(685): wlan0: BSS: Add new id 941 BSSID 00:1d:8b:be:ce:1e SSID 'Alice-40774318'
D/wpa_supplicant(685): CTRL_IFACE monitor sent successfully to /data/misc/wifi/sockets/wpa_ctrl_608-2\x00
D/wpa_supplicant(685): wlan0: BSS: Add new id 942 BSSID 90:72:40:1b:de:50 SSID 'Network Wi-Fi di BLS'
D/wpa_supplicant(685): CTRL_IFACE monitor sent successfully to /data/misc/wifi/sockets/wpa_ctrl_608-2\x00
D/wpa_supplicant(685): wlan0: BSS: Add new id 943 BSSID 00:1d:6a:70:bb:e4 SSID 'Alice-75160292'
D/wpa_supplicant(685): CTRL_IFACE monitor sent successfully to /data/misc/wifi/sockets/wpa_ctrl_608-2\x00
D/wpa_supplicant(685): wlan0: BSS: Add new id 944 BSSID d0:d4:12:f3:c9:62 SSID 'FASTWEB-1-J711x7RdMtKn'
D/wpa_supplicant(685): CTRL_IFACE monitor sent successfully to /data/misc/wifi/sockets/wpa_ctrl_608-2\x00
D/wpa_supplicant(685): wlan0: BSS: Add new id 945 BSSID 00:50:fc:d6:0b:37 SSID 'default'
D/wpa_supplicant(685): CTRL_IFACE monitor sent successfully to /data/misc/wifi/sockets/wpa_ctrl_608-2\x00
D/wpa_supplicant(685): wlan0: BSS: Add new id 946 BSSID e0:10:7f:2b:42:a9 SSID 'microtech_ospiti'
D/wpa_supplicant(685): CTRL_IFACE monitor sent successfully to /data/misc/wifi/sockets/wpa_ctrl_608-2\x00
D/wpa_supplicant(685): wlan0: BSS: Add new id 947 BSSID f0:b0:52:1b:d3:29 SSID 'microtech_ospiti'
D/wpa_supplicant(685): CTRL_IFACE monitor sent successfully to /data/misc/wifi/sockets/wpa_ctrl_608-2\x00
D/wpa_supplicant(685): BSS: last_scan_res_used=19/32
D/wpa_supplicant(685): Add access point on channel 60 [BANNED]
D/wpa_supplicant(685): Best Operating channel is = 44
D/wpa_supplicant(685): wlan0: Scan-only results received
D/wpa_supplicant(685): CTRL_IFACE monitor sent successfully to /data/misc/wifi/sockets/wpa_ctrl_608-2\x00
D/wpa_supplicant(685): wlan0: Radio work 'scan'@0xf6e18520 done in 2.371689 seconds
D/wpa_supplicant(685): RTM_NEWLINK: ifi_index=6 ifname=wlan0 wext ifi_flags=0x11043 ([UP][RUNNING][LOWER_UP])
D/wpa_supplicant(685): wlan0: Control interface command 'BSS RANGE=0- MASK=0x21987'
D/wpa_supplicant(685): wlan0: Control interface command 'STATUS-NO_EVENTS'
I/KERNEL (18160): [15461.906247] acm_suspend[1][ACM4][531][bc2][47][8d][0][1]
I/KERNEL (18160): [15461.907210] acm_suspend[1][ACM3][154a][1b16][178][179][0][1]
I/KERNEL (18160): [15461.956371] [xhci_pci_suspend], xhci_root_hub pointer:0x77179000
I/KERNEL (18160): [15461.956475] XHCI: port 1, portsc 0xc000e63
I/KERNEL (18160): [15462.026021] xhci_hcd 0000:00:14.0: power state changed by ACPI to D3cold
V/AlarmManager(608): triggered: act=ALARM_WAKEUP_LOCATOR Pkg: com.google.android.gms
I/WAKELOCK_ACQUIRE(608): TIMESTAMP=15464049697868, TAG=*alarm*, TYPE=PARTIAL_WAKE_LOCK , COUNT=0, PID=608, UID=1000, FLAGS=
I/WAKELOCK_ACQUIRE(608): TIMESTAMP=15464072469194, TAG=RILJ, TYPE=PARTIAL_WAKE_LOCK , COUNT=0, PID=1228, UID=1001, FLAGS= E/EM FG ALGO Iface:(19664): E/EM FG ALGO Iface:(19664): Failed to get File Descriptor
I/WAKELOCK_ACQUIRE(608): TIMESTAMP=15469082415946, TAG=RILJ, TYPE=PARTIAL_WAKE_LOCK , COUNT=0, PID=1228, UID=1001, FLAGS=
I/KERNEL (221): [15470.020202] iTCO_wdt: iTCO_wdt_keepalive E/EM FG ALGO Iface:(19665): E/EM FG ALGO Iface:(19665): Failed to get File Descriptor
D/WifiService(608): releaseWifiLockLocked: WifiLock{NlpWifiLock type=2 binder=android.os.BinderProxy@163ce882}
I/WAKELOCK_RELEASE(608): TIMESTAMP=15474092480046, TAG=NlpWakeLock, TYPE=PARTIAL_WAKE_LOCK , COUNT=0, PID=18348, UID=10007, FLAGS=
I/WAKELOCK_ACQUIRE(608): TIMESTAMP=15474094211385, TAG=NlpWakeLock, TYPE=PARTIAL_WAKE_LOCK , COUNT=0, PID=18348, UID=10007, FLAGS=
I/WAKELOCK_RELEASE(608): TIMESTAMP=15474098989653, TAG=NlpWakeLock, TYPE=PARTIAL_WAKE_LOCK , COUNT=0, PID=18348, UID=10007, FLAGS=
I/WAKELOCK_ACQUIRE(608): TIMESTAMP=15474099370483, TAG=NlpWakeLock, TYPE=PARTIAL_WAKE_LOCK , COUNT=0, PID=18348, UID=10007, FLAGS=
I/WAKELOCK_ACQUIRE(608): TIMESTAMP=15474100319631, TAG=GCoreFlp, TYPE=PARTIAL_WAKE_LOCK , COUNT=0, PID=18348, UID=10007, FLAGS=
I/WAKELOCK_RELEASE(608): TIMESTAMP=15474102182909, TAG=GCoreFlp, TYPE=PARTIAL_WAKE_LOCK , COUNT=0, PID=18348, UID=10007, FLAGS=
I/WAKELOCK_ACQUIRE(608): TIMESTAMP=15474102454216, TAG=GCoreFlp, TYPE=PARTIAL_WAKE_LOCK , COUNT=0, PID=18348, UID=10007, FLAGS=
I/WAKELOCK_RELEASE(608): TIMESTAMP=15474105031887, TAG=GCoreFlp, TYPE=PARTIAL_WAKE_LOCK , COUNT=0, PID=18348, UID=10007, FLAGS=
I/WAKELOCK_ACQUIRE(608): TIMESTAMP=15474105673236, TAG=GCoreFlp, TYPE=PARTIAL_WAKE_LOCK , COUNT=0, PID=18348, UID=10007, FLAGS=
I/WAKELOCK_RELEASE(608): TIMESTAMP=15474107547998, TAG=NlpWakeLock, TYPE=PARTIAL_WAKE_LOCK , COUNT=0, PID=18348, UID=10007, FLAGS=
I/WAKELOCK_RELEASE(608): TIMESTAMP=15474108023328, TAG=GCoreFlp, TYPE=PARTIAL_WAKE_LOCK , COUNT=0, PID=18348, UID=10007, FLAGS=
I/WAKELOCK_ACQUIRE(608): TIMESTAMP=15474109943174, TAG=NlpWakeLock, TYPE=PARTIAL_WAKE_LOCK , COUNT=0, PID=18348, UID=10007, FLAGS=
I/WAKELOCK_RELEASE(608): TIMESTAMP=15474113146870, TAG=NlpWakeLock, TYPE=PARTIAL_WAKE_LOCK , COUNT=0, PID=18348, UID=10007, FLAGS=
I/WAKELOCK_RELEASE(608): TIMESTAMP=15474127885677, TAG=*alarm*, TYPE=PARTIAL_WAKE_LOCK , COUNT=0, PID=608, UID=1000, FLAGS=
I/WAKELOCK_ACQUIRE(608): TIMESTAMP=15474148129695, TAG=NlpWakeLock, TYPE=PARTIAL_WAKE_LOCK , COUNT=0, PID=18348, UID=10007, FLAGS=
I/WAKELOCK_ACQUIRE(608): TIMESTAMP=15474152251075, TAG=NlpWakeLock, TYPE=PARTIAL_WAKE_LOCK , COUNT=0, PID=18348, UID=10007, FLAGS=
I/WAKELOCK_RELEASE(608): TIMESTAMP=15474152844832, TAG=NlpWakeLock, TYPE=PARTIAL_WAKE_LOCK , COUNT=0, PID=18348, UID=10007, FLAGS=
I/WAKELOCK_RELEASE(608): TIMESTAMP=15474156880591, TAG=NlpWakeLock, TYPE=PARTIAL_WAKE_LOCK , COUNT=0, PID=18348, UID=10007, FLAGS=
I/WAKELOCK_ACQUIRE(608): TIMESTAMP=15474157399985, TAG=NlpWakeLock, TYPE=PARTIAL_WAKE_LOCK , COUNT=0, PID=18348, UID=10007, FLAGS=
I/libgps (608): proxy_gps_inject_location(45.417473, 9.126067, 20.000000)
D/gpsd (263): WakeLock(Acquire,GPSD)
D/gpsd (263): WakeLock(Release,GPSD)
I/WAKELOCK_RELEASE(608): TIMESTAMP=15474164979219, TAG=NlpWakeLock, TYPE=PARTIAL_WAKE_LOCK , COUNT=0, PID=18348, UID=10007, FLAGS=
I/WAKELOCK_ACQUIRE(608): TIMESTAMP=15474165470232, TAG=GCoreFlp, TYPE=PARTIAL_WAKE_LOCK , COUNT=0, PID=18348, UID=10007, FLAGS=
I/WAKELOCK_ACQUIRE(608): TIMESTAMP=15474166064157, TAG=NlpWakeLock, TYPE=PARTIAL_WAKE_LOCK , COUNT=0, PID=18348, UID=10007, FLAGS=
I/WAKELOCK_ACQUIRE(608): TIMESTAMP=15474166564639, TAG=LocationManagerService, TYPE=PARTIAL_WAKE_LOCK , COUNT=0, PID=608, UID=1000, FLAGS=
I/WAKELOCK_ACQUIRE(608): TIMESTAMP=15474167334099, TAG=GCoreFlp, TYPE=PARTIAL_WAKE_LOCK , COUNT=0, PID=18348, UID=10007, FLAGS=
I/WAKELOCK_ACQUIRE(608): TIMESTAMP=15474168300106, TAG=LocationManagerService, TYPE=PARTIAL_WAKE_LOCK , COUNT=0, PID=608, UID=1000, FLAGS=
I/WAKELOCK_ACQUIRE(608): TIMESTAMP=15474169057074, TAG=LocationManagerService, TYPE=PARTIAL_WAKE_LOCK , COUNT=0, PID=608, UID=1000, FLAGS=
I/WAKELOCK_ACQUIRE(608): TIMESTAMP=15474169717899, TAG=GCoreFlp, TYPE=PARTIAL_WAKE_LOCK , COUNT=0, PID=18348, UID=10007, FLAGS=
I/WAKELOCK_ACQUIRE(608): TIMESTAMP=15474170219305, TAG=GCoreFlp, TYPE=PARTIAL_WAKE_LOCK , COUNT=0, PID=18348, UID=10007, FLAGS=
I/WAKELOCK_ACQUIRE(608): TIMESTAMP=15474172437458, TAG=NlpWakeLock, TYPE=PARTIAL_WAKE_LOCK , COUNT=0, PID=18348, UID=10007, FLAGS=
I/WAKELOCK_RELEASE(608): TIMESTAMP=15474173731951, TAG=NlpWakeLock, TYPE=PARTIAL_WAKE_LOCK , COUNT=0, PID=18348, UID=10007, FLAGS=
I/WAKELOCK_RELEASE(608): TIMESTAMP=15474175210560, TAG=GCoreFlp, TYPE=PARTIAL_WAKE_LOCK , COUNT=0, PID=18348, UID=10007, FLAGS=
I/WAKELOCK_RELEASE(608): TIMESTAMP=15474176486225, TAG=LocationManagerService, TYPE=PARTIAL_WAKE_LOCK , COUNT=0, PID=608, UID=1000, FLAGS=
I/WAKELOCK_ACQUIRE(608): TIMESTAMP=15474177186302, TAG=GCoreFlp, TYPE=PARTIAL_WAKE_LOCK , COUNT=0, PID=18348, UID=10007, FLAGS=
I/WAKELOCK_RELEASE(608): TIMESTAMP=15474180173507, TAG=NlpWakeLock, TYPE=PARTIAL_WAKE_LOCK , COUNT=0, PID=18348, UID=10007, FLAGS=
I/WAKELOCK_RELEASE(608): TIMESTAMP=15474180517161, TAG=LocationManagerService, TYPE=PARTIAL_WAKE_LOCK , COUNT=0, PID=608, UID=1000, FLAGS=
I/WAKELOCK_ACQUIRE(608): TIMESTAMP=15474181379897, TAG=NlpWakeLock, TYPE=PARTIAL_WAKE_LOCK , COUNT=0, PID=18348, UID=10007, FLAGS=
I/WAKELOCK_ACQUIRE(608): TIMESTAMP=15474184094655, TAG=GCoreFlp, TYPE=PARTIAL_WAKE_LOCK , COUNT=0, PID=18348, UID=10007, FLAGS=
I/WAKELOCK_RELEASE(608): TIMESTAMP=15474187045896, TAG=NlpWakeLock, TYPE=PARTIAL_WAKE_LOCK , COUNT=0, PID=18348, UID=10007, FLAGS=
I/WAKELOCK_ACQUIRE(608): TIMESTAMP=15474187751313, TAG=ContextManagerWakeLock, TYPE=PARTIAL_WAKE_LOCK , COUNT=0, PID=18348, UID=10007, FLAGS=
I/WAKELOCK_RELEASE(608): TIMESTAMP=15474188938935, TAG=GCoreFlp, TYPE=PARTIAL_WAKE_LOCK , COUNT=0, PID=18348, UID=10007, FLAGS=
I/WAKELOCK_ACQUIRE(608): TIMESTAMP=15474190725330, TAG=Wakeful StateMachine: GeofencerStateMachine, TYPE=PARTIAL_WAKE_LOCK , COUNT=0, PID=18348, UID=10007, FLAGS=
D/LocationFilter(18348): Forcing stable location. Original location:Location[fused 45,417473,9,126066 acc=20 et=+4h17m54s118ms] because connected WiFi network is the same, bssid=e0:10:7f:ab:42:a8
I/WAKELOCK_ACQUIRE(608): TIMESTAMP=15474201342205, TAG=UlrDispSvcFastWL, TYPE=PARTIAL_WAKE_LOCK , COUNT=0, PID=18348, UID=10007, FLAGS=
I/WAKELOCK_RELEASE(608): TIMESTAMP=15474211130064, TAG=Wakeful StateMachine: GeofencerStateMachine, TYPE=PARTIAL_WAKE_LOCK , COUNT=0, PID=18348, UID=10007, FLAGS=
I/WAKELOCK_RELEASE(608): TIMESTAMP=15474220258706, TAG=GCoreFlp, TYPE=PARTIAL_WAKE_LOCK , COUNT=0, PID=18348, UID=10007, FLAGS=
I/GCoreUlr(18348): Successfully inserted 1 locations
I/GCoreUlr(18348): Not calling LocationReporter, hasMoved: false, elapsed millis: 271333, request: Stationary(3600000)
I/WAKELOCK_RELEASE(608): TIMESTAMP=15474233911014, TAG=LocationManagerService, TYPE=PARTIAL_WAKE_LOCK , COUNT=0, PID=608, UID=1000, FLAGS=
I/WAKELOCK_RELEASE(608): TIMESTAMP=15474235613505, TAG=GCoreFlp, TYPE=PARTIAL_WAKE_LOCK , COUNT=0, PID=18348, UID=10007, FLAGS=
I/WAKELOCK_RELEASE(608): TIMESTAMP=15474235995055, TAG=GCoreFlp, TYPE=PARTIAL_WAKE_LOCK , COUNT=0, PID=18348, UID=10007, FLAGS=
I/WAKELOCK_RELEASE(608): TIMESTAMP=15474236350674, TAG=GCoreFlp, TYPE=PARTIAL_WAKE_LOCK , COUNT=0, PID=18348, UID=10007, FLAGS=
I/WAKELOCK_RELEASE(608): TIMESTAMP=15474241775102, TAG=UlrDispSvcFastWL, TYPE=PARTIAL_WAKE_LOCK , COUNT=0, PID=18348, UID=10007, FLAGS=
I/WAKELOCK_RELEASE(608): TIMESTAMP=15474340509108, TAG=ContextManagerWakeLock, TYPE=PARTIAL_WAKE_LOCK , COUNT=0, PID=18348, UID=10007, FLAGS= E/EM FG ALGO Iface:(19667): E/EM FG ALGO Iface:(19667): Failed to get File Descriptor
I/KERNEL (221): [15480.020577] iTCO_wdt: iTCO_wdt_keepalive E/EM FG ALGO Iface:(19668): E/EM FG ALGO Iface:(19668): Failed to get File Descriptor
I/WAKELOCK_ACQUIRE(608): TIMESTAMP=15484337216628, TAG=*alarm*, TYPE=PARTIAL_WAKE_LOCK , COUNT=0, PID=608, UID=1000, FLAGS=
V/AlarmManager(608): triggered: act=ALARM_WAKEUP15074820 Pkg: com.google.android.gms
I/art (608): Explicit concurrent mark sweep GC freed 35270(2003KB) AllocSpace objects, 0(0B) LOS objects, 25% free, 46MB/62MB, paused 706us total 94.683ms
I/WAKELOCK_ACQUIRE(608): TIMESTAMP=15484439502280, TAG=ContextManagerWakeLock, TYPE=PARTIAL_WAKE_LOCK , COUNT=0, PID=18348, UID=10007, FLAGS=
I/WAKELOCK_RELEASE(608): TIMESTAMP=15484444929745, TAG=*alarm*, TYPE=PARTIAL_WAKE_LOCK , COUNT=0, PID=608, UID=1000, FLAGS=
I/WAKELOCK_RELEASE(608): TIMESTAMP=15484445205000, TAG=ContextManagerWakeLock, TYPE=PARTIAL_WAKE_LOCK , COUNT=0, PID=18348, UID=10007, FLAGS= E/EM FG ALGO Iface:(19670): E/EM FG ALGO Iface:(19670): Failed to get File Descriptor
I/KERNEL (221): [15490.020819] iTCO_wdt: iTCO_wdt_keepalive E/EM FG ALGO Iface:(19671): E/EM FG ALGO Iface:(19671): Failed to get File Descriptor E/EM FG ALGO Iface:(19672): E/EM FG ALGO Iface:(19672): Failed to get File Descriptor
I/KERNEL (221): [15500.022201] iTCO_wdt: iTCO_wdt_keepalive E/EM FG ALGO Iface:(19673): E/EM FG ALGO Iface:(19673): Failed to get File Descriptor E/EM FG ALGO Iface:(19674): E/EM FG ALGO Iface:(19674): Failed to get File Descriptor
I/KERNEL (221): [15510.022774] iTCO_wdt: iTCO_wdt_keepalive E/EM FG ALGO Iface:(19675): E/EM FG ALGO Iface:(19675): Failed to get File Descriptor E/EM FG ALGO Iface:(19676): E/EM FG ALGO Iface:(19676): Failed to get File Descriptor
I/KERNEL (221): [15520.023374] iTCO_wdt: iTCO_wdt_keepalive E/EM FG ALGO Iface:(19677): E/EM FG ALGO Iface:(19677): Failed to get File Descriptor E/EM FG ALGO Iface:(19678): E/EM FG ALGO Iface:(19678): Failed to get File Descriptor
D/wpa_supplicant(685): wlan0: BSS: Remove id 930 BSSID e0:10:7f:6b:42:a9 SSID 'test' due to wpa_bss_flush_by_age
D/wpa_supplicant(685): CTRL_IFACE monitor sent successfully to /data/misc/wifi/sockets/wpa_ctrl_608-2\x00
D/wpa_supplicant(685): wlan0: BSS: Remove id 931 BSSID e0:10:7f:6b:42:a8 SSID 'Act-e-Tab' due to wpa_bss_flush_by_age
D/wpa_supplicant(685): CTRL_IFACE monitor sent successfully to /data/misc/wifi/sockets/wpa_ctrl_608-2\x00
D/wpa_supplicant(685): wlan0: BSS: Remove id 932 BSSID e0:10:7f:2b:42:a8 SSID 'Microtech' due to wpa_bss_flush_by_age
D/wpa_supplicant(685): CTRL_IFACE monitor sent successfully to /data/misc/wifi/sockets/wpa_ctrl_608-2\x00
D/wpa_supplicant(685): wlan0: BSS: Remove id 933 BSSID e0:10:7f:eb:42:a8 SSID 'test_dpsk' due to wpa_bss_flush_by_age
D/wpa_supplicant(685): CTRL_IFACE monitor sent successfully to /data/misc/wifi/sockets/wpa_ctrl_608-2\x00
D/wpa_supplicant(685): wlan0: BSS: Remove id 934 BSSID e0:10:7f:2b:42:ac SSID 'etab_5GHz' due to wpa_bss_flush_by_age
D/wpa_supplicant(685): CTRL_IFACE monitor sent successfully to /data/misc/wifi/sockets/wpa_ctrl_608-2\x00
D/wpa_supplicant(685): wlan0: BSS: Remove id 935 BSSID f0:b0:52:1b:d3:2c SSID 'etab_5GHz' due to wpa_bss_flush_by_age
D/wpa_supplicant(685): CTRL_IFACE monitor sent successfully to /data/misc/wifi/sockets/wpa_ctrl_608-2\x00
D/wpa_supplicant(685): wlan0: BSS: Remove id 936 BSSID f0:b0:52:db:d3:28 SSID 'test_dpsk' due to wpa_bss_flush_by_age
D/wpa_supplicant(685): CTRL_IFACE monitor sent successfully to /data/misc/wifi/sockets/wpa_ctrl_608-2\x00
D/wpa_supplicant(685): wlan0: BSS: Remove id 937 BSSID f0:b0:52:1b:d3:28 SSID 'Microtech' due to wpa_bss_flush_by_age
D/wpa_supplicant(685): CTRL_IFACE monitor sent successfully to /data/misc/wifi/sockets/wpa_ctrl_608-2\x00
D/wpa_supplicant(685): wlan0: BSS: Remove id 938 BSSID f0:b0:52:5b:d3:28 SSID 'Act-e-Tab' due to wpa_bss_flush_by_age
D/wpa_supplicant(685): CTRL_IFACE monitor sent successfully to /data/misc/wifi/sockets/wpa_ctrl_608-2\x00
D/wpa_supplicant(685): wlan0: BSS: Remove id 939 BSSID f0:b0:52:9b:d3:28 SSID 'e-tab' due to wpa_bss_flush_by_age
D/wpa_supplicant(685): CTRL_IFACE monitor sent successfully to /data/misc/wifi/sockets/wpa_ctrl_608-2\x00
D/wpa_supplicant(685): wlan0: BSS: Remove id 940 BSSID f0:b0:52:5b:d3:29 SSID 'test' due to wpa_bss_flush_by_age
D/wpa_supplicant(685): CTRL_IFACE monitor sent successfully to /data/misc/wifi/sockets/wpa_ctrl_608-2\x00
D/wpa_supplicant(685): wlan0: BSS: Remove id 941 BSSID 00:1d:8b:be:ce:1e SSID 'Alice-40774318' due to wpa_bss_flush_by_age
D/wpa_supplicant(685): CTRL_IFACE monitor sent successfully to /data/misc/wifi/sockets/wpa_ctrl_608-2\x00
D/wpa_supplicant(685): wlan0: BSS: Remove id 942 BSSID 90:72:40:1b:de:50 SSID 'Network Wi-Fi di BLS' due to wpa_bss_flush_by_age
D/wpa_supplicant(685): CTRL_IFACE monitor sent successfully to /data/misc/wifi/sockets/wpa_ctrl_608-2\x00
D/wpa_supplicant(685): wlan0: BSS: Remove id 943 BSSID 00:1d:6a:70:bb:e4 SSID 'Alice-75160292' due to wpa_bss_flush_by_age
D/wpa_supplicant(685): CTRL_IFACE monitor sent successfully to /data/misc/wifi/sockets/wpa_ctrl_608-2\x00
D/wpa_supplicant(685): wlan0: BSS: Remove id 944 BSSID d0:d4:12:f3:c9:62 SSID 'FASTWEB-1-J711x7RdMtKn' due to wpa_bss_flush_by_age
D/wpa_supplicant(685): CTRL_IFACE monitor sent successfully to /data/misc/wifi/sockets/wpa_ctrl_608-2\x00
D/wpa_supplicant(685): wlan0: BSS: Remove id 945 BSSID 00:50:fc:d6:0b:37 SSID 'default' due to wpa_bss_flush_by_age
D/wpa_supplicant(685): CTRL_IFACE monitor sent successfully to /data/misc/wifi/sockets/wpa_ctrl_608-2\x00
D/wpa_supplicant(685): wlan0: BSS: Remove id 946 BSSID e0:10:7f:2b:42:a9 SSID 'microtech_ospiti' due to wpa_bss_flush_by_age
D/wpa_supplicant(685): CTRL_IFACE monitor sent successfully to /data/misc/wifi/sockets/wpa_ctrl_608-2\x00
D/wpa_supplicant(685): wlan0: BSS: Remove id 947 BSSID f0:b0:52:1b:d3:29 SSID 'microtech_ospiti' due to wpa_bss_flush_by_age
D/wpa_supplicant(685): CTRL_IFACE monitor sent successfully to /data/misc/wifi/sockets/wpa_ctrl_608-2\x00
I/WAKELOCK_RELEASE(608): TIMESTAMP=15529143158729, TAG=RILJ, TYPE=PARTIAL_WAKE_LOCK , COUNT=0, PID=1228, UID=1001, FLAGS=
I/KERNEL (16720): [15529.327223] PM: suspend entry 2015-09-27 15:17:50.111204175 UTC
I/KERNEL (16720): [15529.327281] PM: Syncing filesystems ...
I/KERNEL (16720): done.
I/KERNEL (16720): [15529.330601] PM: Preparing system for mem sleep
I/KERNEL (16720): [15529.396354] Freezing user space processes ...
I/KERNEL (16720):
I/KERNEL (16720): [15529.396721] active wakeup source: NETLINK
I/KERNEL (16720): [15529.396735]
I/KERNEL (16720): [15529.396741] Freezing of tasks aborted after 0.000 seconds (23 tasks refusing to freeze, wq_busy=0, wq_name=(null)):
I/KERNEL (16720): [15529.408460]
I/KERNEL (16720): [15529.408475] Restarting tasks ...
I/KERNEL (16720): done.
I/KERNEL (16720): [15529.409323] video LNXVIDEO:00: Restoring backlight state
I/KERNEL (16720): [15529.409347] PM: suspend exit 2015-09-27 15:17:50.193344136 UTC
I/KERNEL (16720): [15529.409740] PM: suspend entry 2015-09-27 15:17:50.193737146 UTC
I/KERNEL (16720): [15529.409760] PM: Syncing filesystems ...
I/KERNEL (16720): done.
I/KERNEL (16720): [15529.411550] PM: Preparing system for mem sleep
I/KERNEL (16720): [15529.411857] Freezing user space processes ...
I/KERNEL (16720): (elapsed 0.003 seconds)
I/KERNEL (16720): done.
I/KERNEL (16720):
I/KERNEL (16720): [15529.415237] Freezing remaining freezable tasks ...
I/KERNEL (16720): (elapsed 0.004 seconds)
I/KERNEL (16720): done.
I/KERNEL (16720):
I/KERNEL (16720): [15529.419515] PM: Entering mem sleep
I/KERNEL (16720): [15529.419542] Suspending console(s) (use no_console_suspend to debug)
I/KERNEL (16720): [15529.430785] i915 0000:00:02.0: setting latency timer to 64
I/KERNEL (16720): [15529.436430] [drm:valleyview_enable_rps] *ERROR* GT fifo had a previous error 10
I/KERNEL (16720): [15529.438303] atomisp-css2400b0_v21 0000:00:03.0: DFS target frequency=200. E/EM FG ALGO Iface:(19684): E/EM FG ALGO Iface:(19684): Failed to get File Descriptor
I/KERNEL (16720): [15529.576553] xhci_hcd 0000:00:14.0: power state changed by ACPI to D0
I/KERNEL (16720): [15529.596606] xhci_hcd 0000:00:14.0: power state changed by ACPI to D0
I/KERNEL (16720): [15529.616466] xhci_hcd 0000:00:14.0: setting latency timer to 64
I/KERNEL (16720): [15529.680903] snd_intel_sst: runtime_resume called
I/KERNEL (16720): [15529.799595] acm_suspend[0][ACM4][531][bc2][47][8d][0][1]
I/KERNEL (16720): [15529.800346] bcmsdh_sdmmc_suspend Enter
I/KERNEL (16720): [15529.800375] bcmsdh_sdmmc_suspend Enter
I/KERNEL (16720): [15529.800620] acm_suspend[0][ACM3][154a][1b16][178][179][0][1]
I/KERNEL (16720): [15529.836559] active wakeup source: wlan_wd_wake
I/KERNEL (16720): [15529.836567] active wakeup source: wlan_wake
I/KERNEL (16720): [15530.657597] PM: Some devices failed to suspend
I/KERNEL (16720): [15530.716646] bcmsdh_sdmmc_resume Enter
I/KERNEL (16720): [15530.716662] bcmsdh_sdmmc_resume Enter
I/KERNEL (16720): [15530.749589] PM: resume of devices complete after 91.968 msecs
I/KERNEL (16720): [15530.777954] PM: Finishing wakeup.
I/KERNEL (16720): [15530.777963] Restarting tasks ...
I/KERNEL (17950): [15530.778828] atomisp-css2400b0_v21 0000:00:03.0: DFS target frequency=200.
I/KERNEL (17950): [15530.781304] iTCO_wdt: iTCO_wdt_keepalive
I/KERNEL (17950): [15530.781847] video LNXVIDEO:00: Restoring backlight state
I/KERNEL (17950): [15530.782483] PM: suspend exit 2015-09-27 15:17:51.566471161 UTC
I/KERNEL (18160): done.
I/KERNEL (17956): [15530.787582] snd_intel_sst: runtime_idle called
I/KERNEL (17956): [15530.787595] snd_intel_sst: runtime_suspend called
I/KERNEL (16720): [15530.842935] PM: suspend entry 2015-09-27 15:17:51.626920090 UTC
I/KERNEL (16720): [15530.842957] PM: Syncing filesystems ...
I/KERNEL (16720): done.
I/KERNEL (16720): [15530.846087] PM: Preparing system for mem sleep
I/KERNEL (16720): [15530.846385] Freezing user space processes ...
I/KERNEL (16720): (elapsed 0.003 seconds)
I/KERNEL (16720): done.
I/KERNEL (16720):
I/KERNEL (16720): [15530.849597] Freezing remaining freezable tasks ...
I/KERNEL (16720): (elapsed 0.004 seconds)
I/KERNEL (16720): done.
I/KERNEL (16720):
I/KERNEL (16720): [15530.854325] PM: Entering mem sleep
I/KERNEL (16720): [15530.854351] Suspending console(s) (use no_console_suspend to debug)
I/KERNEL (16720): [15530.865537] i915 0000:00:02.0: setting latency timer to 64
I/KERNEL (16720): [15530.873410] atomisp-css2400b0_v21 0000:00:03.0: DFS target frequency=200.
I/KERNEL (16720): [15530.935007] snd_intel_sst: runtime_resume called
I/KERNEL (16720): [15530.961151] acm_suspend[0][ACM4][531][bc2][47][8d][0][1]
I/KERNEL (16720): [15530.962211] bcmsdh_sdmmc_suspend Enter
I/KERNEL (16720): [15530.962280] bcmsdh_sdmmc_suspend Enter
I/KERNEL (16720): [15530.962326] acm_suspend[0][ACM3][154a][1b16][178][179][0][1]
I/KERNEL (16720): [15531.817639] snd_intel_sst: runtime_suspend called
I/KERNEL (16720): [15531.818972] [xhci_pci_suspend], xhci_root_hub pointer:0x77179000
I/KERNEL (16720): [15531.819043] XHCI: port 1, portsc 0xe63
I/KERNEL (16720): [15531.819148] atomisp-css2400b0_v21 0000:00:03.0: DFS target frequency=200.
I/KERNEL (16720): [15532.027142] PM: suspend of devices complete after 1067.253 msecs
I/KERNEL (16720): [15532.032437] PM: late suspend of devices complete after 5.239 msecs
I/KERNEL (16720): [15532.116163] xhci_hcd 0000:00:14.0: power state changed by ACPI to D3hot
I/KERNEL (16720): [15532.116184] active wakeup source: wlan_wd_wake
I/KERNEL (16720): [15532.116190] active wakeup source: wlan_wake
I/KERNEL (16720): [15532.226188] xhci_hcd 0000:00:14.0: power state changed by ACPI to D0
I/KERNEL (16720): [15532.236396] xhci_hcd 0000:00:14.0: power state changed by ACPI to D0
I/KERNEL (16720): [15532.250857] PM: noirq resume of devices complete after 134.642 msecs
I/KERNEL (16720): [15532.250867] Wakeup from IRQ 0
I/KERNEL (16720): [15532.251096] Wakeup from IRQ 389 GODX0911:00
I/KERNEL (16720): [15532.251167] Wakeup from IRQ 456
I/KERNEL (16720): [15532.251173] Wakeup from IRQ 457
I/KERNEL (16720): [15532.251187] Wakeup from IRQ 464
I/KERNEL (16720): [15532.251193] Wakeup from IRQ 465
I/KERNEL (16720): [15532.251215] Wakeup from IRQ 483
I/KERNEL (16720): [15532.251221] Wakeup from IRQ 484
I/KERNEL (16720): [15532.251226] Wakeup from IRQ 485
I/KERNEL (16720): [15532.251232] Wakeup from IRQ 486
I/KERNEL (16720): [15532.251248] Wakeup from IRQ 498
I/KERNEL (16720): [15532.251254] Wakeup from IRQ 499
I/KERNEL (16720): [15532.251260] Wakeup from IRQ 501
I/KERNEL (16720): [15532.251266] Wakeup from IRQ 502
I/KERNEL (16720): [15532.251272] Wakeup from IRQ 503
I/KERNEL (16720): [15532.257553] PM: early resume of devices complete after 6.217 msecs
I/KERNEL (16720): [15532.257560] PM: Some devices failed to power down
I/KERNEL (16720): [15532.258094] atomisp-css2400b0_v21 0000:00:03.0: DFS target frequency=200.
I/KERNEL (16720): [15532.258441] xhci_hcd 0000:00:14.0: power state changed by ACPI to D0
I/KERNEL (16720): [15532.258473] xhci_hcd 0000:00:14.0: setting latency timer to 64
I/KERNEL (16720): [15532.266201] mei_txe 0000:00:1a.0: irq 103 for MSI/MSI-X
I/KERNEL (16720): [15532.267959] i915 0000:00:02.0: setting latency timer to 64
I/KERNEL (16720): [15532.271231] snd_intel_sst: runtime_resume called
I/KERNEL (16720): [15532.341371] bcmsdh_sdmmc_resume Enter
I/KERNEL (16720): [15532.341387] bcmsdh_sdmmc_resume Enter
I/KERNEL (16720): [15532.359125] PM: resume of devices complete after 101.545 msecs
I/KERNEL (16720): [15532.393097] PM: Finishing wakeup.
I/KERNEL (16720): [15532.393118] Restarting tasks ...
I/KERNEL (16720): done.
I/KERNEL (16720): [15532.396169] video LNXVIDEO:00: Restoring backlight state
I/KERNEL (16720): [15532.397253] PM: suspend exit 2015-09-27 15:17:53.181231760 UTC
I/KERNEL (17738): [15532.397419] atomisp-css2400b0_v21 0000:00:03.0: DFS target frequency=200.
I/KERNEL (19657): [15532.405988] snd_intel_sst: runtime_idle called
I/KERNEL (19657): [15532.406019] snd_intel_sst: runtime_suspend called
I/KERNEL (16720): [15532.462553] PM: suspend entry 2015-09-27 15:17:53.246531893 UTC
I/KERNEL (16720): [15532.462579] PM: Syncing filesystems ...
I/KERNEL (16720): done.
I/KERNEL (16720): [15532.465015] PM: Preparing system for mem sleep
I/KERNEL (16720): [15532.465370] Freezing user space processes ...
I/KERNEL (16720): (elapsed 0.001 seconds)
I/KERNEL (16720): done.
I/KERNEL (16720):
I/KERNEL (16720): [15532.467066] Freezing remaining freezable tasks ...
I/KERNEL (16720): (elapsed 0.003 seconds)
I/KERNEL (16720): done.
I/KERNEL (16720):
I/KERNEL (16720): [15532.470298] PM: Entering mem sleep
I/KERNEL (16720): [15532.470324] Suspending console(s) (use no_console_suspend to debug)
I/KERNEL (16720): [15532.481474] i915 0000:00:02.0: setting latency timer to 64
I/KERNEL (16720): [15532.488899] atomisp-css2400b0_v21 0000:00:03.0: DFS target frequency=200.
I/KERNEL (16720): [15532.510028] snd_intel_sst: runtime_resume called
I/KERNEL (16720): [15532.538216] acm_suspend[0][ACM4][531][bc2][47][8d][0][1]
I/KERNEL (16720): [15532.539033] acm_suspend[0][ACM3][154a][1b16][178][179][0][1]
I/KERNEL (16720): [15532.540972] bcmsdh_sdmmc_suspend Enter
I/KERNEL (16720): [15532.540996] bcmsdh_sdmmc_suspend Enter
I/KERNEL (16720): [15533.397676] snd_intel_sst: runtime_suspend called
I/KERNEL (16720): [15533.398595] [xhci_pci_suspend], xhci_root_hub pointer:0x77179000
I/KERNEL (16720): [15533.398657] XHCI: port 1, portsc 0xe63
I/KERNEL (16720): [15533.398798] atomisp-css2400b0_v21 0000:00:03.0: DFS target frequency=200.
I/KERNEL (16720): [15533.606864] PM: suspend of devices complete after 1070.433 msecs
I/KERNEL (16720): [15533.612138] PM: late suspend of devices complete after 5.220 msecs
I/KERNEL (16720): [15533.696185] xhci_hcd 0000:00:14.0: power state changed by ACPI to D3hot
I/KERNEL (16720): [15533.706805] PM: noirq suspend of devices complete after 94.650 msecs
I/KERNEL (16720): [15533.706814] Disabling non-boot CPUs ...
I/KERNEL (16720): [15533.710221] smpboot: CPU 1 is now offline
I/KERNEL (16720): [15533.714538] smpboot: CPU 2 is now offline
I/KERNEL (16720): [15533.718242] smpboot: CPU 3 is now offline
I/KERNEL (16720): [15567.878455] Suspended for 35.000 seconds
I/KERNEL (16720): [15567.878894] Enabling non-boot CPUs ...
I/KERNEL (16720): [15567.879062] SMP alternatives: lockdep: fixing up alternatives
I/KERNEL (16720): [15567.879074] smpboot: Booting Node 0 Processor 1 APIC 0x2
I/KERNEL (16720): [15567.896079] Skipped synchronization checks as TSC is reliable.
I/KERNEL (16720): [15567.897423] CPU1 is up
I/KERNEL (16720): [15567.897561] SMP alternatives: lockdep: fixing up alternatives
I/KERNEL (16720): [15567.897573] smpboot: Booting Node 0 Processor 2 APIC 0x4
I/KERNEL (16720): [15567.914625] Skipped synchronization checks as TSC is reliable.
I/KERNEL (16720): [15567.916086] CPU2 is up
I/KERNEL (16720): [15567.916131] SMP alternatives: lockdep: fixing up alternatives
I/KERNEL (16720): [15567.916135] smpboot: Booting Node 0 Processor 3 APIC 0x6
I/KERNEL (16720): [15567.933017] Skipped synchronization checks as TSC is reliable.
I/KERNEL (16720): [15567.935010] CPU3 is up
I/KERNEL (16720): [15568.065278] xhci_hcd 0000:00:14.0: power state changed by ACPI to D0
I/KERNEL (16720): [15568.075490] xhci_hcd 0000:00:14.0: power state changed by ACPI to D0
I/KERNEL (16720): [15568.090012] PM: noirq resume of devices complete after 153.802 msecs
I/KERNEL (16720): [15568.090021] Wakeup from IRQ 0
I/KERNEL (16720): [15568.090036] Wakeup from IRQ 8 rtc0
I/KERNEL (16720): [15568.090214] Wakeup from IRQ 36 i2c-designware-5
I/KERNEL (16720): [15568.090395] Wakeup from IRQ 389 GODX0911:00
I/KERNEL (16720): [15568.090466] Wakeup from IRQ 456
I/KERNEL (16720): [15568.090472] Wakeup from IRQ 457
I/KERNEL (16720): [15568.090485] Wakeup from IRQ 464
I/KERNEL (16720): [15568.090492] Wakeup from IRQ 465
I/KERNEL (16720): [15568.090514] Wakeup from IRQ 483
I/KERNEL (16720): [15568.090520] Wakeup from IRQ 484
I/KERNEL (16720): [15568.090526] Wakeup from IRQ 485
I/KERNEL (16720): [15568.090532] Wakeup from IRQ 486
I/KERNEL (16720): [15568.090547] Wakeup from IRQ 498
I/KERNEL (16720): [15568.090553] Wakeup from IRQ 499
I/KERNEL (16720): [15568.090560] Wakeup from IRQ 501
I/KERNEL (16720): [15568.090566] Wakeup from IRQ 502
I/KERNEL (16720): [15568.090572] Wakeup from IRQ 503
I/KERNEL (16720): [15568.096789] PM: early resume of devices complete after 6.154 msecs
I/KERNEL (16720): [15568.097027] i915 0000:00:02.0: setting latency timer to 64
I/KERNEL (16720): [15568.098731] atomisp-css2400b0_v21 0000:00:03.0: DFS target frequency=200.
I/WAKELOCK_ACQUIRE(608): TIMESTAMP=15568054446243, TAG=*alarm*, TYPE=PARTIAL_WAKE_LOCK , COUNT=0, PID=608, UID=1000, FLAGS=
I/KERNEL (16720): [15568.099080] xhci_hcd 0000:00:14.0: power state changed by ACPI to D0
I/KERNEL (16720): [15568.099110] xhci_hcd 0000:00:14.0: setting latency timer to 64
I/KERNEL (16720): [15568.106800] [drm:valleyview_enable_rps] *ERROR* GT fifo had a previous error 10
I/KERNEL (16720): [15568.108398] mei_txe 0000:00:1a.0: irq 103 for MSI/MSI-X
I/KERNEL (16720): [15568.109730] snd_intel_sst: runtime_resume called
I/KERNEL (16720): [15568.178716] bcmsdh_sdmmc_resume Enter
I/KERNEL (16720): [15568.178733] bcmsdh_sdmmc_resume Enter
I/KERNEL (16720): [15568.199212] PM: resume of devices complete after 102.399 msecs
I/KERNEL (16720): [15568.237962] PM: Finishing wakeup.
I/KERNEL (16720): [15568.237967] Restarting tasks ...
I/KERNEL (16720): done.
I/KERNEL (16720): [15568.239396] video LNXVIDEO:00: Restoring backlight state
I/KERNEL (16720): [15568.240460] PM: suspend exit 2015-09-27 15:18:29.024259976 UTC
I/KERNEL (19685): [15568.242092] atomisp-css2400b0_v21 0000:00:03.0: DFS target frequency=200.
I/KERNEL (17639): [15568.250566] snd_intel_sst: runtime_idle called
I/KERNEL (17639): [15568.250583] snd_intel_sst: runtime_suspend called
I/WAKELOCK_RELEASE(608): TIMESTAMP=15568152982814, TAG=*alarm*, TYPE=PARTIAL_WAKE_LOCK , COUNT=0, PID=608, UID=1000, FLAGS=
I/KERNEL (16720): [15568.337503] PM: suspend entry 2015-09-27 15:18:29.121300178 UTC
I/KERNEL (16720): [15568.337528] PM: Syncing filesystems ...
I/KERNEL (16720): done.
I/KERNEL (16720): [15568.355916] PM: Preparing system for mem sleep
I/KERNEL (16720): [15568.356270] Freezing user space processes ...
I/KERNEL (16720): (elapsed 0.001 seconds)
I/KERNEL (16720): done.
I/KERNEL (16720):
I/KERNEL (16720): [15568.358255] Freezing remaining freezable tasks ...
I/KERNEL (16720): (elapsed 0.002 seconds)
I/KERNEL (16720): done.
I/KERNEL (16720):
I/KERNEL (16720): [15568.360831] PM: Entering mem sleep
I/KERNEL (16720): [15568.360837] Suspending console(s) (use no_console_suspend to debug)
I/KERNEL (16720): [15568.371574] i915 0000:00:02.0: setting latency timer to 64
I/KERNEL (16720): [15568.377452] atomisp-css2400b0_v21 0000:00:03.0: DFS target frequency=200.
I/KERNEL (16720): [15568.398522] snd_intel_sst: runtime_resume called
I/KERNEL (16720): [15568.424347] active wakeup source: alarm
I/KERNEL (16720): [15568.424361] PM: Some devices failed to suspend
I/KERNEL (16720): [15568.424386] PM: resume of devices complete after 0.013 msecs
I/KERNEL (16720): [15568.440841] PM: Finishing wakeup.
I/KERNEL (16720): [15568.440857] Restarting tasks ...
I/KERNEL (16720): done.
I/KERNEL (16720): [15568.443256] video LNXVIDEO:00: Restoring backlight state
I/KERNEL (16720): [15568.443497] PM: suspend exit 2015-09-27 15:18:29.227286539 UTC
I/KERNEL (16720): [15568.443557] PM: suspend entry 2015-09-27 15:18:29.227350895 UTC
I/KERNEL (16720): [15568.443581] PM: Syncing filesystems ...
I/KERNEL (19685): [15568.444830] atomisp-css2400b0_v21 0000:00:03.0: DFS target frequency=200.
I/KERNEL (19685): [15568.446793] PM: Preparing system for mem sleep
I/KERNEL (19685): [15568.447399] Freezing user space processes ...
I/KERNEL (18160): done.
I/KERNEL (17950): [15568.454986] snd_intel_sst: runtime_idle called
I/KERNEL (17950): [15568.454995] snd_intel_sst: runtime_suspend called
I/KERNEL (16720): [15568.457948] (elapsed 0.010 seconds)
I/KERNEL (16720): done.
I/KERNEL (16720):
I/KERNEL (16720): [15568.458033] Freezing remaining freezable tasks ...
I/KERNEL (16720): (elapsed 0.007 seconds)
I/KERNEL (16720): done.
I/KERNEL (16720):
I/KERNEL (16720): [15568.465801] PM: Entering mem sleep
I/KERNEL (16720): [15568.465827] Suspending console(s) (use no_console_suspend to debug)
I/KERNEL (16720): [15568.477074] i915 0000:00:02.0: setting latency timer to 64
I/KERNEL (16720): [15568.484115] atomisp-css2400b0_v21 0000:00:03.0: DFS target frequency=200.
I/KERNEL (16720): [15568.505703] snd_intel_sst: runtime_resume called
I/KERNEL (16720): [15568.534286] acm_suspend[0][ACM4][531][bc2][47][8d][0][1]
I/KERNEL (16720): [15568.534700] bcmsdh_sdmmc_suspend Enter
I/KERNEL (16720): [15568.534709] bcmsdh_sdmmc_suspend Enter
I/KERNEL (16720): [15568.535007] acm_suspend[0][ACM3][154a][1b16][178][179][0][1]
I/KERNEL (16720): [15569.396806] active wakeup source: wlan_wd_wake
I/KERNEL (16720): [15569.396814] active wakeup source: wlan_wake
I/KERNEL (16720): [15569.396831] PM: Some devices failed to suspend
I/KERNEL (16720): [15569.457131] bcmsdh_sdmmc_resume Enter
I/KERNEL (16720): [15569.457147] bcmsdh_sdmmc_resume Enter
I/KERNEL (16720): [15569.498540] PM: resume of devices complete after 101.688 msecs
I/KERNEL (16720): [15569.516687] PM: Finishing wakeup.
I/KERNEL (16720): [15569.516708] Restarting tasks ...
I/KERNEL (16720): done.
I/KERNEL (16720): [15569.525316] video LNXVIDEO:00: Restoring backlight state
I/KERNEL (16720): [15569.525630] PM: suspend exit 2015-09-27 15:18:30.309416905 UTC
I/KERNEL (19687): [15569.535663] atomisp-css2400b0_v21 0000:00:03.0: DFS target frequency=200.
I/KERNEL (19658): [15569.544731] snd_intel_sst: runtime_idle called
I/KERNEL (19658): [15569.544747] snd_intel_sst: runtime_suspend called E/EM FG ALGO Iface:(19692): E/EM FG ALGO Iface:(19692): Failed to get File Descriptor
I/KERNEL (16720): [15569.975708] PM: suspend entry 2015-09-27 15:18:30.759485632 UTC
I/KERNEL (16720): [15569.975766] PM: Syncing filesystems ...
I/KERNEL (16720): done.
I/KERNEL (16720): [15569.978774] PM: Preparing system for mem sleep
I/KERNEL (16720): [15569.979549] Freezing user space processes ...
I/KERNEL (16720): (elapsed 0.002 seconds)
I/KERNEL (16720): done.
I/KERNEL (16720):
I/KERNEL (16720): [15569.982625] Freezing remaining freezable tasks ...
I/KERNEL (16720): (elapsed 0.002 seconds)
I/KERNEL (16720): done.
I/KERNEL (16720):
I/KERNEL (16720): [15569.985580] PM: Entering mem sleep
I/KERNEL (16720): [15569.985606] Suspending console(s) (use no_console_suspend to debug)
I/KERNEL (16720): [15569.996414] i915 0000:00:02.0: setting latency timer to 64
I/KERNEL (16720): [15570.003133] atomisp-css2400b0_v21 0000:00:03.0: DFS target frequency=200.
I/KERNEL (16720): [15570.064922] snd_intel_sst: runtime_resume called
I/KERNEL (16720): [15570.093869] acm_suspend[0][ACM4][531][bc2][47][8d][0][1]
I/KERNEL (16720): [15570.094786] acm_suspend[0][ACM3][154a][1b16][178][179][0][1]
I/KERNEL (16720): [15570.097059] bcmsdh_sdmmc_suspend Enter
I/KERNEL (16720): [15570.097087] bcmsdh_sdmmc_suspend Enter
I/KERNEL (16720): [15570.956758] snd_intel_sst: runtime_suspend called
I/KERNEL (16720): [15570.957749] [xhci_pci_suspend], xhci_root_hub pointer:0x77179000
I/KERNEL (16720): [15570.957815] XHCI: port 1, portsc 0xe63
I/KERNEL (16720): [15570.957828] atomisp-css2400b0_v21 0000:00:03.0: DFS target frequency=200.
I/KERNEL (16720): [15571.166258] PM: suspend of devices complete after 1074.476 msecs
I/KERNEL (16720): [15571.171542] PM: late suspend of devices complete after 5.229 msecs
I/KERNEL (16720): [15571.245276] xhci_hcd 0000:00:14.0: power state changed by ACPI to D3hot
I/KERNEL (16720): [15571.255895] PM: noirq suspend of devices complete after 84.334 msecs
I/KERNEL (16720): [15571.255904] Disabling non-boot CPUs ...
I/KERNEL (16720): [15571.259145] smpboot: CPU 1 is now offline
I/KERNEL (16720): [15571.263450] smpboot: CPU 2 is now offline
I/KERNEL (16720): [15571.267117] smpboot: CPU 3 is now offline
I/KERNEL (16720): [15589.878425] Suspended for 19.000 seconds
I/KERNEL (16720): [15589.878867] Enabling non-boot CPUs ...
I/KERNEL (16720): [15589.879035] SMP alternatives: lockdep: fixing up alternatives
I/KERNEL (16720): [15589.879047] smpboot: Booting Node 0 Processor 1 APIC 0x2
I/KERNEL (16720): [15589.895946] Skipped synchronization checks as TSC is reliable.
I/KERNEL (16720): [15589.897294] CPU1 is up
I/KERNEL (16720): [15589.897434] SMP alternatives: lockdep: fixing up alternatives
I/KERNEL (16720): [15589.897446] smpboot: Booting Node 0 Processor 2 APIC 0x4
I/KERNEL (16720): [15589.914488] Skipped synchronization checks as TSC is reliable.
I/KERNEL (16720): [15589.916261] CPU2 is up
I/KERNEL (16720): [15589.916396] SMP alternatives: lockdep: fixing up alternatives
I/KERNEL (16720): [15589.916407] smpboot: Booting Node 0 Processor 3 APIC 0x6
I/KERNEL (16720): [15589.933299] Skipped synchronization checks as TSC is reliable.
I/KERNEL (16720): [15589.935309] CPU3 is up
I/KERNEL (16720): [15590.075637] xhci_hcd 0000:00:14.0: power state changed by ACPI to D0
I/KERNEL (16720): [15590.085865] xhci_hcd 0000:00:14.0: power state changed by ACPI to D0
I/KERNEL (16720): [15590.100372] PM: noirq resume of devices complete after 163.834 msecs
I/KERNEL (16720): [15590.100381] Wakeup from IRQ 0
I/KERNEL (16720): [15590.100396] Wakeup from IRQ 8 rtc0
I/KERNEL (16720): [15590.100448] Wakeup from IRQ 36 i2c-designware-5
I/KERNEL (16720): [15590.100630] Wakeup from IRQ 389 GODX0911:00
I/KERNEL (16720): [15590.100702] Wakeup from IRQ 456
I/KERNEL (16720): [15590.100708] Wakeup from IRQ 457
I/KERNEL (16720): [15590.100721] Wakeup from IRQ 464
I/KERNEL (16720): [15590.100727] Wakeup from IRQ 465
I/KERNEL (16720): [15590.100749] Wakeup from IRQ 483
I/KERNEL (16720): [15590.100755] Wakeup from IRQ 484
I/KERNEL (16720): [15590.100761] Wakeup from IRQ 485
I/KERNEL (16720): [15590.100767] Wakeup from IRQ 486
I/KERNEL (16720): [15590.100783] Wakeup from IRQ 498
I/KERNEL (16720): [15590.100789] Wakeup from IRQ 499
I/KERNEL (16720): [15590.100796] Wakeup from IRQ 501
I/KERNEL (16720): [15590.100801] Wakeup from IRQ 502
I/KERNEL (16720): [15590.100807] Wakeup from IRQ 503
I/KERNEL (16720): [15590.107063] PM: early resume of devices complete after 6.193 msecs
I/KERNEL (16720): [15590.107262] i915 0000:00:02.0: setting latency timer to 64
I/KERNEL (16720): [15590.108454] snd_intel_sst: runtime_resume called
I/KERNEL (16720): [15590.109017] atomisp-css2400b0_v21 0000:00:03.0: DFS target frequency=200.
I/KERNEL (16720): [15590.109027] xhci_hcd 0000:00:14.0: power state changed by ACPI to D0
I/KERNEL (16720): [15590.109065] xhci_hcd 0000:00:14.0: setting latency timer to 64
I/KERNEL (16720): [15590.109408] mei_txe 0000:00:1a.0: irq 103 for MSI/MSI-X
I/KERNEL (16720): [15590.112394] [drm:valleyview_enable_rps] *ERROR* GT fifo had a previous error 10
I/KERNEL (16720): [15590.178632] bcmsdh_sdmmc_resume Enter
I/KERNEL (16720): [15590.178649] bcmsdh_sdmmc_resume Enter
I/KERNEL (16720): [15590.197771] PM: resume of devices complete after 90.688 msecs
I/KERNEL (16720): [15590.237026] PM: Finishing wakeup.
I/KERNEL (16720): [15590.237066] Restarting tasks ...
V/AlarmManager(608): triggered: act=android.app.backup.intent.RUN flg=0x40000000 Pkg: android
I/WAKELOCK_ACQUIRE(608): TIMESTAMP=15590063145509, TAG=*alarm*, TYPE=PARTIAL_WAKE_LOCK , COUNT=0, PID=608, UID=1000, FLAGS=
V/AlarmManager(608): triggered: act=ALARM_WAKEUP_ACTIVITY_DETECTION Pkg: com.google.android.gms
V/AlarmManager(608): triggered: act=android.net.wifi.DHCP_RENEW Pkg: android
I/KERNEL (19691): [15590.238635] atomisp-css2400b0_v21 0000:00:03.0: DFS target frequency=200.
I/KERNEL (19658): [15590.247745] snd_intel_sst: runtime_idle called
I/KERNEL (19658): [15590.247762] snd_intel_sst: runtime_suspend called
V/BackupManagerService(608): Running a backup pass
I/WAKELOCK_ACQUIRE(608): TIMESTAMP=15590073326786, TAG=*backup*, TYPE=PARTIAL_WAKE_LOCK , COUNT=0, PID=608, UID=1000, FLAGS=
I/WAKELOCK_ACQUIRE(608): TIMESTAMP=15590076144300, TAG=NlpCollectorWakeLock, TYPE=PARTIAL_WAKE_LOCK , COUNT=0, PID=18348, UID=10007, FLAGS=
I/WAKELOCK_ACQUIRE(608): TIMESTAMP=15590077093867, TAG=NlpCollectorWakeLock, TYPE=PARTIAL_WAKE_LOCK , COUNT=0, PID=18348, UID=10007, FLAGS=
I/WAKELOCK_ACQUIRE(608): TIMESTAMP=15590077793511, TAG=NlpCollectorWakeLock, TYPE=PARTIAL_WAKE_LOCK , COUNT=0, PID=18348, UID=10007, FLAGS=
I/KERNEL (16720): done.
I/KERNEL (16720): [15590.249150] video LNXVIDEO:00: Restoring backlight state
I/KERNEL (16720): [15590.250333] PM: suspend exit 2015-09-27 15:18:51.034023708 UTC
V/BackupManagerService(608): clearing pending backups
I/WAKELOCK_ACQUIRE(608): TIMESTAMP=15590081618348, TAG=NlpWakeLock, TYPE=PARTIAL_WAKE_LOCK , COUNT=0, PID=18348, UID=10007, FLAGS=
I/WAKELOCK_ACQUIRE(608): TIMESTAMP=15590082351605, TAG=DHCP, TYPE=PARTIAL_WAKE_LOCK , COUNT=0, PID=608, UID=1000, FLAGS=
