I/KERNEL (213): [16190.982525] healthd: battery l=41 v=3806 t=28.0 h=2 st=2 c=-801 chg=u
I/chromium(16419): [INFO:SkFontConfigInterface_android.cpp(247)] ---- failed to open as a font
I/chromium(16419):
D/skia (16419): ---- failed to open as a font
D/skia_ext(15944): turboImageDecoder took 0.81ms to decode 100x100 (1x downscale)
W/art (15944): Long monitor contention event with owner method=com.facebook.binaryresource.BinaryResource com.facebook.cache.disk.DiskStorageCache.a(com.facebook.cache.common.CacheKey) from DiskStorageCache.java:196 waiters=0 for 500ms
D/skia_ext(15944): turboImageDecoder took 0.94ms to decode 100x100 (1x downscale)
D/skia_ext(15944): turboImageDecoder took 1.29ms to decode 100x100 (1x downscale)
D/skia_ext(15944): turboImageDecoder took 0.82ms to decode 100x100 (1x downscale)
D/skia_ext(15944): turboImageDecoder took 0.68ms to decode 100x100 (1x downscale)
I/Choreographer(15944): Skipped 133 frames! The application may be doing too much work on its main thread.
D/ (15944): Pixel Format : GGL_PIXEL_FORMAT_RGBA_8888
D/ (15944): Updating FBO content dimensions
D/AudioIntelHal(253): stopStream: output stream.
D/AudioIntelHal/AudioPlatformState(253): route-parameter-manager: Selection criterion changed event: Criterion name: OutputFlags, current state:
D/AudioIntelHal/AudioPlatformState(253): route-parameter-manager: Selection criterion changed event: Criterion name: StatesChanged, current state: OutputFlags
D/AudioIntelHal/AudioPlatformState(253): route-parameter-manager: Configuration application request {
D/AudioIntelHal/AudioPlatformState(253): route-parameter-manager: Applying configurations {
D/AudioIntelHal/AudioPlatformState(253): route-parameter-manager: Applying configuration "NotSelected" from domain "Parameter.Outputflags.Primary"
D/AudioIntelHal/AudioPlatformState(253): route-parameter-manager: Applying configuration "NotApplicable" from domain "StreamRoute.Media.Playback"
D/AudioIntelHal/AudioPlatformState(253): route-parameter-manager: Applying configuration "NotApplicable" from domain "Route.HwCodecMedia.Playback"
D/AudioIntelHal/AudioPlatformState(253): route-parameter-manager: Applying configuration "No" from domain "Route.HWCodec.NeedReconfigure.Capture"
D/AudioIntelHal/AudioPlatformState(253): route-parameter-manager: } Applying configurations
D/AudioIntelHal/AudioPlatformState(253): route-parameter-manager: } Configuration application request
D/EVENT_THREAD(253): void CEventThread::trig(void*, uint32_t): in
D/EVENT_THREAD(253): void CEventThread::trig(void*, uint32_t): out
D/RouteManager(253): doReconsiderRouting: Route state:
D/RouteManager(253): -Previously Enabled Route in Input =
D/RouteManager(253): -Previously Enabled Route in Output = Media|HwCodecMedia
D/RouteManager(253): -Selected Route in Input =
D/RouteManager(253): -Selected Route in Output =
D/RouteManager(253): -executeMuteRoutingStage-
D/RouteManager(253): audio-parameter-manager: Selection criterion changed event: Criterion name: RoutageState, current state: Flow
D/RouteManager(253): audio-parameter-manager: Selection criterion changed event: Criterion name: ClosingPlaybackRoutes, current state: Media|HwCodecMedia
D/RouteManager(253): audio-parameter-manager: Selection criterion changed event: Criterion name: OpenedPlaybackRoutes, current state:
D/RouteManager(253): audio-parameter-manager: Configuration application request {
D/RouteManager(253): audio-parameter-manager: Applying configurations {
D/RouteManager(253): audio-parameter-manager: Applying configuration "Mute" from domain "Routing.Mute.HWCodec.Playback.IHF"
D/RouteManager(253): audio-parameter-manager: } Applying configurations
D/RouteManager(253): audio-parameter-manager: } Configuration application request
D/RouteManager(253): -executeDisableRoutingStage-
D/RouteManager(253): audio-parameter-manager: Selection criterion changed event: Criterion name: RoutageState, current state: Path
D/TinyAlsaAudioDevice(253): close
I/KERNEL (253): [16192.341270] snd_intel_sst: runtime_idle called
D/RouteManager(253): audio-parameter-manager: Configuration application request {
D/RouteManager(253): audio-parameter-manager: Applying configurations {
D/RouteManager(253): audio-parameter-manager: Applying configuration "Disable" from domain "Routing.Enable.HWCodec.Playback.Analog.IHF.Out"
D/RouteManager(253): audio-parameter-manager: Applying configuration "Disable" from domain "Routing.Enable.HWCodec.Playback.Analog.IHF.Multimedia"
D/RouteManager(253): audio-parameter-manager: Applying configuration "Disable" from domain "Routing.Enable.HWCodec.Playback.Digital.Multimedia"
I/WAKELOCK_ACQUIRE(608): TIMESTAMP=16202825190858, TAG=RILJ, TYPE=PARTIAL_WAKE_LOCK , COUNT=0, PID=1228, UID=1001, FLAGS=
D/RouteManager(253): audio-parameter-manager: } Applying configurations
I/WAKELOCK_RELEASE(608): TIMESTAMP=16202944537760, TAG=Icing, TYPE=PARTIAL_WAKE_LOCK , COUNT=0, PID=1509, UID=10007, FLAGS=
D/RouteManager(253): audio-parameter-manager: } Configuration application request
I/ActivityManager(608): START u0 {act=android.intent.action.MAIN cat=[android.intent.category.LAUNCHER] flg=0x10200000 cmp=tv.periscope.android/.LaunchActivity bnds=[1024,814][1280,1116] (has extras)} from uid 10040 on display 0
D/RouteManager(253): -executeConfigureRoutingStage-
I/WAKELOCK_ACQUIRE(608): TIMESTAMP=16203585430419, TAG=ActivityManager-Launch, TYPE=PARTIAL_WAKE_LOCK , COUNT=0, PID=608, UID=1000, FLAGS=
D/RouteManager(253): audio-parameter-manager: Selection criterion changed event: Criterion name: RoutageState, current state: Configure
I/WAKELOCK_RELEASE(608): TIMESTAMP=16203675377865, TAG=AudioIn, TYPE=PARTIAL_WAKE_LOCK , COUNT=0, PID=0, UID=1013, FLAGS=
D/RouteManager(253): audio-parameter-manager: Selection criterion changed event: Criterion name: ClosingPlaybackRoutes, current state:
I/WAKELOCK_ACQUIRE(608): TIMESTAMP=16203677448743, TAG=AudioIn, TYPE=PARTIAL_WAKE_LOCK , COUNT=0, PID=0, UID=1013, FLAGS=
D/RouteManager(253): audio-parameter-manager: Selection criterion changed event: Criterion name: OutputFlags, current state:
I/WAKELOCK_RELEASE(608): TIMESTAMP=16203678545321, TAG=AudioIn, TYPE=PARTIAL_WAKE_LOCK , COUNT=0, PID=0, UID=1013, FLAGS=
D/RouteManager(253): audio-parameter-manager: Configuration application request {
I/ActivityManager(608): START u0 {cmp=tv.periscope.android/o.asn} from uid 10065 on display 0
D/RouteManager(253): audio-parameter-manager: Applying configurations {
I/WAKELOCK_ACQUIRE(608): TIMESTAMP=16203904071268, TAG=ActivityManager-Launch, TYPE=PARTIAL_WAKE_LOCK , COUNT=0, PID=608, UID=1000, FLAGS=
D/RouteManager(253): audio-parameter-manager: } Applying configurations
W/ActivityManager(608): Duplicate finish request for ActivityRecord{3dc53a18 u0 tv.periscope.android/.LaunchActivity t142 f}
D/RouteManager(253): audio-parameter-manager: } Configuration application request
D/RouteManager(253): -executeEnableRoutingStage-
D/RouteManager(253): audio-parameter-manager: Selection criterion changed event: Criterion name: RoutageState, current state: Path|Configure
D/RouteManager(253): audio-parameter-manager: Configuration application request {
D/RouteManager(253): audio-parameter-manager: Applying configurations {
D/RouteManager(253): audio-parameter-manager: } Applying configurations
D/RouteManager(253): audio-parameter-manager: } Configuration application request
D/RouteManager(253): -executeUnmuteRoutingStage-
D/RouteManager(253): audio-parameter-manager: Selection criterion changed event: Criterion name: RoutageState, current state: Flow|Path|Configure
D/RouteManager(253): audio-parameter-manager: Configuration application request {
D/RouteManager(253): audio-parameter-manager: Applying configurations {
D/RouteManager(253): audio-parameter-manager: } Applying configurations
D/RouteManager(253): audio-parameter-manager: } Configuration application request
D/RouteManager(253): doReconsiderRouting: DONE
D/EVENT_THREAD(253): void CEventThread::run() Do poll with timeout: -1
W/art (18956): Suspending all threads took: 201.666ms
D/wpa_supplicant(685): wlan0: Control interface command 'SIGNAL_POLL'
I/art (15944): Background sticky concurrent mark sweep GC freed 25745(1517KB) AllocSpace objects, 46(736KB) LOS objects, 0% free, 54MB/54MB, paused 21.447ms total 359.206ms
D/skia_ext(15944): turboImageDecoder took 370.44ms to decode 1200x1200 (1x downscale) E/EM FG ALGO Iface:(20230): E/EM FG ALGO Iface:(20230): Failed to get File Descriptor
D/skia (15944): --- SkImageDecoder::Factory returned null
I/WAKELOCK_RELEASE(608): TIMESTAMP=16204591233392, TAG=ActivityManager-Launch, TYPE=PARTIAL_WAKE_LOCK , COUNT=0, PID=608, UID=1000, FLAGS=
W/pages(15944): time 16193645: onProducerFinishWithFailure: {requestId: 84, stage: DecodeProducer, elapsedTime: -1 ms, extraMap: null, throwable: java.lang.IllegalArgumentException: unknown image format}
I/WAKELOCK_ACQUIRE(608): TIMESTAMP=16204599046948, TAG=UPLOAD_WAKE_LOCK, TYPE=PARTIAL_WAKE_LOCK , COUNT=0, PID=14409, UID=10065, FLAGS=
W/pages(15944): time 16193648: onRequestFailure: {requestId: 84, elapsedTime: -1 ms, throwable: java.lang.IllegalArgumentException: unknown image format}
I/ActivityManager(608): Process com.google.android.apps.photos (pid 19869) has died
W/pages(15944): time 16193648: onRequestFailure: {requestId: 86, elapsedTime: -1 ms, throwable: java.lang.IllegalArgumentException: unknown image format}
I/ActivityManager(608): Process com.facebook.katana:nodex (pid 19922) has died
W/pages(15944): time 16193648: onRequestFailure: {requestId: 88, elapsedTime: -1 ms, throwable: java.lang.IllegalArgumentException: unknown image format}
I/WAKELOCK_ACQUIRE(608): TIMESTAMP=16204925169712, TAG=UPLOAD_WAKE_LOCK, TYPE=PARTIAL_WAKE_LOCK , COUNT=0, PID=14409, UID=10065, FLAGS=
W/pages(15944): time 16193648: onRequestFailure: {requestId: 90, elapsedTime: -1 ms, throwable: java.lang.IllegalArgumentException: unknown image format}
I/WAKELOCK_ACQUIRE(608): TIMESTAMP=16204961926560, TAG=RILJ, TYPE=PARTIAL_WAKE_LOCK , COUNT=0, PID=1228, UID=1001, FLAGS=
W/pages(15944): time 16193648: onRequestFailure: {requestId: 92, elapsedTime: -1 ms, throwable: java.lang.IllegalArgumentException: unknown image format}
I/WAKELOCK_RELEASE(608): TIMESTAMP=16205744476529, TAG=UPLOAD_WAKE_LOCK, TYPE=PARTIAL_WAKE_LOCK , COUNT=0, PID=14409, UID=10065, FLAGS=
W/pages(15944): time 16193648: onRequestFailure: {requestId: 94, elapsedTime: -1 ms, throwable: java.lang.IllegalArgumentException: unknown image format}
I/WAKELOCK_ACQUIRE(608): TIMESTAMP=16205756683144, TAG=RILJ, TYPE=PARTIAL_WAKE_LOCK , COUNT=0, PID=1228, UID=1001, FLAGS=
W/pages(15944): time 16193648: onRequestFailure: {requestId: 96, elapsedTime: -1 ms, throwable: java.lang.IllegalArgumentException: unknown image format}
I/WAKELOCK_RELEASE(608): TIMESTAMP=16206691041318, TAG=AudioMix, TYPE=PARTIAL_WAKE_LOCK , COUNT=0, PID=0, UID=1013, FLAGS=
D/skia_ext(15944): turboImageDecoder took 97.82ms to decode 1200x1200 (1x downscale)
I/WAKELOCK_RELEASE(608): TIMESTAMP=16206821133483, TAG=UPLOAD_WAKE_LOCK, TYPE=PARTIAL_WAKE_LOCK , COUNT=0, PID=14409, UID=10065, FLAGS=
D/skia_ext(15944): turboImageDecoder took 69.16ms to decode 1200x1200 (1x downscale)
D/skia_ext(15944): turboImageDecoder took 53.26ms to decode 1200x1200 (1x downscale)
W/art (15944): Suspending all threads took: 7.930ms
I/art (15944): Background partial concurrent mark sweep GC freed 4567(380KB) AllocSpace objects, 3(48KB) LOS objects, 21% free, 59MB/75MB, paused 16.179ms total 445.289ms
I/KERNEL (17739): [16194.337621] snd_intel_sst: runtime_suspend called
D/ (1268): Surface destroy: ANDROID_NATIVE_WINDOW_MAGIC
I/Choreographer(15944): Skipped 172 frames! The application may be doing too much work on its main thread.
D/skia (15944): --- SkImageDecoder::Factory returned null
W/pages(15944): time 16194365: onProducerFinishWithFailure: {requestId: 104, stage: DecodeProducer, elapsedTime: -1 ms, extraMap: null, throwable: java.lang.IllegalArgumentException: unknown image format}
W/pages(15944): time 16194365: onRequestFailure: {requestId: 104, elapsedTime: -1 ms, throwable: java.lang.IllegalArgumentException: unknown image format}
D/skia (15944): --- SkImageDecoder::Factory returned null
W/pages(15944): time 16194369: onProducerFinishWithFailure: {requestId: 106, stage: DecodeProducer, elapsedTime: -1 ms, extraMap: {hasGoodQuality=true, queueTime=0, isFinal=true}, throwable: java.lang.IllegalArgumentException: unknown image format}
W/pages(15944): time 16194369: onRequestFailure: {requestId: 106, elapsedTime: -1 ms, throwable: java.lang.IllegalArgumentException: unknown image format}
D/skia (15944): --- SkImageDecoder::Factory returned null
W/pages(15944): time 16194370: onProducerFinishWithFailure: {requestId: 108, stage: DecodeProducer, elapsedTime: -1 ms, extraMap: null, throwable: java.lang.IllegalArgumentException: unknown image format}
W/pages(15944): time 16194370: onRequestFailure: {requestId: 108, elapsedTime: -1 ms, throwable: java.lang.IllegalArgumentException: unknown image format}
D/skia (15944): --- SkImageDecoder::Factory returned null
W/pages(15944): time 16194373: onProducerFinishWithFailure: {requestId: 110, stage: DecodeProducer, elapsedTime: -1 ms, extraMap: null, throwable: java.lang.IllegalArgumentException: unknown image format}
W/pages(15944): time 16194373: onRequestFailure: {requestId: 110, elapsedTime: -1 ms, throwable: java.lang.IllegalArgumentException: unknown image format}
D/skia (15944): --- SkImageDecoder::Factory returned null
W/pages(15944): time 16194380: onProducerFinishWithFailure: {requestId: 112, stage: DecodeProducer, elapsedTime: -1 ms, extraMap: null, throwable: java.lang.IllegalArgumentException: unknown image format}
W/pages(15944): time 16194381: onRequestFailure: {requestId: 112, elapsedTime: -1 ms, throwable: java.lang.IllegalArgumentException: unknown image format}
D/skia (15944): --- SkImageDecoder::Factory returned null
W/pages(15944): time 16194383: onProducerFinishWithFailure: {requestId: 114, stage: DecodeProducer, elapsedTime: -1 ms, extraMap: null, throwable: java.lang.IllegalArgumentException: unknown image format}
W/pages(15944): time 16194383: onRequestFailure: {requestId: 114, elapsedTime: -1 ms, throwable: java.lang.IllegalArgumentException: unknown image format}
D/skia (15944): --- SkImageDecoder::Factory returned null
W/pages(15944): time 16194385: onProducerFinishWithFailure: {requestId: 116, stage: DecodeProducer, elapsedTime: -1 ms, extraMap: null, throwable: java.lang.IllegalArgumentException: unknown image format}
W/pages(15944): time 16194385: onRequestFailure: {requestId: 116, elapsedTime: -1 ms, throwable: java.lang.IllegalArgumentException: unknown image format}
I/Keyboard.Facilitator(847): onFinishInput()
D/ (16419): Pixel Format : GGL_PIXEL_FORMAT_RGBA_8888
D/ (16419): droid_create_context : config id = 1 conf->NativeVisualID=1
D/ (16419): Pixel Format : GGL_PIXEL_FORMAT_RGBA_8888
I/ (16419): Requested context : GLES 2.0
E/ivpg-hwc(217): Lost 1 flips
E/ivpg-hwc(217): Lost 1 flips
D/wpa_supplicant(685): wlan0: Control interface command 'SIGNAL_POLL'
I/KERNEL (261): [16197.538342] xhci_hcd 0000:00:14.0: power state changed by ACPI to D0
I/KERNEL (261): [16197.567583] xhci_hcd 0000:00:14.0: power state changed by ACPI to D0
I/KERNEL (261): [16197.587640] xhci_hcd 0000:00:14.0: setting latency timer to 64
I/KERNEL (221): [16198.720746] iTCO_wdt: iTCO_wdt_keepalive
D/wpa_supplicant(685): wlan0: Control interface command 'SIGNAL_POLL'
E/WifiStateMachine(608): WifiStateMachine CMD_START_SCAN source -2 txSuccessRate=15,67 rxSuccessRate=16,45 targetRoamBSSID=e0:10:7f:ab:42:a8 RSSI=-57
E/WifiStateMachine(608): WifiStateMachine starting scan for "e-tab"WPA_PSK with 2412,2462
D/wpa_supplicant(685): wlan0: Control interface command 'SCAN TYPE=ONLY freq=2412,2462'
D/wpa_supplicant(685): wlan0: Setting scan request: 0.000000 sec
D/wpa_supplicant(685): wlan0: Starting AP scan for wildcard SSID
D/wpa_supplicant(685): WPS: Building WPS IE for Probe Request
D/wpa_supplicant(685): WPS: * Version (hardcoded 0x10)
D/wpa_supplicant(685): WPS: * Request Type
D/wpa_supplicant(685): WPS: * Config Methods (4288)
D/wpa_supplicant(685): WPS: * UUID-E
D/wpa_supplicant(685): WPS: * Primary Device Type
D/wpa_supplicant(685): WPS: * RF Bands (3)
D/wpa_supplicant(685): WPS: * Association State
D/wpa_supplicant(685): WPS: * Configuration Error (0)
D/wpa_supplicant(685): WPS: * Device Password ID (0)
I/WAKELOCK_ACQUIRE(608): TIMESTAMP=16207836148461, TAG=RILJ, TYPE=PARTIAL_WAKE_LOCK , COUNT=0, PID=1228, UID=1001, FLAGS=
D/wpa_supplicant(685): WPS: * Manufacturer
I/ActivityManager(608): START u0 {act=android.intent.action.MAIN cat=[android.intent.category.HOME] flg=0x10200000 cmp=com.google.android.googlequicksearchbox/com.google.android.launcher.GEL} from uid 1000 on display 0
D/wpa_supplicant(685): WPS: * Model Name
I/WAKELOCK_ACQUIRE(608): TIMESTAMP=16208047092945, TAG=AudioMix, TYPE=PARTIAL_WAKE_LOCK , COUNT=0, PID=0, UID=1013, FLAGS=
D/wpa_supplicant(685): WPS: * Model Number
I/WAKELOCK_ACQUIRE(608): TIMESTAMP=16208086043034, TAG=ActivityManager-Launch, TYPE=PARTIAL_WAKE_LOCK , COUNT=0, PID=608, UID=1000, FLAGS=
D/wpa_supplicant(685): WPS: * Device Name
I/WAKELOCK_ACQUIRE(608): TIMESTAMP=16208088697456, TAG=RILJ, TYPE=PARTIAL_WAKE_LOCK , COUNT=0, PID=1228, UID=1001, FLAGS=
D/wpa_supplicant(685): WPS: * Version2 (0x20)
I/WAKELOCK_RELEASE(608): TIMESTAMP=16208277768774, TAG=ActivityManager-Launch, TYPE=PARTIAL_WAKE_LOCK , COUNT=0, PID=608, UID=1000, FLAGS=
D/wpa_supplicant(685): P2P: * P2P IE header E/EM FG ALGO Iface:(20249): E/EM FG ALGO Iface:(20249): Failed to get File Descriptor
D/wpa_supplicant(685): P2P: * Capability dev=25 group=00
I/WAKELOCK_ACQUIRE(608): TIMESTAMP=16208352943033, TAG=Icing, TYPE=PARTIAL_WAKE_LOCK , COUNT=0, PID=1509, UID=10007, FLAGS=
D/wpa_supplicant(685): P2P: * Listen Channel: Regulatory Class 81 Channel 1
I/WAKELOCK_ACQUIRE(608): TIMESTAMP=16208376143369, TAG=AudioIn, TYPE=PARTIAL_WAKE_LOCK , COUNT=0, PID=0, UID=1013, FLAGS=
D/wpa_supplicant(685): wlan0: Limit manual scan to specified channels
I/WAKELOCK_RELEASE(608): TIMESTAMP=16208376658935, TAG=AudioIn, TYPE=PARTIAL_WAKE_LOCK , COUNT=0, PID=0, UID=1013, FLAGS=
D/wpa_supplicant(685): wlan0: Add radio work 'scan'@0xf6e18520
I/WAKELOCK_ACQUIRE(608): TIMESTAMP=16208381749093, TAG=AudioIn, TYPE=PARTIAL_WAKE_LOCK , COUNT=0, PID=0, UID=1013, FLAGS=
D/wpa_supplicant(685): wlan0: First radio work item in the queue - schedule start immediately
I/WAKELOCK_RELEASE(608): TIMESTAMP=16208415094490, TAG=Icing, TYPE=PARTIAL_WAKE_LOCK , COUNT=0, PID=1509, UID=10007, FLAGS=
D/wpa_supplicant(685): wlan0: Starting radio work 'scan'@0xf6e18520 after 0.000046 second wait
V/AlarmManager(608): triggered: act=com.facebook.push.mqtt.keepalive.KeepaliveManager.ACTION_INEXACT_ALARM.com.facebook.katana pkg=com.facebook.katana Pkg: com.facebook.katana
D/wpa_supplicant(685): wlan0: nl80211: scan request
I/WAKELOCK_ACQUIRE(608): TIMESTAMP=16208427819802, TAG=*alarm*, TYPE=PARTIAL_WAKE_LOCK , COUNT=0, PID=608, UID=1000, FLAGS=
D/wpa_supplicant(685): Scan requested (ret=0) - scan timeout 30 seconds
I/WAKELOCK_RELEASE(608): TIMESTAMP=16208538434853, TAG=*alarm*, TYPE=PARTIAL_WAKE_LOCK , COUNT=0, PID=608, UID=1000, FLAGS=
D/wpa_supplicant(685): nl80211: Drv Event 33 (NL80211_CMD_TRIGGER_SCAN) received for wlan0
V/AlarmManager(608): triggered: cmp=com.google.android.googlequicksearchbox/com.google.android.velvet.VelvetBackgroundTasksImpl$Service Pkg: com.google.android.googlequicksearchbox
D/wpa_supplicant(685): wlan0: nl80211: Scan trigger
I/WAKELOCK_ACQUIRE(608): TIMESTAMP=16208648188247, TAG=*alarm*, TYPE=PARTIAL_WAKE_LOCK , COUNT=0, PID=608, UID=1000, FLAGS=
D/wpa_supplicant(685): wlan0: Event SCAN_STARTED (49) received
I/WAKELOCK_RELEASE(608): TIMESTAMP=16208648418802, TAG=*alarm*, TYPE=PARTIAL_WAKE_LOCK , COUNT=0, PID=608, UID=1000, FLAGS=
D/wpa_supplicant(685): wlan0: Own scan request started a scan in 0.000077 seconds
I/ActivityManager(608): START u0 {act=android.intent.action.MAIN cat=[android.intent.category.LAUNCHER] flg=0x10200000 cmp=com.twitter.android/.StartActivity bnds=[768,814][1024,1116] (has extras)} from uid 10040 on display 0
I/wpa_supplicant(685): wlan0: CTRL-EVENT-SCAN-STARTED
I/WAKELOCK_ACQUIRE(608): TIMESTAMP=16209237907618, TAG=ActivityManager-Launch, TYPE=PARTIAL_WAKE_LOCK , COUNT=0, PID=608, UID=1000, FLAGS=
D/wpa_supplicant(685): CTRL_IFACE monitor sent successfully to /data/misc/wifi/sockets/wpa_ctrl_608-2\x00
I/WAKELOCK_RELEASE(608): TIMESTAMP=16209299553554, TAG=AudioIn, TYPE=PARTIAL_WAKE_LOCK , COUNT=0, PID=0, UID=1013, FLAGS=
I/KERNEL (19765): [16199.677362] acm_suspend[1][ACM4][531][bc2][47][8d][0][1]
I/WAKELOCK_ACQUIRE(608): TIMESTAMP=16209301754223, TAG=AudioIn, TYPE=PARTIAL_WAKE_LOCK , COUNT=0, PID=0, UID=1013, FLAGS=
I/KERNEL (19765): [16199.678167] acm_suspend[1][ACM3][16a4][1d7b][197][198][0][1]
I/WAKELOCK_RELEASE(608): TIMESTAMP=16209303231115, TAG=AudioIn, TYPE=PARTIAL_WAKE_LOCK , COUNT=0, PID=0, UID=1013, FLAGS=
D/wpa_supplicant(685): nl80211: Drv Event 34 (NL80211_CMD_NEW_SCAN_RESULTS) received for wlan0
I/ActivityManager(608): Start proc com.twitter.android for activity com.twitter.android/.MainActivity: pid=20261 uid=10076 gids={50076, 9997, 3003, 1028, 1015} abi=x86
D/wpa_supplicant(685): wlan0: nl80211: New scan results available
I/WAKELOCK_ACQUIRE(608): TIMESTAMP=16209967316754, TAG=RILJ, TYPE=PARTIAL_WAKE_LOCK , COUNT=0, PID=1228, UID=1001, FLAGS=
D/wpa_supplicant(685): nl80211: Scan probed for SSID ''
I/WAKELOCK_ACQUIRE(608): TIMESTAMP=16209977673819, TAG=RILJ, TYPE=PARTIAL_WAKE_LOCK , COUNT=0, PID=1228, UID=1001, FLAGS=
D/wpa_supplicant(685): nl80211: Scan included frequencies: 2412 2462
I/WAKELOCK_ACQUIRE(608): TIMESTAMP=16210761033568, TAG=RILJ, TYPE=PARTIAL_WAKE_LOCK , COUNT=0, PID=1228, UID=1001, FLAGS=
D/wpa_supplicant(685): wlan0: Event SCAN_RESULTS (3) received
I/WAKELOCK_ACQUIRE(608): TIMESTAMP=16210769861084, TAG=RILJ, TYPE=PARTIAL_WAKE_LOCK , COUNT=0, PID=1228, UID=1001, FLAGS=
D/wpa_supplicant(685): wlan0: Scan completed in 0.096709 seconds
D/wpa_supplicant(685): nl80211: Associated on 2462 MHz
D/wpa_supplicant(685): nl80211: Associated with e0:10:7f:ab:42:a8
D/wpa_supplicant(685): nl80211: Received scan results (12 BSSes)
D/wpa_supplicant(685): nl80211: Scan results indicate BSS status with e0:10:7f:ab:42:a8 as associated
D/wpa_supplicant(685): wlan0: BSS: Start scan result update 234
D/wpa_supplicant(685): BSS: last_scan_res_used=12/32
D/wpa_supplicant(685): Add access point on channel 60 [BANNED]
D/wpa_supplicant(685): Best Operating channel is = 44
D/wpa_supplicant(685): wlan0: Scan-only results received
D/wpa_supplicant(685): CTRL_IFACE monitor sent successfully to /data/misc/wifi/sockets/wpa_ctrl_608-2\x00
D/wpa_supplicant(685): wlan0: Radio work 'scan'@0xf6e18520 done in 0.110827 seconds
D/wpa_supplicant(685): RTM_NEWLINK: ifi_index=6 ifname=wlan0 wext ifi_flags=0x11043 ([UP][RUNNING][LOWER_UP])
D/wpa_supplicant(685): wlan0: Control interface command 'BSS RANGE=0- MASK=0x21987'
I/KERNEL (19765): [16199.717386] [xhci_pci_suspend], xhci_root_hub pointer:0x77179000
I/KERNEL (19765): [16199.717448] XHCI: port 1, portsc 0xc000e63
D/wpa_supplicant(685): wlan0: Control interface command 'STATUS-NO_EVENTS'
I/KERNEL (19765): [16199.788057] xhci_hcd 0000:00:14.0: power state changed by ACPI to D3cold
I/KERNEL (261): [16199.998405] xhci_hcd 0000:00:14.0: power state changed by ACPI to D0
I/KERNEL (19655): [16200.001606] Goodix_TS 4-0014: goodix_ts_work_func: Buffer status = 0
I/KERNEL (261): [16200.018045] xhci_hcd 0000:00:14.0: power state changed by ACPI to D0
W/ActivityManager(608): Unable to start service Intent { act=com.twitter.intent.action.GET_OEM cmp=com.twitter.twitteroemhelper/.OemHelperService } U=0: not found
I/KERNEL (261): [16200.037451] xhci_hcd 0000:00:14.0: setting latency timer to 64
I/WAKELOCK_RELEASE(608): TIMESTAMP=16212373754502, TAG=AudioMix, TYPE=PARTIAL_WAKE_LOCK , COUNT=0, PID=0, UID=1013, FLAGS=
D/PROPERTY(253): get media.dump_output.befconv: 0 E/EM FG ALGO Iface:(20319): E/EM FG ALGO Iface:(20319): Failed to get File Descriptor
D/PROPERTY(253): get media.dump_output.aftconv: 0
D/AudioIntelHal(253): startStream: output stream.
D/AudioIntelHal/AudioPlatformState(253): route-parameter-manager: Selection criterion changed event: Criterion name: OutputFlags, current state: Primary
D/AudioIntelHal/AudioPlatformState(253): route-parameter-manager: Configuration application request {
D/AudioIntelHal/AudioPlatformState(253): route-parameter-manager: Applying configurations {
D/AudioIntelHal/AudioPlatformState(253): route-parameter-manager: Applying configuration "Selected" from domain "Parameter.Outputflags.Primary"
D/AudioIntelHal/AudioPlatformState(253): route-parameter-manager: Applying configuration "Applicable" from domain "StreamRoute.Media.Playback"
D/AudioIntelHal/AudioPlatformState(253): route-parameter-manager: Applying configuration "Applicable" from domain "Route.HwCodecMedia.Playback"
D/AudioIntelHal/AudioPlatformState(253): route-parameter-manager: } Applying configurations
D/AudioIntelHal/AudioPlatformState(253): route-parameter-manager: } Configuration application request
D/EVENT_THREAD(253): void CEventThread::trig(void*, uint32_t): in
D/EVENT_THREAD(253): void CEventThread::trig(void*, uint32_t): out
D/RouteManager(253): doReconsiderRouting: Route state:
D/RouteManager(253): -Previously Enabled Route in Input =
D/RouteManager(253): -Previously Enabled Route in Output =
D/RouteManager(253): -Selected Route in Input =
D/RouteManager(253): -Selected Route in Output = Media|HwCodecMedia
D/RouteManager(253): -executeMuteRoutingStage-
D/RouteManager(253): audio-parameter-manager: Selection criterion changed event: Criterion name: RoutageState, current state: Flow
D/RouteManager(253): audio-parameter-manager: Configuration application request {
D/RouteManager(253): audio-parameter-manager: Applying configurations {
D/RouteManager(253): audio-parameter-manager: } Applying configurations
D/RouteManager(253): audio-parameter-manager: } Configuration application request
D/RouteManager(253): -executeDisableRoutingStage-
D/RouteManager(253): audio-parameter-manager: Selection criterion changed event: Criterion name: RoutageState, current state: Path
D/RouteManager(253): audio-parameter-manager: Configuration application request {
D/RouteManager(253): audio-parameter-manager: Applying configurations {
D/RouteManager(253): audio-parameter-manager: } Applying configurations
D/RouteManager(253): audio-parameter-manager: } Configuration application request
D/RouteManager(253): -executeConfigureRoutingStage-
D/RouteManager(253): audio-parameter-manager: Selection criterion changed event: Criterion name: RoutageState, current state: Configure
D/RouteManager(253): audio-parameter-manager: Selection criterion changed event: Criterion name: OpenedPlaybackRoutes, current state: Media|HwCodecMedia
D/RouteManager(253): audio-parameter-manager: Selection criterion changed event: Criterion name: OutputFlags, current state: primary
D/RouteManager(253): audio-parameter-manager: Configuration application request {
D/RouteManager(253): audio-parameter-manager: Applying configurations {
D/RouteManager(253): audio-parameter-manager: } Applying configurations
D/RouteManager(253): audio-parameter-manager: } Configuration application request
D/RouteManager(253): -executeEnableRoutingStage-
D/RouteManager(253): audio-parameter-manager: Selection criterion changed event: Criterion name: RoutageState, current state: Path|Configure
D/RouteManager(253): audio-parameter-manager: Configuration application request {
D/RouteManager(253): audio-parameter-manager: Applying configurations {
D/RouteManager(253): audio-parameter-manager: Applying configuration "Enable" from domain "Routing.Enable.HWCodec.Playback.Analog.IHF.Out"
D/RouteManager(253): audio-parameter-manager: Applying configuration "Enable" from domain "Routing.Enable.HWCodec.Playback.Analog.IHF.Multimedia"
D/RouteManager(253): audio-parameter-manager: Applying configuration "Enable" from domain "Routing.Enable.HWCodec.Playback.Digital.Multimedia"
D/RouteManager(253): audio-parameter-manager: } Applying configurations
D/RouteManager(253): audio-parameter-manager: } Configuration application request
D/TinyAlsaAudioDevice(253): open: card (baytrailaudio, 0)
D/TinyAlsaAudioDevice(253): config (rate=48000 format=0 channels= 2).
D/TinyAlsaAudioDevice(253): RingBuffer config: periodSize=1152 nbPeriod=4startTh=4607 stop Th=4608 silence Th=0
I/KERNEL (253): [16200.120494] snd_intel_sst: runtime_resume called
I/KERNEL (138): [16200.145345] snd_intel_sst: FW Version 02.08.0a.09
I/KERNEL (138): [16200.145392] snd_intel_sst: Build date Aug 11 2014 Time 10:58:10
I/Keyboard.Facilitator(847): onFinishInput()
D/AudioConversion(253): configure: no convertion required
D/RouteManager(253): -executeUnmuteRoutingStage-
D/RouteManager(253): audio-parameter-manager: Selection criterion changed event: Criterion name: RoutageState, current state: Flow|Path|Configure
D/RouteManager(253): audio-parameter-manager: Configuration application request {
D/RouteManager(253): audio-parameter-manager: Applying configurations {
D/RouteManager(253): audio-parameter-manager: Applying configuration "Unmute" from domain "Routing.Mute.HWCodec.Playback.IHF"
D/RouteManager(253): audio-parameter-manager: } Applying configurations
D/RouteManager(253): audio-parameter-manager: } Configuration application request
D/RouteManager(253): doReconsiderRouting: DONE
D/EVENT_THREAD(253): void CEventThread::run() Do poll with timeout: -1
E/TinyAlsaStream(253): getFramesAvailable: Unable to get available frames
E/TinyAlsaStream(253): getFramesAvailable: Unable to get available frames
E/TinyAlsaStream(253): getFramesAvailable: Unable to get available frames
E/TinyAlsaStream(253): getFramesAvailable: Unable to get available frames
D/ (15944): Pixel Format : GGL_PIXEL_FORMAT_RGBA_8888
D/ (15944): droid_create_context : config id = 1 conf->NativeVisualID=1
D/ (15944): Pixel Format : GGL_PIXEL_FORMAT_RGBA_8888
I/ (15944): Requested context : GLES 2.0
E/ivpg-hwc(217): Lost 1 flips
E/ivpg-hwc(217): Lost 1 flips
D/wpa_supplicant(685): wlan0: Control interface command 'SIGNAL_POLL'
I/GEL (1268): handleIntent(Intent { act=android.intent.action.MAIN cat=[android.intent.category.HOME] flg=0x10600000 cmp=com.google.android.googlequicksearchbox/com.google.android.launcher.GEL })
D/ (1268): Pixel Format : GGL_PIXEL_FORMAT_RGBA_8888
D/ (1268): Updating FBO content dimensions
D/ (15944): Surface destroy: ANDROID_NATIVE_WINDOW_MAGIC
I/Keyboard.Facilitator(847): onFinishInput()
W/HotwordWorkerImpl(5566): No resources found for locale: it-IT
D/wpa_supplicant(685): wlan0: BSS: Remove id 983 BSSID e0:10:7f:2b:42:ac SSID 'etab_5GHz' due to wpa_bss_flush_by_age
D/wpa_supplicant(685): CTRL_IFACE monitor sent successfully to /data/misc/wifi/sockets/wpa_ctrl_608-2\x00
D/wpa_supplicant(685): wlan0: BSS: Remove id 993 BSSID f0:b0:52:1b:d3:2c SSID 'etab_5GHz' due to wpa_bss_flush_by_age
D/wpa_supplicant(685): CTRL_IFACE monitor sent successfully to /data/misc/wifi/sockets/wpa_ctrl_608-2\x00
D/wpa_supplicant(685): wlan0: BSS: Remove id 994 BSSID 00:1d:8b:be:ce:1e SSID 'Alice-40774318' due to wpa_bss_flush_by_age
D/wpa_supplicant(685): CTRL_IFACE monitor sent successfully to /data/misc/wifi/sockets/wpa_ctrl_608-2\x00
D/wpa_supplicant(685): wlan0: BSS: Remove id 995 BSSID 90:72:40:1b:de:50 SSID 'Network Wi-Fi di BLS' due to wpa_bss_flush_by_age
V/AlarmManager(608): triggered: cmp=com.google.android.googlequicksearchbox/com.google.android.velvet.VelvetBackgroundTasksImpl$Service Pkg: com.google.android.googlequicksearchbox
D/wpa_supplicant(685): CTRL_IFACE monitor sent successfully to /data/misc/wifi/sockets/wpa_ctrl_608-2\x00
I/WAKELOCK_ACQUIRE(608): TIMESTAMP=16214450656967, TAG=*alarm*, TYPE=PARTIAL_WAKE_LOCK , COUNT=0, PID=608, UID=1000, FLAGS=
D/wpa_supplicant(685): wlan0: BSS: Remove id 996 BSSID 00:50:fc:d6:0b:37 SSID 'default' due to wpa_bss_flush_by_age
I/WAKELOCK_RELEASE(608): TIMESTAMP=16214451130821, TAG=*alarm*, TYPE=PARTIAL_WAKE_LOCK , COUNT=0, PID=608, UID=1000, FLAGS=
D/wpa_supplicant(685): CTRL_IFACE monitor sent successfully to /data/misc/wifi/sockets/wpa_ctrl_608-2\x00
I/WAKELOCK_ACQUIRE(608): TIMESTAMP=16215050648971, TAG=GCoreFlp, TYPE=PARTIAL_WAKE_LOCK , COUNT=0, PID=18348, UID=10007, FLAGS=
I/MicroRecognitionRnrImpl(5566): Starting detection.
I/WAKELOCK_ACQUIRE(608): TIMESTAMP=16215354134232, TAG=GpsLocationProvider, TYPE=PARTIAL_WAKE_LOCK , COUNT=0, PID=608, UID=1000, FLAGS=
I/MicrophoneInputStream(5566): mic_starting com.google.android.apps.gsa.speech.audio.x@4987bdf
I/WAKELOCK_RELEASE(608): TIMESTAMP=16215386547701, TAG=ActivityManager-Launch, TYPE=PARTIAL_WAKE_LOCK , COUNT=0, PID=608, UID=1000, FLAGS=
D/AudioIntelHal(253): openInputStream: called for devices: 2147483652 and input source: 0x%08x6
I/WAKELOCK_RELEASE(608): TIMESTAMP=16215443769295, TAG=GCoreFlp, TYPE=PARTIAL_WAKE_LOCK , COUNT=0, PID=18348, UID=10007, FLAGS=
D/AudioStream(253): set: requested channel mask: 16 (Channels count: 1)
I/WAKELOCK_ACQUIRE(608): TIMESTAMP=16215451076694, TAG=NlpWakeLock, TYPE=PARTIAL_WAKE_LOCK , COUNT=0, PID=18348, UID=10007, FLAGS=
D/AudioStream(253): set: set channels to 16
I/WAKELOCK_ACQUIRE(608): TIMESTAMP=16215455087746, TAG=NlpWakeLock, TYPE=PARTIAL_WAKE_LOCK , COUNT=0, PID=18348, UID=10007, FLAGS=
D/AudioStream(253): set: requested rate: 16000
I/WAKELOCK_RELEASE(608): TIMESTAMP=16215456538839, TAG=NlpWakeLock, TYPE=PARTIAL_WAKE_LOCK , COUNT=0, PID=18348, UID=10007, FLAGS=
D/AudioStream(253): set: set rate to 16000
I/WAKELOCK_RELEASE(608): TIMESTAMP=16215495309265, TAG=GpsLocationProvider, TYPE=PARTIAL_WAKE_LOCK , COUNT=0, PID=608, UID=1000, FLAGS=
D/AudioStream(253): set: requested format: 1
I/WAKELOCK_ACQUIRE(608): TIMESTAMP=16215525495558, TAG=GCoreFlp, TYPE=PARTIAL_WAKE_LOCK , COUNT=0, PID=18348, UID=10007, FLAGS=
D/AudioStream(253): set : set format to 1
I/WAKELOCK_ACQUIRE(608): TIMESTAMP=16215526691208, TAG=GCoreFlp, TYPE=PARTIAL_WAKE_LOCK , COUNT=0, PID=18348, UID=10007, FLAGS=
D/AudioIntelHal(253): openInputStream: input created with status=0
I/WAKELOCK_ACQUIRE(608): TIMESTAMP=16215527451860, TAG=GCoreFlp, TYPE=PARTIAL_WAKE_LOCK , COUNT=0, PID=18348, UID=10007, FLAGS=
D/AudioStream(253): getBufferSize: 640 (in bytes) for input stream.
V/AlarmManager(608): triggered: act=ALARM_WAKEUP_BURST_COLLECTION_TRIGGER Pkg: com.google.android.gms
D/AudioStream(253): getBufferSize: 640 (in bytes) for input stream.
I/WAKELOCK_ACQUIRE(608): TIMESTAMP=16215634179026, TAG=*alarm*, TYPE=PARTIAL_WAKE_LOCK , COUNT=0, PID=608, UID=1000, FLAGS=
I/AudioFlinger(253): AudioFlinger's thread 0xf3263000 ready to run
I/WAKELOCK_RELEASE(608): TIMESTAMP=16215705557272, TAG=NlpWakeLock, TYPE=PARTIAL_WAKE_LOCK , COUNT=0, PID=18348, UID=10007, FLAGS=
D/AudioIntelHal/AudioPlatformState(253): setParameters: key value pair input_devices=4
I/WAKELOCK_ACQUIRE(608): TIMESTAMP=16215706913205, TAG=NlpWakeLock, TYPE=PARTIAL_WAKE_LOCK , COUNT=0, PID=18348, UID=10007, FLAGS=
I/MicrophoneInputStream(5566): mic_started com.google.android.apps.gsa.speech.audio.x@4987bdf
D/WifiService(608): acquireWifiLockLocked: WifiLock{NlpWifiLock type=2 binder=android.os.BinderProxy@1222adb0}
D/PROPERTY(253): get media.dump_input.befconv: 0
I/WAKELOCK_ACQUIRE(608): TIMESTAMP=16215719295703, TAG=NlpWakeLock, TYPE=PARTIAL_WAKE_LOCK , COUNT=0, PID=18348, UID=10007, FLAGS=
D/PROPERTY(253): get media.dump_input.aftconv: 0
D/WifiService(608): acquireWifiLockLocked: WifiLock{NlpWifiLock type=2 binder=android.os.BinderProxy@fcfc429}
D/AudioIntelHal(253): startStream: input stream.
I/gpsd (263): GpsHalPowerControlRuntimePm(disable)
D/AudioIntelHal/AudioPlatformState(253): route-parameter-manager: Selection criterion changed event: Criterion name: InputSources, current state: VoiceRecognition
I/WAKELOCK_ACQUIRE(608): TIMESTAMP=16215785590619, TAG=NlpCollectorWakeLock, TYPE=PARTIAL_WAKE_LOCK , COUNT=0, PID=18348, UID=10007, FLAGS=
D/AudioIntelHal/AudioPlatformState(253): route-parameter-manager: Selection criterion changed event: Criterion name: StatesChanged, current state: InputSources
I/WAKELOCK_ACQUIRE(608): TIMESTAMP=16215798381139, TAG=NlpCollectorWakeLock, TYPE=PARTIAL_WAKE_LOCK , COUNT=0, PID=18348, UID=10007, FLAGS=
D/AudioIntelHal/AudioPlatformState(253): route-parameter-manager: Configuration application request {
I/WAKELOCK_ACQUIRE(608): TIMESTAMP=16215798857105, TAG=NlpCollectorWakeLock, TYPE=PARTIAL_WAKE_LOCK , COUNT=0, PID=18348, UID=10007, FLAGS=
D/AudioIntelHal/AudioPlatformState(253): route-parameter-manager: Applying configurations {
I/WAKELOCK_ACQUIRE(608): TIMESTAMP=16215800111327, TAG=NlpWakeLock, TYPE=PARTIAL_WAKE_LOCK , COUNT=0, PID=18348, UID=10007, FLAGS=
D/AudioIntelHal/AudioPlatformState(253): route-parameter-manager: Applying configuration "Selected" from domain "Parameter.InputSources.VoiceRecognition"
D/WifiService(608): releaseWifiLockLocked: WifiLock{NlpWifiLock type=2 binder=android.os.BinderProxy@fcfc429}
D/AudioIntelHal/AudioPlatformState(253): route-parameter-manager: Applying configuration "Applicable" from domain "Route.HwCodecMedia.Capture"
I/WAKELOCK_RELEASE(608): TIMESTAMP=16215801398812, TAG=NlpWakeLock, TYPE=PARTIAL_WAKE_LOCK , COUNT=0, PID=18348, UID=10007, FLAGS=
D/AudioIntelHal/AudioPlatformState(253): route-parameter-manager: Applying configuration "Yes" from domain "Route.HWCodec.NeedReconfigure.Capture"
I/WAKELOCK_RELEASE(608): TIMESTAMP=16215802579774, TAG=*alarm*, TYPE=PARTIAL_WAKE_LOCK , COUNT=0, PID=608, UID=1000, FLAGS=
D/AudioIntelHal/AudioPlatformState(253): route-parameter-manager: } Applying configurations
I/WAKELOCK_ACQUIRE(608): TIMESTAMP=16215803627273, TAG=RILJ, TYPE=PARTIAL_WAKE_LOCK , COUNT=0, PID=1228, UID=1001, FLAGS=
D/AudioIntelHal/AudioPlatformState(253): route-parameter-manager: } Configuration application request
I/WAKELOCK_RELEASE(608): TIMESTAMP=16215813491068, TAG=GCoreFlp, TYPE=PARTIAL_WAKE_LOCK , COUNT=0, PID=18348, UID=10007, FLAGS=
D/EVENT_THREAD(253): void CEventThread::trig(void*, uint32_t): in
I/WAKELOCK_RELEASE(608): TIMESTAMP=16215813903122, TAG=GCoreFlp, TYPE=PARTIAL_WAKE_LOCK , COUNT=0, PID=18348, UID=10007, FLAGS=
D/EVENT_THREAD(253): void CEventThread::trig(void*, uint32_t): out
I/WAKELOCK_RELEASE(608): TIMESTAMP=16215814203612, TAG=GCoreFlp, TYPE=PARTIAL_WAKE_LOCK , COUNT=0, PID=18348, UID=10007, FLAGS=
D/RouteManager(253): doReconsiderRouting: Route state:
D/RouteManager(253): -Previously Enabled Route in Input =
D/RouteManager(253): -Previously Enabled Route in Output = Media|HwCodecMedia
D/RouteManager(253): -Selected Route in Input = Media|HwCodecMedia
D/RouteManager(253): -Selected Route in Output = Media|HwCodecMedia
I/WAKELOCK_ACQUIRE(608): TIMESTAMP=16215898476922, TAG=RILJ, TYPE=PARTIAL_WAKE_LOCK , COUNT=0, PID=1228, UID=1001, FLAGS=
D/RouteManager(253): -executeMuteRoutingStage-
I/WAKELOCK_ACQUIRE(608): TIMESTAMP=16215953802657, TAG=RILJ, TYPE=PARTIAL_WAKE_LOCK , COUNT=0, PID=1228, UID=1001, FLAGS=
D/RouteManager(253): audio-parameter-manager: Selection criterion changed event: Criterion name: RoutageState, current state: Flow
I/WAKELOCK_RELEASE(608): TIMESTAMP=16216313269473, TAG=NlpCollectorWakeLock, TYPE=PARTIAL_WAKE_LOCK , COUNT=0, PID=18348, UID=10007, FLAGS=
D/RouteManager(253): audio-parameter-manager: Configuration application request {
I/WAKELOCK_RELEASE(608): TIMESTAMP=16216313863890, TAG=NlpCollectorWakeLock, TYPE=PARTIAL_WAKE_LOCK , COUNT=0, PID=18348, UID=10007, FLAGS=
D/RouteManager(253): audio-parameter-manager: Applying configurations {
I/WAKELOCK_RELEASE(608): TIMESTAMP=16216329784511, TAG=NlpCollectorWakeLock, TYPE=PARTIAL_WAKE_LOCK , COUNT=0, PID=18348, UID=10007, FLAGS=
D/RouteManager(253): audio-parameter-manager: } Applying configurations
I/WAKELOCK_ACQUIRE(608): TIMESTAMP=16216714748511, TAG=GCoreFlp, TYPE=PARTIAL_WAKE_LOCK , COUNT=0, PID=18348, UID=10007, FLAGS=
D/RouteManager(253): audio-parameter-manager: } Configuration application request
I/WAKELOCK_RELEASE(608): TIMESTAMP=16216715855038, TAG=GCoreFlp, TYPE=PARTIAL_WAKE_LOCK , COUNT=0, PID=18348, UID=10007, FLAGS=
D/RouteManager(253): -executeDisableRoutingStage-
I/WAKELOCK_ACQUIRE(608): TIMESTAMP=16216888902043, TAG=RILJ, TYPE=PARTIAL_WAKE_LOCK , COUNT=0, PID=1228, UID=1001, FLAGS=
D/RouteManager(253): audio-parameter-manager: Selection criterion changed event: Criterion name: RoutageState, current state: Path
I/ActivityManager(608): START u0 {act=android.intent.action.MAIN cat=[android.intent.category.HOME] flg=0x10200000 cmp=com.google.android.googlequicksearchbox/com.google.android.launcher.GEL} from uid 1000 on display 0
D/RouteManager(253): audio-parameter-manager: Configuration application request {
I/WAKELOCK_ACQUIRE(608): TIMESTAMP=16217377923643, TAG=AudioMix, TYPE=PARTIAL_WAKE_LOCK , COUNT=0, PID=0, UID=1013, FLAGS=
D/RouteManager(253): audio-parameter-manager: Applying configurations {
I/WAKELOCK_ACQUIRE(608): TIMESTAMP=16217408404978, TAG=ActivityManager-Launch, TYPE=PARTIAL_WAKE_LOCK , COUNT=0, PID=608, UID=1000, FLAGS=
D/RouteManager(253): audio-parameter-manager: } Applying configurations
I/WAKELOCK_RELEASE(608): TIMESTAMP=16217600156302, TAG=ActivityManager-Launch, TYPE=PARTIAL_WAKE_LOCK , COUNT=0, PID=608, UID=1000, FLAGS=
D/RouteManager(253): audio-parameter-manager: } Configuration application request
I/WAKELOCK_ACQUIRE(608): TIMESTAMP=16217620859595, TAG=Icing, TYPE=PARTIAL_WAKE_LOCK , COUNT=0, PID=1509, UID=10007, FLAGS=
D/RouteManager(253): -executeConfigureRoutingStage-
W/InputMethodManagerService(608): Starting input on non-focused client com.android.internal.view.IInputMethodClient$Stub$Proxy@35c0674b (uid=10076 pid=20261)
D/RouteManager(253): audio-parameter-manager: Selection criterion changed event: Criterion name: RoutageState, current state: Configure
I/WAKELOCK_ACQUIRE(608): TIMESTAMP=16217665847309, TAG=AudioIn, TYPE=PARTIAL_WAKE_LOCK , COUNT=0, PID=0, UID=1013, FLAGS=
D/RouteManager(253): audio-parameter-manager: Selection criterion changed event: Criterion name: OpenedCaptureRoutes, current state: Media|HwCodecMedia
I/WAKELOCK_RELEASE(608): TIMESTAMP=16217667543693, TAG=AudioIn, TYPE=PARTIAL_WAKE_LOCK , COUNT=0, PID=0, UID=1013, FLAGS=
D/RouteManager(253): audio-parameter-manager: Selection criterion changed event: Criterion name: AudioSource, current state: VoiceRecognition
I/WAKELOCK_ACQUIRE(608): TIMESTAMP=16217672083618, TAG=AudioIn, TYPE=PARTIAL_WAKE_LOCK , COUNT=0, PID=0, UID=1013, FLAGS=
D/RouteManager(253): audio-parameter-manager: Configuration application request {
I/WAKELOCK_RELEASE(608): TIMESTAMP=16217770118603, TAG=Icing, TYPE=PARTIAL_WAKE_LOCK , COUNT=0, PID=1509, UID=10007, FLAGS=
D/RouteManager(253): audio-parameter-manager: Applying configurations {
I/ActivityManager(608): START u0 {act=android.intent.action.MAIN cat=[android.intent.category.LAUNCHER] flg=0x10200000 cmp=com.spotify.music/.MainActivity bnds=[1280,814][1536,1116] (has extras)} from uid 10040 on display 0
D/RouteManager(253): audio-parameter-manager: Applying configuration "VoiceRecgnition.FrontMic" from domain "InputDevice.Selected"
I/WAKELOCK_ACQUIRE(608): TIMESTAMP=16218465790184, TAG=ActivityManager-Launch, TYPE=PARTIAL_WAKE_LOCK , COUNT=0, PID=608, UID=1000, FLAGS=
D/RouteManager(253): audio-parameter-manager: } Applying configurations
I/WAKELOCK_RELEASE(608): TIMESTAMP=16218526883270, TAG=AudioIn, TYPE=PARTIAL_WAKE_LOCK , COUNT=0, PID=0, UID=1013, FLAGS=
D/RouteManager(253): audio-parameter-manager: } Configuration application request
I/WAKELOCK_ACQUIRE(608): TIMESTAMP=16218531269992, TAG=AudioIn, TYPE=PARTIAL_WAKE_LOCK , COUNT=0, PID=0, UID=1013, FLAGS=
D/RouteManager(253): -executeEnableRoutingStage-
I/WAKELOCK_RELEASE(608): TIMESTAMP=16218531678902, TAG=AudioIn, TYPE=PARTIAL_WAKE_LOCK , COUNT=0, PID=0, UID=1013, FLAGS=
D/RouteManager(253): audio-parameter-manager: Selection criterion changed event: Criterion name: RoutageState, current state: Path|Configure
I/WAKELOCK_ACQUIRE(608): TIMESTAMP=16218541481857, TAG=GCoreFlp, TYPE=PARTIAL_WAKE_LOCK , COUNT=0, PID=18348, UID=10007, FLAGS=
D/TinyAlsaAudioDevice(253): open: card (baytrailaudio, 0)
D/TinyAlsaAudioDevice(253): config (rate=48000 format=0 channels= 2).
D/TinyAlsaAudioDevice(253): RingBuffer config: periodSize=960 nbPeriod=4startTh=1 stop Th=3840 silence Th=0
I/ActivityManager(608): Start proc com.spotify.music for activity com.spotify.music/.MainActivity: pid=20403 uid=10066 gids={50066, 9997, 3003, 1028, 1015, 3002, 3001} abi=x86
D/RouteManager(253): audio-parameter-manager: Configuration application request {
I/WAKELOCK_ACQUIRE(608): TIMESTAMP=16218580350239, TAG=GpsLocationProvider, TYPE=PARTIAL_WAKE_LOCK , COUNT=0, PID=608, UID=1000, FLAGS=
D/RouteManager(253): audio-parameter-manager: Applying configurations {
I/WAKELOCK_RELEASE(608): TIMESTAMP=16218592905872, TAG=GCoreFlp, TYPE=PARTIAL_WAKE_LOCK , COUNT=0, PID=18348, UID=10007, FLAGS=
D/RouteManager(253): audio-parameter-manager: } Applying configurations
I/WAKELOCK_ACQUIRE(608): TIMESTAMP=16218605149458, TAG=NlpWakeLock, TYPE=PARTIAL_WAKE_LOCK , COUNT=0, PID=18348, UID=10007, FLAGS=
D/RouteManager(253): audio-parameter-manager: } Configuration application request
I/WAKELOCK_RELEASE(608): TIMESTAMP=16218608976551, TAG=NlpWakeLock, TYPE=PARTIAL_WAKE_LOCK , COUNT=0, PID=18348, UID=10007, FLAGS=
D/Resampler(253): configure: SOURCE rate=48000 format=1 channels=1
I/WAKELOCK_ACQUIRE(608): TIMESTAMP=16218612446286, TAG=GCoreFlp, TYPE=PARTIAL_WAKE_LOCK , COUNT=0, PID=18348, UID=10007, FLAGS=
D/Resampler(253): configure: DST rate=16000 format=1 channels=1
I/WAKELOCK_RELEASE(608): TIMESTAMP=16218617119999, TAG=GCoreFlp, TYPE=PARTIAL_WAKE_LOCK , COUNT=0, PID=18348, UID=10007, FLAGS=
D/RouteManager(253): -executeUnmuteRoutingStage-
I/WAKELOCK_ACQUIRE(608): TIMESTAMP=16218617670820, TAG=GCoreFlp, TYPE=PARTIAL_WAKE_LOCK , COUNT=0, PID=18348, UID=10007, FLAGS=
D/RouteManager(253): audio-parameter-manager: Selection criterion changed event: Criterion name: RoutageState, current state: Flow|Path|Configure
I/WAKELOCK_ACQUIRE(608): TIMESTAMP=16218620896620, TAG=GCoreFlp, TYPE=PARTIAL_WAKE_LOCK , COUNT=0, PID=18348, UID=10007, FLAGS=
D/RouteManager(253): audio-parameter-manager: Configuration application request {
I/WAKELOCK_RELEASE(608): TIMESTAMP=16218622594035, TAG=GCoreFlp, TYPE=PARTIAL_WAKE_LOCK , COUNT=0, PID=18348, UID=10007, FLAGS=
D/RouteManager(253): audio-parameter-manager: Applying configurations {
I/WAKELOCK_RELEASE(608): TIMESTAMP=16218623871693, TAG=GCoreFlp, TYPE=PARTIAL_WAKE_LOCK , COUNT=0, PID=18348, UID=10007, FLAGS=
D/RouteManager(253): audio-parameter-manager: Applying configuration "Unmute" from domain "Routing.Mute.HWCodec.Capture"
I/WAKELOCK_ACQUIRE(608): TIMESTAMP=16218628839908, TAG=GCoreFlp, TYPE=PARTIAL_WAKE_LOCK , COUNT=0, PID=18348, UID=10007, FLAGS=
D/RouteManager(253): audio-parameter-manager: } Applying configurations
I/WAKELOCK_RELEASE(608): TIMESTAMP=16218635373227, TAG=GpsLocationProvider, TYPE=PARTIAL_WAKE_LOCK , COUNT=0, PID=608, UID=1000, FLAGS=
D/RouteManager(253): audio-parameter-manager: } Configuration application request
I/WAKELOCK_RELEASE(608): TIMESTAMP=16218635708289, TAG=GCoreFlp, TYPE=PARTIAL_WAKE_LOCK , COUNT=0, PID=18348, UID=10007, FLAGS=
D/RouteManager(253): doReconsiderRouting: DONE E/EM FG ALGO Iface:(20422): E/EM FG ALGO Iface:(20422): Failed to get File Descriptor
D/EVENT_THREAD(253): void CEventThread::run() Do poll with timeout: -1
V/AlarmManager(608): triggered: act=com.android.server.WifiManager.action.START_SCAN Pkg: android
I/HotwordWorkerImpl(5566): onReady
I/WAKELOCK_ACQUIRE(608): TIMESTAMP=16219450594221, TAG=*alarm*, TYPE=PARTIAL_WAKE_LOCK , COUNT=0, PID=608, UID=1000, FLAGS=
W/OpenGLRenderer(1268): Incorrectly called buildLayer on View: ShortcutAndWidgetContainer, destroying layer...
I/WAKELOCK_ACQUIRE(608): TIMESTAMP=16219475879607, TAG=SyncLoopWakeLock, TYPE=PARTIAL_WAKE_LOCK , COUNT=0, PID=608, UID=1000, FLAGS=
I/Icing (1509): Usage reports 1 indexed 0 rejected 0 imm upload true
I/WAKELOCK_RELEASE(608): TIMESTAMP=16219495127150, TAG=*alarm*, TYPE=PARTIAL_WAKE_LOCK , COUNT=0, PID=608, UID=1000, FLAGS=
I/KERNEL (19764): [16203.447500] acm_suspend[1][ACM4][531][bc2][47][8d][0][1]
I/WAKELOCK_ACQUIRE(608): TIMESTAMP=16219976840463, TAG=GCoreFlp, TYPE=PARTIAL_WAKE_LOCK , COUNT=0, PID=18348, UID=10007, FLAGS=
I/KERNEL (19764): [16203.448619] acm_suspend[1][ACM3][16cc][1dcb][19b][19c][0][1]
I/WAKELOCK_RELEASE(608): TIMESTAMP=16219978205912, TAG=GCoreFlp, TYPE=PARTIAL_WAKE_LOCK , COUNT=0, PID=18348, UID=10007, FLAGS=
I/KERNEL (19764): [16203.498056] [xhci_pci_suspend], xhci_root_hub pointer:0x77179000
I/WAKELOCK_ACQUIRE(608): TIMESTAMP=16219992186106, TAG=*sync*/com.twitter.android.provider.TwitterProvider/com.twitter.android.auth.login/fabiorifici, TYPE=PARTIAL_WAKE_LOCK , COUNT=0, PID=608, UID=1000, FLAGS=
I/KERNEL (19764): [16203.498160] XHCI: port 1, portsc 0xc000e63
I/WAKELOCK_ACQUIRE(608): TIMESTAMP=16220014943272, TAG=*sync*/com.google.android.gms.fitness/com.google/fabio.rifici@gmail.com, TYPE=PARTIAL_WAKE_LOCK , COUNT=0, PID=608, UID=1000, FLAGS=
I/KERNEL (19764): [16203.548193] xhci_hcd 0000:00:14.0: power state changed by ACPI to D3cold
I/WAKELOCK_RELEASE(608): TIMESTAMP=16220022205336, TAG=SyncLoopWakeLock, TYPE=PARTIAL_WAKE_LOCK , COUNT=0, PID=608, UID=1000, FLAGS=
W/SearchService(5566): Abort, client detached.
I/WAKELOCK_ACQUIRE(608): TIMESTAMP=16220022362043, TAG=SyncLoopWakeLock, TYPE=PARTIAL_WAKE_LOCK , COUNT=0, PID=608, UID=1000, FLAGS=
I/HotwordDetector(5566): Closing mic
I/WAKELOCK_RELEASE(608): TIMESTAMP=16220023556961, TAG=SyncLoopWakeLock, TYPE=PARTIAL_WAKE_LOCK , COUNT=0, PID=608, UID=1000, FLAGS=
I/MicrophoneInputStream(5566): mic_close com.google.android.apps.gsa.speech.audio.x@4987bdf
I/WAKELOCK_ACQUIRE(608): TIMESTAMP=16220369856243, TAG=SyncLoopWakeLock, TYPE=PARTIAL_WAKE_LOCK , COUNT=0, PID=608, UID=1000, FLAGS=
