D/RouteManager(253): audio-parameter-manager: Configuration application request {
D/RouteManager(253): audio-parameter-manager: Applying configurations {
D/RouteManager(253): audio-parameter-manager: } Applying configurations
D/RouteManager(253): audio-parameter-manager: } Configuration application request
D/RouteManager(253): -executeEnableRoutingStage-
D/RouteManager(253): audio-parameter-manager: Selection criterion changed event: Criterion name: RoutageState, current state: Path|Configure
D/RouteManager(253): audio-parameter-manager: Configuration application request {
D/RouteManager(253): audio-parameter-manager: Applying configurations {
D/RouteManager(253): audio-parameter-manager: } Applying configurations
D/RouteManager(253): audio-parameter-manager: } Configuration application request
D/RouteManager(253): -executeUnmuteRoutingStage-
D/RouteManager(253): audio-parameter-manager: Selection criterion changed event: Criterion name: RoutageState, current state: Flow|Path|Configure
D/RouteManager(253): audio-parameter-manager: Configuration application request {
D/RouteManager(253): audio-parameter-manager: Applying configurations {
D/RouteManager(253): audio-parameter-manager: } Applying configurations
D/RouteManager(253): audio-parameter-manager: } Configuration application request
D/RouteManager(253): doReconsiderRouting: DONE
D/EVENT_THREAD(253): void CEventThread::run() Do poll with timeout: -1
I/art (608): Explicit concurrent mark sweep GC freed 49478(2MB) AllocSpace objects, 10(8MB) LOS objects, 26% free, 43MB/59MB, paused 1.237ms total 205.190ms
I/KERNEL (17738): [16213.417434] acm_suspend[1][ACM4][531][bc2][47][8d][0][1]
I/KERNEL (17738): [16213.418855] acm_suspend[1][ACM3][1708][1e43][1a1][1a2][0][1]
I/art (20261): Background sticky concurrent mark sweep GC freed 27174(2MB) AllocSpace objects, 25(613KB) LOS objects, 20% free, 12MB/15MB, paused 8.792ms total 71.676ms
I/KERNEL (17738): [16213.457569] [xhci_pci_suspend], xhci_root_hub pointer:0x77179000
I/KERNEL (17738): [16213.457671] XHCI: port 1, portsc 0xc000e63
I/KERNEL (17738): [16213.577533] xhci_hcd 0000:00:14.0: power state changed by ACPI to D3cold
E/SQLiteLog(20261): (284) automatic index on card_state(card_status_id)
E/SQLiteLog(20261): (284) automatic index on prompts(p_id)
D/OpenGLRenderer(20261): Render dirty regions requested: true
I/ufoGralloc(20261): Hello, this is UFO GRALLOC/Intel Corporation
D/Atlas (20261): Validating map...
E/SQLiteLog(20261): (284) automatic index on card_state(card_status_id)
D/wpa_supplicant(685): wlan0: Control interface command 'SIGNAL_POLL'
E/SQLiteLog(20261): (284) automatic index on card_state(card_status_id)
I/OpenGLRenderer(20261): Initialized EGL, version 1.4
W/OpenGLRenderer(20261): Failed to choose config with EGL_SWAP_BEHAVIOR_PRESERVED, retrying without...
D/ (20261): droid_create_context : config id = 5 conf->NativeVisualID=1
D/ (20261): Pixel Format : GGL_PIXEL_FORMAT_RGBA_8888
I/ (20261): Requested context : GLES 2.0
D/ (20261): Pixel Format : GGL_PIXEL_FORMAT_RGBA_8888
D/OpenGLRenderer(20261): Enabling debug mode 0
D/skuwa (20261): Detected device 0F31:15 family 15:9
D/ (20261): Pixel Format : GGL_PIXEL_FORMAT_RGBA_8888
D/ (20261): Updating FBO content dimensions
D/skia_ext(20261): turboImageDecoder took 11.04ms to decode 73x73 (1x downscale)
D/skia_ext(20261): turboImageDecoder took 9.39ms to decode 73x73 (1x downscale)
I/str_params(253): key: 'bgm_state' value: ''
I/str_params(253): key: 'bgm_state' value: ''
W/SoundPool(20261): sample 2 not READY
I/Choreographer(20261): Skipped 32 frames! The application may be doing too much work on its main thread.
D/NuPlayerDriver(253): start(0xf459a400)
I/GenericSource(253): start
I/ISVProfile(253): static int32_t ISVProfile::getGlobalStatus(): /data/user/0/com.intel.vpp/shared_prefs/vpp_settings.xml
I/WAKELOCK_ACQUIRE(608): TIMESTAMP=16242566306257, TAG=RILJ, TYPE=PARTIAL_WAKE_LOCK , COUNT=0, PID=1228, UID=1001, FLAGS=
E/ISVProfile(253): static int32_t ISVProfile::getGlobalStatus(): failed to open file /data/user/0/com.intel.vpp/shared_prefs/vpp_settings.xml E/EM FG ALGO Iface:(20750): E/EM FG ALGO Iface:(20750): Failed to get File Descriptor
I/ISVProfile(253): static int32_t ISVProfile::getGlobalStatus(): using the default status: VPP=0, FRC=0
I/WAKELOCK_ACQUIRE(608): TIMESTAMP=16243682396921, TAG=AudioMix, TYPE=PARTIAL_WAKE_LOCK , COUNT=0, PID=0, UID=1013, FLAGS=
I/ISVProfile(253): static int32_t ISVProfile::getGlobalStatus(): /data/user/0/com.intel.vpp/shared_prefs/vpp_settings.xml
E/ISVProfile(253): static int32_t ISVProfile::getGlobalStatus(): failed to open file /data/user/0/com.intel.vpp/shared_prefs/vpp_settings.xml
I/ISVProfile(253): static int32_t ISVProfile::getGlobalStatus(): using the default status: VPP=0, FRC=0
I/isv-omxil(253): ISVComponent::ISVComponent(OMX_PTR): mVPPOn 0
E/wrs-omxil-core(253): OMX_GetHandle(): exit failure, OMX.Intel.vorbis.decoder not found
I/isv-omxil(253): ISVComponent::~ISVComponent()
E/isv-omxil(253): OMX_ERRORTYPE OMX_GetHandle(void**, OMX_STRING, OMX_PTR, OMX_CALLBACKTYPE*)(): exit failure, OMX.Intel.vorbis.decoder not found
W/linker (253): libstagefright_soft_vorbisdec_mdp.so has text relocations. This is wasting memory and prevents security hardening. Please fix.
I/MDP_OMX_CORE(253): Created OMXPlugin : OMX.Intel.vorbis.decoder
I/KERNEL (17639): [16214.537427] snd_intel_sst: runtime_suspend called
W/MDPVORBISDecoderOMX(253): Decoder returned status: -896
W/MDPVORBISDecoderOMX(253): Invalid stream: allowing to skip 0 frame of 5
D/NuPlayerDriver(253): reset(0xf459a400)
E/SimpleSoftOMXComponent(253): 1
E/SimpleSoftOMXComponent(253): 2
E/SimpleSoftOMXComponent(253): 3
D/NuPlayerDriver(253): notifyResetComplete(0xf459a400)
I/str_params(253): key: 'bgm_state' value: ''
I/str_params(253): key: 'bgm_state' value: ''
D/NuPlayerDriver(253): start(0xf0f43160)
I/GenericSource(253): start
I/ISVProfile(253): static int32_t ISVProfile::getGlobalStatus(): /data/user/0/com.intel.vpp/shared_prefs/vpp_settings.xml
E/ISVProfile(253): static int32_t ISVProfile::getGlobalStatus(): failed to open file /data/user/0/com.intel.vpp/shared_prefs/vpp_settings.xml
I/ISVProfile(253): static int32_t ISVProfile::getGlobalStatus(): using the default status: VPP=0, FRC=0
I/ISVProfile(253): static int32_t ISVProfile::getGlobalStatus(): /data/user/0/com.intel.vpp/shared_prefs/vpp_settings.xml
E/ISVProfile(253): static int32_t ISVProfile::getGlobalStatus(): failed to open file /data/user/0/com.intel.vpp/shared_prefs/vpp_settings.xml
I/ISVProfile(253): static int32_t ISVProfile::getGlobalStatus(): using the default status: VPP=0, FRC=0
I/isv-omxil(253): ISVComponent::ISVComponent(OMX_PTR): mVPPOn 0
E/wrs-omxil-core(253): OMX_GetHandle(): exit failure, OMX.Intel.vorbis.decoder not found
I/isv-omxil(253): ISVComponent::~ISVComponent()
E/isv-omxil(253): OMX_ERRORTYPE OMX_GetHandle(void**, OMX_STRING, OMX_PTR, OMX_CALLBACKTYPE*)(): exit failure, OMX.Intel.vorbis.decoder not found
W/linker (253): libstagefright_soft_vorbisdec_mdp.so has text relocations. This is wasting memory and prevents security hardening. Please fix.
I/MDP_OMX_CORE(253): Created OMXPlugin : OMX.Intel.vorbis.decoder
W/MDPVORBISDecoderOMX(253): Decoder returned status: -896
W/MDPVORBISDecoderOMX(253): Invalid stream: allowing to skip 0 frame of 5
D/NuPlayerDriver(253): reset(0xf0f43160)
E/SimpleSoftOMXComponent(253): 1
E/SimpleSoftOMXComponent(253): 2
E/SimpleSoftOMXComponent(253): 3
D/NuPlayerDriver(253): notifyResetComplete(0xf0f43160)
I/str_params(253): key: 'bgm_state' value: ''
I/str_params(253): key: 'bgm_state' value: ''
I/art (20261): Background partial concurrent mark sweep GC freed 34237(1527KB) AllocSpace objects, 1(140KB) LOS objects, 39% free, 15MB/25MB, paused 53.016ms total 457.796ms
D/NuPlayerDriver(253): start(0xf4576ac0)
I/GenericSource(253): start
I/ISVProfile(253): static int32_t ISVProfile::getGlobalStatus(): /data/user/0/com.intel.vpp/shared_prefs/vpp_settings.xml
E/ISVProfile(253): static int32_t ISVProfile::getGlobalStatus(): failed to open file /data/user/0/com.intel.vpp/shared_prefs/vpp_settings.xml
I/ISVProfile(253): static int32_t ISVProfile::getGlobalStatus(): using the default status: VPP=0, FRC=0
I/ActivityManager(608): Start proc com.android.vending for service com.android.vending/com.google.android.finsky.billing.iab.InAppBillingService: pid=20762 uid=10011 gids={50011, 9997, 3003, 1028, 1015} abi=x86
I/ISVProfile(253): static int32_t ISVProfile::getGlobalStatus(): /data/user/0/com.intel.vpp/shared_prefs/vpp_settings.xml
I/WAKELOCK_ACQUIRE(608): TIMESTAMP=16244196876837, TAG=GCoreFlp, TYPE=PARTIAL_WAKE_LOCK , COUNT=0, PID=18348, UID=10007, FLAGS=
E/ISVProfile(253): static int32_t ISVProfile::getGlobalStatus(): failed to open file /data/user/0/com.intel.vpp/shared_prefs/vpp_settings.xml
I/WAKELOCK_RELEASE(608): TIMESTAMP=16244197490994, TAG=GCoreFlp, TYPE=PARTIAL_WAKE_LOCK , COUNT=0, PID=18348, UID=10007, FLAGS=
I/ISVProfile(253): static int32_t ISVProfile::getGlobalStatus(): using the default status: VPP=0, FRC=0
I/WAKELOCK_ACQUIRE(608): TIMESTAMP=16244513815507, TAG=MqttPush, TYPE=PARTIAL_WAKE_LOCK , COUNT=0, PID=18956, UID=10069, FLAGS=
I/isv-omxil(253): ISVComponent::ISVComponent(OMX_PTR): mVPPOn 0
I/WAKELOCK_RELEASE(608): TIMESTAMP=16244518567099, TAG=MqttPush, TYPE=PARTIAL_WAKE_LOCK , COUNT=0, PID=18956, UID=10069, FLAGS=
E/wrs-omxil-core(253): OMX_GetHandle(): exit failure, OMX.Intel.vorbis.decoder not found
V/AlarmManager(608): triggered: act=ALARM_WAKEUP15074820 Pkg: com.google.android.gms
I/isv-omxil(253): ISVComponent::~ISVComponent()
I/WAKELOCK_RELEASE(608): TIMESTAMP=16246808031772, TAG=AudioMix, TYPE=PARTIAL_WAKE_LOCK , COUNT=0, PID=0, UID=1013, FLAGS=
E/isv-omxil(253): OMX_ERRORTYPE OMX_GetHandle(void**, OMX_STRING, OMX_PTR, OMX_CALLBACKTYPE*)(): exit failure, OMX.Intel.vorbis.decoder not found
W/linker (253): libstagefright_soft_vorbisdec_mdp.so has text relocations. This is wasting memory and prevents security hardening. Please fix.
I/MDP_OMX_CORE(253): Created OMXPlugin : OMX.Intel.vorbis.decoder
W/art (20261): Long monitor contention event with owner method=void java.util.AbstractMap.() from AbstractMap.java:172 waiters=0 for 616ms
W/art (20261): Long monitor contention event with owner method=void java.util.AbstractMap.() from AbstractMap.java:172 waiters=1 for 627ms
W/art (20261): Long monitor contention event with owner method=void java.util.AbstractMap.() from AbstractMap.java:172 waiters=2 for 618ms
W/MDPVORBISDecoderOMX(253): Decoder returned status: -896
W/MDPVORBISDecoderOMX(253): Invalid stream: allowing to skip 0 frame of 5
D/NuPlayerDriver(253): reset(0xf4576ac0)
E/SimpleSoftOMXComponent(253): 1
E/SimpleSoftOMXComponent(253): 2
E/SimpleSoftOMXComponent(253): 3
D/NuPlayerDriver(253): notifyResetComplete(0xf4576ac0)
I/str_params(253): key: 'bgm_state' value: ''
I/str_params(253): key: 'bgm_state' value: ''
D/NuPlayerDriver(253): start(0xf220e2e0)
I/GenericSource(253): start
I/ISVProfile(253): static int32_t ISVProfile::getGlobalStatus(): /data/user/0/com.intel.vpp/shared_prefs/vpp_settings.xml
E/ISVProfile(253): static int32_t ISVProfile::getGlobalStatus(): failed to open file /data/user/0/com.intel.vpp/shared_prefs/vpp_settings.xml
I/ISVProfile(253): static int32_t ISVProfile::getGlobalStatus(): using the default status: VPP=0, FRC=0
I/ISVProfile(253): static int32_t ISVProfile::getGlobalStatus(): /data/user/0/com.intel.vpp/shared_prefs/vpp_settings.xml
E/ISVProfile(253): static int32_t ISVProfile::getGlobalStatus(): failed to open file /data/user/0/com.intel.vpp/shared_prefs/vpp_settings.xml
I/ISVProfile(253): static int32_t ISVProfile::getGlobalStatus(): using the default status: VPP=0, FRC=0
I/isv-omxil(253): ISVComponent::ISVComponent(OMX_PTR): mVPPOn 0
E/wrs-omxil-core(253): OMX_GetHandle(): exit failure, OMX.Intel.vorbis.decoder not found
I/isv-omxil(253): ISVComponent::~ISVComponent()
E/isv-omxil(253): OMX_ERRORTYPE OMX_GetHandle(void**, OMX_STRING, OMX_PTR, OMX_CALLBACKTYPE*)(): exit failure, OMX.Intel.vorbis.decoder not found
W/linker (253): libstagefright_soft_vorbisdec_mdp.so has text relocations. This is wasting memory and prevents security hardening. Please fix.
I/MDP_OMX_CORE(253): Created OMXPlugin : OMX.Intel.vorbis.decoder
W/MDPVORBISDecoderOMX(253): Decoder returned status: -896
W/MDPVORBISDecoderOMX(253): Invalid stream: allowing to skip 0 frame of 5
D/NuPlayerDriver(253): reset(0xf220e2e0)
E/SimpleSoftOMXComponent(253): 1
E/SimpleSoftOMXComponent(253): 2
E/SimpleSoftOMXComponent(253): 3
D/NuPlayerDriver(253): notifyResetComplete(0xf220e2e0)
W/Resources(20261): Converting to string: TypedValue{t=0x10/d=0xfffffffd a=2}
W/Resources(20261): Converting to string: TypedValue{t=0x10/d=0xfffffffd a=2}
W/linker (20261): libtwittermedia.so has text relocations. This is wasting memory and prevents security hardening. Please fix.
D/skia_ext(20261): turboImageDecoder took 0.61ms to decode 128x128 (1x downscale)
I/ActivityManager(608): Displayed com.twitter.android/.MainActivity: +5s774ms (total +11s415ms)
I/Choreographer(20261): Skipped 48 frames! The application may be doing too much work on its main thread.
I/Keyboard.Facilitator(847): onFinishInput()
W/Sensors (608): flush line: 66 KXCJ Accelerometer batch not enabled
I/libgps (608): proxy_gps_set_position_mode: mode(1), recurrence(0), min_interval(1000), preferred_accuracy(0), preferred_time(0)
I/libgps (608): proxy_gps_start()
D/gpsd (263): WakeLock(Acquire,GPSD)
D/gpsd (263): WakeLock(Release,GPSD)
D/gpsd (263): WakeLock(Acquire,GPSD)
D/gpsd (263): WakeLock(Release,GPSD)
D/gpsd (263): WakeLock(Acquire,GPSD)
E/WifiStateMachine(608): WifiStateMachine CMD_START_SCAN source 10007 txSuccessRate=70,36 rxSuccessRate=79,95 targetRoamBSSID=e0:10:7f:ab:42:a8 RSSI=-59
D/wpa_supplicant(685): wlan0: Control interface command 'SCAN TYPE=ONLY'
D/wpa_supplicant(685): wlan0: Setting scan request: 0.000000 sec
D/wpa_supplicant(685): wlan0: Starting AP scan for wildcard SSID
D/wpa_supplicant(685): WPS: Building WPS IE for Probe Request
D/wpa_supplicant(685): WPS: * Version (hardcoded 0x10)
D/wpa_supplicant(685): WPS: * Request Type
D/wpa_supplicant(685): WPS: * Config Methods (4288)
D/wpa_supplicant(685): WPS: * UUID-E
D/wpa_supplicant(685): WPS: * Primary Device Type
D/wpa_supplicant(685): WPS: * RF Bands (3)
D/wpa_supplicant(685): WPS: * Association State
D/wpa_supplicant(685): WPS: * Configuration Error (0)
D/wpa_supplicant(685): WPS: * Device Password ID (0)
D/wpa_supplicant(685): WPS: * Manufacturer
D/wpa_supplicant(685): WPS: * Model Name
D/wpa_supplicant(685): WPS: * Model Number
D/wpa_supplicant(685): WPS: * Device Name
D/wpa_supplicant(685): WPS: * Version2 (0x20)
D/wpa_supplicant(685): P2P: * P2P IE header
D/wpa_supplicant(685): P2P: * Capability dev=25 group=00
D/wpa_supplicant(685): P2P: * Listen Channel: Regulatory Class 81 Channel 1
D/wpa_supplicant(685): wlan0: Add radio work 'scan'@0xf6e18580
D/wpa_supplicant(685): wlan0: First radio work item in the queue - schedule start immediately
D/wpa_supplicant(685): wlan0: Starting radio work 'scan'@0xf6e18580 after 0.000030 second wait
D/wpa_supplicant(685): wlan0: nl80211: scan request
D/wpa_supplicant(685): Scan requested (ret=0) - scan timeout 30 seconds
D/wpa_supplicant(685): nl80211: Drv Event 33 (NL80211_CMD_TRIGGER_SCAN) received for wlan0
D/wpa_supplicant(685): wlan0: nl80211: Scan trigger
D/wpa_supplicant(685): wlan0: Event SCAN_STARTED (49) received
D/wpa_supplicant(685): wlan0: Own scan request started a scan in 0.000075 seconds
I/wpa_supplicant(685): wlan0: CTRL-EVENT-SCAN-STARTED
D/wpa_supplicant(685): CTRL_IFACE monitor sent successfully to /data/misc/wifi/sockets/wpa_ctrl_608-2\x00
I/gpsd (263): GlEngineOnStart(0, 0)
I/WAKELOCK_RELEASE(608): TIMESTAMP=16247654828388, TAG=NlpWakeLock, TYPE=PARTIAL_WAKE_LOCK , COUNT=0, PID=18348, UID=10007, FLAGS=
I/KERNEL (263): [16215.932311] DW HSU: Can't find LPIO1 DMA controller by PCI, try ACPI
I/WAKELOCK_ACQUIRE(608): TIMESTAMP=16247708889461, TAG=RILJ, TYPE=PARTIAL_WAKE_LOCK , COUNT=0, PID=1228, UID=1001, FLAGS=
D/gpsd (263): CALL_SENTRY(main()): GlEngine::OnStart took 161 ms (from 16215600 to 16215761) (logOverhead=0,0,0), start: 17:29:16.568
I/WAKELOCK_ACQUIRE(608): TIMESTAMP=16248152035819, TAG=ContextManagerWakeLock, TYPE=PARTIAL_WAKE_LOCK , COUNT=0, PID=18348, UID=10007, FLAGS=
W/Sensors (608): flush line: 66 KXCJ Accelerometer batch not enabled
I/WAKELOCK_RELEASE(608): TIMESTAMP=16248152760615, TAG=*alarm*, TYPE=PARTIAL_WAKE_LOCK , COUNT=0, PID=608, UID=1000, FLAGS=
W/art (20261): Long monitor contention event with owner method=java.net.InetAddress[] libcore.io.Posix.android_getaddrinfo(java.lang.String, android.system.StructAddrinfo, int) from Posix.java:4294967294 waiters=0 for 1.318s
I/WAKELOCK_RELEASE(608): TIMESTAMP=16248153088921, TAG=ContextManagerWakeLock, TYPE=PARTIAL_WAKE_LOCK , COUNT=0, PID=18348, UID=10007, FLAGS=
W/art (20261): Long monitor contention event with owner method=java.net.InetAddress[] libcore.io.Posix.android_getaddrinfo(java.lang.String, android.system.StructAddrinfo, int) from Posix.java:4294967294 waiters=1 for 1.333s
W/InputMethodManagerService(608): Window already focused, ignoring focus gain of: com.android.internal.view.IInputMethodClient$Stub$Proxy@3739252f attribute=android.view.inputmethod.EditorInfo@1e03573c, token = android.os.BinderProxy@c309f
W/art (20261): Long monitor contention event with owner method=java.net.InetAddress[] libcore.io.Posix.android_getaddrinfo(java.lang.String, android.system.StructAddrinfo, int) from Posix.java:4294967294 waiters=2 for 1.333s E/EM FG ALGO Iface:(20834): E/EM FG ALGO Iface:(20834): Failed to get File Descriptor
D/gpsd (263): WakeLock(Acquire,SUPL)
W/BroadcastQueue(608): Permission Denial: broadcasting Intent { act=android.net.conn.INET_CONDITION_ACTION flg=0x4000010 (has extras) } from null (pid=-1, uid=-1) requires com.facebook.permission.prod.FB_APP_COMMUNICATION due to registered receiver BroadcastFilter{2bbce54b u0 ReceiverList{11acf61a 20651 com.facebook.katana/10074/u0 remote:689cc5}}
D/gpsd (263): CALL_SENTRY(main()): marshal_gps_start took 380 ms (from 16215572 to 16215952) (logOverhead=0,0,0), start: 17:29:16.540
W/BroadcastQueue(608): Permission Denial: broadcasting Intent { act=android.net.conn.CONNECTIVITY_CHANGE flg=0x4000010 (has extras) } from null (pid=-1, uid=-1) requires com.facebook.permission.prod.FB_APP_COMMUNICATION due to registered receiver BroadcastFilter{2bbce54b u0 ReceiverList{11acf61a 20651 com.facebook.katana/10074/u0 remote:689cc5}}
D/gpsd (263): CALL_SENTRY(main()): ProcessEvent took 380 ms (from 16215572 to 16215952) (logOverhead=0,0,0), start: 17:29:16.540
I/WAKELOCK_ACQUIRE(608): TIMESTAMP=16249159296783, TAG=GCoreFlp, TYPE=PARTIAL_WAKE_LOCK , COUNT=0, PID=18348, UID=10007, FLAGS=
I/libgps (608): OnGpsExtensionMessage: MSG_REQUEST_LOCATION_ID CELLID, MAC and ENHANCED CELLID
I/WAKELOCK_RELEASE(608): TIMESTAMP=16249169059155, TAG=GCoreFlp, TYPE=PARTIAL_WAKE_LOCK , COUNT=0, PID=18348, UID=10007, FLAGS=
I/libgps (608): proxy_agps_ril_request_refloc_cb: flags(7)
W/ActivityManager(608): Unable to start service Intent { act=com.facebook.rti.fbns.intent.UNREGISTER cmp=com.facebook.katana/com.facebook.rti.push.service.FbnsService (has extras) } U=0: not found
E/ivpg-hwc(217): Lost 1 flips
W/BroadcastQueue(608): Permission Denial: broadcasting Intent { act=android.net.conn.CONNECTIVITY_CHANGE flg=0x4000010 (has extras) } from null (pid=-1, uid=-1) requires com.facebook.permission.prod.FB_APP_COMMUNICATION due to registered receiver BroadcastFilter{2250e70f u0 ReceiverList{3654946e 20651 com.facebook.katana/10074/u0 remote:17952fe9}}
E/ivpg-hwc(217): Lost 1 flips
D/gpsd (263): $PGLOR,0,RID,4752,17,19,13,213919*0C
D/wpa_supplicant(685): wlan0: Control interface command 'SIGNAL_POLL'
D/PROPERTY(253): get media.dump_output.befconv: 0
D/PROPERTY(253): get media.dump_output.aftconv: 0
D/AudioIntelHal(253): startStream: output stream.
D/AudioIntelHal/AudioPlatformState(253): route-parameter-manager: Selection criterion changed event: Criterion name: OutputFlags, current state: Primary
D/AudioIntelHal/AudioPlatformState(253): route-parameter-manager: Configuration application request {
D/AudioIntelHal/AudioPlatformState(253): route-parameter-manager: Applying configurations {
D/AudioIntelHal/AudioPlatformState(253): route-parameter-manager: Applying configuration "Selected" from domain "Parameter.Outputflags.Primary"
D/AudioIntelHal/AudioPlatformState(253): route-parameter-manager: Applying configuration "Applicable" from domain "StreamRoute.Media.Playback"
D/AudioIntelHal/AudioPlatformState(253): route-parameter-manager: Applying configuration "Applicable" from domain "Route.HwCodecMedia.Playback"
D/AudioIntelHal/AudioPlatformState(253): route-parameter-manager: } Applying configurations
D/AudioIntelHal/AudioPlatformState(253): route-parameter-manager: } Configuration application request
D/EVENT_THREAD(253): void CEventThread::trig(void*, uint32_t): in
D/EVENT_THREAD(253): void CEventThread::trig(void*, uint32_t): out
D/RouteManager(253): doReconsiderRouting: Route state:
D/RouteManager(253): -Previously Enabled Route in Input =
D/RouteManager(253): -Previously Enabled Route in Output =
D/RouteManager(253): -Selected Route in Input =
D/RouteManager(253): -Selected Route in Output = Media|HwCodecMedia
D/RouteManager(253): -executeMuteRoutingStage-
D/RouteManager(253): audio-parameter-manager: Selection criterion changed event: Criterion name: RoutageState, current state: Flow
D/RouteManager(253): audio-parameter-manager: Configuration application request {
D/RouteManager(253): audio-parameter-manager: Applying configurations {
D/RouteManager(253): audio-parameter-manager: } Applying configurations
D/RouteManager(253): audio-parameter-manager: } Configuration application request
D/RouteManager(253): -executeDisableRoutingStage-
D/RouteManager(253): audio-parameter-manager: Selection criterion changed event: Criterion name: RoutageState, current state: Path
D/RouteManager(253): audio-parameter-manager: Configuration application request {
D/RouteManager(253): audio-parameter-manager: Applying configurations {
D/RouteManager(253): audio-parameter-manager: } Applying configurations
D/RouteManager(253): audio-parameter-manager: } Configuration application request
D/RouteManager(253): -executeConfigureRoutingStage-
D/RouteManager(253): audio-parameter-manager: Selection criterion changed event: Criterion name: RoutageState, current state: Configure
D/RouteManager(253): audio-parameter-manager: Selection criterion changed event: Criterion name: OpenedPlaybackRoutes, current state: Media|HwCodecMedia
D/RouteManager(253): audio-parameter-manager: Selection criterion changed event: Criterion name: OutputFlags, current state: primary
D/RouteManager(253): audio-parameter-manager: Configuration application request {
D/RouteManager(253): audio-parameter-manager: Applying configurations {
D/RouteManager(253): audio-parameter-manager: } Applying configurations
D/RouteManager(253): audio-parameter-manager: } Configuration application request
D/RouteManager(253): -executeEnableRoutingStage-
D/RouteManager(253): audio-parameter-manager: Selection criterion changed event: Criterion name: RoutageState, current state: Path|Configure
D/RouteManager(253): audio-parameter-manager: Configuration application request {
D/RouteManager(253): audio-parameter-manager: Applying configurations {
D/RouteManager(253): audio-parameter-manager: Applying configuration "Enable" from domain "Routing.Enable.HWCodec.Playback.Analog.IHF.Out"
D/RouteManager(253): audio-parameter-manager: Applying configuration "Enable" from domain "Routing.Enable.HWCodec.Playback.Analog.IHF.Multimedia"
V/AlarmManager(608): triggered: act=com.facebook.push.mqtt.keepalive.KeepaliveManager.ACTION_INEXACT_ALARM.com.facebook.katana pkg=com.facebook.katana Pkg: com.facebook.katana
D/RouteManager(253): audio-parameter-manager: Applying configuration "Enable" from domain "Routing.Enable.HWCodec.Playback.Digital.Multimedia"
I/WAKELOCK_ACQUIRE(608): TIMESTAMP=16250017540286, TAG=*alarm*, TYPE=PARTIAL_WAKE_LOCK , COUNT=0, PID=608, UID=1000, FLAGS=
D/RouteManager(253): audio-parameter-manager: } Applying configurations
V/AlarmManager(608): triggered: act=android.content.syncmanager.SYNC_ALARM Pkg: android
D/RouteManager(253): audio-parameter-manager: } Configuration application request
I/WAKELOCK_ACQUIRE(608): TIMESTAMP=16250034424010, TAG=NetworkStats, TYPE=PARTIAL_WAKE_LOCK , COUNT=0, PID=608, UID=1000, FLAGS=
D/TinyAlsaAudioDevice(253): open: card (baytrailaudio, 0)
D/TinyAlsaAudioDevice(253): config (rate=48000 format=0 channels= 2).
D/TinyAlsaAudioDevice(253): RingBuffer config: periodSize=1152 nbPeriod=4startTh=4607 stop Th=4608 silence Th=0
I/WAKELOCK_RELEASE(608): TIMESTAMP=16250313945246, TAG=NetworkStats, TYPE=PARTIAL_WAKE_LOCK , COUNT=0, PID=608, UID=1000, FLAGS=
I/KERNEL (253): [16217.573953] snd_intel_sst: runtime_resume called
I/WAKELOCK_ACQUIRE(608): TIMESTAMP=16250334153469, TAG=SyncManagerHandleSyncAlarm, TYPE=PARTIAL_WAKE_LOCK , COUNT=0, PID=608, UID=1000, FLAGS=
I/KERNEL (138): [16217.598717] snd_intel_sst: FW Version 02.08.0a.09
I/WAKELOCK_RELEASE(608): TIMESTAMP=16250334816886, TAG=*alarm*, TYPE=PARTIAL_WAKE_LOCK , COUNT=0, PID=608, UID=1000, FLAGS=
I/KERNEL (138): [16217.598739] snd_intel_sst: Build date Aug 11 2014 Time 10:58:10
I/WAKELOCK_ACQUIRE(608): TIMESTAMP=16250334993321, TAG=SyncLoopWakeLock, TYPE=PARTIAL_WAKE_LOCK , COUNT=0, PID=608, UID=1000, FLAGS=
I/GEL (1268): handleIntent(Intent { act=android.intent.action.MAIN cat=[android.intent.category.HOME] flg=0x10600000 cmp=com.google.android.googlequicksearchbox/com.google.android.launcher.GEL })
I/WAKELOCK_RELEASE(608): TIMESTAMP=16250341164386, TAG=SyncManagerHandleSyncAlarm, TYPE=PARTIAL_WAKE_LOCK , COUNT=0, PID=608, UID=1000, FLAGS=
D/AudioConversion(253): configure: no convertion required
I/WAKELOCK_RELEASE(608): TIMESTAMP=16250341520856, TAG=SyncLoopWakeLock, TYPE=PARTIAL_WAKE_LOCK , COUNT=0, PID=608, UID=1000, FLAGS=
D/RouteManager(253): -executeUnmuteRoutingStage-
V/AlarmManager(608): triggered: act=com.facebook.push.mqtt.keepalive.KeepaliveManager.ACTION_INEXACT_ALARM.com.facebook.pages.app pkg=com.facebook.pages.app Pkg: com.facebook.pages.app
D/RouteManager(253): audio-parameter-manager: Selection criterion changed event: Criterion name: RoutageState, current state: Flow|Path|Configure
I/WAKELOCK_ACQUIRE(608): TIMESTAMP=16251064436765, TAG=*alarm*, TYPE=PARTIAL_WAKE_LOCK , COUNT=0, PID=608, UID=1000, FLAGS=
D/RouteManager(253): audio-parameter-manager: Configuration application request {
I/WAKELOCK_RELEASE(608): TIMESTAMP=16251406950270, TAG=*alarm*, TYPE=PARTIAL_WAKE_LOCK , COUNT=0, PID=608, UID=1000, FLAGS=
D/RouteManager(253): audio-parameter-manager: Applying configurations {
I/WAKELOCK_ACQUIRE(608): TIMESTAMP=16252179437810, TAG=AudioMix, TYPE=PARTIAL_WAKE_LOCK , COUNT=0, PID=0, UID=1013, FLAGS=
D/RouteManager(253): audio-parameter-manager: Applying configuration "Unmute" from domain "Routing.Mute.HWCodec.Playback.IHF"
V/AlarmManager(608): triggered: act=ALARM_WAKEUP_LOCATOR Pkg: com.google.android.gms
D/RouteManager(253): audio-parameter-manager: } Applying configurations
I/WAKELOCK_ACQUIRE(608): TIMESTAMP=16252574851910, TAG=*alarm*, TYPE=PARTIAL_WAKE_LOCK , COUNT=0, PID=608, UID=1000, FLAGS=
D/RouteManager(253): audio-parameter-manager: } Configuration application request
I/WAKELOCK_ACQUIRE(608): TIMESTAMP=16252717701763, TAG=RILJ, TYPE=PARTIAL_WAKE_LOCK , COUNT=0, PID=1228, UID=1001, FLAGS=
D/RouteManager(253): doReconsiderRouting: DONE
D/EVENT_THREAD(253): void CEventThread::run() Do poll with timeout: -1
E/TinyAlsaStream(253): getFramesAvailable: Unable to get available frames
E/TinyAlsaStream(253): getFramesAvailable: Unable to get available frames
E/TinyAlsaStream(253): getFramesAvailable: Unable to get available frames
E/TinyAlsaStream(253): getFramesAvailable: Unable to get available frames
D/ (1268): Pixel Format : GGL_PIXEL_FORMAT_RGBA_8888
D/ (1268): Updating FBO content dimensions
W/HotwordWorkerImpl(5566): No resources found for locale: it-IT
D/ (20261): Surface destroy: ANDROID_NATIVE_WINDOW_MAGIC
W/ThreadPoolDumper(5566): Queue length for executor AudioRouter with 1 threads is now 8. Perhaps some tasks are too long, or the pool is too small.
I/Keyboard.Facilitator(847): onFinishInput()
I/MicroRecognitionRnrImpl(5566): Starting detection.
I/MicrophoneInputStream(5566): mic_starting com.google.android.apps.gsa.speech.audio.x@32818abe
D/AudioIntelHal(253): openInputStream: called for devices: 2147483652 and input source: 0x%08x6
D/AudioStream(253): set: requested channel mask: 16 (Channels count: 1)
D/AudioStream(253): set: set channels to 16
D/AudioStream(253): set: requested rate: 16000
D/AudioStream(253): set: set rate to 16000
D/AudioStream(253): set: requested format: 1
D/AudioStream(253): set : set format to 1
D/AudioIntelHal(253): openInputStream: input created with status=0
D/AudioStream(253): getBufferSize: 640 (in bytes) for input stream.
D/AudioStream(253): getBufferSize: 640 (in bytes) for input stream.
I/AudioFlinger(253): AudioFlinger's thread 0xf3263000 ready to run
D/AudioIntelHal/AudioPlatformState(253): setParameters: key value pair input_devices=4
I/MicrophoneInputStream(5566): mic_started com.google.android.apps.gsa.speech.audio.x@32818abe
D/PROPERTY(253): get media.dump_input.befconv: 0
D/PROPERTY(253): get media.dump_input.aftconv: 0
D/AudioIntelHal(253): startStream: input stream.
D/AudioIntelHal/AudioPlatformState(253): route-parameter-manager: Selection criterion changed event: Criterion name: InputSources, current state: VoiceRecognition
D/AudioIntelHal/AudioPlatformState(253): route-parameter-manager: Selection criterion changed event: Criterion name: StatesChanged, current state: InputSources
D/AudioIntelHal/AudioPlatformState(253): route-parameter-manager: Configuration application request {
D/AudioIntelHal/AudioPlatformState(253): route-parameter-manager: Applying configurations {
D/AudioIntelHal/AudioPlatformState(253): route-parameter-manager: Applying configuration "Selected" from domain "Parameter.InputSources.VoiceRecognition"
D/AudioIntelHal/AudioPlatformState(253): route-parameter-manager: Applying configuration "Applicable" from domain "Route.HwCodecMedia.Capture"
D/AudioIntelHal/AudioPlatformState(253): route-parameter-manager: Applying configuration "Yes" from domain "Route.HWCodec.NeedReconfigure.Capture"
D/AudioIntelHal/AudioPlatformState(253): route-parameter-manager: } Applying configurations
D/AudioIntelHal/AudioPlatformState(253): route-parameter-manager: } Configuration application request
D/EVENT_THREAD(253): void CEventThread::trig(void*, uint32_t): in
D/EVENT_THREAD(253): void CEventThread::trig(void*, uint32_t): out
D/RouteManager(253): doReconsiderRouting: Route state:
D/RouteManager(253): -Previously Enabled Route in Input =
D/RouteManager(253): -Previously Enabled Route in Output = Media|HwCodecMedia
D/RouteManager(253): -Selected Route in Input = Media|HwCodecMedia
D/RouteManager(253): -Selected Route in Output = Media|HwCodecMedia
D/RouteManager(253): -executeMuteRoutingStage- E/EM FG ALGO Iface:(20864): E/EM FG ALGO Iface:(20864): Failed to get File Descriptor
D/RouteManager(253): audio-parameter-manager: Selection criterion changed event: Criterion name: RoutageState, current state: Flow
I/ActivityManager(608): START u0 {act=android.intent.action.MAIN cat=[android.intent.category.HOME] flg=0x10200000 cmp=com.google.android.googlequicksearchbox/com.google.android.launcher.GEL} from uid 1000 on display 0
D/RouteManager(253): audio-parameter-manager: Configuration application request {
I/WAKELOCK_ACQUIRE(608): TIMESTAMP=16254419343859, TAG=ActivityManager-Launch, TYPE=PARTIAL_WAKE_LOCK , COUNT=0, PID=608, UID=1000, FLAGS=
D/RouteManager(253): audio-parameter-manager: Applying configurations {
I/WAKELOCK_RELEASE(608): TIMESTAMP=16254746404238, TAG=ActivityManager-Launch, TYPE=PARTIAL_WAKE_LOCK , COUNT=0, PID=608, UID=1000, FLAGS=
D/RouteManager(253): audio-parameter-manager: } Applying configurations
I/WAKELOCK_ACQUIRE(608): TIMESTAMP=16254925738312, TAG=Icing, TYPE=PARTIAL_WAKE_LOCK , COUNT=0, PID=1509, UID=10007, FLAGS=
D/RouteManager(253): audio-parameter-manager: } Configuration application request
I/WAKELOCK_ACQUIRE(608): TIMESTAMP=16255331548092, TAG=AudioIn, TYPE=PARTIAL_WAKE_LOCK , COUNT=0, PID=0, UID=1013, FLAGS=
D/RouteManager(253): -executeDisableRoutingStage-
I/WAKELOCK_RELEASE(608): TIMESTAMP=16255332313532, TAG=AudioIn, TYPE=PARTIAL_WAKE_LOCK , COUNT=0, PID=0, UID=1013, FLAGS=
D/RouteManager(253): audio-parameter-manager: Selection criterion changed event: Criterion name: RoutageState, current state: Path
I/WAKELOCK_ACQUIRE(608): TIMESTAMP=16255334105627, TAG=AudioIn, TYPE=PARTIAL_WAKE_LOCK , COUNT=0, PID=0, UID=1013, FLAGS=
D/RouteManager(253): audio-parameter-manager: Configuration application request {
I/WAKELOCK_RELEASE(608): TIMESTAMP=16255538527304, TAG=Icing, TYPE=PARTIAL_WAKE_LOCK , COUNT=0, PID=1509, UID=10007, FLAGS=
D/RouteManager(253): audio-parameter-manager: Applying configurations {
I/ActivityManager(608): START u0 {act=android.intent.action.MAIN cat=[android.intent.category.LAUNCHER] flg=0x10200000 cmp=com.microsoft.office.excel/com.microsoft.office.apphost.LaunchActivity bnds=[256,1116][512,1418] (has extras)} from uid 10040 on display 0
D/RouteManager(253): audio-parameter-manager: } Applying configurations
I/WAKELOCK_ACQUIRE(608): TIMESTAMP=16255750701254, TAG=ActivityManager-Launch, TYPE=PARTIAL_WAKE_LOCK , COUNT=0, PID=608, UID=1000, FLAGS=
D/RouteManager(253): audio-parameter-manager: } Configuration application request
I/ActivityManager(608): Start proc com.microsoft.office.excel for activity com.microsoft.office.excel/com.microsoft.office.apphost.LaunchActivity: pid=20875 uid=10068 gids={50068, 9997, 1028, 1015, 3003} abi=x86
D/RouteManager(253): -executeConfigureRoutingStage-
I/WAKELOCK_RELEASE(608): TIMESTAMP=16255804585076, TAG=AudioIn, TYPE=PARTIAL_WAKE_LOCK , COUNT=0, PID=0, UID=1013, FLAGS=
D/RouteManager(253): audio-parameter-manager: Selection criterion changed event: Criterion name: RoutageState, current state: Configure
I/WAKELOCK_ACQUIRE(608): TIMESTAMP=16255809298364, TAG=AudioIn, TYPE=PARTIAL_WAKE_LOCK , COUNT=0, PID=0, UID=1013, FLAGS=
D/RouteManager(253): audio-parameter-manager: Selection criterion changed event: Criterion name: OpenedCaptureRoutes, current state: Media|HwCodecMedia
I/WAKELOCK_RELEASE(608): TIMESTAMP=16255810060300, TAG=AudioIn, TYPE=PARTIAL_WAKE_LOCK , COUNT=0, PID=0, UID=1013, FLAGS=
D/RouteManager(253): audio-parameter-manager: Selection criterion changed event: Criterion name: AudioSource, current state: VoiceRecognition
D/RouteManager(253): audio-parameter-manager: Configuration application request {
D/RouteManager(253): audio-parameter-manager: Applying configurations {
D/RouteManager(253): audio-parameter-manager: Applying configuration "VoiceRecgnition.FrontMic" from domain "InputDevice.Selected"
D/RouteManager(253): audio-parameter-manager: } Applying configurations
D/RouteManager(253): audio-parameter-manager: } Configuration application request
D/RouteManager(253): -executeEnableRoutingStage-
D/RouteManager(253): audio-parameter-manager: Selection criterion changed event: Criterion name: RoutageState, current state: Path|Configure
D/TinyAlsaAudioDevice(253): open: card (baytrailaudio, 0)
D/TinyAlsaAudioDevice(253): config (rate=48000 format=0 channels= 2).
D/TinyAlsaAudioDevice(253): RingBuffer config: periodSize=960 nbPeriod=4startTh=1 stop Th=3840 silence Th=0
D/RouteManager(253): audio-parameter-manager: Configuration application request {
D/RouteManager(253): audio-parameter-manager: Applying configurations {
D/RouteManager(253): audio-parameter-manager: } Applying configurations
D/RouteManager(253): audio-parameter-manager: } Configuration application request
D/Resampler(253): configure: SOURCE rate=48000 format=1 channels=1
D/Resampler(253): configure: DST rate=16000 format=1 channels=1
D/RouteManager(253): -executeUnmuteRoutingStage-
D/RouteManager(253): audio-parameter-manager: Selection criterion changed event: Criterion name: RoutageState, current state: Flow|Path|Configure
D/RouteManager(253): audio-parameter-manager: Configuration application request {
D/RouteManager(253): audio-parameter-manager: Applying configurations {
D/RouteManager(253): audio-parameter-manager: Applying configuration "Unmute" from domain "Routing.Mute.HWCodec.Capture"
D/RouteManager(253): audio-parameter-manager: } Applying configurations
D/RouteManager(253): audio-parameter-manager: } Configuration application request
D/RouteManager(253): doReconsiderRouting: DONE
D/EVENT_THREAD(253): void CEventThread::run() Do poll with timeout: -1
I/HotwordWorkerImpl(5566): onReady
I/Icing (1509): Usage reports 1 indexed 0 rejected 0 imm upload true
D/gpsd (263): WakeLock(Release,SUPL)
W/OpenGLRenderer(1268): Incorrectly called buildLayer on View: ShortcutAndWidgetContainer, destroying layer...
D/wpa_supplicant(685): nl80211: Drv Event 34 (NL80211_CMD_NEW_SCAN_RESULTS) received for wlan0
D/wpa_supplicant(685): wlan0: nl80211: New scan results available
D/wpa_supplicant(685): nl80211: Scan probed for SSID ''
D/wpa_supplicant(685): nl80211: Scan included frequencies: 2412 2417 2422 2427 2432 2437 2442 2447 2452 2457 2462 2467 2472 5180 5200 5220 5240 5260 5280 5300 5320 5500 5520 5540 5560 5580 5600 5620 5640 5660 5680 5700
D/wpa_supplicant(685): wlan0: Event SCAN_RESULTS (3) received
D/wpa_supplicant(685): wlan0: Scan completed in 2.343813 seconds
D/wpa_supplicant(685): nl80211: Associated on 2462 MHz
D/wpa_supplicant(685): nl80211: Associated with e0:10:7f:ab:42:a8
D/wpa_supplicant(685): nl80211: Received scan results (17 BSSes)
D/wpa_supplicant(685): nl80211: Scan results indicate BSS status with e0:10:7f:ab:42:a8 as associated
D/wpa_supplicant(685): wlan0: BSS: Start scan result update 235
D/wpa_supplicant(685): wlan0: BSS: Add new id 1000 BSSID e0:10:7f:2b:42:ac SSID 'etab_5GHz'
D/wpa_supplicant(685): CTRL_IFACE monitor sent successfully to /data/misc/wifi/sockets/wpa_ctrl_608-2\x00
D/wpa_supplicant(685): wlan0: BSS: Add new id 1001 BSSID f0:b0:52:1b:d3:2c SSID 'etab_5GHz'
D/wpa_supplicant(685): CTRL_IFACE monitor sent successfully to /data/misc/wifi/sockets/wpa_ctrl_608-2\x00
D/wpa_supplicant(685): wlan0: BSS: Add new id 1002 BSSID 00:1d:8b:be:ce:1e SSID 'Alice-40774318'
D/wpa_supplicant(685): CTRL_IFACE monitor sent successfully to /data/misc/wifi/sockets/wpa_ctrl_608-2\x00
D/wpa_supplicant(685): wlan0: BSS: Add new id 1003 BSSID 00:50:fc:d6:0b:37 SSID 'default'
I/WAKELOCK_ACQUIRE(608): TIMESTAMP=16257723053786, TAG=RILJ, TYPE=PARTIAL_WAKE_LOCK , COUNT=0, PID=1228, UID=1001, FLAGS=
D/wpa_supplicant(685): CTRL_IFACE monitor sent successfully to /data/misc/wifi/sockets/wpa_ctrl_608-2\x00
I/WAKELOCK_RELEASE(608): TIMESTAMP=16258767235074, TAG=AudioMix, TYPE=PARTIAL_WAKE_LOCK , COUNT=0, PID=0, UID=1013, FLAGS=
D/wpa_supplicant(685): BSS: last_scan_res_used=17/32 E/EM FG ALGO Iface:(20903): E/EM FG ALGO Iface:(20903): Failed to get File Descriptor
D/wpa_supplicant(685): Add access point on channel 60 [BANNED]
D/TaskPersister(608): removeObsoleteFile: deleting file=109_task.xml
D/wpa_supplicant(685): Best Operating channel is = 44
D/TaskPersister(608): removeObsoleteFile: deleting file=109_activity_icon_1443347368308.png
D/wpa_supplicant(685): wlan0: Scan-only results received
D/TaskPersister(608): removeObsoleteFile: deleting file=109_task_thumbnail.png
D/wpa_supplicant(685): CTRL_IFACE monitor sent successfully to /data/misc/wifi/sockets/wpa_ctrl_608-2\x00
I/ActivityManager(608): START u0 {flg=0x24000000 cmp=com.microsoft.office.excel/.excelMainActivity (has extras)} from uid 10068 on display 0
D/wpa_supplicant(685): wlan0: Radio work 'scan'@0xf6e18580 done in 2.365040 seconds
I/WAKELOCK_ACQUIRE(608): TIMESTAMP=16259558492093, TAG=ActivityManager-Launch, TYPE=PARTIAL_WAKE_LOCK , COUNT=0, PID=608, UID=1000, FLAGS=
D/wpa_supplicant(685): RTM_NEWLINK: ifi_index=6 ifname=wlan0 wext ifi_flags=0x11043 ([UP][RUNNING][LOWER_UP])
V/AlarmManager(608): triggered: act=com.android.server.WifiManager.action.START_SCAN Pkg: android
D/wpa_supplicant(685): wlan0: Control interface command 'BSS RANGE=0- MASK=0x21987'
V/AlarmManager(608): triggered: cmp=com.google.android.googlequicksearchbox/com.google.android.velvet.VelvetBackgroundTasksImpl$Service Pkg: com.google.android.googlequicksearchbox
W/art (20261): Suspending all threads took: 15.474ms
D/wpa_supplicant(685): wlan0: Control interface command 'STATUS-NO_EVENTS'
W/SearchService(5566): Abort, client detached.
I/HotwordDetector(5566): Closing mic
I/MicrophoneInputStream(5566): mic_close com.google.android.apps.gsa.speech.audio.x@32818abe
D/AudioIntelHal(253): stopStream: input stream.
D/AudioIntelHal/AudioPlatformState(253): route-parameter-manager: Selection criterion changed event: Criterion name: InputSources, current state:
D/AudioIntelHal/AudioPlatformState(253): route-parameter-manager: Configuration application request {
D/AudioIntelHal/AudioPlatformState(253): route-parameter-manager: Applying configurations {
D/AudioIntelHal/AudioPlatformState(253): route-parameter-manager: Applying configuration "NotSelected" from domain "Parameter.InputSources.VoiceRecognition"
D/AudioIntelHal/AudioPlatformState(253): route-parameter-manager: Applying configuration "NotApplicable" from domain "Route.HwCodecMedia.Capture"
D/AudioIntelHal/AudioPlatformState(253): route-parameter-manager: } Applying configurations
D/AudioIntelHal/AudioPlatformState(253): route-parameter-manager: } Configuration application request
D/EVENT_THREAD(253): void CEventThread::trig(void*, uint32_t): in
D/EVENT_THREAD(253): void CEventThread::trig(void*, uint32_t): out
D/RouteManager(253): doReconsiderRouting: Route state:
D/RouteManager(253): -Previously Enabled Route in Input = Media|HwCodecMedia
D/RouteManager(253): -Previously Enabled Route in Output = Media|HwCodecMedia
D/RouteManager(253): -Selected Route in Input =
D/RouteManager(253): -Selected Route in Output = Media|HwCodecMedia
D/RouteManager(253): -executeMuteRoutingStage-
D/RouteManager(253): audio-parameter-manager: Selection criterion changed event: Criterion name: RoutageState, current state: Flow
D/RouteManager(253): audio-parameter-manager: Selection criterion changed event: Criterion name: ClosingCaptureRoutes, current state: Media|HwCodecMedia
D/RouteManager(253): audio-parameter-manager: Selection criterion changed event: Criterion name: OpenedCaptureRoutes, current state:
D/RouteManager(253): audio-parameter-manager: Configuration application request {
D/RouteManager(253): audio-parameter-manager: Applying configurations {
D/RouteManager(253): audio-parameter-manager: Applying configuration "Mute" from domain "Routing.Mute.HWCodec.Capture"
D/RouteManager(253): audio-parameter-manager: } Applying configurations
D/RouteManager(253): audio-parameter-manager: } Configuration application request
D/RouteManager(253): -executeDisableRoutingStage-
D/RouteManager(253): audio-parameter-manager: Selection criterion changed event: Criterion name: RoutageState, current state: Path
D/RouteManager(253): audio-parameter-manager: Configuration application request {
D/RouteManager(253): audio-parameter-manager: Applying configurations {
D/RouteManager(253): audio-parameter-manager: } Applying configurations
D/RouteManager(253): audio-parameter-manager: } Configuration application request
D/TinyAlsaAudioDevice(253): close
D/RouteManager(253): -executeConfigureRoutingStage-
D/RouteManager(253): audio-parameter-manager: Selection criterion changed event: Criterion name: RoutageState, current state: Configure
D/RouteManager(253): audio-parameter-manager: Selection criterion changed event: Criterion name: ClosingCaptureRoutes, current state:
D/RouteManager(253): audio-parameter-manager: Selection criterion changed event: Criterion name: AudioSource, current state:
D/RouteManager(253): audio-parameter-manager: Configuration application request { D