I/KERNEL (16720): [15941.161045] bcmsdh_sdmmc_resume Enter
I/KERNEL (16720): [15941.161062] bcmsdh_sdmmc_resume Enter
I/KERNEL (16720): [15941.188828] PM: resume of devices complete after 101.903 msecs
I/KERNEL (16720): [15941.228393] PM: Finishing wakeup.
D/COREU (264): Failed to recv on UEvent socket
I/KERNEL (16720): [15941.228402] Restarting tasks ...
I/KERNEL (17639): [15941.229250] atomisp-css2400b0_v21 0000:00:03.0: DFS target frequency=200.
I/KERNEL (16720): done.
I/KERNEL (16720): [15941.238837] video LNXVIDEO:00: Restoring backlight state
I/KERNEL (18160): [15941.240743] snd_intel_sst: runtime_idle called
I/KERNEL (18160): [15941.240760] snd_intel_sst: runtime_suspend called
I/KERNEL (16720): [15941.241047] PM: suspend exit 2015-09-27 15:24:42.022981152 UTC
I/KERNEL (16720): [15941.241090] PM: suspend entry 2015-09-27 15:24:42.023024616 UTC
I/KERNEL (16720): [15941.241113] PM: Syncing filesystems ...
I/KERNEL (16720): done.
I/KERNEL (16720): [15941.242800] PM: Preparing system for mem sleep
I/KERNEL (16720): [15941.243166] Freezing user space processes ...
I/KERNEL (16720): (elapsed 0.008 seconds)
I/KERNEL (16720): done.
I/KERNEL (16720):
I/KERNEL (16720): [15941.251529] Freezing remaining freezable tasks ...
I/KERNEL (16720): (elapsed 0.002 seconds)
I/KERNEL (16720): done.
I/KERNEL (16720):
I/KERNEL (16720): [15941.254460] PM: Entering mem sleep
I/KERNEL (16720): [15941.254485] Suspending console(s) (use no_console_suspend to debug)
I/KERNEL (16720): [15941.265802] i915 0000:00:02.0: setting latency timer to 64
I/KERNEL (16720): [15941.273503] atomisp-css2400b0_v21 0000:00:03.0: DFS target frequency=200.
I/KERNEL (16720): [15941.294447] snd_intel_sst: runtime_resume called
I/KERNEL (16720): [15941.319315] acm_suspend[0][ACM4][531][bc2][47][8d][0][1]
I/KERNEL (16720): [15941.319982] acm_suspend[0][ACM3][154a][1b16][178][179][0][1]
I/KERNEL (16720): [15941.320028] bcmsdh_sdmmc_suspend Enter
I/KERNEL (16720): [15941.320038] bcmsdh_sdmmc_suspend Enter
I/KERNEL (16720): [15941.320953] dpm_run_callback(): platform_pm_suspend+0x0/0x50 returns -16
I/KERNEL (16720): [15941.320957] PM: Device alarmtimer failed to suspend: error -16
I/KERNEL (16720): [15941.355920] PM: Some devices failed to suspend
I/WAKELOCK_ACQUIRE(608): TIMESTAMP=15941299269171, TAG=*alarm*, TYPE=PARTIAL_WAKE_LOCK , COUNT=0, PID=608, UID=1000, FLAGS=
V/AlarmManager(608): triggered: act=ALARM_WAKEUP_ACTIVITY_DETECTION Pkg: com.google.android.gms
I/KERNEL (16720): [15941.358489] bcmsdh_sdmmc_resume Enter
I/KERNEL (16720): [15941.358502] bcmsdh_sdmmc_resume Enter
I/KERNEL (16720): [15941.449010] PM: resume of devices complete after 93.068 msecs
I/KERNEL (16720): [15941.481931] PM: Finishing wakeup.
I/KERNEL (16720): [15941.481948] Restarting tasks ...
I/KERNEL (221): [15941.483498] iTCO_wdt: iTCO_wdt_keepalive
I/KERNEL (16720): done.
I/KERNEL (16720): [15941.485422] video LNXVIDEO:00: Restoring backlight state
I/KERNEL (17639): [15941.486524] atomisp-css2400b0_v21 0000:00:03.0: DFS target frequency=200.
I/WAKELOCK_ACQUIRE(608): TIMESTAMP=15941312890435, TAG=NlpCollectorWakeLock, TYPE=PARTIAL_WAKE_LOCK , COUNT=0, PID=18348, UID=10007, FLAGS=
I/WAKELOCK_ACQUIRE(608): TIMESTAMP=15941313692055, TAG=NlpCollectorWakeLock, TYPE=PARTIAL_WAKE_LOCK , COUNT=0, PID=18348, UID=10007, FLAGS=
I/WAKELOCK_ACQUIRE(608): TIMESTAMP=15941314234692, TAG=NlpCollectorWakeLock, TYPE=PARTIAL_WAKE_LOCK , COUNT=0, PID=18348, UID=10007, FLAGS=
I/WAKELOCK_ACQUIRE(608): TIMESTAMP=15941317907058, TAG=NlpWakeLock, TYPE=PARTIAL_WAKE_LOCK , COUNT=0, PID=18348, UID=10007, FLAGS=
I/KERNEL (17639): [15941.487695] PM: suspend exit 2015-09-27 15:24:42.269625229 UTC
I/KERNEL (19764): [15941.495352] snd_intel_sst: runtime_idle called
I/KERNEL (19764): [15941.495368] snd_intel_sst: runtime_suspend called
I/WAKELOCK_RELEASE(608): TIMESTAMP=15941320173270, TAG=NlpWakeLock, TYPE=PARTIAL_WAKE_LOCK , COUNT=0, PID=18348, UID=10007, FLAGS=
I/WAKELOCK_RELEASE(608): TIMESTAMP=15941395335146, TAG=*alarm*, TYPE=PARTIAL_WAKE_LOCK , COUNT=0, PID=608, UID=1000, FLAGS=
I/WAKELOCK_ACQUIRE(608): TIMESTAMP=15941845891490, TAG=NlpWakeLock, TYPE=PARTIAL_WAKE_LOCK , COUNT=0, PID=18348, UID=10007, FLAGS=
I/WAKELOCK_RELEASE(608): TIMESTAMP=15941847929572, TAG=NlpCollectorWakeLock, TYPE=PARTIAL_WAKE_LOCK , COUNT=0, PID=18348, UID=10007, FLAGS=
I/WAKELOCK_RELEASE(608): TIMESTAMP=15941849440796, TAG=NlpWakeLock, TYPE=PARTIAL_WAKE_LOCK , COUNT=0, PID=18348, UID=10007, FLAGS=
I/WAKELOCK_ACQUIRE(608): TIMESTAMP=15941851225379, TAG=NlpWakeLock, TYPE=PARTIAL_WAKE_LOCK , COUNT=0, PID=18348, UID=10007, FLAGS=
I/WAKELOCK_RELEASE(608): TIMESTAMP=15941852733184, TAG=NlpCollectorWakeLock, TYPE=PARTIAL_WAKE_LOCK , COUNT=0, PID=18348, UID=10007, FLAGS=
I/WAKELOCK_RELEASE(608): TIMESTAMP=15941853150914, TAG=NlpWakeLock, TYPE=PARTIAL_WAKE_LOCK , COUNT=0, PID=18348, UID=10007, FLAGS=
I/WAKELOCK_ACQUIRE(608): TIMESTAMP=15941854118313, TAG=NlpWakeLock, TYPE=PARTIAL_WAKE_LOCK , COUNT=0, PID=18348, UID=10007, FLAGS=
I/WAKELOCK_RELEASE(608): TIMESTAMP=15941855904684, TAG=NlpCollectorWakeLock, TYPE=PARTIAL_WAKE_LOCK , COUNT=0, PID=18348, UID=10007, FLAGS=
I/WAKELOCK_ACQUIRE(608): TIMESTAMP=15941857366745, TAG=NlpWakeLock, TYPE=PARTIAL_WAKE_LOCK , COUNT=0, PID=18348, UID=10007, FLAGS=
I/WAKELOCK_ACQUIRE(608): TIMESTAMP=15941863062948, TAG=NlpWakeLock, TYPE=PARTIAL_WAKE_LOCK , COUNT=0, PID=18348, UID=10007, FLAGS=
I/WAKELOCK_RELEASE(608): TIMESTAMP=15941869246793, TAG=NlpWakeLock, TYPE=PARTIAL_WAKE_LOCK , COUNT=0, PID=18348, UID=10007, FLAGS=
I/WAKELOCK_ACQUIRE(608): TIMESTAMP=15941870536475, TAG=ContextManagerWakeLock, TYPE=PARTIAL_WAKE_LOCK , COUNT=0, PID=18348, UID=10007, FLAGS=
I/WAKELOCK_ACQUIRE(608): TIMESTAMP=15941872012923, TAG=GCoreFlp, TYPE=PARTIAL_WAKE_LOCK , COUNT=0, PID=18348, UID=10007, FLAGS=
I/WAKELOCK_RELEASE(608): TIMESTAMP=15941874557463, TAG=GCoreFlp, TYPE=PARTIAL_WAKE_LOCK , COUNT=0, PID=18348, UID=10007, FLAGS=
I/WAKELOCK_RELEASE(608): TIMESTAMP=15941875005036, TAG=NlpWakeLock, TYPE=PARTIAL_WAKE_LOCK , COUNT=0, PID=18348, UID=10007, FLAGS=
I/WAKELOCK_ACQUIRE(608): TIMESTAMP=15941875708641, TAG=GCoreFlp, TYPE=PARTIAL_WAKE_LOCK , COUNT=0, PID=18348, UID=10007, FLAGS=
I/WAKELOCK_ACQUIRE(608): TIMESTAMP=15941876643940, TAG=NlpWakeLock, TYPE=PARTIAL_WAKE_LOCK , COUNT=0, PID=18348, UID=10007, FLAGS=
I/WAKELOCK_ACQUIRE(608): TIMESTAMP=15941877609383, TAG=GCoreFlp, TYPE=PARTIAL_WAKE_LOCK , COUNT=0, PID=18348, UID=10007, FLAGS=
I/WAKELOCK_RELEASE(608): TIMESTAMP=15941878763214, TAG=GCoreFlp, TYPE=PARTIAL_WAKE_LOCK , COUNT=0, PID=18348, UID=10007, FLAGS=
I/WAKELOCK_RELEASE(608): TIMESTAMP=15941881401508, TAG=NlpWakeLock, TYPE=PARTIAL_WAKE_LOCK , COUNT=0, PID=18348, UID=10007, FLAGS=
I/WAKELOCK_RELEASE(608): TIMESTAMP=15941882219256, TAG=GCoreFlp, TYPE=PARTIAL_WAKE_LOCK , COUNT=0, PID=18348, UID=10007, FLAGS=
I/WAKELOCK_ACQUIRE(608): TIMESTAMP=15941883768173, TAG=Wakeful StateMachine: GeofencerStateMachine, TYPE=PARTIAL_WAKE_LOCK , COUNT=0, PID=18348, UID=10007, FLAGS=
I/WAKELOCK_ACQUIRE(608): TIMESTAMP=15941889340465, TAG=NlpWakeLock, TYPE=PARTIAL_WAKE_LOCK , COUNT=0, PID=18348, UID=10007, FLAGS=
I/WAKELOCK_RELEASE(608): TIMESTAMP=15941893440100, TAG=NlpWakeLock, TYPE=PARTIAL_WAKE_LOCK , COUNT=0, PID=18348, UID=10007, FLAGS=
I/WAKELOCK_ACQUIRE(608): TIMESTAMP=15941896841279, TAG=UlrDispSvcFastWL, TYPE=PARTIAL_WAKE_LOCK , COUNT=0, PID=18348, UID=10007, FLAGS=
I/WAKELOCK_ACQUIRE(608): TIMESTAMP=15941899491358, TAG=NlpWakeLock, TYPE=PARTIAL_WAKE_LOCK , COUNT=0, PID=18348, UID=10007, FLAGS=
E/SQLiteLog(18348): (2067) abort at 35 in [INSERT INTO context(context_name,end_time,context_family,module_id,version,sync_state_mod_time_millis,start_time,sync_state,context_id,time_type,proto_blob) VALUES (?,?,?,?,?,?,?,?,?,?,?)]: UNI
E/SQLiteDatabase(18348): Error inserting context_name=6 end_time=1443367482829 context_family=1 module_id=com.google.android.contextmanager.module.DetectedActivityProducer version=1 sync_state_mod_time_millis=1443367482877 start_time=1443367302163 sync_state=0 context_id=d620c491-e971-43c6-b77a-d650be86dcbf time_type=3 proto_blob=[B@3f673772
E/SQLiteDatabase(18348): android.database.sqlite.SQLiteConstraintException: UNIQUE constraint failed: context.context_id (code 2067)
E/SQLiteDatabase(18348): at android.database.sqlite.SQLiteConnection.nativeExecuteForLastInsertedRowId(Native Method)
E/SQLiteDatabase(18348): at android.database.sqlite.SQLiteConnection.executeForLastInsertedRowId(SQLiteConnection.java:782)
E/SQLiteDatabase(18348): at android.database.sqlite.SQLiteSession.executeForLastInsertedRowId(SQLiteSession.java:788)
E/SQLiteDatabase(18348): at android.database.sqlite.SQLiteStatement.executeInsert(SQLiteStatement.java:86)
E/SQLiteDatabase(18348): at android.database.sqlite.SQLiteDatabase.insertWithOnConflict(SQLiteDatabase.java:1471)
E/SQLiteDatabase(18348): at android.database.sqlite.SQLiteDatabase.insert(SQLiteDatabase.java:1341)
E/SQLiteDatabase(18348): at com.google.android.contextmanager.q.al.a(SourceFile:408)
E/SQLiteDatabase(18348): at com.google.android.contextmanager.q.al.b(SourceFile:383)
E/SQLiteDatabase(18348): at com.google.android.contextmanager.q.al.a(SourceFile:349)
E/SQLiteDatabase(18348): at com.google.android.contextmanager.q.al.b(SourceFile:376)
E/SQLiteDatabase(18348): at com.google.android.contextmanager.g.a.j.a(SourceFile:58)
E/SQLiteDatabase(18348): at com.google.android.contextmanager.g.a.a.run(SourceFile:52)
E/SQLiteDatabase(18348): at com.google.android.contextmanager.g.i.handleMessage(SourceFile:215)
E/SQLiteDatabase(18348): at android.os.Handler.dispatchMessage(Handler.java:102)
E/SQLiteDatabase(18348): at android.os.Looper.loop(Looper.java:135)
E/SQLiteDatabase(18348): at android.os.HandlerThread.run(HandlerThread.java:61)
I/WAKELOCK_RELEASE(608): TIMESTAMP=15941911292795, TAG=NlpWakeLock, TYPE=PARTIAL_WAKE_LOCK , COUNT=0, PID=18348, UID=10007, FLAGS=
I/WAKELOCK_RELEASE(608): TIMESTAMP=15941913362472, TAG=NlpWakeLock, TYPE=PARTIAL_WAKE_LOCK , COUNT=0, PID=18348, UID=10007, FLAGS=
I/WAKELOCK_RELEASE(608): TIMESTAMP=15941930152776, TAG=UlrDispSvcFastWL, TYPE=PARTIAL_WAKE_LOCK , COUNT=0, PID=18348, UID=10007, FLAGS=
I/WAKELOCK_RELEASE(608): TIMESTAMP=15941931366498, TAG=Wakeful StateMachine: GeofencerStateMachine, TYPE=PARTIAL_WAKE_LOCK , COUNT=0, PID=18348, UID=10007, FLAGS=
I/WAKELOCK_RELEASE(608): TIMESTAMP=15941974455714, TAG=ContextManagerWakeLock, TYPE=PARTIAL_WAKE_LOCK , COUNT=0, PID=18348, UID=10007, FLAGS= E/EM FG ALGO Iface:(19769): E/EM FG ALGO Iface:(19769): Failed to get File Descriptor
I/KERNEL (16720): [15943.315805] PM: suspend entry 2015-09-27 15:24:44.097712816 UTC
I/KERNEL (16720): [15943.315867] PM: Syncing filesystems ...
I/KERNEL (16720): done.
I/KERNEL (16720): [15943.396726] PM: Preparing system for mem sleep
I/KERNEL (16720): [15943.397094] Freezing user space processes ...
I/KERNEL (16720): (elapsed 0.001 seconds)
I/KERNEL (16720): done.
I/KERNEL (16720):
I/KERNEL (16720): [15943.398800] Freezing remaining freezable tasks ...
I/KERNEL (16720): (elapsed 0.002 seconds)
I/KERNEL (16720): done.
I/KERNEL (16720):
I/KERNEL (16720): [15943.401575] PM: Entering mem sleep
I/KERNEL (16720): [15943.401601] Suspending console(s) (use no_console_suspend to debug)
I/KERNEL (16720): [15943.412786] i915 0000:00:02.0: setting latency timer to 64
I/KERNEL (16720): [15943.419672] atomisp-css2400b0_v21 0000:00:03.0: DFS target frequency=200.
I/KERNEL (16720): [15943.485297] snd_intel_sst: runtime_resume called
I/KERNEL (16720): [15943.510681] acm_suspend[0][ACM4][531][bc2][47][8d][0][1]
I/KERNEL (16720): [15943.511005] bcmsdh_sdmmc_suspend Enter
I/KERNEL (16720): [15943.511020] bcmsdh_sdmmc_suspend Enter
I/KERNEL (16720): [15943.511426] acm_suspend[0][ACM3][154a][1b16][178][179][0][1]
I/KERNEL (16720): [15944.366884] snd_intel_sst: runtime_suspend called
I/KERNEL (16720): [15944.367885] [xhci_pci_suspend], xhci_root_hub pointer:0x77179000
I/KERNEL (16720): [15944.367951] XHCI: port 1, portsc 0xe63
I/KERNEL (16720): [15944.367969] atomisp-css2400b0_v21 0000:00:03.0: DFS target frequency=200.
I/KERNEL (16720): [15944.576359] PM: suspend of devices complete after 1066.102 msecs
I/KERNEL (16720): [15944.581642] PM: late suspend of devices complete after 5.228 msecs
I/KERNEL (16720): [15944.665375] xhci_hcd 0000:00:14.0: power state changed by ACPI to D3hot
I/KERNEL (16720): [15944.675995] PM: noirq suspend of devices complete after 94.335 msecs
I/KERNEL (16720): [15944.676004] Disabling non-boot CPUs ...
I/KERNEL (16720): [15944.679434] smpboot: CPU 1 is now offline
I/KERNEL (16720): [15944.683661] smpboot: CPU 2 is now offline
I/KERNEL (16720): [15944.687538] smpboot: CPU 3 is now offline
I/KERNEL (16720): [15951.878187] Suspended for 8.000 seconds
I/KERNEL (16720): [15951.878617] Enabling non-boot CPUs ...
I/KERNEL (16720): [15951.878784] SMP alternatives: lockdep: fixing up alternatives
I/KERNEL (16720): [15951.878796] smpboot: Booting Node 0 Processor 1 APIC 0x2
I/KERNEL (16720): [15951.895735] Skipped synchronization checks as TSC is reliable.
I/KERNEL (16720): [15951.897088] CPU1 is up
I/KERNEL (16720): [15951.897223] SMP alternatives: lockdep: fixing up alternatives
I/KERNEL (16720): [15951.897234] smpboot: Booting Node 0 Processor 2 APIC 0x4
I/KERNEL (16720): [15951.914291] Skipped synchronization checks as TSC is reliable.
I/KERNEL (16720): [15951.915835] CPU2 is up
I/KERNEL (16720): [15951.915881] SMP alternatives: lockdep: fixing up alternatives
I/KERNEL (16720): [15951.915885] smpboot: Booting Node 0 Processor 3 APIC 0x6
I/KERNEL (16720): [15951.932807] Skipped synchronization checks as TSC is reliable.
I/KERNEL (16720): [15951.934801] CPU3 is up
I/KERNEL (16720): [15952.055024] xhci_hcd 0000:00:14.0: power state changed by ACPI to D0
I/KERNEL (16720): [15952.065252] xhci_hcd 0000:00:14.0: power state changed by ACPI to D0
I/KERNEL (16720): [15952.079757] PM: noirq resume of devices complete after 143.792 msecs
I/KERNEL (16720): [15952.079768] Wakeup from IRQ 0
I/KERNEL (16720): [15952.079782] Wakeup from IRQ 8 rtc0
I/KERNEL (16720): [15952.079958] Wakeup from IRQ 36 i2c-designware-5
I/KERNEL (16720): [15952.080140] Wakeup from IRQ 389 GODX0911:00
I/KERNEL (16720): [15952.080211] Wakeup from IRQ 456
I/KERNEL (16720): [15952.080217] Wakeup from IRQ 457
I/KERNEL (16720): [15952.080231] Wakeup from IRQ 464
I/KERNEL (16720): [15952.080237] Wakeup from IRQ 465
I/KERNEL (16720): [15952.080259] Wakeup from IRQ 483
I/KERNEL (16720): [15952.080265] Wakeup from IRQ 484
I/KERNEL (16720): [15952.080271] Wakeup from IRQ 485
I/KERNEL (16720): [15952.080277] Wakeup from IRQ 486
I/KERNEL (16720): [15952.080293] Wakeup from IRQ 498
I/KERNEL (16720): [15952.080299] Wakeup from IRQ 499
I/KERNEL (16720): [15952.080305] Wakeup from IRQ 501
I/KERNEL (16720): [15952.080311] Wakeup from IRQ 502
I/KERNEL (16720): [15952.080317] Wakeup from IRQ 503
I/KERNEL (16720): [15952.086557] PM: early resume of devices complete after 6.176 msecs
I/KERNEL (16720): [15952.086792] i915 0000:00:02.0: setting latency timer to 64
I/KERNEL (16720): [15952.088502] atomisp-css2400b0_v21 0000:00:03.0: DFS target frequency=200.
I/KERNEL (16720): [15952.088850] xhci_hcd 0000:00:14.0: power state changed by ACPI to D0
I/KERNEL (16720): [15952.088881] xhci_hcd 0000:00:14.0: setting latency timer to 64
I/KERNEL (16720): [15952.096350] [drm:valleyview_enable_rps] *ERROR* GT fifo had a previous error 10
I/KERNEL (16720): [15952.098234] mei_txe 0000:00:1a.0: irq 103 for MSI/MSI-X
I/KERNEL (16720): [15952.099621] snd_intel_sst: runtime_resume called
I/KERNEL (16720): [15952.170697] bcmsdh_sdmmc_resume Enter
I/KERNEL (16720): [15952.170714] bcmsdh_sdmmc_resume Enter
I/KERNEL (16720): [15952.188546] PM: resume of devices complete after 101.967 msecs
I/KERNEL (16720): [15952.228179] PM: Finishing wakeup.
I/KERNEL (16720): [15952.228188] Restarting tasks ...
V/AlarmManager(608): triggered: act=ALARM_WAKEUP15074820 Pkg: com.google.android.gms
I/WAKELOCK_ACQUIRE(608): TIMESTAMP=15952051447620, TAG=*alarm*, TYPE=PARTIAL_WAKE_LOCK , COUNT=0, PID=608, UID=1000, FLAGS=
I/WAKELOCK_ACQUIRE(608): TIMESTAMP=15952053838512, TAG=ContextManagerWakeLock, TYPE=PARTIAL_WAKE_LOCK , COUNT=0, PID=18348, UID=10007, FLAGS=
I/WAKELOCK_RELEASE(608): TIMESTAMP=15952055584551, TAG=*alarm*, TYPE=PARTIAL_WAKE_LOCK , COUNT=0, PID=608, UID=1000, FLAGS=
I/WAKELOCK_RELEASE(608): TIMESTAMP=15952056195768, TAG=ContextManagerWakeLock, TYPE=PARTIAL_WAKE_LOCK , COUNT=0, PID=18348, UID=10007, FLAGS=
I/KERNEL (17639): [15952.229038] atomisp-css2400b0_v21 0000:00:03.0: DFS target frequency=200.
I/KERNEL (16720): done.
I/KERNEL (16720): [15952.238850] video LNXVIDEO:00: Restoring backlight state
I/KERNEL (17956): [15952.239933] snd_intel_sst: runtime_idle called
I/KERNEL (17956): [15952.239950] snd_intel_sst: runtime_suspend called
I/KERNEL (16720): [15952.240494] PM: suspend exit 2015-09-27 15:24:53.022372667 UTC
I/KERNEL (16720): [15952.242544] PM: suspend entry 2015-09-27 15:24:53.024420133 UTC
I/KERNEL (16720): [15952.242567] PM: Syncing filesystems ...
I/KERNEL (16720): done.
I/KERNEL (16720): [15952.244369] PM: Preparing system for mem sleep
I/KERNEL (16720): [15952.244722] Freezing user space processes ...
I/KERNEL (16720): (elapsed 0.009 seconds)
I/KERNEL (16720): done.
I/KERNEL (16720):
I/KERNEL (16720): [15952.254765] Freezing remaining freezable tasks ...
I/KERNEL (16720): (elapsed 0.002 seconds)
I/KERNEL (16720): done.
I/KERNEL (16720):
I/KERNEL (16720): [15952.257732] PM: Entering mem sleep
I/KERNEL (16720): [15952.257759] Suspending console(s) (use no_console_suspend to debug)
I/KERNEL (16720): [15952.268946] i915 0000:00:02.0: setting latency timer to 64
I/KERNEL (16720): [15952.275081] atomisp-css2400b0_v21 0000:00:03.0: DFS target frequency=200.
I/KERNEL (16720): [15952.295821] snd_intel_sst: runtime_resume called
I/KERNEL (16720): [15952.320179] bcmsdh_sdmmc_suspend Enter
I/KERNEL (16720): [15952.320193] bcmsdh_sdmmc_suspend Enter
I/KERNEL (16720): [15952.320564] acm_suspend[0][ACM4][531][bc2][47][8d][0][1]
I/KERNEL (16720): [15952.321360] acm_suspend[0][ACM3][154a][1b16][178][179][0][1]
I/KERNEL (16720): [15953.176592] snd_intel_sst: runtime_suspend called
I/KERNEL (16720): [15953.177668] [xhci_pci_suspend], xhci_root_hub pointer:0x77179000
I/KERNEL (16720): [15953.177736] XHCI: port 1, portsc 0xe63
I/KERNEL (16720): [15953.177748] atomisp-css2400b0_v21 0000:00:03.0: DFS target frequency=200.
I/KERNEL (16720): [15953.385832] PM: suspend of devices complete after 1066.287 msecs
I/KERNEL (16720): [15953.391140] PM: late suspend of devices complete after 5.253 msecs
I/KERNEL (16720): [15953.475011] xhci_hcd 0000:00:14.0: power state changed by ACPI to D3hot
I/KERNEL (16720): [15953.485658] PM: noirq suspend of devices complete after 94.500 msecs
I/KERNEL (16720): [15953.485667] Disabling non-boot CPUs ...
I/KERNEL (16720): [15953.489068] smpboot: CPU 1 is now offline
I/KERNEL (16720): [15953.493157] smpboot: CPU 2 is now offline
I/KERNEL (16720): [15953.496853] smpboot: CPU 3 is now offline
I/KERNEL (16720): [16030.878406] Suspended for 78.000 seconds
I/KERNEL (16720): [16030.878849] Enabling non-boot CPUs ...
I/KERNEL (16720): [16030.879016] SMP alternatives: lockdep: fixing up alternatives
I/KERNEL (16720): [16030.879028] smpboot: Booting Node 0 Processor 1 APIC 0x2
I/KERNEL (16720): [16030.895910] Skipped synchronization checks as TSC is reliable.
I/KERNEL (16720): [16030.897262] CPU1 is up
I/KERNEL (16720): [16030.897397] SMP alternatives: lockdep: fixing up alternatives
I/KERNEL (16720): [16030.897409] smpboot: Booting Node 0 Processor 2 APIC 0x4
I/KERNEL (16720): [16030.914520] Skipped synchronization checks as TSC is reliable.
I/KERNEL (16720): [16030.916286] CPU2 is up
I/KERNEL (16720): [16030.916421] SMP alternatives: lockdep: fixing up alternatives
I/KERNEL (16720): [16030.916433] smpboot: Booting Node 0 Processor 3 APIC 0x6
I/KERNEL (16720): [16030.933321] Skipped synchronization checks as TSC is reliable.
I/KERNEL (16720): [16030.935330] CPU3 is up
I/KERNEL (16720): [16031.055718] xhci_hcd 0000:00:14.0: power state changed by ACPI to D0
I/KERNEL (16720): [16031.065945] xhci_hcd 0000:00:14.0: power state changed by ACPI to D0
I/KERNEL (16720): [16031.080465] PM: noirq resume of devices complete after 143.927 msecs
I/KERNEL (16720): [16031.080475] Wakeup from IRQ 0
I/KERNEL (16720): [16031.080489] Wakeup from IRQ 8 rtc0
I/KERNEL (16720): [16031.080668] Wakeup from IRQ 36 i2c-designware-5
I/KERNEL (16720): [16031.080850] Wakeup from IRQ 389 GODX0911:00
I/KERNEL (16720): [16031.080922] Wakeup from IRQ 456
I/KERNEL (16720): [16031.080929] Wakeup from IRQ 457
I/KERNEL (16720): [16031.080942] Wakeup from IRQ 464
I/KERNEL (16720): [16031.080948] Wakeup from IRQ 465
I/KERNEL (16720): [16031.080970] Wakeup from IRQ 483
I/KERNEL (16720): [16031.080976] Wakeup from IRQ 484
I/KERNEL (16720): [16031.080983] Wakeup from IRQ 485
I/KERNEL (16720): [16031.080988] Wakeup from IRQ 486
I/KERNEL (16720): [16031.081004] Wakeup from IRQ 498
I/KERNEL (16720): [16031.081011] Wakeup from IRQ 499
I/KERNEL (16720): [16031.081017] Wakeup from IRQ 501
I/KERNEL (16720): [16031.081023] Wakeup from IRQ 502
I/KERNEL (16720): [16031.081029] Wakeup from IRQ 503
I/KERNEL (16720): [16031.087268] PM: early resume of devices complete after 6.176 msecs
I/KERNEL (16720): [16031.087505] i915 0000:00:02.0: setting latency timer to 64
I/KERNEL (16720): [16031.089275] xhci_hcd 0000:00:14.0: power state changed by ACPI to D0
I/KERNEL (16720): [16031.089287] atomisp-css2400b0_v21 0000:00:03.0: DFS target frequency=200.
I/KERNEL (16720): [16031.089309] xhci_hcd 0000:00:14.0: setting latency timer to 64
I/KERNEL (16720): [16031.089694] mei_txe 0000:00:1a.0: irq 103 for MSI/MSI-X
I/KERNEL (16720): [16031.092582] snd_intel_sst: runtime_resume called
I/KERNEL (16720): [16031.093313] [drm:valleyview_enable_rps] *ERROR* GT fifo had a previous error 10
I/KERNEL (16720): [16031.163272] bcmsdh_sdmmc_resume Enter
I/KERNEL (16720): [16031.163288] bcmsdh_sdmmc_resume Enter
I/KERNEL (16720): [16031.178860] PM: resume of devices complete after 91.569 msecs
I/KERNEL (16720): [16031.218555] PM: Finishing wakeup.
I/KERNEL (16720): [16031.218564] Restarting tasks ...
I/KERNEL (19765): [16031.219413] atomisp-css2400b0_v21 0000:00:03.0: DFS target frequency=200.
I/KERNEL (16720): done.
I/KERNEL (16720): [16031.230139] video LNXVIDEO:00: Restoring backlight state
I/KERNEL (16720): [16031.230723] PM: suspend exit 2015-09-27 15:26:12.012206043 UTC
I/KERNEL (17956): [16031.231342] snd_intel_sst: runtime_idle called
I/KERNEL (17956): [16031.231354] snd_intel_sst: runtime_suspend called
I/KERNEL (16720): [16031.231628] PM: suspend entry 2015-09-27 15:26:12.013111607 UTC
I/KERNEL (16720): [16031.231653] PM: Syncing filesystems ...
I/KERNEL (16720): done.
I/KERNEL (16720): [16031.233563] PM: Preparing system for mem sleep
I/KERNEL (16720): [16031.233930] Freezing user space processes ...
I/KERNEL (16720): (elapsed 0.017 seconds)
I/KERNEL (16720): done.
I/KERNEL (16720):
I/KERNEL (16720): [16031.251903] Freezing remaining freezable tasks ...
I/KERNEL (16720): (elapsed 0.003 seconds)
I/KERNEL (16720): done.
I/KERNEL (16720):
I/KERNEL (16720): [16031.255042] PM: Entering mem sleep
I/KERNEL (16720): [16031.255070] Suspending console(s) (use no_console_suspend to debug)
I/KERNEL (16720): [16031.266493] i915 0000:00:02.0: setting latency timer to 64
I/KERNEL (16720): [16031.273971] atomisp-css2400b0_v21 0000:00:03.0: DFS target frequency=200.
I/WAKELOCK_ACQUIRE(608): TIMESTAMP=16031148994173, TAG=*alarm*, TYPE=PARTIAL_WAKE_LOCK , COUNT=0, PID=608, UID=1000, FLAGS=
V/AlarmManager(608): triggered: act=ALARM_WAKEUP_LOCATOR Pkg: com.google.android.gms
I/KERNEL (16720): [16031.294910] snd_intel_sst: runtime_resume called
I/KERNEL (16720): [16031.318895] active wakeup source: alarm
I/KERNEL (16720): [16031.318904] PM: Some devices failed to suspend
I/KERNEL (16720): [16031.318918] PM: resume of devices complete after 0.008 msecs
I/KERNEL (16720): [16031.333858] PM: Finishing wakeup.
I/KERNEL (16720): [16031.333867] Restarting tasks ...
I/KERNEL (16720): done.
I/KERNEL (16720): [16031.337012] video LNXVIDEO:00: Restoring backlight state
I/KERNEL (19691): [16031.337098] atomisp-css2400b0_v21 0000:00:03.0: DFS target frequency=200.
I/WAKELOCK_ACQUIRE(608): TIMESTAMP=16031160143473, TAG=NlpWakeLock, TYPE=PARTIAL_WAKE_LOCK , COUNT=0, PID=18348, UID=10007, FLAGS=
D/WifiService(608): acquireWifiLockLocked: WifiLock{NlpWifiLock type=2 binder=android.os.BinderProxy@1a571c9a}
I/WAKELOCK_ACQUIRE(608): TIMESTAMP=16031166120967, TAG=RILJ, TYPE=PARTIAL_WAKE_LOCK , COUNT=0, PID=1228, UID=1001, FLAGS=
I/KERNEL (19691): [16031.337163] PM: suspend exit 2015-09-27 15:26:12.118644418 UTC
I/KERNEL (19658): [16031.346666] snd_intel_sst: runtime_idle called
E/WifiStateMachine(608): WifiStateMachine CMD_START_SCAN source 10007 txSuccessRate=0,00 rxSuccessRate=0,00 targetRoamBSSID=e0:10:7f:ab:42:a8 RSSI=-52
D/wpa_supplicant(685): wlan0: Control interface command 'SCAN TYPE=ONLY'
D/wpa_supplicant(685): wlan0: Setting scan request: 0.000000 sec
D/wpa_supplicant(685): wlan0: Starting AP scan for wildcard SSID
D/wpa_supplicant(685): WPS: Building WPS IE for Probe Request
D/wpa_supplicant(685): WPS: * Version (hardcoded 0x10)
D/wpa_supplicant(685): WPS: * Request Type
D/wpa_supplicant(685): WPS: * Config Methods (4288)
D/wpa_supplicant(685): WPS: * UUID-E
D/wpa_supplicant(685): WPS: * Primary Device Type
D/wpa_supplicant(685): WPS: * RF Bands (3)
D/wpa_supplicant(685): WPS: * Association State
D/wpa_supplicant(685): WPS: * Configuration Error (0)
D/wpa_supplicant(685): WPS: * Device Password ID (0)
D/wpa_supplicant(685): WPS: * Manufacturer
D/wpa_supplicant(685): WPS: * Model Name
D/wpa_supplicant(685): WPS: * Model Number
D/wpa_supplicant(685): WPS: * Device Name
D/wpa_supplicant(685): WPS: * Version2 (0x20)
D/wpa_supplicant(685): P2P: * P2P IE header
D/wpa_supplicant(685): P2P: * Capability dev=25 group=00
D/wpa_supplicant(685): P2P: * Listen Channel: Regulatory Class 81 Channel 1
D/wpa_supplicant(685): wlan0: Add radio work 'scan'@0xf6e18520
D/wpa_supplicant(685): wlan0: First radio work item in the queue - schedule start immediately
D/wpa_supplicant(685): wlan0: Starting radio work 'scan'@0xf6e18520 after 0.000031 second wait
D/wpa_supplicant(685): wlan0: nl80211: scan request
I/KERNEL (19658): [16031.346684] snd_intel_sst: runtime_suspend called
D/wpa_supplicant(685): Scan requested (ret=0) - scan timeout 30 seconds
D/wpa_supplicant(685): nl80211: Drv Event 33 (NL80211_CMD_TRIGGER_SCAN) received for wlan0
D/wpa_supplicant(685): wlan0: nl80211: Scan trigger
D/wpa_supplicant(685): wlan0: Event SCAN_STARTED (49) received
D/wpa_supplicant(685): wlan0: Own scan request started a scan in 0.000083 seconds
I/wpa_supplicant(685): wlan0: CTRL-EVENT-SCAN-STARTED
D/wpa_supplicant(685): CTRL_IFACE monitor sent successfully to /data/misc/wifi/sockets/wpa_ctrl_608-2\x00
I/WAKELOCK_RELEASE(608): TIMESTAMP=16031247333693, TAG=*alarm*, TYPE=PARTIAL_WAKE_LOCK , COUNT=0, PID=608, UID=1000, FLAGS= E/EM FG ALGO Iface:(19775): E/EM FG ALGO Iface:(19775): Failed to get File Descriptor
I/KERNEL (17739): [16033.415669] acm_suspend[1][ACM4][531][bc2][47][8d][0][1]
I/KERNEL (17739): [16033.418510] acm_suspend[1][ACM3][154a][1b16][178][179][0][1]
I/KERNEL (17739): [16033.465730] [xhci_pci_suspend], xhci_root_hub pointer:0x77179000
I/KERNEL (17739): [16033.465833] XHCI: port 1, portsc 0xc000e63
I/KERNEL (17739): [16033.546197] xhci_hcd 0000:00:14.0: power state changed by ACPI to D3cold
D/wpa_supplicant(685): nl80211: Drv Event 34 (NL80211_CMD_NEW_SCAN_RESULTS) received for wlan0
D/wpa_supplicant(685): wlan0: nl80211: New scan results available
D/wpa_supplicant(685): nl80211: Scan probed for SSID ''
D/wpa_supplicant(685): nl80211: Scan included frequencies: 2412 2417 2422 2427 2432 2437 2442 2447 2452 2457 2462 2467 2472 5180 5200 5220 5240 5260 5280 5300 5320 5500 5520 5540 5560 5580 5600 5620 5640 5660 5680 5700
D/wpa_supplicant(685): wlan0: Event SCAN_RESULTS (3) received
D/wpa_supplicant(685): wlan0: Scan completed in 2.360273 seconds
D/wpa_supplicant(685): nl80211: Associated on 2462 MHz
D/wpa_supplicant(685): nl80211: Associated with e0:10:7f:ab:42:a8
D/wpa_supplicant(685): nl80211: Received scan results (18 BSSes)
D/wpa_supplicant(685): nl80211: Scan results indicate BSS status with e0:10:7f:ab:42:a8 as associated
D/wpa_supplicant(685): wlan0: BSS: Start scan result update 231
D/wpa_supplicant(685): wlan0: BSS: Add new id 966 BSSID e0:10:7f:eb:42:a8 SSID 'test_dpsk'
D/wpa_supplicant(685): CTRL_IFACE monitor sent successfully to /data/misc/wifi/sockets/wpa_ctrl_608-2\x00
D/wpa_supplicant(685): wlan0: BSS: Add new id 967 BSSID e0:10:7f:6b:42:a9 SSID 'test'
D/wpa_supplicant(685): CTRL_IFACE monitor sent successfully to /data/misc/wifi/sockets/wpa_ctrl_608-2\x00
D/wpa_supplicant(685): wlan0: BSS: Add new id 968 BSSID e0:10:7f:6b:42:a8 SSID 'Act-e-Tab'
D/wpa_supplicant(685): CTRL_IFACE monitor sent successfully to /data/misc/wifi/sockets/wpa_ctrl_608-2\x00
D/wpa_supplicant(685): wlan0: BSS: Add new id 969 BSSID e0:10:7f:2b:42:a8 SSID 'Microtech'
D/wpa_supplicant(685): CTRL_IFACE monitor sent successfully to /data/misc/wifi/sockets/wpa_ctrl_608-2\x00
D/wpa_supplicant(685): wlan0: BSS: Add new id 970 BSSID e0:10:7f:2b:42:ac SSID 'etab_5GHz'
D/wpa_supplicant(685): CTRL_IFACE monitor sent successfully to /data/misc/wifi/sockets/wpa_ctrl_608-2\x00
D/wpa_supplicant(685): wlan0: BSS: Add new id 971 BSSID f0:b0:52:1b:d3:2c SSID 'etab_5GHz'
D/wpa_supplicant(685): CTRL_IFACE monitor sent successfully to /data/misc/wifi/sockets/wpa_ctrl_608-2\x00
D/wpa_supplicant(685): wlan0: BSS: Add new id 972 BSSID f0:b0:52:db:d3:28 SSID 'test_dpsk'
D/wpa_supplicant(685): CTRL_IFACE monitor sent successfully to /data/misc/wifi/sockets/wpa_ctrl_608-2\x00
D/wpa_supplicant(685): wlan0: BSS: Add new id 973 BSSID f0:b0:52:1b:d3:28 SSID 'Microtech'
D/wpa_supplicant(685): CTRL_IFACE monitor sent successfully to /data/misc/wifi/sockets/wpa_ctrl_608-2\x00
D/wpa_supplicant(685): wlan0: BSS: Add new id 974 BSSID f0:b0:52:5b:d3:29 SSID 'test'
D/wpa_supplicant(685): CTRL_IFACE monitor sent successfully to /data/misc/wifi/sockets/wpa_ctrl_608-2\x00
D/wpa_supplicant(685): wlan0: BSS: Add new id 975 BSSID f0:b0:52:5b:d3:28 SSID 'Act-e-Tab'
D/wpa_supplicant(685): CTRL_IFACE monitor sent successfully to /data/misc/wifi/sockets/wpa_ctrl_608-2\x00
D/wpa_supplicant(685): wlan0: BSS: Add new id 976 BSSID f0:b0:52:9b:d3:28 SSID 'e-tab'
D/wpa_supplicant(685): CTRL_IFACE monitor sent successfully to /data/misc/wifi/sockets/wpa_ctrl_608-2\x00
D/wpa_supplicant(685): wlan0: BSS: Add new id 977 BSSID 00:1d:8b:be:ce:1e SSID 'Alice-40774318'
D/wpa_supplicant(685): CTRL_IFACE monitor sent successfully to /data/misc/wifi/sockets/wpa_ctrl_608-2\x00
D/wpa_supplicant(685): wlan0: BSS: Add new id 978 BSSID 90:72:40:1b:de:50 SSID 'Network Wi-Fi di BLS'
D/wpa_supplicant(685): CTRL_IFACE monitor sent successfully to /data/misc/wifi/sockets/wpa_ctrl_608-2\x00
D/wpa_supplicant(685): wlan0: BSS: Add new id 979 BSSID 00:1d:6a:70:bb:e4 SSID 'Alice-75160292'
D/wpa_supplicant(685): CTRL_IFACE monitor sent successfully to /data/misc/wifi/sockets/wpa_ctrl_608-2\x00
D/wpa_supplicant(685): wlan0: BSS: Add new id 980 BSSID d0:d4:12:f3:c9:62 SSID 'FASTWEB-1-J711x7RdMtKn'
D/wpa_supplicant(685): CTRL_IFACE monitor sent successfully to /data/misc/wifi/sockets/wpa_ctrl_608-2\x00
D/wpa_supplicant(685): wlan0: BSS: Add new id 981 BSSID e0:10:7f:2b:42:a9 SSID 'microtech_ospiti'
D/wpa_supplicant(685): CTRL_IFACE monitor sent successfully to /data/misc/wifi/sockets/wpa_ctrl_608-2\x00
D/wpa_supplicant(685): wlan0: BSS: Add new id 982 BSSID f0:b0:52:1b:d3:29 SSID 'microtech_ospiti'
D/wpa_supplicant(685): CTRL_IFACE monitor sent successfully to /data/misc/wifi/sockets/wpa_ctrl_608-2\x00
D/wpa_supplicant(685): BSS: last_scan_res_used=18/32
D/wpa_supplicant(685): Add access point on channel 60 [BANNED]
D/wpa_supplicant(685): Best Operating channel is = 44
D/wpa_supplicant(685): wlan0: Scan-only results received
D/wpa_supplicant(685): CTRL_IFACE monitor sent successfully to /data/misc/wifi/sockets/wpa_ctrl_608-2\x00
D/wpa_supplicant(685): wlan0: Radio work 'scan'@0xf6e18520 done in 2.372933 seconds
D/wpa_supplicant(685): RTM_NEWLINK: ifi_index=6 ifname=wlan0 wext ifi_flags=0x11043 ([UP][RUNNING][LOWER_UP])
D/wpa_supplicant(685): wlan0: Control interface command 'BSS RANGE=0- MASK=0x21987'
D/wpa_supplicant(685): wlan0: Control interface command 'STATUS-NO_EVENTS'
I/KERNEL (221): [16036.055369] iTCO_wdt: iTCO_wdt_keepalive
V/AlarmManager(608): triggered: act=ALARM_WAKEUP_LOCATOR Pkg: com.google.android.gms
I/WAKELOCK_ACQUIRE(608): TIMESTAMP=16036162257024, TAG=*alarm*, TYPE=PARTIAL_WAKE_LOCK , COUNT=0, PID=608, UID=1000, FLAGS=
I/WAKELOCK_ACQUIRE(608): TIMESTAMP=16036178617647, TAG=RILJ, TYPE=PARTIAL_WAKE_LOCK , COUNT=0, PID=1228, UID=1001, FLAGS= E/EM FG ALGO Iface:(19776): E/EM FG ALGO Iface:(19776): Failed to get File Descriptor
I/WAKELOCK_ACQUIRE(608): TIMESTAMP=16041183786431, TAG=RILJ, TYPE=PARTIAL_WAKE_LOCK , COUNT=0, PID=1228, UID=1001, FLAGS= E/EM FG ALGO Iface:(19777): E/EM FG ALGO Iface:(19777): Failed to get File Descriptor
I/KERNEL (221): [16046.055614] iTCO_wdt: iTCO_wdt_keepalive
D/WifiService(608): releaseWifiLockLocked: WifiLock{NlpWifiLock type=2 binder=android.os.BinderProxy@1a571c9a}
I/WAKELOCK_RELEASE(608): TIMESTAMP=16046192425009, TAG=NlpWakeLock, TYPE=PARTIAL_WAKE_LOCK , COUNT=0, PID=18348, UID=10007, FLAGS=
I/WAKELOCK_ACQUIRE(608): TIMESTAMP=16046193872646, TAG=NlpWakeLock, TYPE=PARTIAL_WAKE_LOCK , COUNT=0, PID=18348, UID=10007, FLAGS=
I/WAKELOCK_RELEASE(608): TIMESTAMP=16046197872682, TAG=NlpWakeLock, TYPE=PARTIAL_WAKE_LOCK , COUNT=0, PID=18348, UID=10007, FLAGS=
I/WAKELOCK_ACQUIRE(608): TIMESTAMP=16046198261420, TAG=NlpWakeLock, TYPE=PARTIAL_WAKE_LOCK , COUNT=0, PID=18348, UID=10007, FLAGS=
I/WAKELOCK_ACQUIRE(608): TIMESTAMP=16046200318270, TAG=GCoreFlp, TYPE=PARTIAL_WAKE_LOCK , COUNT=0, PID=18348, UID=10007, FLAGS=
I/WAKELOCK_RELEASE(608): TIMESTAMP=16046202993560, TAG=NlpWakeLock, TYPE=PARTIAL_WAKE_LOCK , COUNT=0, PID=18348, UID=10007, FLAGS=
I/WAKELOCK_RELEASE(608): TIMESTAMP=16046203412418, TAG=GCoreFlp, TYPE=PARTIAL_WAKE_LOCK , COUNT=0, PID=18348, UID=10007, FLAGS=
I/WAKELOCK_ACQUIRE(608): TIMESTAMP=16046204173190, TAG=GCoreFlp, TYPE=PARTIAL_WAKE_LOCK , COUNT=0, PID=18348, UID=10007, FLAGS=
I/WAKELOCK_ACQUIRE(608): TIMESTAMP=16046206065893, TAG=NlpWakeLock, TYPE=PARTIAL_WAKE_LOCK , COUNT=0, PID=18348, UID=10007, FLAGS=
I/WAKELOCK_RELEASE(608): TIMESTAMP=16046206847953, TAG=GCoreFlp, TYPE=PARTIAL_WAKE_LOCK , COUNT=0, PID=18348, UID=10007, FLAGS=
I/WAKELOCK_ACQUIRE(608): TIMESTAMP=16046207453638, TAG=GCoreFlp, TYPE=PARTIAL_WAKE_LOCK , COUNT=0, PID=18348, UID=10007, FLAGS=
I/WAKELOCK_RELEASE(608): TIMESTAMP=16046210249384, TAG=GCoreFlp, TYPE=PARTIAL_WAKE_LOCK , COUNT=0, PID=18348, UID=10007, FLAGS=
I/WAKELOCK_RELEASE(608): TIMESTAMP=16046213441896, TAG=NlpWakeLock, TYPE=PARTIAL_WAKE_LOCK , COUNT=0, PID=18348, UID=10007, FLAGS=
I/WAKELOCK_RELEASE(608): TIMESTAMP=16046226847857, TAG=*alarm*, TYPE=PARTIAL_WAKE_LOCK , COUNT=0, PID=608, UID=1000, FLAGS=
I/WAKELOCK_ACQUIRE(608): TIMESTAMP=16046246383015, TAG=NlpWakeLock, TYPE=PARTIAL_WAKE_LOCK , COUNT=0, PID=18348, UID=10007, FLAGS=
I/WAKELOCK_RELEASE(608): TIMESTAMP=16046251103935, TAG=NlpWakeLock, TYPE=PARTIAL_WAKE_LOCK , COUNT=0, PID=18348, UID=10007, FLAGS=
I/WAKELOCK_ACQUIRE(608): TIMESTAMP=16046252194130, TAG=NlpWakeLock, TYPE=PARTIAL_WAKE_LOCK , COUNT=0, PID=18348, UID=10007, FLAGS=
I/WAKELOCK_RELEASE(608): TIMESTAMP=16046257118869, TAG=NlpWakeLock, TYPE=PARTIAL_WAKE_LOCK , COUNT=0, PID=18348, UID=10007, FLAGS=
I/WAKELOCK_ACQUIRE(608): TIMESTAMP=16046257673807, TAG=NlpWakeLock, TYPE=PARTIAL_WAKE_LOCK , COUNT=0, PID=18348, UID=10007, FLAGS=
I/libgps (608): proxy_gps_inject_location(45.417461, 9.126062, 20.000000)
D/gpsd (263): WakeLock(Acquire,GPSD)
D/gpsd (263): WakeLock(Release,GPSD)
I/WAKELOCK_ACQUIRE(608): TIMESTAMP=16046260125394, TAG=LocationManagerService, TYPE=PARTIAL_WAKE_LOCK , COUNT=0, PID=608, UID=1000, FLAGS=
I/WAKELOCK_RELEASE(608): TIMESTAMP=16046261184689, TAG=NlpWakeLock, TYPE=PARTIAL_WAKE_LOCK , COUNT=0, PID=18348, UID=10007, FLAGS=
I/WAKELOCK_ACQUIRE(608): TIMESTAMP=16046262374867, TAG=LocationManagerService, TYPE=PARTIAL_WAKE_LOCK , COUNT=0, PID=608, UID=1000, FLAGS=
I/WAKELOCK_ACQUIRE(608): TIMESTAMP=16046263320162, TAG=GCoreFlp, TYPE=PARTIAL_WAKE_LOCK , COUNT=0, PID=18348, UID=10007, FLAGS=
I/WAKELOCK_ACQUIRE(608): TIMESTAMP=16046264180666, TAG=LocationManagerService, TYPE=PARTIAL_WAKE_LOCK , COUNT=0, PID=608, UID=1000, FLAGS=
I/WAKELOCK_ACQUIRE(608): TIMESTAMP=16046264634480, TAG=NlpWakeLock, TYPE=PARTIAL_WAKE_LOCK , COUNT=0, PID=18348, UID=10007, FLAGS=
I/WAKELOCK_ACQUIRE(608): TIMESTAMP=16046265141009, TAG=GCoreFlp, TYPE=PARTIAL_WAKE_LOCK , COUNT=0, PID=18348, UID=10007, FLAGS=
I/WAKELOCK_RELEASE(608): TIMESTAMP=16046265566287, TAG=LocationManagerService, TYPE=PARTIAL_WAKE_LOCK , COUNT=0, PID=608, UID=1000, FLAGS=
I/WAKELOCK_ACQUIRE(608): TIMESTAMP=16046266192780, TAG=GCoreFlp, TYPE=PARTIAL_WAKE_LOCK , COUNT=0, PID=18348, UID=10007, FLAGS=
I/WAKELOCK_RELEASE(608): TIMESTAMP=16046270563626, TAG=LocationManagerService, TYPE=PARTIAL_WAKE_LOCK , COUNT=0, PID=608, UID=1000, FLAGS=
I/WAKELOCK_ACQUIRE(608): TIMESTAMP=16046270815697, TAG=NlpWakeLock, TYPE=PARTIAL_WAKE_LOCK , COUNT=0, PID=18348, UID=10007, FLAGS=
I/WAKELOCK_RELEASE(608): TIMESTAMP=16046271577009, TAG=NlpWakeLock, TYPE=PARTIAL_WAKE_LOCK , COUNT=0, PID=18348, UID=10007, FLAGS=
I/WAKELOCK_ACQUIRE(608): TIMESTAMP=16046272028759, TAG=GCoreFlp, TYPE=PARTIAL_WAKE_LOCK , COUNT=0, PID=18348, UID=10007, FLAGS=
I/WAKELOCK_RELEASE(608): TIMESTAMP=16046272541120, TAG=LocationManagerService, TYPE=PARTIAL_WAKE_LOCK , COUNT=0, PID=608, UID=1000, FLAGS=
I/WAKELOCK_RELEASE(608): TIMESTAMP=16046274883736, TAG=NlpWakeLock, TYPE=PARTIAL_WAKE_LOCK , COUNT=0, PID=18348, UID=10007, FLAGS=
I/WAKELOCK_RELEASE(608): TIMESTAMP=16046276057499, TAG=GCoreFlp, TYPE=PARTIAL_WAKE_LOCK , COUNT=0, PID=18348, UID=10007, FLAGS=
D/LocationFilter(18348): Forcing stable location. Original location:Location[fused 45,417461,9,126062 acc=20 et=+4h27m26s218ms] because connected WiFi network is the same, bssid=e0:10:7f:ab:42:a8
I/WAKELOCK_ACQUIRE(608): TIMESTAMP=16046279376838, TAG=GCoreFlp, TYPE=PARTIAL_WAKE_LOCK , COUNT=0, PID=18348, UID=10007, FLAGS=
I/WAKELOCK_ACQUIRE(608): TIMESTAMP=16046279816120, TAG=Wakeful StateMachine: GeofencerStateMachine, TYPE=PARTIAL_WAKE_LOCK , COUNT=0, PID=18348, UID=10007, FLAGS=
I/WAKELOCK_ACQUIRE(608): TIMESTAMP=16046280475456, TAG=NlpWakeLock, TYPE=PARTIAL_WAKE_LOCK , COUNT=0, PID=18348, UID=10007, FLAGS=
I/WAKELOCK_ACQUIRE(608): TIMESTAMP=16046282240612, TAG=ContextManagerWakeLock, TYPE=PARTIAL_WAKE_LOCK , COUNT=0, PID=18348, UID=10007, FLAGS=
I/WAKELOCK_ACQUIRE(608): TIMESTAMP=16046283302318, TAG=GCoreFlp, TYPE=PARTIAL_WAKE_LOCK , COUNT=0, PID=18348, UID=10007, FLAGS=
I/WAKELOCK_RELEASE(608): TIMESTAMP=16046286990632, TAG=NlpWakeLock, TYPE=PARTIAL_WAKE_LOCK , COUNT=0, PID=18348, UID=10007, FLAGS=
I/WAKELOCK_RELEASE(608): TIMESTAMP=16046289290840, TAG=GCoreFlp, TYPE=PARTIAL_WAKE_LOCK , COUNT=0, PID=18348, UID=10007, FLAGS=
I/WAKELOCK_ACQUIRE(608): TIMESTAMP=16046292486544, TAG=UlrDispSvcFastWL, TYPE=PARTIAL_WAKE_LOCK , COUNT=0, PID=18348, UID=10007, FLAGS=
I/WAKELOCK_RELEASE(608): TIMESTAMP=16046296863174, TAG=GCoreFlp, TYPE=PARTIAL_WAKE_LOCK , COUNT=0, PID=18348, UID=10007, FLAGS=
I/WAKELOCK_RELEASE(608): TIMESTAMP=16046300255845, TAG=Wakeful StateMachine: GeofencerStateMachine, TYPE=PARTIAL_WAKE_LOCK , COUNT=0, PID=18348, UID=10007, FLAGS=
I/WAKELOCK_RELEASE(608): TIMESTAMP=16046316148254, TAG=GCoreFlp, TYPE=PARTIAL_WAKE_LOCK , COUNT=0, PID=18348, UID=10007, FLAGS=
I/WAKELOCK_RELEASE(608): TIMESTAMP=16046317269084, TAG=GCoreFlp, TYPE=PARTIAL_WAKE_LOCK , COUNT=0, PID=18348, UID=10007, FLAGS=
I/WAKELOCK_RELEASE(608): TIMESTAMP=16046318402635, TAG=GCoreFlp, TYPE=PARTIAL_WAKE_LOCK , COUNT=0, PID=18348, UID=10007, FLAGS=
I/GCoreUlr(18348): Successfully inserted 1 locations
I/GCoreUlr(18348): Not calling LocationReporter, hasMoved: false, elapsed millis: 455184, request: Stationary(3600000)
I/WAKELOCK_RELEASE(608): TIMESTAMP=16046327599160, TAG=UlrDispSvcFastWL, TYPE=PARTIAL_WAKE_LOCK , COUNT=0, PID=18348, UID=10007, FLAGS=
I/WAKELOCK_RELEASE(608): TIMESTAMP=16046348570003, TAG=ContextManagerWakeLock, TYPE=PARTIAL_WAKE_LOCK , COUNT=0, PID=18348, UID=10007, FLAGS=
I/WAKELOCK_ACQUIRE(608): TIMESTAMP=16046349528835, TAG=ContextManagerWakeLock, TYPE=PARTIAL_WAKE_LOCK , COUNT=0, PID=18348, UID=10007, FLAGS=
I/WAKELOCK_RELEASE(608): TIMESTAMP=16046351211286, TAG=ContextManagerWakeLock, TYPE=PARTIAL_WAKE_LOCK , COUNT=0, PID=18348, UID=10007, FLAGS= E/EM FG ALGO Iface:(19779): E/EM FG ALGO Iface:(19779): Failed to get File Descriptor E/EM FG ALGO Iface:(19780): E/EM FG ALGO Iface:(19780): Failed to get File Descriptor
I/KERNEL (221): [16056.056286] iTCO_wdt: iTCO_wdt_keepalive
V/AlarmManager(608): triggered: act=ALARM_WAKEUP15074820 Pkg: com.google.android.gms
I/WAKELOCK_ACQUIRE(608): TIMESTAMP=16056345441611, TAG=*alarm*, TYPE=PARTIAL_WAKE_LOCK , COUNT=0, PID=608, UID=1000, FLAGS=
I/WAKELOCK_ACQUIRE(608): TIMESTAMP=16056349276024, TAG=ContextManagerWakeLock, TYPE=PARTIAL_WAKE_LOCK , COUNT=0, PID=18348, UID=10007, FLAGS=
I/WAKELOCK_RELEASE(608): TIMESTAMP=16056351800799, TAG=*alarm*, TYPE=PARTIAL_WAKE_LOCK , COUNT=0, PID=608, UID=1000, FLAGS=
I/WAKELOCK_RELEASE(608): TIMESTAMP=16056353911853, TAG=ContextManagerWakeLock, TYPE=PARTIAL_WAKE_LOCK , COUNT=0, PID=18348, UID=10007, FLAGS= E/EM FG ALGO Iface:(19781): E/EM FG ALGO Iface:(19781): Failed to get File Descriptor E/EM FG ALGO Iface:(19782): E/EM FG ALGO Iface:(19782): Failed to get File Descriptor
I/KERNEL (221): [16066.057157] iTCO_wdt: iTCO_wdt_keepalive E/EM FG ALGO Iface:(19783): E/EM FG ALGO Iface:(19783): Failed to get File Descriptor E/EM FG ALGO Iface:(19784): E/EM FG ALGO Iface:(19784): Failed to get File Descriptor
I/KERNEL (221): [16076.057365] iTCO_wdt: iTCO_wdt_keepalive E/EM FG ALGO Iface:(19785): E/EM FG ALGO Iface:(19785): Failed to get File Descriptor E/EM FG ALGO Iface:(19786): E/EM FG ALGO Iface:(19786): Failed to get File Descriptor
I/KERNEL (221): [16086.058001] iTCO_wdt: iTCO_wdt_keepalive E/EM FG ALGO Iface:(19787): E/EM FG ALGO Iface:(19787): Failed to get File Descriptor
I/WAKELOCK_ACQUIRE(608): TIMESTAMP=16090043489435, TAG=*alarm*, TYPE=PARTIAL_WAKE_LOCK , COUNT=0, PID=608, UID=1000, FLAGS=
V/AlarmManager(608): triggered: act=com.facebook.push.mqtt.e.b.ACTION_INEXACT_ALARM.com.facebook.orca pkg=com.facebook.orca Pkg: com.facebook.orca
V/AlarmManager(608): triggered: act=ALARM_WAKEUP15074820 Pkg: com.google.android.gms
V/AlarmManager(608): triggered: act=ALARM_WAKEUP6022633 Pkg: com.google.android.gms
I/WAKELOCK_ACQUIRE(608): TIMESTAMP=16090066665747, TAG=ContextManagerWakeLock, TYPE=PARTIAL_WAKE_LOCK , COUNT=0, PID=18348, UID=10007, FLAGS=
I/WAKELOCK_RELEASE(608): TIMESTAMP=16090112717352, TAG=ContextManagerWakeLock, TYPE=PARTIAL_WAKE_LOCK , COUNT=0, PID=18348, UID=10007, FLAGS=
I/WAKELOCK_RELEASE(608): TIMESTAMP=16090145106054, TAG=*alarm*, TYPE=PARTIAL_WAKE_LOCK , COUNT=0, PID=608, UID=1000, FLAGS=
I/WAKELOCK_ACQUIRE(608): TIMESTAMP=16090362913220, TAG=RequestScheduleEvaluatorService, TYPE=PARTIAL_WAKE_LOCK , COUNT=0, PID=5566, UID=10040, FLAGS=
I/WAKELOCK_ACQUIRE(608): TIMESTAMP=16090398166295, TAG=EntriesRefresh_wakelock, TYPE=PARTIAL_WAKE_LOCK , COUNT=0, PID=5566, UID=10040, FLAGS=
W/RequestManagerImpl(5566): No request trace given for request (type=SCHEDULED_REQUEST_FULL)
I/WAKELOCK_ACQUIRE(608): TIMESTAMP=16090598488372, TAG=GCoreFlp, TYPE=PARTIAL_WAKE_LOCK , COUNT=0, PID=18348, UID=10007, FLAGS=
I/WAKELOCK_RELEASE(608): TIMESTAMP=16090666119926, TAG=GCoreFlp, TYPE=PARTIAL_WAKE_LOCK , COUNT=0, PID=18348, UID=10007, FLAGS=
I/WAKELOCK_RELEASE(608): TIMESTAMP=16090666327693, TAG=RequestScheduleEvaluatorService, TYPE=PARTIAL_WAKE_LOCK , COUNT=0, PID=5566, UID=10040, FLAGS=
V/GLSActivity(1123): AuthDelegateWrapperCreated with selected intent: Intent { cmp=com.google.android.gms/.auth.DefaultAuthDelegateService }
V/GLSActivity(1123): AuthDelegateWrapperCreated with selected intent: Intent { cmp=com.google.android.gms/.auth.DefaultAuthDelegateService } E/EM FG ALGO Iface:(19801): E/EM FG ALGO Iface:(19801): Failed to get File Descriptor
I/WAKELOCK_ACQUIRE(608): TIMESTAMP=16092625623403, TAG=Wakeful StateMachine: GeofencerStateMachine, TYPE=PARTIAL_WAKE_LOCK , COUNT=0, PID=18348, UID=10007, FLAGS=
I/WAKELOCK_ACQUIRE(608): TIMESTAMP=16092712872974, TAG=GCoreFlp, TYPE=PARTIAL_WAKE_LOCK , COUNT=0, PID=18348, UID=10007, FLAGS=
I/WAKELOCK_ACQUIRE(608): TIMESTAMP=16092718922096, TAG=NlpWakeLock, TYPE=PARTIAL_WAKE_LOCK , COUNT=0, PID=18348, UID=10007, FLAGS=
I/WAKELOCK_RELEASE(608): TIMESTAMP=16092720406260, TAG=Wakeful StateMachine: GeofencerStateMachine, TYPE=PARTIAL_WAKE_LOCK , COUNT=0, PID=18348, UID=10007, FLAGS=
I/WAKELOCK_RELEASE(608): TIMESTAMP=16092720645239, TAG=NlpWakeLock, TYPE=PARTIAL_WAKE_LOCK , COUNT=0, PID=18348, UID=10007, FLAGS=
I/WAKELOCK_ACQUIRE(608): TIMESTAMP=16092721423735, TAG=GCoreFlp, TYPE=PARTIAL_WAKE_LOCK , COUNT=0, PID=18348, UID=10007, FLAGS=
I/WAKELOCK_RELEASE(608): TIMESTAMP=16092722867256, TAG=GCoreFlp, TYPE=PARTIAL_WAKE_LOCK , COUNT=0, PID=18348, UID=10007, FLAGS=
I/WAKELOCK_RELEASE(608): TIMESTAMP=16092723133127, TAG=GCoreFlp, TYPE=PARTIAL_WAKE_LOCK , COUNT=0, PID=18348, UID=10007, FLAGS=
I/WAKELOCK_ACQUIRE(608): TIMESTAMP=16092742329275, TAG=Wakeful StateMachine: GeofencerStateMachine, TYPE=PARTIAL_WAKE_LOCK , COUNT=0, PID=18348, UID=10007, FLAGS=
I/WAKELOCK_ACQUIRE(608): TIMESTAMP=16092756068774, TAG=NlpWakeLock, TYPE=PARTIAL_WAKE_LOCK , COUNT=0, PID=18348, UID=10007, FLAGS=
I/WAKELOCK_ACQUIRE(608): TIMESTAMP=16092772060278, TAG=NlpCollectorWakeLock, TYPE=PARTIAL_WAKE_LOCK , COUNT=0, PID=18348, UID=10007, FLAGS=
I/WAKELOCK_ACQUIRE(608): TIMESTAMP=16092773299115, TAG=NlpCollectorWakeLock, TYPE=PARTIAL_WAKE_LOCK , COUNT=0, PID=18348, UID=10007, FLAGS=
I/art (608): Explicit concurrent mark sweep GC freed 27659(1525KB) AllocSpace objects, 0(0B) LOS objects, 25% free, 46MB/62MB, paused 915us total 69.682ms
I/WAKELOCK_ACQUIRE(608): TIMESTAMP=16092844346164, TAG=NlpCollectorWakeLock, TYPE=PARTIAL_WAKE_LOCK , COUNT=0, PID=18348, UID=10007, FLAGS=
I/WAKELOCK_ACQUIRE(608): TIMESTAMP=16092896098365, TAG=GCoreFlp, TYPE=PARTIAL_WAKE_LOCK , COUNT=0, PID=18348, UID=10007, FLAGS=
I/WAKELOCK_RELEASE(608): TIMESTAMP=16092903901950, TAG=NlpWakeLock, TYPE=PARTIAL_WAKE_LOCK , COUNT=0, PID=18348, UID=10007, FLAGS=
I/WAKELOCK_ACQUIRE(608): TIMESTAMP=16092904005425, TAG=GCoreFlp, TYPE=PARTIAL_WAKE_LOCK , COUNT=0, PID=18348, UID=10007, FLAGS=
I/WAKELOCK_RELEASE(608): TIMESTAMP=16092905472262, TAG=GCoreFlp, TYPE=PARTIAL_WAKE_LOCK , COUNT=0, PID=18348, UID=10007, FLAGS=
I/WAKELOCK_ACQUIRE(608): TIMESTAMP=16092908924272, TAG=NlpWakeLock, TYPE=PARTIAL_WAKE_LOCK , COUNT=0, PID=18348, UID=10007, FLAGS=
I/WAKELOCK_ACQUIRE(608): TIMESTAMP=16092909307826, TAG=GCoreFlp, TYPE=PARTIAL_WAKE_LOCK , COUNT=0, PID=18348, UID=10007, FLAGS=
I/WAKELOCK_RELEASE(608): TIMESTAMP=16092910400505, TAG=NlpWakeLock, TYPE=PARTIAL_WAKE_LOCK , COUNT=0, PID=18348, UID=10007, FLAGS=
I/WAKELOCK_RELEASE(608): TIMESTAMP=16092911062446, TAG=GCoreFlp, TYPE=PARTIAL_WAKE_LOCK , COUNT=0, PID=18348, UID=10007, FLAGS=
I/WAKELOCK_RELEASE(608): TIMESTAMP=16092913606313, TAG=GCoreFlp, TYPE=PARTIAL_WAKE_LOCK , COUNT=0, PID=18348, UID=10007, FLAGS=
I/WAKELOCK_ACQUIRE(608): TIMESTAMP=16092914847527, TAG=NlpWakeLock, TYPE=PARTIAL_WAKE_LOCK , COUNT=0, PID=18348, UID=10007, FLAGS=
I/WAKELOCK_RELEASE(608): TIMESTAMP=16092915479024, TAG=NlpWakeLock, TYPE=PARTIAL_WAKE_LOCK , COUNT=0, PID=18348, UID=10007, FLAGS=
D/LocationFilter(18348): Forcing stable location. Original location:Location[fused 45,417461,9,126062 acc=20 et=+4h27m26s218ms {Bundle[{wifiScan=[B@392d4c0f, noGPSLocation=Location[fused 45,417461,9,126062 acc=20 et=+4h27m26s218ms {Bundle[mParcelledData.dataSize=264]}], locationType=wifi}]}] because connected WiFi network is the same, bssid=e0:10:7f:ab:42:a8
I/WAKELOCK_ACQUIRE(608): TIMESTAMP=16092927626311, TAG=GCoreFlp, TYPE=PARTIAL_WAKE_LOCK , COUNT=0, PID=18348, UID=10007, FLAGS=
I/WAKELOCK_RELEASE(608): TIMESTAMP=16092928298427, TAG=Wakeful StateMachine: GeofencerStateMachine, TYPE=PARTIAL_WAKE_LOCK , COUNT=0, PID=18348, UID=10007, FLAGS=
I/WAKELOCK_ACQUIRE(608): TIMESTAMP=16092931899501, TAG=GCoreFlp, TYPE=PARTIAL_WAKE_LOCK , COUNT=0, PID=18348, UID=10007, FLAGS=
I/WAKELOCK_RELEASE(608): TIMESTAMP=16092933410138, TAG=GCoreFlp, TYPE=PARTIAL_WAKE_LOCK , COUNT=0, PID=18348, UID=10007, FLAGS=
I/WAKELOCK_RELEASE(608): TIMESTAMP=16092933612217, TAG=GCoreFlp, TYPE=PARTIAL_WAKE_LOCK , COUNT=0, PID=18348, UID=10007, FLAGS=
I/WAKELOCK_ACQUIRE(608): TIMESTAMP=16092933882095, TAG=Wakeful StateMachine: GeofencerStateMachine, TYPE=PARTIAL_WAKE_LOCK , COUNT=0, PID=18348, UID=10007, FLAGS=
I/WAKELOCK_RELEASE(608): TIMESTAMP=16092934690963, TAG=Wakeful StateMachine: GeofencerStateMachine, TYPE=PARTIAL_WAKE_LOCK , COUNT=0, PID=18348, UID=10007, FLAGS=
I/TrainingQuestionManager(5566): updateFromServerResponse: no new training mode data and no pending answered questions to clear
I/WAKELOCK_RELEASE(608): TIMESTAMP=16092988103584, TAG=EntriesRefresh_wakelock, TYPE=PARTIAL_WAKE_LOCK , COUNT=0, PID=5566, UID=10040, FLAGS=
I/WAKELOCK_ACQUIRE(608): TIMESTAMP=16093020873776, TAG=NotificationRefresh_wakelock, TYPE=PARTIAL_WAKE_LOCK , COUNT=0, PID=5566, UID=10040, FLAGS=
I/WAKELOCK_ACQUIRE(608): TIMESTAMP=16093022393400, TAG=RequestScheduleEvaluatorService, TYPE=PARTIAL_WAKE_LOCK , COUNT=0, PID=5566, UID=10040, FLAGS=
I/WAKELOCK_RELEASE(608): TIMESTAMP=16093027525067, TAG=NotificationRefresh_wakelock, TYPE=PARTIAL_WAKE_LOCK , COUNT=0, PID=5566, UID=10040, FLAGS=
