I/WAKELOCK_ACQUIRE(608): TIMESTAMP=16093028246599, TAG=NotificationRefresh_wakelock, TYPE=PARTIAL_WAKE_LOCK , COUNT=0, PID=5566, UID=10040, FLAGS=
I/WAKELOCK_RELEASE(608): TIMESTAMP=16093028900836, TAG=NotificationRefresh_wakelock, TYPE=PARTIAL_WAKE_LOCK , COUNT=0, PID=5566, UID=10040, FLAGS=
I/WAKELOCK_ACQUIRE(608): TIMESTAMP=16093135976720, TAG=ContextManagerWakeLock, TYPE=PARTIAL_WAKE_LOCK , COUNT=0, PID=18348, UID=10007, FLAGS=
W/ctxmgr (18348): [AclContextNameCategories]No app ops for context = 6
E/SQLiteLog(18348): (2067) abort at 35 in [INSERT INTO context(context_name,end_time,context_family,module_id,version,sync_state_mod_time_millis,start_time,sync_state,context_id,time_type,proto_blob) VALUES (?,?,?,?,?,?,?,?,?,?,?)]: UNI
E/SQLiteDatabase(18348): Error inserting context_name=6 end_time=1443367634266 context_family=1 module_id=com.google.android.contextmanager.module.DetectedActivityProducer version=1 sync_state_mod_time_millis=1443367634294 start_time=1443367482829 sync_state=0 context_id=a8bfb65f-aee3-48ac-8469-873be07d76fb time_type=3 proto_blob=[B@b580e1e
E/SQLiteDatabase(18348): android.database.sqlite.SQLiteConstraintException: UNIQUE constraint failed: context.context_id (code 2067)
E/SQLiteDatabase(18348): at android.database.sqlite.SQLiteConnection.nativeExecuteForLastInsertedRowId(Native Method)
E/SQLiteDatabase(18348): at android.database.sqlite.SQLiteConnection.executeForLastInsertedRowId(SQLiteConnection.java:782)
E/SQLiteDatabase(18348): at android.database.sqlite.SQLiteSession.executeForLastInsertedRowId(SQLiteSession.java:788)
E/SQLiteDatabase(18348): at android.database.sqlite.SQLiteStatement.executeInsert(SQLiteStatement.java:86)
E/SQLiteDatabase(18348): at android.database.sqlite.SQLiteDatabase.insertWithOnConflict(SQLiteDatabase.java:1471)
E/SQLiteDatabase(18348): at android.database.sqlite.SQLiteDatabase.insert(SQLiteDatabase.java:1341)
E/SQLiteDatabase(18348): at com.google.android.contextmanager.q.al.a(SourceFile:408)
E/SQLiteDatabase(18348): at com.google.android.contextmanager.q.al.b(SourceFile:383)
E/SQLiteDatabase(18348): at com.google.android.contextmanager.q.al.a(SourceFile:349)
E/SQLiteDatabase(18348): at com.google.android.contextmanager.q.al.b(SourceFile:376)
E/SQLiteDatabase(18348): at com.google.android.contextmanager.g.a.j.a(SourceFile:58)
E/SQLiteDatabase(18348): at com.google.android.contextmanager.g.a.a.run(SourceFile:52)
E/SQLiteDatabase(18348): at com.google.android.contextmanager.g.i.handleMessage(SourceFile:215)
E/SQLiteDatabase(18348): at android.os.Handler.dispatchMessage(Handler.java:102)
E/SQLiteDatabase(18348): at android.os.Looper.loop(Looper.java:135)
E/SQLiteDatabase(18348): at android.os.HandlerThread.run(HandlerThread.java:61)
I/WAKELOCK_ACQUIRE(608): TIMESTAMP=16093321691798, TAG=NlpWakeLock, TYPE=PARTIAL_WAKE_LOCK , COUNT=0, PID=18348, UID=10007, FLAGS=
I/WAKELOCK_RELEASE(608): TIMESTAMP=16093324203817, TAG=NlpWakeLock, TYPE=PARTIAL_WAKE_LOCK , COUNT=0, PID=18348, UID=10007, FLAGS=
I/WAKELOCK_ACQUIRE(608): TIMESTAMP=16093334615757, TAG=Wakeful StateMachine: GeofencerStateMachine, TYPE=PARTIAL_WAKE_LOCK , COUNT=0, PID=18348, UID=10007, FLAGS=
I/WAKELOCK_ACQUIRE(608): TIMESTAMP=16093382969539, TAG=NlpWakeLock, TYPE=PARTIAL_WAKE_LOCK , COUNT=0, PID=18348, UID=10007, FLAGS=
I/WAKELOCK_RELEASE(608): TIMESTAMP=16093383896606, TAG=NlpCollectorWakeLock, TYPE=PARTIAL_WAKE_LOCK , COUNT=0, PID=18348, UID=10007, FLAGS=
I/WAKELOCK_RELEASE(608): TIMESTAMP=16093384651283, TAG=NlpWakeLock, TYPE=PARTIAL_WAKE_LOCK , COUNT=0, PID=18348, UID=10007, FLAGS=
I/WAKELOCK_ACQUIRE(608): TIMESTAMP=16093384945245, TAG=NlpWakeLock, TYPE=PARTIAL_WAKE_LOCK , COUNT=0, PID=18348, UID=10007, FLAGS=
I/WAKELOCK_RELEASE(608): TIMESTAMP=16093385313643, TAG=NlpCollectorWakeLock, TYPE=PARTIAL_WAKE_LOCK , COUNT=0, PID=18348, UID=10007, FLAGS=
I/WAKELOCK_RELEASE(608): TIMESTAMP=16093385641626, TAG=NlpWakeLock, TYPE=PARTIAL_WAKE_LOCK , COUNT=0, PID=18348, UID=10007, FLAGS=
I/WAKELOCK_ACQUIRE(608): TIMESTAMP=16093386351734, TAG=NlpWakeLock, TYPE=PARTIAL_WAKE_LOCK , COUNT=0, PID=18348, UID=10007, FLAGS=
I/WAKELOCK_RELEASE(608): TIMESTAMP=16093387112974, TAG=NlpCollectorWakeLock, TYPE=PARTIAL_WAKE_LOCK , COUNT=0, PID=18348, UID=10007, FLAGS=
I/WAKELOCK_ACQUIRE(608): TIMESTAMP=16093389161436, TAG=NlpWakeLock, TYPE=PARTIAL_WAKE_LOCK , COUNT=0, PID=18348, UID=10007, FLAGS=
I/WAKELOCK_ACQUIRE(608): TIMESTAMP=16093390233535, TAG=GCoreFlp, TYPE=PARTIAL_WAKE_LOCK , COUNT=0, PID=18348, UID=10007, FLAGS=
I/WAKELOCK_RELEASE(608): TIMESTAMP=16093391374333, TAG=NlpWakeLock, TYPE=PARTIAL_WAKE_LOCK , COUNT=0, PID=18348, UID=10007, FLAGS=
I/WAKELOCK_ACQUIRE(608): TIMESTAMP=16093392292532, TAG=NlpWakeLock, TYPE=PARTIAL_WAKE_LOCK , COUNT=0, PID=18348, UID=10007, FLAGS=
I/WAKELOCK_ACQUIRE(608): TIMESTAMP=16093393474046, TAG=GCoreFlp, TYPE=PARTIAL_WAKE_LOCK , COUNT=0, PID=18348, UID=10007, FLAGS=
I/WAKELOCK_RELEASE(608): TIMESTAMP=16093393900788, TAG=Wakeful StateMachine: GeofencerStateMachine, TYPE=PARTIAL_WAKE_LOCK , COUNT=0, PID=18348, UID=10007, FLAGS=
I/WAKELOCK_RELEASE(608): TIMESTAMP=16093395001747, TAG=NlpWakeLock, TYPE=PARTIAL_WAKE_LOCK , COUNT=0, PID=18348, UID=10007, FLAGS=
I/WAKELOCK_ACQUIRE(608): TIMESTAMP=16093395190542, TAG=GCoreFlp, TYPE=PARTIAL_WAKE_LOCK , COUNT=0, PID=18348, UID=10007, FLAGS=
I/WAKELOCK_ACQUIRE(608): TIMESTAMP=16093395440285, TAG=NlpWakeLock, TYPE=PARTIAL_WAKE_LOCK , COUNT=0, PID=18348, UID=10007, FLAGS=
I/WAKELOCK_ACQUIRE(608): TIMESTAMP=16093396063093, TAG=GCoreFlp, TYPE=PARTIAL_WAKE_LOCK , COUNT=0, PID=18348, UID=10007, FLAGS=
I/WAKELOCK_RELEASE(608): TIMESTAMP=16093397338903, TAG=GCoreFlp, TYPE=PARTIAL_WAKE_LOCK , COUNT=0, PID=18348, UID=10007, FLAGS=
I/WAKELOCK_RELEASE(608): TIMESTAMP=16093397965924, TAG=NlpWakeLock, TYPE=PARTIAL_WAKE_LOCK , COUNT=0, PID=18348, UID=10007, FLAGS=
I/WAKELOCK_RELEASE(608): TIMESTAMP=16093398380870, TAG=GCoreFlp, TYPE=PARTIAL_WAKE_LOCK , COUNT=0, PID=18348, UID=10007, FLAGS=
I/WAKELOCK_RELEASE(608): TIMESTAMP=16093398854699, TAG=GCoreFlp, TYPE=PARTIAL_WAKE_LOCK , COUNT=0, PID=18348, UID=10007, FLAGS=
I/WAKELOCK_ACQUIRE(608): TIMESTAMP=16093399235506, TAG=NlpWakeLock, TYPE=PARTIAL_WAKE_LOCK , COUNT=0, PID=18348, UID=10007, FLAGS=
I/WAKELOCK_ACQUIRE(608): TIMESTAMP=16093400494443, TAG=GCoreFlp, TYPE=PARTIAL_WAKE_LOCK , COUNT=0, PID=18348, UID=10007, FLAGS=
I/WAKELOCK_RELEASE(608): TIMESTAMP=16093404116433, TAG=GCoreFlp, TYPE=PARTIAL_WAKE_LOCK , COUNT=0, PID=18348, UID=10007, FLAGS=
I/WAKELOCK_RELEASE(608): TIMESTAMP=16093404405476, TAG=NlpWakeLock, TYPE=PARTIAL_WAKE_LOCK , COUNT=0, PID=18348, UID=10007, FLAGS=
I/WAKELOCK_RELEASE(608): TIMESTAMP=16093404618775, TAG=GCoreFlp, TYPE=PARTIAL_WAKE_LOCK , COUNT=0, PID=18348, UID=10007, FLAGS=
I/WAKELOCK_RELEASE(608): TIMESTAMP=16093404926765, TAG=NlpWakeLock, TYPE=PARTIAL_WAKE_LOCK , COUNT=0, PID=18348, UID=10007, FLAGS=
I/WAKELOCK_ACQUIRE(608): TIMESTAMP=16093405558850, TAG=NlpWakeLock, TYPE=PARTIAL_WAKE_LOCK , COUNT=0, PID=18348, UID=10007, FLAGS=
I/WAKELOCK_RELEASE(608): TIMESTAMP=16093407265865, TAG=NlpWakeLock, TYPE=PARTIAL_WAKE_LOCK , COUNT=0, PID=18348, UID=10007, FLAGS=
I/WAKELOCK_ACQUIRE(608): TIMESTAMP=16093408980357, TAG=NlpWakeLock, TYPE=PARTIAL_WAKE_LOCK , COUNT=0, PID=18348, UID=10007, FLAGS=
I/WAKELOCK_ACQUIRE(608): TIMESTAMP=16093410436633, TAG=Wakeful StateMachine: GeofencerStateMachine, TYPE=PARTIAL_WAKE_LOCK , COUNT=0, PID=18348, UID=10007, FLAGS=
I/WAKELOCK_ACQUIRE(608): TIMESTAMP=16093412523951, TAG=UlrDispSvcFastWL, TYPE=PARTIAL_WAKE_LOCK , COUNT=0, PID=18348, UID=10007, FLAGS=
I/WAKELOCK_ACQUIRE(608): TIMESTAMP=16093420696150, TAG=NlpCollectorWakeLock, TYPE=PARTIAL_WAKE_LOCK , COUNT=0, PID=18348, UID=10007, FLAGS=
I/WAKELOCK_ACQUIRE(608): TIMESTAMP=16093421691737, TAG=NlpCollectorWakeLock, TYPE=PARTIAL_WAKE_LOCK , COUNT=0, PID=18348, UID=10007, FLAGS=
I/WAKELOCK_RELEASE(608): TIMESTAMP=16093573462621, TAG=Wakeful StateMachine: GeofencerStateMachine, TYPE=PARTIAL_WAKE_LOCK , COUNT=0, PID=18348, UID=10007, FLAGS=
I/WAKELOCK_RELEASE(608): TIMESTAMP=16093578397980, TAG=UlrDispSvcFastWL, TYPE=PARTIAL_WAKE_LOCK , COUNT=0, PID=18348, UID=10007, FLAGS=
I/art (18348): Explicit concurrent mark sweep GC freed 26371(1398KB) AllocSpace objects, 0(0B) LOS objects, 39% free, 13MB/22MB, paused 19.480ms total 199.371ms
I/WAKELOCK_ACQUIRE(608): TIMESTAMP=16093623635894, TAG=NlpCollectorWakeLock, TYPE=PARTIAL_WAKE_LOCK , COUNT=0, PID=18348, UID=10007, FLAGS=
I/WAKELOCK_RELEASE(608): TIMESTAMP=16093633551960, TAG=NlpWakeLock, TYPE=PARTIAL_WAKE_LOCK , COUNT=0, PID=18348, UID=10007, FLAGS=
W/ctxmgr (18348): [AclContextNameCategories]No app ops for context = 6
W/ctxmgr (18348): [FenceSchedulerOperation]Invalid Fence scheduler state. Received any epoch time but context production was not running for context = [6]
I/WAKELOCK_ACQUIRE(608): TIMESTAMP=16093640179155, TAG=Wakeful StateMachine: GeofencerStateMachine, TYPE=PARTIAL_WAKE_LOCK , COUNT=0, PID=18348, UID=10007, FLAGS=
I/WAKELOCK_RELEASE(608): TIMESTAMP=16093642328632, TAG=RequestScheduleEvaluatorService, TYPE=PARTIAL_WAKE_LOCK , COUNT=0, PID=5566, UID=10040, FLAGS=
I/WAKELOCK_ACQUIRE(608): TIMESTAMP=16093675533186, TAG=RequestScheduleEvaluatorService, TYPE=PARTIAL_WAKE_LOCK , COUNT=0, PID=5566, UID=10040, FLAGS=
I/WAKELOCK_RELEASE(608): TIMESTAMP=16093677854155, TAG=RequestScheduleEvaluatorService, TYPE=PARTIAL_WAKE_LOCK , COUNT=0, PID=5566, UID=10040, FLAGS=
I/WAKELOCK_ACQUIRE(608): TIMESTAMP=16093679956304, TAG=RequestScheduleEvaluatorService, TYPE=PARTIAL_WAKE_LOCK , COUNT=0, PID=5566, UID=10040, FLAGS=
I/WAKELOCK_ACQUIRE(608): TIMESTAMP=16093683532538, TAG=NlpWakeLock, TYPE=PARTIAL_WAKE_LOCK , COUNT=0, PID=18348, UID=10007, FLAGS=
I/WAKELOCK_RELEASE(608): TIMESTAMP=16093684278166, TAG=RequestScheduleEvaluatorService, TYPE=PARTIAL_WAKE_LOCK , COUNT=0, PID=5566, UID=10040, FLAGS=
I/WAKELOCK_RELEASE(608): TIMESTAMP=16093684833824, TAG=NlpWakeLock, TYPE=PARTIAL_WAKE_LOCK , COUNT=0, PID=18348, UID=10007, FLAGS=
I/WAKELOCK_RELEASE(608): TIMESTAMP=16093686046909, TAG=ContextManagerWakeLock, TYPE=PARTIAL_WAKE_LOCK , COUNT=0, PID=18348, UID=10007, FLAGS=
I/WAKELOCK_ACQUIRE(608): TIMESTAMP=16093686969189, TAG=RequestScheduleEvaluatorService, TYPE=PARTIAL_WAKE_LOCK , COUNT=0, PID=5566, UID=10040, FLAGS=
I/WAKELOCK_RELEASE(608): TIMESTAMP=16093690183565, TAG=RequestScheduleEvaluatorService, TYPE=PARTIAL_WAKE_LOCK , COUNT=0, PID=5566, UID=10040, FLAGS=
I/WAKELOCK_ACQUIRE(608): TIMESTAMP=16093702482687, TAG=*net_scheduler*, TYPE=PARTIAL_WAKE_LOCK , COUNT=0, PID=1123, UID=10007, FLAGS=
I/WAKELOCK_RELEASE(608): TIMESTAMP=16093739731401, TAG=*net_scheduler*, TYPE=PARTIAL_WAKE_LOCK , COUNT=0, PID=1123, UID=10007, FLAGS=
I/WAKELOCK_ACQUIRE(608): TIMESTAMP=16093792983030, TAG=GeofencePendingIntentWakeLock, TYPE=PARTIAL_WAKE_LOCK , COUNT=0, PID=18348, UID=10007, FLAGS=
I/WAKELOCK_RELEASE(608): TIMESTAMP=16093795353978, TAG=GeofencePendingIntentWakeLock, TYPE=PARTIAL_WAKE_LOCK , COUNT=0, PID=18348, UID=10007, FLAGS=
I/WAKELOCK_ACQUIRE(608): TIMESTAMP=16093798258108, TAG=GCoreFlp, TYPE=PARTIAL_WAKE_LOCK , COUNT=0, PID=18348, UID=10007, FLAGS=
I/WAKELOCK_RELEASE(608): TIMESTAMP=16093801832146, TAG=Wakeful StateMachine: GeofencerStateMachine, TYPE=PARTIAL_WAKE_LOCK , COUNT=0, PID=18348, UID=10007, FLAGS=
I/WAKELOCK_ACQUIRE(608): TIMESTAMP=16093802161244, TAG=NlpWakeLock, TYPE=PARTIAL_WAKE_LOCK , COUNT=0, PID=18348, UID=10007, FLAGS=
I/WAKELOCK_ACQUIRE(608): TIMESTAMP=16093802804885, TAG=GCoreFlp, TYPE=PARTIAL_WAKE_LOCK , COUNT=0, PID=18348, UID=10007, FLAGS=
I/WAKELOCK_RELEASE(608): TIMESTAMP=16093804152430, TAG=NlpWakeLock, TYPE=PARTIAL_WAKE_LOCK , COUNT=0, PID=18348, UID=10007, FLAGS=
I/WAKELOCK_RELEASE(608): TIMESTAMP=16093804363437, TAG=GCoreFlp, TYPE=PARTIAL_WAKE_LOCK , COUNT=0, PID=18348, UID=10007, FLAGS=
I/WAKELOCK_ACQUIRE(608): TIMESTAMP=16093805372404, TAG=GCoreFlp, TYPE=PARTIAL_WAKE_LOCK , COUNT=0, PID=18348, UID=10007, FLAGS=
I/WAKELOCK_RELEASE(608): TIMESTAMP=16093806662002, TAG=GCoreFlp, TYPE=PARTIAL_WAKE_LOCK , COUNT=0, PID=18348, UID=10007, FLAGS=
I/WAKELOCK_ACQUIRE(608): TIMESTAMP=16093808038023, TAG=NlpWakeLock, TYPE=PARTIAL_WAKE_LOCK , COUNT=0, PID=18348, UID=10007, FLAGS=
I/WAKELOCK_RELEASE(608): TIMESTAMP=16093808299909, TAG=GCoreFlp, TYPE=PARTIAL_WAKE_LOCK , COUNT=0, PID=18348, UID=10007, FLAGS=
D/LocationFilter(18348): Forcing stable location. Original location:Location[fused 45,417461,9,126062 acc=20 et=+4h27m26s218ms {Bundle[{wifiScan=[B@eed1e3d, noGPSLocation=Location[fused 45,417461,9,126062 acc=20 et=+4h27m26s218ms {Bundle[mParcelledData.dataSize=264]}], locationType=wifi}]}] because connected WiFi network is the same, bssid=e0:10:7f:ab:42:a8
I/WAKELOCK_ACQUIRE(608): TIMESTAMP=16093809825426, TAG=Wakeful StateMachine: GeofencerStateMachine, TYPE=PARTIAL_WAKE_LOCK , COUNT=0, PID=18348, UID=10007, FLAGS=
I/WAKELOCK_RELEASE(608): TIMESTAMP=16093810098616, TAG=NlpWakeLock, TYPE=PARTIAL_WAKE_LOCK , COUNT=0, PID=18348, UID=10007, FLAGS=
I/WAKELOCK_RELEASE(608): TIMESTAMP=16093813926189, TAG=Wakeful StateMachine: GeofencerStateMachine, TYPE=PARTIAL_WAKE_LOCK , COUNT=0, PID=18348, UID=10007, FLAGS=
I/WAKELOCK_ACQUIRE(608): TIMESTAMP=16094155186901, TAG=NlpWakeLock, TYPE=PARTIAL_WAKE_LOCK , COUNT=0, PID=18348, UID=10007, FLAGS=
I/WAKELOCK_RELEASE(608): TIMESTAMP=16094157063271, TAG=NlpCollectorWakeLock, TYPE=PARTIAL_WAKE_LOCK , COUNT=0, PID=18348, UID=10007, FLAGS=
I/WAKELOCK_RELEASE(608): TIMESTAMP=16094158201681, TAG=NlpCollectorWakeLock, TYPE=PARTIAL_WAKE_LOCK , COUNT=0, PID=18348, UID=10007, FLAGS=
I/WAKELOCK_RELEASE(608): TIMESTAMP=16094159857085, TAG=NlpCollectorWakeLock, TYPE=PARTIAL_WAKE_LOCK , COUNT=0, PID=18348, UID=10007, FLAGS=
I/WAKELOCK_ACQUIRE(608): TIMESTAMP=16094162130438, TAG=NlpWakeLock, TYPE=PARTIAL_WAKE_LOCK , COUNT=0, PID=18348, UID=10007, FLAGS=
I/WAKELOCK_RELEASE(608): TIMESTAMP=16094167344580, TAG=NlpWakeLock, TYPE=PARTIAL_WAKE_LOCK , COUNT=0, PID=18348, UID=10007, FLAGS=
I/WAKELOCK_ACQUIRE(608): TIMESTAMP=16094169118543, TAG=GCoreFlp, TYPE=PARTIAL_WAKE_LOCK , COUNT=0, PID=18348, UID=10007, FLAGS=
I/WAKELOCK_ACQUIRE(608): TIMESTAMP=16094170560060, TAG=NlpWakeLock, TYPE=PARTIAL_WAKE_LOCK , COUNT=0, PID=18348, UID=10007, FLAGS=
I/WAKELOCK_ACQUIRE(608): TIMESTAMP=16094171801021, TAG=GCoreFlp, TYPE=PARTIAL_WAKE_LOCK , COUNT=0, PID=18348, UID=10007, FLAGS=
I/WAKELOCK_RELEASE(608): TIMESTAMP=16094172863532, TAG=GCoreFlp, TYPE=PARTIAL_WAKE_LOCK , COUNT=0, PID=18348, UID=10007, FLAGS=
I/WAKELOCK_RELEASE(608): TIMESTAMP=16094174994637, TAG=GCoreFlp, TYPE=PARTIAL_WAKE_LOCK , COUNT=0, PID=18348, UID=10007, FLAGS=
I/WAKELOCK_ACQUIRE(608): TIMESTAMP=16094177309558, TAG=GCoreFlp, TYPE=PARTIAL_WAKE_LOCK , COUNT=0, PID=18348, UID=10007, FLAGS=
I/WAKELOCK_ACQUIRE(608): TIMESTAMP=16094177898551, TAG=NlpWakeLock, TYPE=PARTIAL_WAKE_LOCK , COUNT=0, PID=18348, UID=10007, FLAGS=
I/WAKELOCK_RELEASE(608): TIMESTAMP=16094178821526, TAG=NlpWakeLock, TYPE=PARTIAL_WAKE_LOCK , COUNT=0, PID=18348, UID=10007, FLAGS=
I/WAKELOCK_ACQUIRE(608): TIMESTAMP=16094180070708, TAG=Wakeful StateMachine: GeofencerStateMachine, TYPE=PARTIAL_WAKE_LOCK , COUNT=0, PID=18348, UID=10007, FLAGS=
I/WAKELOCK_RELEASE(608): TIMESTAMP=16094182044698, TAG=GCoreFlp, TYPE=PARTIAL_WAKE_LOCK , COUNT=0, PID=18348, UID=10007, FLAGS=
I/WAKELOCK_RELEASE(608): TIMESTAMP=16094183375431, TAG=NlpWakeLock, TYPE=PARTIAL_WAKE_LOCK , COUNT=0, PID=18348, UID=10007, FLAGS=
I/WAKELOCK_ACQUIRE(608): TIMESTAMP=16094187321828, TAG=UlrDispSvcFastWL, TYPE=PARTIAL_WAKE_LOCK , COUNT=0, PID=18348, UID=10007, FLAGS=
I/WAKELOCK_ACQUIRE(608): TIMESTAMP=16094190093730, TAG=NlpWakeLock, TYPE=PARTIAL_WAKE_LOCK , COUNT=0, PID=18348, UID=10007, FLAGS=
I/WAKELOCK_RELEASE(608): TIMESTAMP=16094200996503, TAG=NlpWakeLock, TYPE=PARTIAL_WAKE_LOCK , COUNT=0, PID=18348, UID=10007, FLAGS=
I/WAKELOCK_ACQUIRE(608): TIMESTAMP=16094201217194, TAG=NlpWakeLock, TYPE=PARTIAL_WAKE_LOCK , COUNT=0, PID=18348, UID=10007, FLAGS=
I/WAKELOCK_RELEASE(608): TIMESTAMP=16094205073411, TAG=NlpWakeLock, TYPE=PARTIAL_WAKE_LOCK , COUNT=0, PID=18348, UID=10007, FLAGS=
I/WAKELOCK_ACQUIRE(608): TIMESTAMP=16094206506264, TAG=ContextManagerWakeLock, TYPE=PARTIAL_WAKE_LOCK , COUNT=0, PID=18348, UID=10007, FLAGS=
I/WAKELOCK_RELEASE(608): TIMESTAMP=16094207667246, TAG=NlpWakeLock, TYPE=PARTIAL_WAKE_LOCK , COUNT=0, PID=18348, UID=10007, FLAGS=
I/WAKELOCK_RELEASE(608): TIMESTAMP=16094212272799, TAG=UlrDispSvcFastWL, TYPE=PARTIAL_WAKE_LOCK , COUNT=0, PID=18348, UID=10007, FLAGS=
I/WAKELOCK_RELEASE(608): TIMESTAMP=16094231235272, TAG=Wakeful StateMachine: GeofencerStateMachine, TYPE=PARTIAL_WAKE_LOCK , COUNT=0, PID=18348, UID=10007, FLAGS=
I/WAKELOCK_RELEASE(608): TIMESTAMP=16094272609565, TAG=ContextManagerWakeLock, TYPE=PARTIAL_WAKE_LOCK , COUNT=0, PID=18348, UID=10007, FLAGS=
I/WAKELOCK_ACQUIRE(608): TIMESTAMP=16094273829251, TAG=ContextManagerWakeLock, TYPE=PARTIAL_WAKE_LOCK , COUNT=0, PID=18348, UID=10007, FLAGS=
I/WAKELOCK_RELEASE(608): TIMESTAMP=16094274473047, TAG=ContextManagerWakeLock, TYPE=PARTIAL_WAKE_LOCK , COUNT=0, PID=18348, UID=10007, FLAGS=
I/KERNEL (221): [16096.058599] iTCO_wdt: iTCO_wdt_keepalive E/EM FG ALGO Iface:(19815): E/EM FG ALGO Iface:(19815): Failed to get File Descriptor
D/wpa_supplicant(685): wlan0: BSS: Remove id 966 BSSID e0:10:7f:eb:42:a8 SSID 'test_dpsk' due to wpa_bss_flush_by_age
D/wpa_supplicant(685): CTRL_IFACE monitor sent successfully to /data/misc/wifi/sockets/wpa_ctrl_608-2\x00
D/wpa_supplicant(685): wlan0: BSS: Remove id 967 BSSID e0:10:7f:6b:42:a9 SSID 'test' due to wpa_bss_flush_by_age
D/wpa_supplicant(685): CTRL_IFACE monitor sent successfully to /data/misc/wifi/sockets/wpa_ctrl_608-2\x00
D/wpa_supplicant(685): wlan0: BSS: Remove id 968 BSSID e0:10:7f:6b:42:a8 SSID 'Act-e-Tab' due to wpa_bss_flush_by_age
D/wpa_supplicant(685): CTRL_IFACE monitor sent successfully to /data/misc/wifi/sockets/wpa_ctrl_608-2\x00
D/wpa_supplicant(685): wlan0: BSS: Remove id 969 BSSID e0:10:7f:2b:42:a8 SSID 'Microtech' due to wpa_bss_flush_by_age
D/wpa_supplicant(685): CTRL_IFACE monitor sent successfully to /data/misc/wifi/sockets/wpa_ctrl_608-2\x00
D/wpa_supplicant(685): wlan0: BSS: Remove id 970 BSSID e0:10:7f:2b:42:ac SSID 'etab_5GHz' due to wpa_bss_flush_by_age
D/wpa_supplicant(685): CTRL_IFACE monitor sent successfully to /data/misc/wifi/sockets/wpa_ctrl_608-2\x00
D/wpa_supplicant(685): wlan0: BSS: Remove id 971 BSSID f0:b0:52:1b:d3:2c SSID 'etab_5GHz' due to wpa_bss_flush_by_age
D/wpa_supplicant(685): CTRL_IFACE monitor sent successfully to /data/misc/wifi/sockets/wpa_ctrl_608-2\x00
D/wpa_supplicant(685): wlan0: BSS: Remove id 972 BSSID f0:b0:52:db:d3:28 SSID 'test_dpsk' due to wpa_bss_flush_by_age
D/wpa_supplicant(685): CTRL_IFACE monitor sent successfully to /data/misc/wifi/sockets/wpa_ctrl_608-2\x00
D/wpa_supplicant(685): wlan0: BSS: Remove id 973 BSSID f0:b0:52:1b:d3:28 SSID 'Microtech' due to wpa_bss_flush_by_age
D/wpa_supplicant(685): CTRL_IFACE monitor sent successfully to /data/misc/wifi/sockets/wpa_ctrl_608-2\x00
D/wpa_supplicant(685): wlan0: BSS: Remove id 974 BSSID f0:b0:52:5b:d3:29 SSID 'test' due to wpa_bss_flush_by_age
D/wpa_supplicant(685): CTRL_IFACE monitor sent successfully to /data/misc/wifi/sockets/wpa_ctrl_608-2\x00
D/wpa_supplicant(685): wlan0: BSS: Remove id 975 BSSID f0:b0:52:5b:d3:28 SSID 'Act-e-Tab' due to wpa_bss_flush_by_age
D/wpa_supplicant(685): CTRL_IFACE monitor sent successfully to /data/misc/wifi/sockets/wpa_ctrl_608-2\x00
D/wpa_supplicant(685): wlan0: BSS: Remove id 976 BSSID f0:b0:52:9b:d3:28 SSID 'e-tab' due to wpa_bss_flush_by_age
D/wpa_supplicant(685): CTRL_IFACE monitor sent successfully to /data/misc/wifi/sockets/wpa_ctrl_608-2\x00
D/wpa_supplicant(685): wlan0: BSS: Remove id 977 BSSID 00:1d:8b:be:ce:1e SSID 'Alice-40774318' due to wpa_bss_flush_by_age
D/wpa_supplicant(685): CTRL_IFACE monitor sent successfully to /data/misc/wifi/sockets/wpa_ctrl_608-2\x00
D/wpa_supplicant(685): wlan0: BSS: Remove id 978 BSSID 90:72:40:1b:de:50 SSID 'Network Wi-Fi di BLS' due to wpa_bss_flush_by_age
D/wpa_supplicant(685): CTRL_IFACE monitor sent successfully to /data/misc/wifi/sockets/wpa_ctrl_608-2\x00
D/wpa_supplicant(685): wlan0: BSS: Remove id 979 BSSID 00:1d:6a:70:bb:e4 SSID 'Alice-75160292' due to wpa_bss_flush_by_age
D/wpa_supplicant(685): CTRL_IFACE monitor sent successfully to /data/misc/wifi/sockets/wpa_ctrl_608-2\x00
D/wpa_supplicant(685): wlan0: BSS: Remove id 980 BSSID d0:d4:12:f3:c9:62 SSID 'FASTWEB-1-J711x7RdMtKn' due to wpa_bss_flush_by_age
D/wpa_supplicant(685): CTRL_IFACE monitor sent successfully to /data/misc/wifi/sockets/wpa_ctrl_608-2\x00
D/wpa_supplicant(685): wlan0: BSS: Remove id 981 BSSID e0:10:7f:2b:42:a9 SSID 'microtech_ospiti' due to wpa_bss_flush_by_age
D/wpa_supplicant(685): CTRL_IFACE monitor sent successfully to /data/misc/wifi/sockets/wpa_ctrl_608-2\x00
D/wpa_supplicant(685): wlan0: BSS: Remove id 982 BSSID f0:b0:52:1b:d3:29 SSID 'microtech_ospiti' due to wpa_bss_flush_by_age
D/wpa_supplicant(685): CTRL_IFACE monitor sent successfully to /data/misc/wifi/sockets/wpa_ctrl_608-2\x00
I/WAKELOCK_RELEASE(608): TIMESTAMP=16101240683809, TAG=RILJ, TYPE=PARTIAL_WAKE_LOCK , COUNT=0, PID=1228, UID=1001, FLAGS=
I/KERNEL (16720): [16101.427937] PM: suspend entry 2015-09-27 15:27:22.209065217 UTC
I/KERNEL (16720): [16101.427964] PM: Syncing filesystems ...
I/KERNEL (16720): done.
I/KERNEL (16720): [16101.436915] PM: Preparing system for mem sleep
I/KERNEL (16720): [16101.467059] Freezing user space processes ...
I/KERNEL (16720):
I/KERNEL (16720): [16101.467450] active wakeup source: NETLINK
I/KERNEL (16720): [16101.467464]
I/KERNEL (16720): [16101.467471] Freezing of tasks aborted after 0.000 seconds (24 tasks refusing to freeze, wq_busy=0, wq_name=(null)):
I/KERNEL (16720): [16101.479218]
I/KERNEL (16720): [16101.479234] Restarting tasks ...
I/KERNEL (16720): done.
I/KERNEL (16720): [16101.480252] video LNXVIDEO:00: Restoring backlight state
I/KERNEL (16720): [16101.480464] PM: suspend exit 2015-09-27 15:27:22.261596598 UTC
I/KERNEL (16720): [16101.480491] PM: suspend entry 2015-09-27 15:27:22.261625505 UTC
I/KERNEL (16720): [16101.480508] PM: Syncing filesystems ...
I/KERNEL (16720): done.
I/KERNEL (16720): [16101.482665] PM: Preparing system for mem sleep
I/KERNEL (16720): [16101.482972] Freezing user space processes ...
I/KERNEL (16720): (elapsed 0.002 seconds)
I/KERNEL (16720): done.
I/KERNEL (16720):
I/KERNEL (16720): [16101.485031] Freezing remaining freezable tasks ...
I/KERNEL (16720): (elapsed 0.001 seconds)
I/KERNEL (16720): done.
I/KERNEL (16720):
I/KERNEL (16720): [16101.486213] PM: Entering mem sleep
I/KERNEL (16720): [16101.486220] Suspending console(s) (use no_console_suspend to debug)
I/KERNEL (16720): [16101.496889] i915 0000:00:02.0: setting latency timer to 64
I/KERNEL (16720): [16101.502570] [drm:valleyview_enable_rps] *ERROR* GT fifo had a previous error 10
I/KERNEL (16720): [16101.504099] atomisp-css2400b0_v21 0000:00:03.0: DFS target frequency=200.
I/KERNEL (16720): [16101.656493] xhci_hcd 0000:00:14.0: power state changed by ACPI to D0
I/KERNEL (16720): [16101.676542] xhci_hcd 0000:00:14.0: power state changed by ACPI to D0
I/KERNEL (16720): [16101.696406] xhci_hcd 0000:00:14.0: setting latency timer to 64
I/KERNEL (16720): [16101.760929] snd_intel_sst: runtime_resume called
I/KERNEL (16720): [16101.880648] acm_suspend[0][ACM4][531][bc2][47][8d][0][1]
I/KERNEL (16720): [16101.881556] acm_suspend[0][ACM3][154a][1b16][178][179][0][1]
I/KERNEL (16720): [16101.883881] bcmsdh_sdmmc_suspend Enter
I/KERNEL (16720): [16101.883910] bcmsdh_sdmmc_suspend Enter
I/KERNEL (16720): [16101.886323] dpm_run_callback(): platform_pm_suspend+0x0/0x50 returns -16
I/KERNEL (16720): [16101.886340] PM: Device alarmtimer failed to suspend: error -16
I/KERNEL (16720): [16101.916449] PM: Some devices failed to suspend
I/KERNEL (16720): [16101.919572] bcmsdh_sdmmc_resume Enter
I/KERNEL (16720): [16101.919588] bcmsdh_sdmmc_resume Enter
I/KERNEL (16720): [16102.009683] PM: resume of devices complete after 93.211 msecs
I/KERNEL (16720): [16102.052541] PM: Finishing wakeup.
I/KERNEL (16720): [16102.052551] Restarting tasks ...
I/KERNEL (17956): [16102.053417] atomisp-css2400b0_v21 0000:00:03.0: DFS target frequency=200.
I/KERNEL (16720): done.
I/KERNEL (16720): [16102.062426] video LNXVIDEO:00: Restoring backlight state
I/KERNEL (16720): [16102.063624] PM: suspend exit 2015-09-27 15:27:22.844744250 UTC
I/KERNEL (17639): [16102.077047] snd_intel_sst: runtime_idle called
I/KERNEL (17639): [16102.077061] snd_intel_sst: runtime_suspend called E/EM FG ALGO Iface:(19821): E/EM FG ALGO Iface:(19821): Failed to get File Descriptor
I/WAKELOCK_ACQUIRE(608): TIMESTAMP=16103449431390, TAG=*alarm*, TYPE=PARTIAL_WAKE_LOCK , COUNT=0, PID=608, UID=1000, FLAGS=
V/AlarmManager(608): triggered: act=ALARM_WAKEUP15074820 Pkg: com.google.android.gms
I/WAKELOCK_ACQUIRE(608): TIMESTAMP=16103459721135, TAG=ContextManagerWakeLock, TYPE=PARTIAL_WAKE_LOCK , COUNT=0, PID=18348, UID=10007, FLAGS=
I/WAKELOCK_RELEASE(608): TIMESTAMP=16103461769608, TAG=*alarm*, TYPE=PARTIAL_WAKE_LOCK , COUNT=0, PID=608, UID=1000, FLAGS=
I/WAKELOCK_RELEASE(608): TIMESTAMP=16103463644851, TAG=ContextManagerWakeLock, TYPE=PARTIAL_WAKE_LOCK , COUNT=0, PID=18348, UID=10007, FLAGS=
I/KERNEL (16720): [16103.886863] PM: suspend entry 2015-09-27 15:27:24.667967001 UTC
I/KERNEL (16720): [16103.886928] PM: Syncing filesystems ...
I/KERNEL (16720): done.
I/KERNEL (16720): [16103.909326] PM: Preparing system for mem sleep
I/KERNEL (16720): [16103.910098] Freezing user space processes ...
I/KERNEL (16720): (elapsed 0.002 seconds)
I/KERNEL (16720): done.
I/KERNEL (16720):
I/KERNEL (16720): [16103.912824] Freezing remaining freezable tasks ...
I/KERNEL (16720): (elapsed 0.003 seconds)
I/KERNEL (16720): done.
I/KERNEL (16720):
I/KERNEL (16720): [16103.916151] PM: Entering mem sleep
I/KERNEL (16720): [16103.916178] Suspending console(s) (use no_console_suspend to debug)
I/KERNEL (16720): [16103.927034] i915 0000:00:02.0: setting latency timer to 64
I/KERNEL (16720): [16103.933277] atomisp-css2400b0_v21 0000:00:03.0: DFS target frequency=200.
I/KERNEL (16720): [16103.995582] snd_intel_sst: runtime_resume called
I/KERNEL (16720): [16104.022772] acm_suspend[0][ACM4][531][bc2][47][8d][0][1]
I/KERNEL (16720): [16104.023809] acm_suspend[0][ACM3][154a][1b16][178][179][0][1]
I/KERNEL (16720): [16104.025095] bcmsdh_sdmmc_suspend Enter
I/KERNEL (16720): [16104.025123] bcmsdh_sdmmc_suspend Enter
I/KERNEL (16720): [16104.027345] dpm_run_callback(): platform_pm_suspend+0x0/0x50 returns -16
I/KERNEL (16720): [16104.027361] PM: Device alarmtimer failed to suspend: error -16
I/KERNEL (16720): [16104.056222] PM: Some devices failed to suspend
I/KERNEL (16720): [16104.058722] bcmsdh_sdmmc_resume Enter
I/KERNEL (16720): [16104.058738] bcmsdh_sdmmc_resume Enter
I/KERNEL (16720): [16104.149454] PM: resume of devices complete after 93.209 msecs
I/KERNEL (16720): [16104.181086] PM: Finishing wakeup.
I/KERNEL (16720): [16104.181107] Restarting tasks ...
I/KERNEL (16720): done.
I/KERNEL (16720): [16104.183662] video LNXVIDEO:00: Restoring backlight state
I/KERNEL (16720): [16104.183940] PM: suspend exit 2015-09-27 15:27:24.965046430 UTC
I/KERNEL (19765): [16104.185079] atomisp-css2400b0_v21 0000:00:03.0: DFS target frequency=200.
I/KERNEL (17639): [16104.193725] snd_intel_sst: runtime_idle called
I/KERNEL (17639): [16104.193755] snd_intel_sst: runtime_suspend called
V/AlarmManager(608): triggered: act=ALARM_WAKEUP15074820 Pkg: com.google.android.gms
I/WAKELOCK_ACQUIRE(608): TIMESTAMP=16104269688675, TAG=*alarm*, TYPE=PARTIAL_WAKE_LOCK , COUNT=0, PID=608, UID=1000, FLAGS=
I/WAKELOCK_ACQUIRE(608): TIMESTAMP=16104272119335, TAG=ContextManagerWakeLock, TYPE=PARTIAL_WAKE_LOCK , COUNT=0, PID=18348, UID=10007, FLAGS=
I/WAKELOCK_RELEASE(608): TIMESTAMP=16104274140101, TAG=*alarm*, TYPE=PARTIAL_WAKE_LOCK , COUNT=0, PID=608, UID=1000, FLAGS=
I/WAKELOCK_RELEASE(608): TIMESTAMP=16104276665644, TAG=ContextManagerWakeLock, TYPE=PARTIAL_WAKE_LOCK , COUNT=0, PID=18348, UID=10007, FLAGS=
I/KERNEL (16720): [16106.036866] PM: suspend entry 2015-09-27 15:27:26.817958173 UTC
I/KERNEL (16720): [16106.036928] PM: Syncing filesystems ...
I/KERNEL (16720): done.
I/KERNEL (16720): [16106.042819] PM: Preparing system for mem sleep
I/KERNEL (16720): [16106.043597] Freezing user space processes ...
I/KERNEL (16720): (elapsed 0.002 seconds)
I/KERNEL (16720): done.
I/KERNEL (16720):
I/KERNEL (16720): [16106.046692] Freezing remaining freezable tasks ...
I/KERNEL (16720): (elapsed 0.002 seconds)
I/KERNEL (16720): done.
I/KERNEL (16720):
I/KERNEL (16720): [16106.049647] PM: Entering mem sleep
I/KERNEL (16720): [16106.049673] Suspending console(s) (use no_console_suspend to debug)
I/KERNEL (16720): [16106.060838] i915 0000:00:02.0: setting latency timer to 64
I/KERNEL (16720): [16106.067683] atomisp-css2400b0_v21 0000:00:03.0: DFS target frequency=200.
I/KERNEL (16720): [16106.129979] snd_intel_sst: runtime_resume called
I/KERNEL (16720): [16106.163630] acm_suspend[0][ACM4][531][bc2][47][8d][0][1]
I/KERNEL (16720): [16106.164331] bcmsdh_sdmmc_suspend Enter
I/KERNEL (16720): [16106.164360] bcmsdh_sdmmc_suspend Enter
I/KERNEL (16720): [16106.164674] acm_suspend[0][ACM3][154a][1b16][178][179][0][1]
I/KERNEL (16720): [16107.027607] snd_intel_sst: runtime_suspend called
I/KERNEL (16720): [16107.027984] [xhci_pci_suspend], xhci_root_hub pointer:0x77179000
I/KERNEL (16720): [16107.028056] XHCI: port 1, portsc 0xe63
I/KERNEL (16720): [16107.028069] atomisp-css2400b0_v21 0000:00:03.0: DFS target frequency=200.
I/KERNEL (16720): [16107.237222] PM: suspend of devices complete after 1074.363 msecs
I/KERNEL (16720): [16107.242511] PM: late suspend of devices complete after 5.235 msecs
I/KERNEL (16720): [16107.326086] xhci_hcd 0000:00:14.0: power state changed by ACPI to D3hot
I/KERNEL (16720): [16107.336742] PM: noirq suspend of devices complete after 94.212 msecs
I/KERNEL (16720): [16107.336751] Disabling non-boot CPUs ...
I/KERNEL (16720): [16107.340159] smpboot: CPU 1 is now offline
I/KERNEL (16720): [16107.344499] smpboot: CPU 2 is now offline
I/KERNEL (16720): [16107.348432] smpboot: CPU 3 is now offline
I/KERNEL (16720): [16128.360600] Suspended for 21.000 seconds
I/KERNEL (16720): [16128.360944] Enabling non-boot CPUs ...
I/KERNEL (16720): [16128.361112] SMP alternatives: lockdep: fixing up alternatives
I/KERNEL (16720): [16128.361124] smpboot: Booting Node 0 Processor 1 APIC 0x2
I/KERNEL (16720): [16128.378039] Skipped synchronization checks as TSC is reliable.
I/KERNEL (16720): [16128.379408] CPU1 is up
I/KERNEL (16720): [16128.379551] SMP alternatives: lockdep: fixing up alternatives
I/KERNEL (16720): [16128.379563] smpboot: Booting Node 0 Processor 2 APIC 0x4
I/KERNEL (16720): [16128.396614] Skipped synchronization checks as TSC is reliable.
I/KERNEL (16720): [16128.398048] CPU2 is up
I/KERNEL (16720): [16128.398093] SMP alternatives: lockdep: fixing up alternatives
I/KERNEL (16720): [16128.398097] smpboot: Booting Node 0 Processor 3 APIC 0x6
I/KERNEL (16720): [16128.414980] Skipped synchronization checks as TSC is reliable.
I/KERNEL (16720): [16128.417041] CPU3 is up
I/KERNEL (16720): [16128.557153] xhci_hcd 0000:00:14.0: power state changed by ACPI to D0
I/KERNEL (16720): [16128.567365] xhci_hcd 0000:00:14.0: power state changed by ACPI to D0
I/KERNEL (16720): [16128.581887] PM: noirq resume of devices complete after 163.721 msecs
I/KERNEL (16720): [16128.581897] Wakeup from IRQ 0
I/KERNEL (16720): [16128.581956] Wakeup from IRQ 36 i2c-designware-5
I/KERNEL (16720): [16128.581992] Wakeup from IRQ 67 intel_mid_pmic
I/KERNEL (16720): [16128.582142] Wakeup from IRQ 389 GODX0911:00
I/KERNEL (16720): [16128.582212] Wakeup from IRQ 456
I/KERNEL (16720): [16128.582219] Wakeup from IRQ 457
I/KERNEL (16720): [16128.582232] Wakeup from IRQ 464
I/KERNEL (16720): [16128.582238] Wakeup from IRQ 465
I/KERNEL (16720): [16128.582260] Wakeup from IRQ 483
I/KERNEL (16720): [16128.582266] Wakeup from IRQ 484
I/KERNEL (16720): [16128.582272] Wakeup from IRQ 485
I/KERNEL (16720): [16128.582278] Wakeup from IRQ 486
I/KERNEL (16720): [16128.582293] Wakeup from IRQ 498
I/KERNEL (16720): [16128.582299] Wakeup from IRQ 499
I/KERNEL (16720): [16128.582306] Wakeup from IRQ 501
I/KERNEL (16720): [16128.582312] Wakeup from IRQ 502
I/KERNEL (16720): [16128.582318] Wakeup from IRQ 503
I/KERNEL (16720): [16128.588544] PM: early resume of devices complete after 6.164 msecs
I/KERNEL (16720): [16128.588781] i915 0000:00:02.0: setting latency timer to 64
I/KERNEL (16720): [16128.590613] xhci_hcd 0000:00:14.0: power state changed by ACPI to D0
I/KERNEL (16720): [16128.590625] atomisp-css2400b0_v21 0000:00:03.0: DFS target frequency=200.
I/KERNEL (16720): [16128.590647] xhci_hcd 0000:00:14.0: setting latency timer to 64
I/KERNEL (16720): [16128.591022] mei_txe 0000:00:1a.0: irq 103 for MSI/MSI-X
I/KERNEL (16720): [16128.593857] snd_intel_sst: runtime_resume called
I/KERNEL (16720): [16128.595039] [drm:valleyview_enable_rps] *ERROR* GT fifo had a previous error 10
I/KERNEL (16720): [16128.664719] bcmsdh_sdmmc_resume Enter
I/KERNEL (16720): [16128.664735] bcmsdh_sdmmc_resume Enter
I/KERNEL (16720): [16128.679277] PM: resume of devices complete after 90.711 msecs
I/KERNEL (16720): [16128.718550] PM: Finishing wakeup.
I/KERNEL (16720): [16128.718556] Restarting tasks ...
I/KERNEL (221): [16128.718762] iTCO_wdt: iTCO_wdt_keepalive
I/KERNEL (16720): done.
I/KERNEL (16720): [16128.719981] video LNXVIDEO:00: Restoring backlight state
I/KERNEL (17639): [16128.720199] atomisp-css2400b0_v21 0000:00:03.0: DFS target frequency=200. E/EM FG ALGO Iface:(19825): E/EM FG ALGO Iface:(19825): Failed to get File Descriptor
I/KERNEL (16720): [16128.728620] PM: suspend exit 2015-09-27 15:27:49.509613008 UTC
I/KERNEL (16720): [16128.728665] PM: suspend entry 2015-09-27 15:27:49.509661463 UTC
I/KERNEL (16720): [16128.728689] PM: Syncing filesystems ...
I/KERNEL (16720): done.
I/KERNEL (16720): [16128.730974] PM: Preparing system for mem sleep
I/KERNEL (16720): [16128.731348] Freezing user space processes ...
I/KERNEL (19764): [16128.732005] snd_intel_sst: runtime_idle called
I/KERNEL (19764): [16128.732020] snd_intel_sst: runtime_suspend called
I/KERNEL (16720): (elapsed 0.001 seconds)
I/KERNEL (16720): done.
I/KERNEL (16720):
I/KERNEL (16720): [16128.733188] Freezing remaining freezable tasks ...
I/KERNEL (16720): (elapsed 0.014 seconds)
I/KERNEL (16720): done.
I/KERNEL (16720):
I/KERNEL (16720): [16128.747345] PM: Entering mem sleep
I/KERNEL (16720): [16128.747354] Suspending console(s) (use no_console_suspend to debug)
I/KERNEL (16720): [16128.757883] i915 0000:00:02.0: setting latency timer to 64
I/KERNEL (16720): [16128.763926] atomisp-css2400b0_v21 0000:00:03.0: DFS target frequency=200.
I/KERNEL (16720): [16128.784879] snd_intel_sst: runtime_resume called
I/KERNEL (16720): [16128.814746] acm_suspend[0][ACM4][531][bc2][47][8d][0][1]
I/KERNEL (16720): [16128.815416] acm_suspend[0][ACM3][154a][1b16][178][179][0][1]
I/KERNEL (16720): [16128.815704] bcmsdh_sdmmc_suspend Enter
I/KERNEL (16720): [16128.815714] bcmsdh_sdmmc_suspend Enter
I/KERNEL (16720): [16129.678689] snd_intel_sst: runtime_suspend called
I/KERNEL (16720): [16129.679729] [xhci_pci_suspend], xhci_root_hub pointer:0x77179000
I/KERNEL (16720): [16129.679792] XHCI: port 1, portsc 0xe63
I/KERNEL (16720): [16129.679892] atomisp-css2400b0_v21 0000:00:03.0: DFS target frequency=200.
I/KERNEL (16720): [16129.888078] PM: suspend of devices complete after 1074.031 msecs
I/KERNEL (16720): [16129.893373] PM: late suspend of devices complete after 5.239 msecs
I/KERNEL (16720): [16129.977141] xhci_hcd 0000:00:14.0: power state changed by ACPI to D3hot
I/KERNEL (16720): [16129.987760] PM: noirq suspend of devices complete after 94.369 msecs
I/KERNEL (16720): [16129.987769] Disabling non-boot CPUs ...
I/KERNEL (16720): [16129.991174] smpboot: CPU 1 is now offline
I/KERNEL (16720): [16129.995228] smpboot: CPU 2 is now offline
I/KERNEL (16720): [16129.998723] smpboot: CPU 3 is now offline
I/KERNEL (16720): [16129.999498] Wakeup IRQ 67 intel_mid_pmic pending, suspend aborted
I/KERNEL (16720): [16129.999507] Enabling non-boot CPUs ...
I/KERNEL (16720): [16129.999648] SMP alternatives: lockdep: fixing up alternatives
I/KERNEL (16720): [16129.999660] smpboot: Booting Node 0 Processor 1 APIC 0x2
I/KERNEL (16720): [16130.016594] Skipped synchronization checks as TSC is reliable.
I/KERNEL (16720): [16130.017987] CPU1 is up
I/KERNEL (16720): [16130.018123] SMP alternatives: lockdep: fixing up alternatives
I/KERNEL (16720): [16130.018135] smpboot: Booting Node 0 Processor 2 APIC 0x4
I/KERNEL (16720): [16130.035167] Skipped synchronization checks as TSC is reliable.
I/KERNEL (16720): [16130.036756] CPU2 is up
I/KERNEL (16720): [16130.036889] SMP alternatives: lockdep: fixing up alternatives
I/KERNEL (16720): [16130.036900] smpboot: Booting Node 0 Processor 3 APIC 0x6
I/KERNEL (16720): [16130.053169] Skipped synchronization checks as TSC is reliable.
I/KERNEL (16720): [16130.053828] CPU3 is up
I/KERNEL (16720): [16130.177145] xhci_hcd 0000:00:14.0: power state changed by ACPI to D0
I/KERNEL (16720): [16130.187373] xhci_hcd 0000:00:14.0: power state changed by ACPI to D0
I/KERNEL (16720): [16130.201883] PM: noirq resume of devices complete after 147.050 msecs
I/KERNEL (16720): [16130.201893] Wakeup from IRQ 0
I/KERNEL (16720): [16130.201982] Wakeup from IRQ 67 intel_mid_pmic
I/KERNEL (16720): [16130.202133] Wakeup from IRQ 389 GODX0911:00
I/KERNEL (16720): [16130.202204] Wakeup from IRQ 456
I/KERNEL (16720): [16130.202211] Wakeup from IRQ 457
I/KERNEL (16720): [16130.202224] Wakeup from IRQ 464
I/KERNEL (16720): [16130.202230] Wakeup from IRQ 465
I/KERNEL (16720): [16130.202252] Wakeup from IRQ 483
I/KERNEL (16720): [16130.202258] Wakeup from IRQ 484
I/KERNEL (16720): [16130.202264] Wakeup from IRQ 485
I/KERNEL (16720): [16130.202270] Wakeup from IRQ 486
I/KERNEL (16720): [16130.202286] Wakeup from IRQ 498
I/KERNEL (16720): [16130.202292] Wakeup from IRQ 499
I/KERNEL (16720): [16130.202299] Wakeup from IRQ 501
I/KERNEL (16720): [16130.202305] Wakeup from IRQ 502
I/KERNEL (16720): [16130.202311] Wakeup from IRQ 503
I/KERNEL (16720): [16130.208574] PM: early resume of devices complete after 6.201 msecs
I/KERNEL (16720): [16130.208781] i915 0000:00:02.0: setting latency timer to 64
I/KERNEL (16720): [16130.208853] atomisp-css2400b0_v21 0000:00:03.0: DFS target frequency=200.
I/KERNEL (16720): [16130.209369] xhci_hcd 0000:00:14.0: power state changed by ACPI to D0
I/KERNEL (16720): [16130.209399] xhci_hcd 0000:00:14.0: setting latency timer to 64
I/KERNEL (16720): [16130.210936] mei_txe 0000:00:1a.0: irq 103 for MSI/MSI-X
I/KERNEL (16720): [16130.216399] snd_intel_sst: runtime_resume called
I/KERNEL (16720): [16130.286821] bcmsdh_sdmmc_resume Enter
I/KERNEL (16720): [16130.286837] bcmsdh_sdmmc_resume Enter
I/KERNEL (16720): [16130.299829] PM: resume of devices complete after 91.233 msecs
I/KERNEL (16720): [16130.302711] dollar_cove_pwrsrc dollar_cove_pwrsrc: Switching MUX to 1
I/KERNEL (16720): [16130.302764] process_cable_props: event:0, type:1, ma:100
I/KERNEL (16720): [16130.303125] dollar_cove_charger dollar_cove_charger: pmic_chrg_enable_charging: enable=1
I/KERNEL (16720): [16130.329402] PM: Finishing wakeup.
I/KERNEL (16720): [16130.329420] Restarting tasks ...
I/KERNEL (16720): done.
I/KERNEL (16720): [16130.333543] video LNXVIDEO:00: Restoring backlight state
D/COREU (264): Failed to recv on UEvent socket
I/KERNEL (16720): [16130.334505] PM: suspend exit 2015-09-27 15:27:51.115483607 UTC
I/KERNEL (19765): [16130.336588] atomisp-css2400b0_v21 0000:00:03.0: DFS target frequency=200.
I/KERNEL (17639): [16130.345734] snd_intel_sst: runtime_idle called
I/KERNEL (17639): [16130.345768] snd_intel_sst: runtime_suspend called
W/ProcessCpuTracker(608): Skipping unknown process pid 19824
W/ProcessCpuTracker(608): Skipping unknown process pid 19825
I/KERNEL (17738): [16130.399329] trigger_algo:Algo_status:2
I/KERNEL (17738): [16130.401386] dollar_cove_charger dollar_cove_charger: pmic_chrg_set_cc: cc=2200 , max_cc=2200
I/KERNEL (17738): [16130.405279] dollar_cove_charger dollar_cove_charger: pmic_chrg_set_cv: cv=4350
I/KERNEL (17738): [16130.429330] dollar_cove_charger dollar_cove_charger: pmic_chrg_enable_charging: enable=1
I/KERNEL (17738): [16130.433282] dollar_cove_charger dollar_cove_charger: pmic_chrg_enable_charging: enable=1
I/KERNEL (17738): [16130.469334] get_battery_status: Set status=1 for dollar_cove_battery
I/KERNEL (17738): [16130.520466] trigger_algo:Algo_status:2
I/KERNEL (17738): [16130.522155] dollar_cove_charger dollar_cove_charger: pmic_chrg_set_cc: cc=2200 , max_cc=2200
I/KERNEL (17738): [16130.526176] dollar_cove_charger dollar_cove_charger: pmic_chrg_set_cv: cv=4350
I/KERNEL (17738): [16130.582304] get_battery_status: Set status=1 for dollar_cove_battery
I/KERNEL (213): [16130.746374] healthd: battery l=41 v=3809 t=27.0 h=2 st=2 c=-48 chg=u
I/KERNEL (213): [16130.800202] healthd: battery l=41 v=3809 t=27.0 h=2 st=2 c=-48 chg=u
E/NetworkScheduler.SchedulerReceiver(1123): Invalid parameter app
E/NetworkScheduler.SchedulerReceiver(1123): Invalid package name : Perhaps you didn't include a PendingIntent in the extras?
I/EntropyMixer(608): Writing entropy...
I/KERNEL (17956): [16130.846094] android_work: sent uevent USB_STATE=CONNECTED
I/KERNEL (17956): [16130.849829] android_work: sent uevent USB_STATE=DISCONNECTED
I/PowerManagerService(608): Waking up from sleep (uid 1000)...
I/KERNEL (17956): [16130.929079] android_work: sent uevent USB_STATE=CONNECTED
I/KERNEL (0): [16130.932298] android_usb gadget: high-speed config #1: android
I/KERNEL (0): [16130.932368] dollar_cove_pwrsrc dollar_cove_pwrsrc: [OTG notification]evt:4 val:1500
I/KERNEL (0): [16130.932375] process_cable_props: event:0, type:1, ma:1500
I/KERNEL (17956): [16130.932661] dollar_cove_charger dollar_cove_charger: pmic_chrg_enable_charging: enable=1
I/KERNEL (19765): [16130.932895] android_work: sent uevent USB_STATE=CONFIGURED
W/art (608): Long monitor contention event with owner method=void com.android.server.power.PowerManagerService$BatteryReceiver.onReceive(android.content.Context, android.content.Intent) from PowerManagerService.java:2505 waiters=1 for 212ms
I/DisplayPowerController(608): Blocking screen on until initial contents have been drawn.
I/WAKELOCK_ACQUIRE(608): TIMESTAMP=16130858363046, TAG=Wakeful StateMachine: GeofencerStateMachine, TYPE=PARTIAL_WAKE_LOCK , COUNT=0, PID=18348, UID=10007, FLAGS=
I/WAKELOCK_ACQUIRE(608): TIMESTAMP=16130858722565, TAG=*net_scheduler*, TYPE=PARTIAL_WAKE_LOCK , COUNT=0, PID=1123, UID=10007, FLAGS=
I/WAKELOCK_RELEASE(608): TIMESTAMP=16130871756419, TAG=*net_scheduler*, TYPE=PARTIAL_WAKE_LOCK , COUNT=0, PID=1123, UID=10007, FLAGS=
I/GCoreUlr(18348): Starting service, intent=Intent { act=com.google.android.location.reporting.ACTION_UPDATE_WORLD cmp=com.google.android.gms/com.google.android.location.reporting.service.DispatchingService (has extras) }, extras=Bundle[{receiverAction=android.intent.action.ACTION_POWER_CONNECTED}]
I/KERNEL (608): [16131.091104] request_suspend_state: wakeup (3->0) at 9614674130662 (2015-09-27 15:27:51.872084451 UTC)
I/KERNEL (19654): [16131.103446] i915 0000:00:02.0: setting latency timer to 64
I/iu.Environment(1509): update battery state; isPlugged? true*
I/KERNEL (39): [16131.480358] dollar_cove_charger dollar_cove_charger: Start Charging IRQ
I/iu.UploadsManager(1509): num queued entries: 0
I/iu.UploadsManager(1509): num updated entries: 0
I/iu.SyncManager(1509): NEXT; no task
I/KERNEL (19654): [16131.627018] [drm] [wisky backlight]
I/KERNEL (213): [16131.642060] healthd: battery l=41 v=3809 t=27.0 h=2 st=2 c=-78 chg=u
I/ActivityManager(608): Start proc android.process.media for broadcast com.android.providers.media/.MtpReceiver: pid=19828 uid=10005 gids={50005, 9997, 2001, 3003, 1028, 1015, 3007, 1023, 1024} abi=x86
D/PowerManagerService-JNI(608): Excessive delay in autosuspend_disable() while turning screen on: 580ms
I/KERNEL (213): [16131.676293] healthd: battery l=41 v=3809 t=27.0 h=2 st=2 c=-78 chg=u
I/KERNEL (19654): [16131.677048] dhd_set_suspend: Remove extra suspend setting
I/KERNEL (19654): [16131.712332] Goodix_TS 4-0014: GTP wakeup sleep.
I/KERNEL (212): [16131.718855] type=1400 audit(1443367672.431:251): avc: denied { getpgid } for pid=265 comm="main" scontext=u:r:init:s0 tcontext=u:r:system_server:s0 tclass=process result=0
I/WAKELOCK_RELEASE(608): TIMESTAMP=16131554234990, TAG=Wakeful StateMachine: GeofencerStateMachine, TYPE=PARTIAL_WAKE_LOCK , COUNT=0, PID=18348, UID=10007, FLAGS=
I/WAKELOCK_ACQUIRE(608): TIMESTAMP=16131554545477, TAG=fingerprint_scanner_static, TYPE=PARTIAL_WAKE_LOCK , COUNT=0, PID=1509, UID=10007, FLAGS=
I/WAKELOCK_ACQUIRE(608): TIMESTAMP=16131554893439, TAG=UlrDispSvcFastWL, TYPE=PARTIAL_WAKE_LOCK , COUNT=0, PID=18348, UID=10007, FLAGS=
I/KERNEL (212): [16131.736154] type=1400 audit(1443367672.501:252): avc: denied { setcurrent } for pid=19828 comm="main" scontext=u:r:init:s0 tcontext=u:r:init:s0 tclass=process result=0
W/art (608): Long monitor contention event with owner method=void com.android.server.power.PowerManagerService$2.onDisplayStateChange(int) from PowerManagerService.java:1958 waiters=0 for 579ms
W/art (608): Long monitor contention event with owner method=void com.android.server.power.PowerManagerService$2.onDisplayStateChange(int) from PowerManagerService.java:1958 waiters=1 for 645ms
W/art (608): Long monitor contention event with owner method=void com.android.server.power.PowerManagerService$2.onDisplayStateChange(int) from PowerManagerService.java:1958 waiters=2 for 638ms
W/art (608): Long monitor contention event with owner method=void com.android.server.power.PowerManagerService$2.onDisplayStateChange(int) from PowerManagerService.java:1958 waiters=3 for 274ms
I/KERNEL (212): [16131.736320] type=1400 audit(1443367672.501:253): avc: denied { dyntransition } for pid=19828 comm="main" scontext=u:r:init:s0 tcontext=u:r:untrusted_app:s0 tclass=process result=0
W/art (608): Long monitor contention event with owner method=void com.android.server.am.BroadcastQueue.processNextBroadcast(boolean) from BroadcastQueue.java:542 waiters=0 for 422ms
I/KERNEL (19654): [16131.747742] Goodix_TS 4-0014: Driver send config.
I/WAKELOCK_ACQUIRE(608): TIMESTAMP=16131579561787, TAG=fingerprint_scanner_local, TYPE=PARTIAL_WAKE_LOCK , COUNT=0, PID=1509, UID=10007, FLAGS=
I/KERNEL (19654): [16131.754257] Goodix_TS 4-0014: Esd started
W/art (608): Long monitor contention event with owner method=void com.android.server.am.BroadcastQueue.processNextBroadcast(boolean) from BroadcastQueue.java:542 waiters=1 for 515ms
I/KERNEL (19654): [16131.755210] Goodix_TS 4-0014: goodix_ts_work_func: Buffer status = 0
I/iu.FingerprintManager(1509): Start processing all media
I/iu.FingerprintManager(1509): Start processing media store URI: content://media/external/images/media
I/WAKELOCK_RELEASE(608): TIMESTAMP=16131580422147, TAG=fingerprint_scanner_static, TYPE=PARTIAL_WAKE_LOCK , COUNT=0, PID=1509, UID=10007, FLAGS=
I/DisplayManagerService(608): Display device changed: DisplayDeviceInfo{"Schermo incorporato": 1536 x 2048, 60.000004 fps, supportedRefreshRates [60.000004], density 320, 260.096 x 260.096 dpi, appVsyncOff 7500000, presDeadline 12666666, touch INTERNAL, rotation 0, type BUILT_IN, state ON, FLAG_DEFAULT_DISPLAY, FLAG_ROTATES_WITH_CONTENT, FLAG_SECURE, FLAG_SUPPORTS_PROTECTED_BUFFERS}
I/KERNEL (89): [16131.770425] lowmemorykiller: Killing 'ndroid.calendar' (16659), adj 1000,
I/KERNEL (89): [16131.770425] to free 45516kB on behalf of 'kswapd0' (89) because
I/KERNEL (89): [16131.770425] cache 134932kB is below limit 134960kB for oom_score_adj 16
I/KERNEL (89): [16131.770425] Free memory is -420kB above reserved
I/KERNEL (89): [16131.770974] lowmemorykiller: Killing 'FinalizerWatchd' (16672), adj 1000,
I/KERNEL (89): [16131.770974] to free 45516kB on behalf of 'kswapd0' (89) because
I/KERNEL (89): [16131.770974] cache 134932kB is below limit 134960kB for oom_score_adj 16
I/KERNEL (89): [16131.770974] Free memory is -420kB above reserved
I/GCoreUlr(18348): WorldUpdater received intent Intent { act=com.google.android.location.reporting.ACTION_UPDATE_WORLD cmp=com.google.android.gms/com.google.android.location.reporting.service.DispatchingService (has extras) } with receiverAction android.intent.action.ACTION_POWER_CONNECTED
D/SurfaceFlinger(217): Set power mode=2, type=0 flinger=0xf6f65000
I/KERNEL (89): [16131.771294] lowmemorykiller: Killing 'HeapTrimmerDaem' (16673), adj 1000,
I/KERNEL (89): [16131.771294] to free 45516kB on behalf of 'kswapd0' (89) because
I/KERNEL (89): [16131.771294] cache 134748kB is below limit 134960kB for oom_score_adj 16
I/KERNEL (89): [16131.771294] Free memory is -296kB above reserved
E/JavaBinder(608): !!! FAILED BINDER TRANSACTION !!!
I/KERNEL (608): [16131.798056] binder: 16659: binder_alloc_buf, no vma
I/KERNEL (608): [16131.803617] binder: 608:634 transaction failed 29201, size 116-0
I/KERNEL (89): [16131.836211] lowmemorykiller: Killing 'oid.apps.photos' (16552), adj 1000,
I/KERNEL (89): [16131.836211] to free 44176kB on behalf of 'kswapd0' (89) because
I/KERNEL (89): [16131.836211] cache 134932kB is below limit 134960kB for oom_score_adj 16
I/KERNEL (89): [16131.836211] Free memory is -4368kB above reserved
I/KERNEL (89): [16131.837205] lowmemorykiller: Killing 'intel.widi.uibc' (16366), adj 1000,
I/KERNEL (89): [16131.837205] to free 41360kB on behalf of 'kswapd0' (89) because
I/KERNEL (89): [16131.837205] cache 134932kB is below limit 134960kB for oom_score_adj 16
I/KERNEL (89): [16131.837205] Free memory is -4988kB above reserved
I/KERNEL (89): [16131.837575] lowmemorykiller: Killing 'Heap thread poo' (16368), adj 1000,
I/KERNEL (89): [16131.837575] to free 41360kB on behalf of 'kswapd0' (89) because
