I/WAKELOCK_RELEASE(608): TIMESTAMP=15324987689990, TAG=NlpWakeLock, TYPE=PARTIAL_WAKE_LOCK , COUNT=0, PID=18348, UID=10007, FLAGS=
I/WAKELOCK_ACQUIRE(608): TIMESTAMP=15324989567681, TAG=NlpWakeLock, TYPE=PARTIAL_WAKE_LOCK , COUNT=0, PID=18348, UID=10007, FLAGS=
I/WAKELOCK_RELEASE(608): TIMESTAMP=15324990415393, TAG=NlpWakeLock, TYPE=PARTIAL_WAKE_LOCK , COUNT=0, PID=18348, UID=10007, FLAGS=
I/WAKELOCK_RELEASE(608): TIMESTAMP=15324991758186, TAG=NlpWakeLock, TYPE=PARTIAL_WAKE_LOCK , COUNT=0, PID=18348, UID=10007, FLAGS=
I/WAKELOCK_ACQUIRE(608): TIMESTAMP=15324992308731, TAG=NlpWakeLock, TYPE=PARTIAL_WAKE_LOCK , COUNT=0, PID=18348, UID=10007, FLAGS=
I/WAKELOCK_ACQUIRE(608): TIMESTAMP=15324993706724, TAG=LocationManagerService, TYPE=PARTIAL_WAKE_LOCK , COUNT=0, PID=608, UID=1000, FLAGS=
I/WAKELOCK_ACQUIRE(608): TIMESTAMP=15324994026763, TAG=LocationManagerService, TYPE=PARTIAL_WAKE_LOCK , COUNT=0, PID=608, UID=1000, FLAGS=
I/WAKELOCK_ACQUIRE(608): TIMESTAMP=15324994816431, TAG=LocationManagerService, TYPE=PARTIAL_WAKE_LOCK , COUNT=0, PID=608, UID=1000, FLAGS=
I/WAKELOCK_RELEASE(608): TIMESTAMP=15324995450363, TAG=LocationManagerService, TYPE=PARTIAL_WAKE_LOCK , COUNT=0, PID=608, UID=1000, FLAGS=
I/WAKELOCK_RELEASE(608): TIMESTAMP=15324995988621, TAG=LocationManagerService, TYPE=PARTIAL_WAKE_LOCK , COUNT=0, PID=608, UID=1000, FLAGS=
I/WAKELOCK_RELEASE(608): TIMESTAMP=15324996537666, TAG=LocationManagerService, TYPE=PARTIAL_WAKE_LOCK , COUNT=0, PID=608, UID=1000, FLAGS=
I/WAKELOCK_RELEASE(608): TIMESTAMP=15324997075287, TAG=NlpWakeLock, TYPE=PARTIAL_WAKE_LOCK , COUNT=0, PID=18348, UID=10007, FLAGS=
I/WAKELOCK_ACQUIRE(608): TIMESTAMP=15324997464277, TAG=NlpWakeLock, TYPE=PARTIAL_WAKE_LOCK , COUNT=0, PID=18348, UID=10007, FLAGS=
I/WAKELOCK_ACQUIRE(608): TIMESTAMP=15324998512568, TAG=GCoreFlp, TYPE=PARTIAL_WAKE_LOCK , COUNT=0, PID=18348, UID=10007, FLAGS=
I/WAKELOCK_RELEASE(608): TIMESTAMP=15324999500811, TAG=NlpWakeLock, TYPE=PARTIAL_WAKE_LOCK , COUNT=0, PID=18348, UID=10007, FLAGS=
I/WAKELOCK_ACQUIRE(608): TIMESTAMP=15325000010317, TAG=GCoreFlp, TYPE=PARTIAL_WAKE_LOCK , COUNT=0, PID=18348, UID=10007, FLAGS=
I/WAKELOCK_ACQUIRE(608): TIMESTAMP=15325000774053, TAG=GCoreFlp, TYPE=PARTIAL_WAKE_LOCK , COUNT=0, PID=18348, UID=10007, FLAGS=
I/WAKELOCK_ACQUIRE(608): TIMESTAMP=15325001093119, TAG=NlpWakeLock, TYPE=PARTIAL_WAKE_LOCK , COUNT=0, PID=18348, UID=10007, FLAGS=
I/WAKELOCK_ACQUIRE(608): TIMESTAMP=15325005919039, TAG=GCoreFlp, TYPE=PARTIAL_WAKE_LOCK , COUNT=0, PID=18348, UID=10007, FLAGS=
I/WAKELOCK_ACQUIRE(608): TIMESTAMP=15325007242200, TAG=NlpWakeLock, TYPE=PARTIAL_WAKE_LOCK , COUNT=0, PID=18348, UID=10007, FLAGS=
D/LocationFilter(18348): Stable location not established yet. Returning original location.
I/WAKELOCK_RELEASE(608): TIMESTAMP=15325008484530, TAG=NlpWakeLock, TYPE=PARTIAL_WAKE_LOCK , COUNT=0, PID=18348, UID=10007, FLAGS=
I/WAKELOCK_RELEASE(608): TIMESTAMP=15325008800153, TAG=GCoreFlp, TYPE=PARTIAL_WAKE_LOCK , COUNT=0, PID=18348, UID=10007, FLAGS=
I/WAKELOCK_ACQUIRE(608): TIMESTAMP=15325008995332, TAG=GCoreFlp, TYPE=PARTIAL_WAKE_LOCK , COUNT=0, PID=18348, UID=10007, FLAGS=
I/WAKELOCK_RELEASE(608): TIMESTAMP=15325009493209, TAG=NlpWakeLock, TYPE=PARTIAL_WAKE_LOCK , COUNT=0, PID=18348, UID=10007, FLAGS=
I/WAKELOCK_ACQUIRE(608): TIMESTAMP=15325009926887, TAG=Wakeful StateMachine: GeofencerStateMachine, TYPE=PARTIAL_WAKE_LOCK , COUNT=0, PID=18348, UID=10007, FLAGS=
I/WAKELOCK_RELEASE(608): TIMESTAMP=15325011320740, TAG=GCoreFlp, TYPE=PARTIAL_WAKE_LOCK , COUNT=0, PID=18348, UID=10007, FLAGS=
I/WAKELOCK_RELEASE(608): TIMESTAMP=15325022162350, TAG=GCoreFlp, TYPE=PARTIAL_WAKE_LOCK , COUNT=0, PID=18348, UID=10007, FLAGS=
I/WAKELOCK_RELEASE(608): TIMESTAMP=15325022615983, TAG=GCoreFlp, TYPE=PARTIAL_WAKE_LOCK , COUNT=0, PID=18348, UID=10007, FLAGS=
I/WAKELOCK_RELEASE(608): TIMESTAMP=15325023113201, TAG=GCoreFlp, TYPE=PARTIAL_WAKE_LOCK , COUNT=0, PID=18348, UID=10007, FLAGS=
E/SQLiteLog(18348): (2067) abort at 35 in [INSERT INTO context(context_name,end_time,context_family,module_id,version,sync_state_mod_time_millis,start_time,sync_state,context_id,time_type,proto_blob) VALUES (?,?,?,?,?,?,?,?,?,?,?)]: UNI
I/WAKELOCK_RELEASE(608): TIMESTAMP=15325075476979, TAG=NlpWakeLock, TYPE=PARTIAL_WAKE_LOCK , COUNT=0, PID=18348, UID=10007, FLAGS=
D/GeofencerStateMachine(18348): Got stable location: Location[mean-location 45,417474,9,126057 acc=20 et=?!?]
E/SQLiteDatabase(18348): Error inserting context_name=6 end_time=1443366865828 context_family=1 module_id=com.google.android.contextmanager.module.DetectedActivityProducer version=1 sync_state_mod_time_millis=1443366866025 start_time=1443366805379 sync_state=0 context_id=05dc45a2-157f-4e3e-8b04-bef875d67827 time_type=3 proto_blob=[B@1ed80c7b
E/SQLiteDatabase(18348): android.database.sqlite.SQLiteConstraintException: UNIQUE constraint failed: context.context_id (code 2067)
E/SQLiteDatabase(18348): at android.database.sqlite.SQLiteConnection.nativeExecuteForLastInsertedRowId(Native Method)
E/SQLiteDatabase(18348): at android.database.sqlite.SQLiteConnection.executeForLastInsertedRowId(SQLiteConnection.java:782)
E/SQLiteDatabase(18348): at android.database.sqlite.SQLiteSession.executeForLastInsertedRowId(SQLiteSession.java:788)
E/SQLiteDatabase(18348): at android.database.sqlite.SQLiteStatement.executeInsert(SQLiteStatement.java:86)
E/SQLiteDatabase(18348): at android.database.sqlite.SQLiteDatabase.insertWithOnConflict(SQLiteDatabase.java:1471)
E/SQLiteDatabase(18348): at android.database.sqlite.SQLiteDatabase.insert(SQLiteDatabase.java:1341)
E/SQLiteDatabase(18348): at com.google.android.contextmanager.q.al.a(SourceFile:408)
E/SQLiteDatabase(18348): at com.google.android.contextmanager.q.al.b(SourceFile:383)
E/SQLiteDatabase(18348): at com.google.android.contextmanager.q.al.a(SourceFile:349)
E/SQLiteDatabase(18348): at com.google.android.contextmanager.q.al.b(SourceFile:376)
E/SQLiteDatabase(18348): at com.google.android.contextmanager.g.a.j.a(SourceFile:58)
E/SQLiteDatabase(18348): at com.google.android.contextmanager.g.a.a.run(SourceFile:52)
E/SQLiteDatabase(18348): at com.google.android.contextmanager.g.i.handleMessage(SourceFile:215)
E/SQLiteDatabase(18348): at android.os.Handler.dispatchMessage(Handler.java:102)
E/SQLiteDatabase(18348): at android.os.Looper.loop(Looper.java:135)
E/SQLiteDatabase(18348): at android.os.HandlerThread.run(HandlerThread.java:61)
D/LocationFilter(18348): WifiInfo associated with stable location: SSID: e-tab, BSSID: e0:10:7f:ab:42:a8, MAC: 04:e6:76:a0:ec:54, Supplicant state: COMPLETED, RSSI: -52, Link speed: 65Mbps, Frequency: 2462MHz, Net ID: 0, Metered hint: false, score: 60
I/WAKELOCK_RELEASE(608): TIMESTAMP=15325172915123, TAG=Wakeful StateMachine: GeofencerStateMachine, TYPE=PARTIAL_WAKE_LOCK , COUNT=0, PID=18348, UID=10007, FLAGS=
I/art (608): Explicit concurrent mark sweep GC freed 55234(6MB) AllocSpace objects, 65(8MB) LOS objects, 25% free, 46MB/62MB, paused 1.001ms total 407.285ms
I/WAKELOCK_RELEASE(608): TIMESTAMP=15325288174354, TAG=UlrDispSvcFastWL, TYPE=PARTIAL_WAKE_LOCK , COUNT=0, PID=18348, UID=10007, FLAGS=
I/KERNEL (608): [15325.478263] i915 0000:00:02.0: setting latency timer to 64
I/KERNEL (608): [15325.481803] [drm:valleyview_enable_rps] *ERROR* GT fifo had a previous error 10
I/WAKELOCK_ACQUIRE(608): TIMESTAMP=15325312908306, TAG=UlrDispSvcFastWL, TYPE=PARTIAL_WAKE_LOCK , COUNT=0, PID=18348, UID=10007, FLAGS=
I/GCoreUlr(18348): Successfully inserted 1 locations
I/GCoreUlr(18348): Not calling LocationReporter, hasMoved: false, elapsed millis: 122422, request: Stationary(3600000)
I/WAKELOCK_RELEASE(608): TIMESTAMP=15325331088383, TAG=UlrDispSvcFastWL, TYPE=PARTIAL_WAKE_LOCK , COUNT=0, PID=18348, UID=10007, FLAGS=
I/WAKELOCK_RELEASE(608): TIMESTAMP=15325337537703, TAG=ContextManagerWakeLock, TYPE=PARTIAL_WAKE_LOCK , COUNT=0, PID=18348, UID=10007, FLAGS=
I/WAKELOCK_ACQUIRE(608): TIMESTAMP=15325338282671, TAG=ContextManagerWakeLock, TYPE=PARTIAL_WAKE_LOCK , COUNT=0, PID=18348, UID=10007, FLAGS=
I/WAKELOCK_RELEASE(608): TIMESTAMP=15325339670680, TAG=ContextManagerWakeLock, TYPE=PARTIAL_WAKE_LOCK , COUNT=0, PID=18348, UID=10007, FLAGS= E/EM FG ALGO Iface:(19586): E/EM FG ALGO Iface:(19586): Failed to get File Descriptor
I/KERNEL (221): [15328.999069] iTCO_wdt: iTCO_wdt_keepalive E/EM FG ALGO Iface:(19587): E/EM FG ALGO Iface:(19587): Failed to get File Descriptor
I/WAKELOCK_ACQUIRE(608): TIMESTAMP=15335335197418, TAG=*alarm*, TYPE=PARTIAL_WAKE_LOCK , COUNT=0, PID=608, UID=1000, FLAGS=
V/AlarmManager(608): triggered: act=ALARM_WAKEUP15074820 Pkg: com.google.android.gms
I/WAKELOCK_ACQUIRE(608): TIMESTAMP=15335343927207, TAG=ContextManagerWakeLock, TYPE=PARTIAL_WAKE_LOCK , COUNT=0, PID=18348, UID=10007, FLAGS=
I/WAKELOCK_RELEASE(608): TIMESTAMP=15335347443393, TAG=*alarm*, TYPE=PARTIAL_WAKE_LOCK , COUNT=0, PID=608, UID=1000, FLAGS=
I/WAKELOCK_RELEASE(608): TIMESTAMP=15335350760668, TAG=ContextManagerWakeLock, TYPE=PARTIAL_WAKE_LOCK , COUNT=0, PID=18348, UID=10007, FLAGS= E/EM FG ALGO Iface:(19590): E/EM FG ALGO Iface:(19590): Failed to get File Descriptor
I/KERNEL (221): [15338.999634] iTCO_wdt: iTCO_wdt_keepalive E/EM FG ALGO Iface:(19591): E/EM FG ALGO Iface:(19591): Failed to get File Descriptor
I/KERNEL (221): [15349.000145] iTCO_wdt: iTCO_wdt_keepalive E/EM FG ALGO Iface:(19592): E/EM FG ALGO Iface:(19592): Failed to get File Descriptor E/EM FG ALGO Iface:(19593): E/EM FG ALGO Iface:(19593): Failed to get File Descriptor
I/KERNEL (221): [15359.000382] iTCO_wdt: iTCO_wdt_keepalive E/EM FG ALGO Iface:(19594): E/EM FG ALGO Iface:(19594): Failed to get File Descriptor
I/WAKELOCK_ACQUIRE(608): TIMESTAMP=15360032132333, TAG=*alarm*, TYPE=PARTIAL_WAKE_LOCK , COUNT=0, PID=608, UID=1000, FLAGS=
I/WAKELOCK_RELEASE(608): TIMESTAMP=15360140898457, TAG=*alarm*, TYPE=PARTIAL_WAKE_LOCK , COUNT=0, PID=608, UID=1000, FLAGS= E/EM FG ALGO Iface:(19595): E/EM FG ALGO Iface:(19595): Failed to get File Descriptor
I/KERNEL (221): [15369.001855] iTCO_wdt: iTCO_wdt_keepalive E/EM FG ALGO Iface:(19596): E/EM FG ALGO Iface:(19596): Failed to get File Descriptor
V/AlarmManager(608): triggered: act=com.facebook.push.mqtt.keepalive.KeepaliveManager.ACTION_INEXACT_ALARM.com.facebook.katana pkg=com.facebook.katana Pkg: com.facebook.katana
I/WAKELOCK_ACQUIRE(608): TIMESTAMP=15372720031039, TAG=*alarm*, TYPE=PARTIAL_WAKE_LOCK , COUNT=0, PID=608, UID=1000, FLAGS=
V/AlarmManager(608): triggered: act=ALARM_WAKEUP_LOCATOR Pkg: com.google.android.gms
V/AlarmManager(608): triggered: act=ALARM_WAKEUP_ACTIVITY_DETECTION Pkg: com.google.android.gms
V/AlarmManager(608): triggered: act=ALARM_WAKEUP972261 Pkg: com.google.android.gms
I/art (18348): Explicit concurrent mark sweep GC freed 52610(3MB) AllocSpace objects, 17(265KB) LOS objects, 39% free, 13MB/22MB, paused 676us total 257.323ms
I/WAKELOCK_ACQUIRE(608): TIMESTAMP=15373105075235, TAG=NlpCollectorWakeLock, TYPE=PARTIAL_WAKE_LOCK , COUNT=0, PID=18348, UID=10007, FLAGS=
I/WAKELOCK_ACQUIRE(608): TIMESTAMP=15373105772252, TAG=NlpCollectorWakeLock, TYPE=PARTIAL_WAKE_LOCK , COUNT=0, PID=18348, UID=10007, FLAGS=
I/WAKELOCK_ACQUIRE(608): TIMESTAMP=15373106296625, TAG=NlpCollectorWakeLock, TYPE=PARTIAL_WAKE_LOCK , COUNT=0, PID=18348, UID=10007, FLAGS=
E/WifiStateMachine(608): WifiStateMachine CMD_START_SCAN source 10007 txSuccessRate=0,00 rxSuccessRate=0,00 targetRoamBSSID=e0:10:7f:ab:42:a8 RSSI=-52
D/wpa_supplicant(685): wlan0: Control interface command 'SCAN TYPE=ONLY'
D/wpa_supplicant(685): wlan0: Setting scan request: 0.000000 sec
D/wpa_supplicant(685): wlan0: Starting AP scan for wildcard SSID
D/wpa_supplicant(685): WPS: Building WPS IE for Probe Request
D/wpa_supplicant(685): WPS: * Version (hardcoded 0x10)
D/wpa_supplicant(685): WPS: * Request Type
D/wpa_supplicant(685): WPS: * Config Methods (4288)
D/wpa_supplicant(685): WPS: * UUID-E
D/wpa_supplicant(685): WPS: * Primary Device Type
D/wpa_supplicant(685): WPS: * RF Bands (3)
D/wpa_supplicant(685): WPS: * Association State
D/wpa_supplicant(685): WPS: * Configuration Error (0)
D/wpa_supplicant(685): WPS: * Device Password ID (0)
D/wpa_supplicant(685): WPS: * Manufacturer
D/wpa_supplicant(685): WPS: * Model Name
D/wpa_supplicant(685): WPS: * Model Number
I/WAKELOCK_ACQUIRE(608): TIMESTAMP=15373110828643, TAG=NlpWakeLock, TYPE=PARTIAL_WAKE_LOCK , COUNT=0, PID=18348, UID=10007, FLAGS=
I/WAKELOCK_ACQUIRE(608): TIMESTAMP=15373115753166, TAG=NlpWakeLock, TYPE=PARTIAL_WAKE_LOCK , COUNT=0, PID=18348, UID=10007, FLAGS=
D/WifiService(608): acquireWifiLockLocked: WifiLock{NlpWifiLock type=2 binder=android.os.BinderProxy@163ce882}
D/wpa_supplicant(685): WPS: * Device Name
D/wpa_supplicant(685): WPS: * Version2 (0x20)
D/wpa_supplicant(685): P2P: * P2P IE header
D/wpa_supplicant(685): P2P: * Capability dev=25 group=00
D/wpa_supplicant(685): P2P: * Listen Channel: Regulatory Class 81 Channel 1
D/wpa_supplicant(685): wlan0: Add radio work 'scan'@0xf6e18520
D/wpa_supplicant(685): wlan0: First radio work item in the queue - schedule start immediately
D/wpa_supplicant(685): wlan0: Starting radio work 'scan'@0xf6e18520 after 0.000022 second wait
D/wpa_supplicant(685): wlan0: nl80211: scan request
D/wpa_supplicant(685): Scan requested (ret=0) - scan timeout 30 seconds
D/wpa_supplicant(685): nl80211: Drv Event 33 (NL80211_CMD_TRIGGER_SCAN) received for wlan0
D/wpa_supplicant(685): wlan0: nl80211: Scan trigger
D/wpa_supplicant(685): wlan0: Event SCAN_STARTED (49) received
D/wpa_supplicant(685): wlan0: Own scan request started a scan in 0.000064 seconds
I/wpa_supplicant(685): wlan0: CTRL-EVENT-SCAN-STARTED
D/wpa_supplicant(685): CTRL_IFACE monitor sent successfully to /data/misc/wifi/sockets/wpa_ctrl_608-2\x00
I/WAKELOCK_RELEASE(608): TIMESTAMP=15373118967014, TAG=NlpWakeLock, TYPE=PARTIAL_WAKE_LOCK , COUNT=0, PID=18348, UID=10007, FLAGS=
I/WAKELOCK_ACQUIRE(608): TIMESTAMP=15373121103363, TAG=RILJ, TYPE=PARTIAL_WAKE_LOCK , COUNT=0, PID=1228, UID=1001, FLAGS=
I/WAKELOCK_ACQUIRE(608): TIMESTAMP=15373653227115, TAG=NlpWakeLock, TYPE=PARTIAL_WAKE_LOCK , COUNT=0, PID=18348, UID=10007, FLAGS=
I/WAKELOCK_RELEASE(608): TIMESTAMP=15373655058078, TAG=NlpCollectorWakeLock, TYPE=PARTIAL_WAKE_LOCK , COUNT=0, PID=18348, UID=10007, FLAGS=
I/WAKELOCK_RELEASE(608): TIMESTAMP=15373656401447, TAG=NlpCollectorWakeLock, TYPE=PARTIAL_WAKE_LOCK , COUNT=0, PID=18348, UID=10007, FLAGS=
I/WAKELOCK_RELEASE(608): TIMESTAMP=15373657953639, TAG=NlpCollectorWakeLock, TYPE=PARTIAL_WAKE_LOCK , COUNT=0, PID=18348, UID=10007, FLAGS= E/EM FG ALGO Iface:(19598): E/EM FG ALGO Iface:(19598): Failed to get File Descriptor
D/wpa_supplicant(685): nl80211: Drv Event 34 (NL80211_CMD_NEW_SCAN_RESULTS) received for wlan0
D/wpa_supplicant(685): wlan0: nl80211: New scan results available
D/wpa_supplicant(685): nl80211: Scan probed for SSID ''
D/wpa_supplicant(685): nl80211: Scan included frequencies: 2412 2417 2422 2427 2432 2437 2442 2447 2452 2457 2462 2467 2472 5180 5200 5220 5240 5260 5280 5300 5320 5500 5520 5540 5560 5580 5600 5620 5640 5660 5680 5700
D/wpa_supplicant(685): wlan0: Event SCAN_RESULTS (3) received
D/wpa_supplicant(685): wlan0: Scan completed in 2.351943 seconds
D/wpa_supplicant(685): nl80211: Associated on 2462 MHz
D/wpa_supplicant(685): nl80211: Associated with e0:10:7f:ab:42:a8
D/wpa_supplicant(685): nl80211: Received scan results (17 BSSes)
D/wpa_supplicant(685): nl80211: Scan results indicate BSS status with e0:10:7f:ab:42:a8 as associated
D/wpa_supplicant(685): wlan0: BSS: Start scan result update 228
D/wpa_supplicant(685): BSS: last_scan_res_used=17/32
D/wpa_supplicant(685): Add access point on channel 60 [BANNED]
D/wpa_supplicant(685): Best Operating channel is = 44
D/wpa_supplicant(685): wlan0: Scan-only results received
D/wpa_supplicant(685): CTRL_IFACE monitor sent successfully to /data/misc/wifi/sockets/wpa_ctrl_608-2\x00
D/wpa_supplicant(685): wlan0: Radio work 'scan'@0xf6e18520 done in 2.356035 seconds
D/wpa_supplicant(685): RTM_NEWLINK: ifi_index=6 ifname=wlan0 wext ifi_flags=0x11043 ([UP][RUNNING][LOWER_UP])
D/wpa_supplicant(685): wlan0: Control interface command 'BSS RANGE=0- MASK=0x21987'
D/wpa_supplicant(685): wlan0: Control interface command 'STATUS-NO_EVENTS'
D/wpa_supplicant(685): wlan0: BSS: Remove id 929 BSSID d0:d4:12:f3:c9:62 SSID 'FASTWEB-1-J711x7RdMtKn' due to wpa_bss_flush_by_age
D/wpa_supplicant(685): CTRL_IFACE monitor sent successfully to /data/misc/wifi/sockets/wpa_ctrl_608-2\x00
V/AlarmManager(608): triggered: act=ALARM_WAKEUP_LOCATOR Pkg: com.google.android.gms
I/WAKELOCK_ACQUIRE(608): TIMESTAMP=15378128194586, TAG=RILJ, TYPE=PARTIAL_WAKE_LOCK , COUNT=0, PID=1228, UID=1001, FLAGS=
V/AlarmManager(608): triggered: act=com.facebook.common.executors.WakingExecutorService.ACTION_ALARM.com.facebook.pages.app.Mqtt_Wakeup pkg=com.facebook.pages.app Pkg: com.facebook.pages.app
I/KERNEL (221): [15379.002067] iTCO_wdt: iTCO_wdt_keepalive E/EM FG ALGO Iface:(19599): E/EM FG ALGO Iface:(19599): Failed to get File Descriptor
V/AlarmManager(608): triggered: act=com.facebook.common.executors.WakingExecutorService.ACTION_ALARM.com.facebook.katana.Mqtt_Wakeup pkg=com.facebook.katana Pkg: com.facebook.katana
V/AlarmManager(608): triggered: act=com.facebook.common.executors.do.ACTION_ALARM.com.facebook.orca.Mqtt_Wakeup pkg=com.facebook.orca Pkg: com.facebook.orca
V/AlarmManager(608): triggered: act=com.facebook.common.executors.do.ACTION_ALARM.com.facebook.orca.Mqtt_Wakeup pkg=com.facebook.orca Pkg: com.facebook.orca
V/AlarmManager(608): triggered: act=com.facebook.common.executors.do.ACTION_ALARM.com.facebook.orca.Mqtt_Wakeup pkg=com.facebook.orca Pkg: com.facebook.orca
I/WAKELOCK_ACQUIRE(608): TIMESTAMP=15383132678017, TAG=RILJ, TYPE=PARTIAL_WAKE_LOCK , COUNT=0, PID=1228, UID=1001, FLAGS= E/EM FG ALGO Iface:(19601): E/EM FG ALGO Iface:(19601): Failed to get File Descriptor
D/WifiService(608): releaseWifiLockLocked: WifiLock{NlpWifiLock type=2 binder=android.os.BinderProxy@163ce882}
I/WAKELOCK_RELEASE(608): TIMESTAMP=15388141200136, TAG=NlpWakeLock, TYPE=PARTIAL_WAKE_LOCK , COUNT=0, PID=18348, UID=10007, FLAGS=
I/WAKELOCK_ACQUIRE(608): TIMESTAMP=15388143039655, TAG=NlpWakeLock, TYPE=PARTIAL_WAKE_LOCK , COUNT=0, PID=18348, UID=10007, FLAGS=
I/WAKELOCK_RELEASE(608): TIMESTAMP=15388147005215, TAG=NlpWakeLock, TYPE=PARTIAL_WAKE_LOCK , COUNT=0, PID=18348, UID=10007, FLAGS=
I/WAKELOCK_ACQUIRE(608): TIMESTAMP=15388148252861, TAG=GCoreFlp, TYPE=PARTIAL_WAKE_LOCK , COUNT=0, PID=18348, UID=10007, FLAGS=
I/WAKELOCK_ACQUIRE(608): TIMESTAMP=15388149709666, TAG=NlpWakeLock, TYPE=PARTIAL_WAKE_LOCK , COUNT=0, PID=18348, UID=10007, FLAGS=
I/WAKELOCK_RELEASE(608): TIMESTAMP=15388150299943, TAG=GCoreFlp, TYPE=PARTIAL_WAKE_LOCK , COUNT=0, PID=18348, UID=10007, FLAGS=
I/WAKELOCK_ACQUIRE(608): TIMESTAMP=15388150557786, TAG=GCoreFlp, TYPE=PARTIAL_WAKE_LOCK , COUNT=0, PID=18348, UID=10007, FLAGS=
I/WAKELOCK_RELEASE(608): TIMESTAMP=15388152254181, TAG=GCoreFlp, TYPE=PARTIAL_WAKE_LOCK , COUNT=0, PID=18348, UID=10007, FLAGS=
I/WAKELOCK_ACQUIRE(608): TIMESTAMP=15388152961290, TAG=GCoreFlp, TYPE=PARTIAL_WAKE_LOCK , COUNT=0, PID=18348, UID=10007, FLAGS=
I/WAKELOCK_RELEASE(608): TIMESTAMP=15388154281595, TAG=NlpWakeLock, TYPE=PARTIAL_WAKE_LOCK , COUNT=0, PID=18348, UID=10007, FLAGS=
I/WAKELOCK_ACQUIRE(608): TIMESTAMP=15388155020275, TAG=NlpWakeLock, TYPE=PARTIAL_WAKE_LOCK , COUNT=0, PID=18348, UID=10007, FLAGS=
I/WAKELOCK_RELEASE(608): TIMESTAMP=15388155985970, TAG=GCoreFlp, TYPE=PARTIAL_WAKE_LOCK , COUNT=0, PID=18348, UID=10007, FLAGS=
I/WAKELOCK_RELEASE(608): TIMESTAMP=15388159102607, TAG=NlpWakeLock, TYPE=PARTIAL_WAKE_LOCK , COUNT=0, PID=18348, UID=10007, FLAGS=
I/WAKELOCK_ACQUIRE(608): TIMESTAMP=15388163061843, TAG=NlpWakeLock, TYPE=PARTIAL_WAKE_LOCK , COUNT=0, PID=18348, UID=10007, FLAGS=
I/WAKELOCK_ACQUIRE(608): TIMESTAMP=15388166638953, TAG=NlpWakeLock, TYPE=PARTIAL_WAKE_LOCK , COUNT=0, PID=18348, UID=10007, FLAGS=
I/WAKELOCK_RELEASE(608): TIMESTAMP=15388169955928, TAG=NlpWakeLock, TYPE=PARTIAL_WAKE_LOCK , COUNT=0, PID=18348, UID=10007, FLAGS=
I/WAKELOCK_ACQUIRE(608): TIMESTAMP=15388172000418, TAG=NlpWakeLock, TYPE=PARTIAL_WAKE_LOCK , COUNT=0, PID=18348, UID=10007, FLAGS=
I/WAKELOCK_ACQUIRE(608): TIMESTAMP=15388172613999, TAG=GCoreFlp, TYPE=PARTIAL_WAKE_LOCK , COUNT=0, PID=18348, UID=10007, FLAGS=
I/WAKELOCK_ACQUIRE(608): TIMESTAMP=15388174850356, TAG=GCoreFlp, TYPE=PARTIAL_WAKE_LOCK , COUNT=0, PID=18348, UID=10007, FLAGS=
I/WAKELOCK_RELEASE(608): TIMESTAMP=15388176180789, TAG=GCoreFlp, TYPE=PARTIAL_WAKE_LOCK , COUNT=0, PID=18348, UID=10007, FLAGS=
I/WAKELOCK_RELEASE(608): TIMESTAMP=15388176769194, TAG=NlpWakeLock, TYPE=PARTIAL_WAKE_LOCK , COUNT=0, PID=18348, UID=10007, FLAGS=
I/WAKELOCK_RELEASE(608): TIMESTAMP=15388178402614, TAG=GCoreFlp, TYPE=PARTIAL_WAKE_LOCK , COUNT=0, PID=18348, UID=10007, FLAGS=
I/WAKELOCK_ACQUIRE(608): TIMESTAMP=15388178757020, TAG=GCoreFlp, TYPE=PARTIAL_WAKE_LOCK , COUNT=0, PID=18348, UID=10007, FLAGS=
I/WAKELOCK_ACQUIRE(608): TIMESTAMP=15388179989090, TAG=NlpWakeLock, TYPE=PARTIAL_WAKE_LOCK , COUNT=0, PID=18348, UID=10007, FLAGS=
I/WAKELOCK_RELEASE(608): TIMESTAMP=15388181072625, TAG=GCoreFlp, TYPE=PARTIAL_WAKE_LOCK , COUNT=0, PID=18348, UID=10007, FLAGS=
I/WAKELOCK_ACQUIRE(608): TIMESTAMP=15388182027664, TAG=Wakeful StateMachine: GeofencerStateMachine, TYPE=PARTIAL_WAKE_LOCK , COUNT=0, PID=18348, UID=10007, FLAGS=
I/WAKELOCK_RELEASE(608): TIMESTAMP=15388186280011, TAG=NlpWakeLock, TYPE=PARTIAL_WAKE_LOCK , COUNT=0, PID=18348, UID=10007, FLAGS=
I/WAKELOCK_ACQUIRE(608): TIMESTAMP=15388188743154, TAG=UlrDispSvcFastWL, TYPE=PARTIAL_WAKE_LOCK , COUNT=0, PID=18348, UID=10007, FLAGS=
I/WAKELOCK_ACQUIRE(608): TIMESTAMP=15388189833637, TAG=NlpWakeLock, TYPE=PARTIAL_WAKE_LOCK , COUNT=0, PID=18348, UID=10007, FLAGS=
I/WAKELOCK_RELEASE(608): TIMESTAMP=15388217182160, TAG=NlpWakeLock, TYPE=PARTIAL_WAKE_LOCK , COUNT=0, PID=18348, UID=10007, FLAGS=
I/WAKELOCK_RELEASE(608): TIMESTAMP=15388218114003, TAG=Wakeful StateMachine: GeofencerStateMachine, TYPE=PARTIAL_WAKE_LOCK , COUNT=0, PID=18348, UID=10007, FLAGS=
I/WAKELOCK_RELEASE(608): TIMESTAMP=15388225119880, TAG=UlrDispSvcFastWL, TYPE=PARTIAL_WAKE_LOCK , COUNT=0, PID=18348, UID=10007, FLAGS=
I/WAKELOCK_ACQUIRE(608): TIMESTAMP=15388234771756, TAG=NlpWakeLock, TYPE=PARTIAL_WAKE_LOCK , COUNT=0, PID=18348, UID=10007, FLAGS=
I/libgps (608): proxy_gps_inject_location(45.417469, 9.126070, 20.000000)
D/gpsd (263): WakeLock(Acquire,GPSD)
D/gpsd (263): WakeLock(Release,GPSD)
I/WAKELOCK_RELEASE(608): TIMESTAMP=15388237994952, TAG=NlpWakeLock, TYPE=PARTIAL_WAKE_LOCK , COUNT=0, PID=18348, UID=10007, FLAGS=
I/WAKELOCK_ACQUIRE(608): TIMESTAMP=15388238424118, TAG=NlpWakeLock, TYPE=PARTIAL_WAKE_LOCK , COUNT=0, PID=18348, UID=10007, FLAGS=
I/WAKELOCK_RELEASE(608): TIMESTAMP=15388240651570, TAG=NlpWakeLock, TYPE=PARTIAL_WAKE_LOCK , COUNT=0, PID=18348, UID=10007, FLAGS=
I/WAKELOCK_ACQUIRE(608): TIMESTAMP=15388241064332, TAG=NlpWakeLock, TYPE=PARTIAL_WAKE_LOCK , COUNT=0, PID=18348, UID=10007, FLAGS=
I/WAKELOCK_ACQUIRE(608): TIMESTAMP=15388242363638, TAG=LocationManagerService, TYPE=PARTIAL_WAKE_LOCK , COUNT=0, PID=608, UID=1000, FLAGS=
I/WAKELOCK_RELEASE(608): TIMESTAMP=15388243113538, TAG=NlpWakeLock, TYPE=PARTIAL_WAKE_LOCK , COUNT=0, PID=18348, UID=10007, FLAGS=
I/WAKELOCK_ACQUIRE(608): TIMESTAMP=15388243361109, TAG=NlpWakeLock, TYPE=PARTIAL_WAKE_LOCK , COUNT=0, PID=18348, UID=10007, FLAGS=
I/WAKELOCK_ACQUIRE(608): TIMESTAMP=15388243500092, TAG=LocationManagerService, TYPE=PARTIAL_WAKE_LOCK , COUNT=0, PID=608, UID=1000, FLAGS=
I/WAKELOCK_ACQUIRE(608): TIMESTAMP=15388243710511, TAG=GCoreFlp, TYPE=PARTIAL_WAKE_LOCK , COUNT=0, PID=18348, UID=10007, FLAGS=
I/WAKELOCK_ACQUIRE(608): TIMESTAMP=15388244511243, TAG=LocationManagerService, TYPE=PARTIAL_WAKE_LOCK , COUNT=0, PID=608, UID=1000, FLAGS=
I/WAKELOCK_ACQUIRE(608): TIMESTAMP=15388245170940, TAG=NlpWakeLock, TYPE=PARTIAL_WAKE_LOCK , COUNT=0, PID=18348, UID=10007, FLAGS=
I/WAKELOCK_ACQUIRE(608): TIMESTAMP=15388245388643, TAG=GCoreFlp, TYPE=PARTIAL_WAKE_LOCK , COUNT=0, PID=18348, UID=10007, FLAGS=
I/WAKELOCK_RELEASE(608): TIMESTAMP=15388245598510, TAG=LocationManagerService, TYPE=PARTIAL_WAKE_LOCK , COUNT=0, PID=608, UID=1000, FLAGS=
I/WAKELOCK_RELEASE(608): TIMESTAMP=15388247242849, TAG=NlpWakeLock, TYPE=PARTIAL_WAKE_LOCK , COUNT=0, PID=18348, UID=10007, FLAGS=
I/WAKELOCK_RELEASE(608): TIMESTAMP=15388247486568, TAG=LocationManagerService, TYPE=PARTIAL_WAKE_LOCK , COUNT=0, PID=608, UID=1000, FLAGS=
I/WAKELOCK_ACQUIRE(608): TIMESTAMP=15388247613768, TAG=GCoreFlp, TYPE=PARTIAL_WAKE_LOCK , COUNT=0, PID=18348, UID=10007, FLAGS=
I/WAKELOCK_RELEASE(608): TIMESTAMP=15388247855074, TAG=NlpWakeLock, TYPE=PARTIAL_WAKE_LOCK , COUNT=0, PID=18348, UID=10007, FLAGS=
I/WAKELOCK_ACQUIRE(608): TIMESTAMP=15388248363164, TAG=NlpWakeLock, TYPE=PARTIAL_WAKE_LOCK , COUNT=0, PID=18348, UID=10007, FLAGS=
I/WAKELOCK_RELEASE(608): TIMESTAMP=15388249140244, TAG=LocationManagerService, TYPE=PARTIAL_WAKE_LOCK , COUNT=0, PID=608, UID=1000, FLAGS=
I/WAKELOCK_ACQUIRE(608): TIMESTAMP=15388249697701, TAG=GCoreFlp, TYPE=PARTIAL_WAKE_LOCK , COUNT=0, PID=18348, UID=10007, FLAGS=
I/WAKELOCK_RELEASE(608): TIMESTAMP=15388250597265, TAG=NlpWakeLock, TYPE=PARTIAL_WAKE_LOCK , COUNT=0, PID=18348, UID=10007, FLAGS=
I/WAKELOCK_RELEASE(608): TIMESTAMP=15388252124437, TAG=GCoreFlp, TYPE=PARTIAL_WAKE_LOCK , COUNT=0, PID=18348, UID=10007, FLAGS=
I/WAKELOCK_ACQUIRE(608): TIMESTAMP=15388252575191, TAG=Wakeful StateMachine: GeofencerStateMachine, TYPE=PARTIAL_WAKE_LOCK , COUNT=0, PID=18348, UID=10007, FLAGS=
I/WAKELOCK_ACQUIRE(608): TIMESTAMP=15388252944369, TAG=GCoreFlp, TYPE=PARTIAL_WAKE_LOCK , COUNT=0, PID=18348, UID=10007, FLAGS=
I/WAKELOCK_RELEASE(608): TIMESTAMP=15388254867047, TAG=GCoreFlp, TYPE=PARTIAL_WAKE_LOCK , COUNT=0, PID=18348, UID=10007, FLAGS=
I/WAKELOCK_ACQUIRE(608): TIMESTAMP=15388258704364, TAG=ContextManagerWakeLock, TYPE=PARTIAL_WAKE_LOCK , COUNT=0, PID=18348, UID=10007, FLAGS=
I/WAKELOCK_ACQUIRE(608): TIMESTAMP=15388259040494, TAG=UlrDispSvcFastWL, TYPE=PARTIAL_WAKE_LOCK , COUNT=0, PID=18348, UID=10007, FLAGS=
I/WAKELOCK_RELEASE(608): TIMESTAMP=15388265800709, TAG=GCoreFlp, TYPE=PARTIAL_WAKE_LOCK , COUNT=0, PID=18348, UID=10007, FLAGS=
I/WAKELOCK_RELEASE(608): TIMESTAMP=15388266550837, TAG=GCoreFlp, TYPE=PARTIAL_WAKE_LOCK , COUNT=0, PID=18348, UID=10007, FLAGS=
I/WAKELOCK_RELEASE(608): TIMESTAMP=15388267129246, TAG=GCoreFlp, TYPE=PARTIAL_WAKE_LOCK , COUNT=0, PID=18348, UID=10007, FLAGS=
D/LocationFilter(18348): Forcing stable location. Original location:Location[fused 45,417469,9,126070 acc=20 et=+4h16m28s199ms] because connected WiFi network is the same, bssid=e0:10:7f:ab:42:a8
I/GCoreUlr(18348): Successfully inserted 1 locations
I/GCoreUlr(18348): Not calling LocationReporter, hasMoved: false, elapsed millis: 185404, request: Stationary(3600000)
I/WAKELOCK_RELEASE(608): TIMESTAMP=15388313223307, TAG=UlrDispSvcFastWL, TYPE=PARTIAL_WAKE_LOCK , COUNT=0, PID=18348, UID=10007, FLAGS=
I/WAKELOCK_ACQUIRE(608): TIMESTAMP=15388348425959, TAG=GCoreFlp, TYPE=PARTIAL_WAKE_LOCK , COUNT=0, PID=18348, UID=10007, FLAGS=
I/WAKELOCK_RELEASE(608): TIMESTAMP=15388349258947, TAG=Wakeful StateMachine: GeofencerStateMachine, TYPE=PARTIAL_WAKE_LOCK , COUNT=0, PID=18348, UID=10007, FLAGS=
I/WAKELOCK_ACQUIRE(608): TIMESTAMP=15388404501486, TAG=GCoreFlp, TYPE=PARTIAL_WAKE_LOCK , COUNT=0, PID=18348, UID=10007, FLAGS=
I/WAKELOCK_RELEASE(608): TIMESTAMP=15388412085460, TAG=GCoreFlp, TYPE=PARTIAL_WAKE_LOCK , COUNT=0, PID=18348, UID=10007, FLAGS=
I/WAKELOCK_ACQUIRE(608): TIMESTAMP=15388412285415, TAG=Wakeful StateMachine: GeofencerStateMachine, TYPE=PARTIAL_WAKE_LOCK , COUNT=0, PID=18348, UID=10007, FLAGS=
I/WAKELOCK_RELEASE(608): TIMESTAMP=15388413243430, TAG=Wakeful StateMachine: GeofencerStateMachine, TYPE=PARTIAL_WAKE_LOCK , COUNT=0, PID=18348, UID=10007, FLAGS=
I/WAKELOCK_RELEASE(608): TIMESTAMP=15388415277864, TAG=GCoreFlp, TYPE=PARTIAL_WAKE_LOCK , COUNT=0, PID=18348, UID=10007, FLAGS=
I/art (1123): Explicit concurrent mark sweep GC freed 16648(1025KB) AllocSpace objects, 7(112KB) LOS objects, 39% free, 12MB/20MB, paused 1.368ms total 102.032ms
I/WAKELOCK_ACQUIRE(608): TIMESTAMP=15388442158714, TAG=NlpWakeLock, TYPE=PARTIAL_WAKE_LOCK , COUNT=0, PID=18348, UID=10007, FLAGS=
I/WAKELOCK_RELEASE(608): TIMESTAMP=15388443337876, TAG=NlpWakeLock, TYPE=PARTIAL_WAKE_LOCK , COUNT=0, PID=18348, UID=10007, FLAGS=
I/WAKELOCK_ACQUIRE(608): TIMESTAMP=15388454632771, TAG=GCoreFlp, TYPE=PARTIAL_WAKE_LOCK , COUNT=0, PID=18348, UID=10007, FLAGS=
I/WAKELOCK_RELEASE(608): TIMESTAMP=15388455389439, TAG=GCoreFlp, TYPE=PARTIAL_WAKE_LOCK , COUNT=0, PID=18348, UID=10007, FLAGS=
I/WAKELOCK_ACQUIRE(608): TIMESTAMP=15388455537519, TAG=GCoreFlp, TYPE=PARTIAL_WAKE_LOCK , COUNT=0, PID=18348, UID=10007, FLAGS=
I/WAKELOCK_RELEASE(608): TIMESTAMP=15388456014276, TAG=GCoreFlp, TYPE=PARTIAL_WAKE_LOCK , COUNT=0, PID=18348, UID=10007, FLAGS=
I/WAKELOCK_ACQUIRE(608): TIMESTAMP=15388456143180, TAG=GCoreFlp, TYPE=PARTIAL_WAKE_LOCK , COUNT=0, PID=18348, UID=10007, FLAGS=
I/WAKELOCK_RELEASE(608): TIMESTAMP=15388456718685, TAG=GCoreFlp, TYPE=PARTIAL_WAKE_LOCK , COUNT=0, PID=18348, UID=10007, FLAGS=
I/WAKELOCK_RELEASE(608): TIMESTAMP=15388530251028, TAG=ContextManagerWakeLock, TYPE=PARTIAL_WAKE_LOCK , COUNT=0, PID=18348, UID=10007, FLAGS=
I/WAKELOCK_ACQUIRE(608): TIMESTAMP=15388530816298, TAG=ContextManagerWakeLock, TYPE=PARTIAL_WAKE_LOCK , COUNT=0, PID=18348, UID=10007, FLAGS=
I/WAKELOCK_RELEASE(608): TIMESTAMP=15388532414786, TAG=ContextManagerWakeLock, TYPE=PARTIAL_WAKE_LOCK , COUNT=0, PID=18348, UID=10007, FLAGS=
I/WAKELOCK_RELEASE(608): TIMESTAMP=15388739622368, TAG=*alarm*, TYPE=PARTIAL_WAKE_LOCK , COUNT=0, PID=608, UID=1000, FLAGS=
I/WAKELOCK_ACQUIRE(608): TIMESTAMP=15388743516001, TAG=ContextManagerWakeLock, TYPE=PARTIAL_WAKE_LOCK , COUNT=0, PID=18348, UID=10007, FLAGS=
I/WAKELOCK_RELEASE(608): TIMESTAMP=15388744640347, TAG=NlpWakeLock, TYPE=PARTIAL_WAKE_LOCK , COUNT=0, PID=18348, UID=10007, FLAGS=
I/WAKELOCK_RELEASE(608): TIMESTAMP=15388746476206, TAG=NlpWakeLock, TYPE=PARTIAL_WAKE_LOCK , COUNT=0, PID=18348, UID=10007, FLAGS=
E/SQLiteLog(18348): (2067) abort at 35 in [INSERT INTO context(context_name,end_time,context_family,module_id,version,sync_state_mod_time_millis,start_time,sync_state,context_id,time_type,proto_blob) VALUES (?,?,?,?,?,?,?,?,?,?,?)]: UNI
E/SQLiteDatabase(18348): Error inserting context_name=6 end_time=1443366929708 context_family=1 module_id=com.google.android.contextmanager.module.DetectedActivityProducer version=1 sync_state_mod_time_millis=1443366929717 start_time=1443366865828 sync_state=0 context_id=bf65cb52-2438-4c06-b019-dce90ef3bcc7 time_type=3 proto_blob=[B@3c3fbba
E/SQLiteDatabase(18348): android.database.sqlite.SQLiteConstraintException: UNIQUE constraint failed: context.context_id (code 2067)
E/SQLiteDatabase(18348): at android.database.sqlite.SQLiteConnection.nativeExecuteForLastInsertedRowId(Native Method)
E/SQLiteDatabase(18348): at android.database.sqlite.SQLiteConnection.executeForLastInsertedRowId(SQLiteConnection.java:782)
E/SQLiteDatabase(18348): at android.database.sqlite.SQLiteSession.executeForLastInsertedRowId(SQLiteSession.java:788)
E/SQLiteDatabase(18348): at android.database.sqlite.SQLiteStatement.executeInsert(SQLiteStatement.java:86)
E/SQLiteDatabase(18348): at android.database.sqlite.SQLiteDatabase.insertWithOnConflict(SQLiteDatabase.java:1471)
E/SQLiteDatabase(18348): at android.database.sqlite.SQLiteDatabase.insert(SQLiteDatabase.java:1341)
E/SQLiteDatabase(18348): at com.google.android.contextmanager.q.al.a(SourceFile:408)
E/SQLiteDatabase(18348): at com.google.android.contextmanager.q.al.b(SourceFile:383)
E/SQLiteDatabase(18348): at com.google.android.contextmanager.q.al.a(SourceFile:349)
E/SQLiteDatabase(18348): at com.google.android.contextmanager.q.al.b(SourceFile:376)
E/SQLiteDatabase(18348): at com.google.android.contextmanager.g.a.j.a(SourceFile:58)
E/SQLiteDatabase(18348): at com.google.android.contextmanager.g.a.a.run(SourceFile:52)
E/SQLiteDatabase(18348): at com.google.android.contextmanager.g.i.handleMessage(SourceFile:215)
E/SQLiteDatabase(18348): at android.os.Handler.dispatchMessage(Handler.java:102)
E/SQLiteDatabase(18348): at android.os.Looper.loop(Looper.java:135)
E/SQLiteDatabase(18348): at android.os.HandlerThread.run(HandlerThread.java:61)
I/WAKELOCK_RELEASE(608): TIMESTAMP=15388819152894, TAG=ContextManagerWakeLock, TYPE=PARTIAL_WAKE_LOCK , COUNT=0, PID=18348, UID=10007, FLAGS=
I/WAKELOCK_ACQUIRE(608): TIMESTAMP=15388819495456, TAG=ContextManagerWakeLock, TYPE=PARTIAL_WAKE_LOCK , COUNT=0, PID=18348, UID=10007, FLAGS=
I/WAKELOCK_RELEASE(608): TIMESTAMP=15388820106457, TAG=ContextManagerWakeLock, TYPE=PARTIAL_WAKE_LOCK , COUNT=0, PID=18348, UID=10007, FLAGS=
I/KERNEL (221): [15389.002229] iTCO_wdt: iTCO_wdt_keepalive E/EM FG ALGO Iface:(19602): E/EM FG ALGO Iface:(19602): Failed to get File Descriptor E/EM FG ALGO Iface:(19603): E/EM FG ALGO Iface:(19603): Failed to get File Descriptor
I/WAKELOCK_ACQUIRE(608): TIMESTAMP=15398817303539, TAG=*alarm*, TYPE=PARTIAL_WAKE_LOCK , COUNT=0, PID=608, UID=1000, FLAGS=
V/AlarmManager(608): triggered: act=ALARM_WAKEUP15074820 Pkg: com.google.android.gms
I/WAKELOCK_ACQUIRE(608): TIMESTAMP=15398825461050, TAG=ContextManagerWakeLock, TYPE=PARTIAL_WAKE_LOCK , COUNT=0, PID=18348, UID=10007, FLAGS=
I/WAKELOCK_RELEASE(608): TIMESTAMP=15398827147126, TAG=*alarm*, TYPE=PARTIAL_WAKE_LOCK , COUNT=0, PID=608, UID=1000, FLAGS=
I/KERNEL (221): [15399.002511] iTCO_wdt: iTCO_wdt_keepalive
I/WAKELOCK_RELEASE(608): TIMESTAMP=15398831026442, TAG=ContextManagerWakeLock, TYPE=PARTIAL_WAKE_LOCK , COUNT=0, PID=18348, UID=10007, FLAGS= E/EM FG ALGO Iface:(19606): E/EM FG ALGO Iface:(19606): Failed to get File Descriptor E/EM FG ALGO Iface:(19607): E/EM FG ALGO Iface:(19607): Failed to get File Descriptor
I/CRASHLOG(267): [IPTRAK] check_iptrak_file: Initial value of 'need_update' 0.
I/CRASHLOG(267): [IPTRAK] check_iptrak_file: Force update value 0.
I/CRASHLOG(267): [IPTRAK] check_iptrak_file: 'need_update' value 0.
D/CRASHCONFIG(267): init_config_file start
D/CRASHCONFIG(267): file opened
D/CRASHCONFIG(267): before while
W/CRASHLOG(267): [INGR]: modem Props
E/libdmi (267): Failed to open /sys/firmware/dmi/entries/148-0/raw : No such file or directory
E/libdmi (267): Failed to open /sys/firmware/dmi/entries/148-0/raw : No such file or directory
E/libdmi (267): Failed to open /sys/firmware/dmi/entries/148-0/raw : No such file or directory
E/libdmi (267): Failed to open /sys/firmware/dmi/entries/148-0/raw : No such file or directory
E/libdmi (267): Failed to open /sys/firmware/dmi/entries/148-0/raw : No such file or directory
E/libdmi (267): Failed to open /sys/firmware/dmi/entries/148-0/raw : No such file or directory
E/libdmi (267): Failed to open /sys/firmware/dmi/entries/148-0/raw : No such file or directory
E/libdmi (267): Failed to open /sys/firmware/dmi/entries/148-0/raw : No such file or directory
I/CRASHLOG(267): [INGR]: No diff between 0xf6e010f0 and 0xf6e01178 E/EM FG ALGO Iface:(19608): E/EM FG ALGO Iface:(19608): Failed to get File Descriptor
I/KERNEL (221): [15409.003098] iTCO_wdt: iTCO_wdt_keepalive E/EM FG ALGO Iface:(19609): E/EM FG ALGO Iface:(19609): Failed to get File Descriptor E/EM FG ALGO Iface:(19610): E/EM FG ALGO Iface:(19610): Failed to get File Descriptor
I/KERNEL (221): [15419.003685] iTCO_wdt: iTCO_wdt_keepalive E/EM FG ALGO Iface:(19611): E/EM FG ALGO Iface:(19611): Failed to get File Descriptor E/EM FG ALGO Iface:(19612): E/EM FG ALGO Iface:(19612): Failed to get File Descriptor
I/KERNEL (221): [15429.004272] iTCO_wdt: iTCO_wdt_keepalive E/EM FG ALGO Iface:(19613): E/EM FG ALGO Iface:(19613): Failed to get File Descriptor
D/wpa_supplicant(685): wlan0: BSS: Remove id 910 BSSID e0:10:7f:6b:42:a9 SSID 'test' due to wpa_bss_flush_by_age
D/wpa_supplicant(685): CTRL_IFACE monitor sent successfully to /data/misc/wifi/sockets/wpa_ctrl_608-2\x00
D/wpa_supplicant(685): wlan0: BSS: Remove id 908 BSSID e0:10:7f:6b:42:a8 SSID 'Act-e-Tab' due to wpa_bss_flush_by_age
D/wpa_supplicant(685): CTRL_IFACE monitor sent successfully to /data/misc/wifi/sockets/wpa_ctrl_608-2\x00
D/wpa_supplicant(685): wlan0: BSS: Remove id 909 BSSID e0:10:7f:2b:42:a8 SSID 'Microtech' due to wpa_bss_flush_by_age
D/wpa_supplicant(685): CTRL_IFACE monitor sent successfully to /data/misc/wifi/sockets/wpa_ctrl_608-2\x00
D/wpa_supplicant(685): wlan0: BSS: Remove id 907 BSSID e0:10:7f:eb:42:a8 SSID 'test_dpsk' due to wpa_bss_flush_by_age
D/wpa_supplicant(685): CTRL_IFACE monitor sent successfully to /data/misc/wifi/sockets/wpa_ctrl_608-2\x00
D/wpa_supplicant(685): wlan0: BSS: Remove id 912 BSSID f0:b0:52:1b:d3:2c SSID 'etab_5GHz' due to wpa_bss_flush_by_age
D/wpa_supplicant(685): CTRL_IFACE monitor sent successfully to /data/misc/wifi/sockets/wpa_ctrl_608-2\x00
D/wpa_supplicant(685): wlan0: BSS: Remove id 911 BSSID e0:10:7f:2b:42:ac SSID 'etab_5GHz' due to wpa_bss_flush_by_age
D/wpa_supplicant(685): CTRL_IFACE monitor sent successfully to /data/misc/wifi/sockets/wpa_ctrl_608-2\x00
D/wpa_supplicant(685): wlan0: BSS: Remove id 914 BSSID f0:b0:52:db:d3:28 SSID 'test_dpsk' due to wpa_bss_flush_by_age
D/wpa_supplicant(685): CTRL_IFACE monitor sent successfully to /data/misc/wifi/sockets/wpa_ctrl_608-2\x00
D/wpa_supplicant(685): wlan0: BSS: Remove id 917 BSSID f0:b0:52:9b:d3:28 SSID 'e-tab' due to wpa_bss_flush_by_age
D/wpa_supplicant(685): CTRL_IFACE monitor sent successfully to /data/misc/wifi/sockets/wpa_ctrl_608-2\x00
D/wpa_supplicant(685): wlan0: BSS: Remove id 915 BSSID f0:b0:52:5b:d3:28 SSID 'Act-e-Tab' due to wpa_bss_flush_by_age
D/wpa_supplicant(685): CTRL_IFACE monitor sent successfully to /data/misc/wifi/sockets/wpa_ctrl_608-2\x00
D/wpa_supplicant(685): wlan0: BSS: Remove id 918 BSSID f0:b0:52:5b:d3:29 SSID 'test' due to wpa_bss_flush_by_age
D/wpa_supplicant(685): CTRL_IFACE monitor sent successfully to /data/misc/wifi/sockets/wpa_ctrl_608-2\x00
D/wpa_supplicant(685): wlan0: BSS: Remove id 916 BSSID f0:b0:52:1b:d3:28 SSID 'Microtech' due to wpa_bss_flush_by_age
D/wpa_supplicant(685): CTRL_IFACE monitor sent successfully to /data/misc/wifi/sockets/wpa_ctrl_608-2\x00
D/wpa_supplicant(685): wlan0: BSS: Remove id 919 BSSID 00:1d:8b:be:ce:1e SSID 'Alice-40774318' due to wpa_bss_flush_by_age
D/wpa_supplicant(685): CTRL_IFACE monitor sent successfully to /data/misc/wifi/sockets/wpa_ctrl_608-2\x00
D/wpa_supplicant(685): wlan0: BSS: Remove id 920 BSSID 90:72:40:1b:de:50 SSID 'Network Wi-Fi di BLS' due to wpa_bss_flush_by_age
D/wpa_supplicant(685): CTRL_IFACE monitor sent successfully to /data/misc/wifi/sockets/wpa_ctrl_608-2\x00
D/wpa_supplicant(685): wlan0: BSS: Remove id 925 BSSID 00:1d:6a:70:bb:e4 SSID 'Alice-75160292' due to wpa_bss_flush_by_age
D/wpa_supplicant(685): CTRL_IFACE monitor sent successfully to /data/misc/wifi/sockets/wpa_ctrl_608-2\x00
D/wpa_supplicant(685): wlan0: BSS: Remove id 923 BSSID e0:10:7f:2b:42:a9 SSID 'microtech_ospiti' due to wpa_bss_flush_by_age
D/wpa_supplicant(685): CTRL_IFACE monitor sent successfully to /data/misc/wifi/sockets/wpa_ctrl_608-2\x00
D/wpa_supplicant(685): wlan0: BSS: Remove id 924 BSSID f0:b0:52:1b:d3:29 SSID 'microtech_ospiti' due to wpa_bss_flush_by_age
D/wpa_supplicant(685): CTRL_IFACE monitor sent successfully to /data/misc/wifi/sockets/wpa_ctrl_608-2\x00 E/EM FG ALGO Iface:(19614): E/EM FG ALGO Iface:(19614): Failed to get File Descriptor
I/KERNEL (221): [15439.004865] iTCO_wdt: iTCO_wdt_keepalive
I/WAKELOCK_RELEASE(608): TIMESTAMP=15443202801261, TAG=RILJ, TYPE=PARTIAL_WAKE_LOCK , COUNT=0, PID=1228, UID=1001, FLAGS=
I/KERNEL (16720): [15443.861682] PM: suspend entry 2015-09-27 15:16:24.646090875 UTC
I/KERNEL (16720): [15443.861743] PM: Syncing filesystems ...
I/KERNEL (16720): done.
I/KERNEL (16720): [15443.865213] PM: Preparing system for mem sleep E/EM FG ALGO Iface:(19620): E/EM FG ALGO Iface:(19620): Failed to get File Descriptor
I/KERNEL (16720): [15444.161889] Freezing user space processes ...
I/KERNEL (16720):
I/KERNEL (16720): [15444.162507] last active wakeup source: eventpoll
I/KERNEL (16720): [15444.162534]
I/KERNEL (16720): [15444.162552] Freezing of tasks aborted after 0.000 seconds (23 tasks refusing to freeze, wq_busy=0, wq_name=(null)):
I/KERNEL (16720): [15444.174755]
I/KERNEL (16720): [15444.174821] Restarting tasks ...
I/KERNEL (16720): done.
I/KERNEL (16720): [15444.176263] video LNXVIDEO:00: Restoring backlight state
I/KERNEL (16720): [15444.176286] PM: suspend exit 2015-09-27 15:16:24.960710388 UTC
I/KERNEL (16720): [15444.177063] PM: suspend entry 2015-09-27 15:16:24.961469756 UTC
I/KERNEL (16720): [15444.177166] PM: Syncing filesystems ...
I/KERNEL (16720): done.
I/KERNEL (16720): [15444.184465] PM: Preparing system for mem sleep
I/KERNEL (16720): [15444.185020] Freezing user space processes ...
I/KERNEL (16720): (elapsed 0.001 seconds)
I/KERNEL (16720): done.
I/KERNEL (16720):
I/KERNEL (16720): [15444.186736] Freezing remaining freezable tasks ...
I/KERNEL (16720): (elapsed 0.001 seconds)
I/KERNEL (16720): done.
I/KERNEL (16720):
I/KERNEL (16720): [15444.188604] PM: Entering mem sleep
I/KERNEL (16720): [15444.188610] Suspending console(s) (use no_console_suspend to debug)
I/KERNEL (16720): [15444.199355] i915 0000:00:02.0: setting latency timer to 64
I/KERNEL (16720): [15444.204896] [drm:valleyview_enable_rps] *ERROR* GT fifo had a previous error 10
I/KERNEL (16720): [15444.206977] atomisp-css2400b0_v21 0000:00:03.0: DFS target frequency=200.
I/KERNEL (16720): [15444.341830] xhci_hcd 0000:00:14.0: power state changed by ACPI to D0
I/KERNEL (16720): [15444.361878] xhci_hcd 0000:00:14.0: power state changed by ACPI to D0
I/KERNEL (16720): [15444.381741] xhci_hcd 0000:00:14.0: setting latency timer to 64
I/KERNEL (16720): [15444.446189] snd_intel_sst: runtime_resume called
I/KERNEL (16720): [15444.564757] acm_suspend[0][ACM4][531][bc2][47][8d][0][1]
I/KERNEL (16720): [15444.565763] acm_suspend[0][ACM3][154a][1b16][178][179][0][1]
I/KERNEL (16720): [15444.567063] bcmsdh_sdmmc_suspend Enter
I/KERNEL (16720): [15444.567091] bcmsdh_sdmmc_suspend Enter
I/KERNEL (16720): [15445.433018] snd_intel_sst: runtime_suspend called
I/KERNEL (16720): [15445.433759] [xhci_pci_suspend], xhci_root_hub pointer:0x77179000
I/KERNEL (16720): [15445.433829] XHCI: port 1, portsc 0xe63
I/KERNEL (16720): [15445.433935] atomisp-css2400b0_v21 0000:00:03.0: DFS target frequency=200.
I/KERNEL (16720): [15445.642425] PM: suspend of devices complete after 1078.439 msecs
I/KERNEL (16720): [15445.647721] PM: late suspend of devices complete after 5.240 msecs
I/KERNEL (16720): [15445.721415] xhci_hcd 0000:00:14.0: power state changed by ACPI to D3hot
I/KERNEL (16720): [15445.732076] PM: noirq suspend of devices complete after 84.337 msecs
I/KERNEL (16720): [15445.732085] Disabling non-boot CPUs ...
I/KERNEL (16720): [15445.735326] smpboot: CPU 1 is now offline
I/KERNEL (16720): [15445.739778] smpboot: CPU 2 is now offline
I/KERNEL (16720): [15445.743805] smpboot: CPU 3 is now offline
I/KERNEL (16720): [15446.343336] Suspended for 1.000 seconds
I/KERNEL (16720): [15446.343681] Enabling non-boot CPUs ...
I/KERNEL (16720): [15446.343849] SMP alternatives: lockdep: fixing up alternatives
I/KERNEL (16720): [15446.343861] smpboot: Booting Node 0 Processor 1 APIC 0x2
I/KERNEL (16720): [15446.360779] Skipped synchronization checks as TSC is reliable.
I/KERNEL (16720): [15446.362080] CPU1 is up
I/KERNEL (16720): [15446.362216] SMP alternatives: lockdep: fixing up alternatives
I/KERNEL (16720): [15446.362227] smpboot: Booting Node 0 Processor 2 APIC 0x4
I/KERNEL (16720): [15446.379291] Skipped synchronization checks as TSC is reliable.
I/KERNEL (16720): [15446.380695] CPU2 is up
I/KERNEL (16720): [15446.380742] SMP alternatives: lockdep: fixing up alternatives
I/KERNEL (16720): [15446.380745] smpboot: Booting Node 0 Processor 3 APIC 0x6
I/KERNEL (16720): [15446.397631] Skipped synchronization checks as TSC is reliable.
I/KERNEL (16720): [15446.399688] CPU3 is up
I/KERNEL (16720): [15446.539786] xhci_hcd 0000:00:14.0: power state changed by ACPI to D0
I/KERNEL (16720): [15446.549998] xhci_hcd 0000:00:14.0: power state changed by ACPI to D0
I/KERNEL (16720): [15446.564528] PM: noirq resume of devices complete after 163.719 msecs
I/KERNEL (16720): [15446.564538] Wakeup from IRQ 0
I/KERNEL (16720): [15446.564597] Wakeup from IRQ 36 i2c-designware-5
I/KERNEL (16720): [15446.564777] Wakeup from IRQ 389 GODX0911:00
I/KERNEL (16720): [15446.564801] Wakeup from IRQ 401 bcmsdh_sdmmc
I/KERNEL (16720): [15446.564854] Wakeup from IRQ 456
I/KERNEL (16720): [15446.564860] Wakeup from IRQ 457
I/KERNEL (16720): [15446.564873] Wakeup from IRQ 464
I/KERNEL (16720): [15446.564879] Wakeup from IRQ 465
I/KERNEL (16720): [15446.564901] Wakeup from IRQ 483
I/KERNEL (16720): [15446.564907] Wakeup from IRQ 484
I/KERNEL (16720): [15446.564913] Wakeup from IRQ 485
I/KERNEL (16720): [15446.564919] Wakeup from IRQ 486
I/KERNEL (16720): [15446.564935] Wakeup from IRQ 498
I/KERNEL (16720): [15446.564941] Wakeup from IRQ 499
I/KERNEL (16720): [15446.564948] Wakeup from IRQ 501
I/KERNEL (16720): [15446.564954] Wakeup from IRQ 502
I/KERNEL (16720): [15446.564959] Wakeup from IRQ 503
I/KERNEL (16720): [15446.571223] PM: early resume of devices complete after 6.201 msecs
I/KERNEL (16720): [15446.571433] i915 0000:00:02.0: setting latency timer to 64
I/KERNEL (16720): [15446.571505] atomisp-css2400b0_v21 0000:00:03.0: DFS target frequency=200.
I/KERNEL (16720): [15446.572020] xhci_hcd 0000:00:14.0: power state changed by ACPI to D0
I/KERNEL (16720): [15446.572051] xhci_hcd 0000:00:14.0: setting latency timer to 64
I/KERNEL (16720): [15446.573437] mei_txe 0000:00:1a.0: irq 103 for MSI/MSI-X
I/KERNEL (16720): [15446.576769] [drm:valleyview_enable_rps] *ERROR* GT fifo had a previous error 10
I/KERNEL (16720): [15446.579325] snd_intel_sst: runtime_resume called
I/KERNEL (16720): [15446.650318] bcmsdh_sdmmc_resume Enter
I/KERNEL (16720): [15446.650335] bcmsdh_sdmmc_resume Enter
I/KERNEL (16720): [15446.662074] PM: resume of devices complete after 90.830 msecs
I/KERNEL (16720): [15446.707774] PM: Finishing wakeup.
I/KERNEL (16720): [15446.707839] Restarting tasks ...
I/KERNEL (16720): done.
I/KERNEL (16720): [15446.712523] video LNXVIDEO:00: Restoring backlight state
I/KERNEL (17738): [15446.712649] atomisp-css2400b0_v21 0000:00:03.0: DFS target frequency=200.
I/KERNEL (16720): [15446.722753] PM: suspend exit 2015-09-27 15:16:27.507161070 UTC
I/KERNEL (19657): [15446.722876] snd_intel_sst: runtime_idle called
I/KERNEL (19657): [15446.722892] snd_intel_sst: runtime_suspend called
I/KERNEL (16720): [15447.150422] PM: suspend entry 2015-09-27 15:16:27.934814005 UTC
I/KERNEL (16720): [15447.150484] PM: Syncing filesystems ...
I/KERNEL (16720): done.
I/KERNEL (16720): [15447.183998] PM: Preparing system for mem sleep
I/KERNEL (16720): [15447.184348] Freezing user space processes ...
I/KERNEL (16720): (elapsed 0.001 seconds)
I/KERNEL (16720): done.
I/KERNEL (16720):
I/KERNEL (16720): [15447.185740] Freezing remaining freezable tasks ...
I/KERNEL (16720): (elapsed 0.001 seconds)
I/KERNEL (16720): done.
I/KERNEL (16720):
I/KERNEL (16720): [15447.187453] PM: Entering mem sleep
I/KERNEL (16720): [15447.187461] Suspending console(s) (use no_console_suspend to debug)
I/KERNEL (16720): [15447.198243] i915 0000:00:02.0: setting latency timer to 64
I/KERNEL (16720): [15447.205151] atomisp-css2400b0_v21 0000:00:03.0: DFS target frequency=200.
I/KERNEL (16720): [15447.266485] snd_intel_sst: runtime_resume called
I/KERNEL (16720): [15447.286594] acm_suspend[0][ACM4][531][bc2][47][8d][0][1]
I/KERNEL (16720): [15447.287313] acm_suspend[0][ACM3][154a][1b16][178][179][0][1]
I/KERNEL (16720): [15447.288877] bcmsdh_sdmmc_suspend Enter
I/KERNEL (16720): [15447.288896] bcmsdh_sdmmc_suspend Enter
I/KERNEL (16720): [15448.151258] snd_intel_sst: runtime_suspend called
I/KERNEL (16720): [15448.152220] [xhci_pci_suspend], xhci_root_hub pointer:0x77179000
I/KERNEL (16720): [15448.152283] XHCI: port 1, portsc 0xe63
I/KERNEL (16720): [15448.152385] atomisp-css2400b0_v21 0000:00:03.0: DFS target frequency=200.
I/KERNEL (16720): [15448.360572] PM: suspend of devices complete after 1075.350 msecs
I/KERNEL (16720): [15448.365864] PM: late suspend of devices complete after 5.237 msecs
I/KERNEL (16720): [15448.439792] xhci_hcd 0000:00:14.0: power state changed by ACPI to D3hot
I/KERNEL (16720): [15448.450427] PM: noirq suspend of devices complete after 84.543 msecs
I/KERNEL (16720): [15448.450436] Disabling non-boot CPUs ...
I/KERNEL (16720): [15448.453684] smpboot: CPU 1 is now offline
I/KERNEL (16720): [15448.457952] smpboot: CPU 2 is now offline
I/KERNEL (16720): [15448.461692] smpboot: CPU 3 is now offline
I/KERNEL (16720): [15458.878704] Suspended for 11.000 seconds
I/KERNEL (16720): [15458.879130] Enabling non-boot CPUs ...
I/KERNEL (16720): [15458.879298] SMP alternatives: lockdep: fixing up alternatives
I/KERNEL (16720): [15458.879310] smpboot: Booting Node 0 Processor 1 APIC 0x2
I/KERNEL (16720): [15458.896248] Skipped synchronization checks as TSC is reliable.
I/KERNEL (16720): [15458.897589] CPU1 is up
I/KERNEL (16720): [15458.897731] SMP alternatives: lockdep: fixing up alternatives
I/KERNEL (16720): [15458.897743] smpboot: Booting Node 0 Processor 2 APIC 0x4
I/KERNEL (16720): [15458.914790] Skipped synchronization checks as TSC is reliable.
I/KERNEL (16720): [15458.916545] CPU2 is up
I/KERNEL (16720): [15458.916589] SMP alternatives: lockdep: fixing up alternatives
I/KERNEL (16720): [15458.916593] smpboot: Booting Node 0 Processor 3 APIC 0x6
I/KERNEL (16720): [15458.933478] Skipped synchronization checks as TSC is reliable.
I/KERNEL (16720): [15458.935492] CPU3 is up
I/KERNEL (16720): [15459.055809] xhci_hcd 0000:00:14.0: power state changed by ACPI to D0
I/KERNEL (16720): [15459.066037] xhci_hcd 0000:00:14.0: power state changed by ACPI to D0
