D/wpa_supplicant(685): wlan0: BSS: Add new id 959 BSSID 00:1d:8b:be:ce:1e SSID 'Alice-40774318'
D/wpa_supplicant(685): CTRL_IFACE monitor sent successfully to /data/misc/wifi/sockets/wpa_ctrl_608-2\x00
D/wpa_supplicant(685): wlan0: BSS: Add new id 960 BSSID 90:72:40:1b:de:50 SSID 'Network Wi-Fi di BLS'
D/wpa_supplicant(685): CTRL_IFACE monitor sent successfully to /data/misc/wifi/sockets/wpa_ctrl_608-2\x00
D/wpa_supplicant(685): wlan0: BSS: Add new id 961 BSSID 00:1d:6a:70:bb:e4 SSID 'Alice-75160292'
D/wpa_supplicant(685): CTRL_IFACE monitor sent successfully to /data/misc/wifi/sockets/wpa_ctrl_608-2\x00
D/wpa_supplicant(685): wlan0: BSS: Add new id 962 BSSID d0:d4:12:f3:c9:62 SSID 'FASTWEB-1-J711x7RdMtKn'
D/wpa_supplicant(685): CTRL_IFACE monitor sent successfully to /data/misc/wifi/sockets/wpa_ctrl_608-2\x00
D/wpa_supplicant(685): wlan0: BSS: Add new id 963 BSSID 00:50:fc:d6:0b:37 SSID 'default'
D/wpa_supplicant(685): CTRL_IFACE monitor sent successfully to /data/misc/wifi/sockets/wpa_ctrl_608-2\x00
D/wpa_supplicant(685): wlan0: BSS: Add new id 964 BSSID e0:10:7f:2b:42:a9 SSID 'microtech_ospiti'
D/wpa_supplicant(685): CTRL_IFACE monitor sent successfully to /data/misc/wifi/sockets/wpa_ctrl_608-2\x00
D/wpa_supplicant(685): wlan0: BSS: Add new id 965 BSSID f0:b0:52:1b:d3:29 SSID 'microtech_ospiti'
D/wpa_supplicant(685): CTRL_IFACE monitor sent successfully to /data/misc/wifi/sockets/wpa_ctrl_608-2\x00
D/wpa_supplicant(685): BSS: last_scan_res_used=19/32
D/wpa_supplicant(685): Add access point on channel 60 [BANNED]
D/wpa_supplicant(685): Best Operating channel is = 44
D/wpa_supplicant(685): wlan0: Scan-only results received
D/wpa_supplicant(685): CTRL_IFACE monitor sent successfully to /data/misc/wifi/sockets/wpa_ctrl_608-2\x00
D/wpa_supplicant(685): wlan0: Radio work 'scan'@0xf6e18520 done in 2.361260 seconds
I/KERNEL (17739): [15748.626842] acm_suspend[1][ACM3][154a][1b16][178][179][0][1]
D/wpa_supplicant(685): RTM_NEWLINK: ifi_index=6 ifname=wlan0 wext ifi_flags=0x11043 ([UP][RUNNING][LOWER_UP])
D/wpa_supplicant(685): wlan0: Control interface command 'BSS RANGE=0- MASK=0x21987'
D/wpa_supplicant(685): wlan0: Control interface command 'STATUS-NO_EVENTS'
I/KERNEL (17739): [15748.666257] [xhci_pci_suspend], xhci_root_hub pointer:0x77179000
I/KERNEL (17739): [15748.666359] XHCI: port 1, portsc 0xc000e63
I/KERNEL (17739): [15748.766150] xhci_hcd 0000:00:14.0: power state changed by ACPI to D3cold E/EM FG ALGO Iface:(19735): E/EM FG ALGO Iface:(19735): Failed to get File Descriptor
V/AlarmManager(608): triggered: act=ALARM_WAKEUP_LOCATOR Pkg: com.google.android.gms
I/WAKELOCK_ACQUIRE(608): TIMESTAMP=15751103301285, TAG=RILJ, TYPE=PARTIAL_WAKE_LOCK , COUNT=0, PID=1228, UID=1001, FLAGS=
I/KERNEL (221): [15756.248394] iTCO_wdt: iTCO_wdt_keepalive E/EM FG ALGO Iface:(19736): E/EM FG ALGO Iface:(19736): Failed to get File Descriptor
I/WAKELOCK_ACQUIRE(608): TIMESTAMP=15756110528431, TAG=RILJ, TYPE=PARTIAL_WAKE_LOCK , COUNT=0, PID=1228, UID=1001, FLAGS= E/EM FG ALGO Iface:(19737): E/EM FG ALGO Iface:(19737): Failed to get File Descriptor
D/WifiService(608): releaseWifiLockLocked: WifiLock{NlpWifiLock type=2 binder=android.os.BinderProxy@1aa13b63}
I/WAKELOCK_RELEASE(608): TIMESTAMP=15761124039393, TAG=NlpWakeLock, TYPE=PARTIAL_WAKE_LOCK , COUNT=0, PID=18348, UID=10007, FLAGS=
I/WAKELOCK_ACQUIRE(608): TIMESTAMP=15761125666717, TAG=NlpWakeLock, TYPE=PARTIAL_WAKE_LOCK , COUNT=0, PID=18348, UID=10007, FLAGS=
I/WAKELOCK_RELEASE(608): TIMESTAMP=15761130564360, TAG=NlpWakeLock, TYPE=PARTIAL_WAKE_LOCK , COUNT=0, PID=18348, UID=10007, FLAGS=
I/WAKELOCK_ACQUIRE(608): TIMESTAMP=15761131485848, TAG=NlpWakeLock, TYPE=PARTIAL_WAKE_LOCK , COUNT=0, PID=18348, UID=10007, FLAGS=
I/WAKELOCK_ACQUIRE(608): TIMESTAMP=15761132627666, TAG=GCoreFlp, TYPE=PARTIAL_WAKE_LOCK , COUNT=0, PID=18348, UID=10007, FLAGS=
I/WAKELOCK_ACQUIRE(608): TIMESTAMP=15761134523764, TAG=GCoreFlp, TYPE=PARTIAL_WAKE_LOCK , COUNT=0, PID=18348, UID=10007, FLAGS=
I/WAKELOCK_RELEASE(608): TIMESTAMP=15761135747098, TAG=GCoreFlp, TYPE=PARTIAL_WAKE_LOCK , COUNT=0, PID=18348, UID=10007, FLAGS=
I/WAKELOCK_ACQUIRE(608): TIMESTAMP=15761136482767, TAG=GCoreFlp, TYPE=PARTIAL_WAKE_LOCK , COUNT=0, PID=18348, UID=10007, FLAGS=
I/WAKELOCK_RELEASE(608): TIMESTAMP=15761137051396, TAG=NlpWakeLock, TYPE=PARTIAL_WAKE_LOCK , COUNT=0, PID=18348, UID=10007, FLAGS=
I/WAKELOCK_RELEASE(608): TIMESTAMP=15761137856748, TAG=GCoreFlp, TYPE=PARTIAL_WAKE_LOCK , COUNT=0, PID=18348, UID=10007, FLAGS=
I/WAKELOCK_ACQUIRE(608): TIMESTAMP=15761140832325, TAG=NlpWakeLock, TYPE=PARTIAL_WAKE_LOCK , COUNT=0, PID=18348, UID=10007, FLAGS=
I/WAKELOCK_RELEASE(608): TIMESTAMP=15761141725864, TAG=GCoreFlp, TYPE=PARTIAL_WAKE_LOCK , COUNT=0, PID=18348, UID=10007, FLAGS=
I/WAKELOCK_RELEASE(608): TIMESTAMP=15761145485242, TAG=NlpWakeLock, TYPE=PARTIAL_WAKE_LOCK , COUNT=0, PID=18348, UID=10007, FLAGS=
I/WAKELOCK_ACQUIRE(608): TIMESTAMP=15761148807413, TAG=NlpWakeLock, TYPE=PARTIAL_WAKE_LOCK , COUNT=0, PID=18348, UID=10007, FLAGS=
I/WAKELOCK_ACQUIRE(608): TIMESTAMP=15761152342427, TAG=NlpWakeLock, TYPE=PARTIAL_WAKE_LOCK , COUNT=0, PID=18348, UID=10007, FLAGS=
I/WAKELOCK_RELEASE(608): TIMESTAMP=15761157645333, TAG=NlpWakeLock, TYPE=PARTIAL_WAKE_LOCK , COUNT=0, PID=18348, UID=10007, FLAGS=
I/WAKELOCK_ACQUIRE(608): TIMESTAMP=15761158966802, TAG=GCoreFlp, TYPE=PARTIAL_WAKE_LOCK , COUNT=0, PID=18348, UID=10007, FLAGS=
I/WAKELOCK_ACQUIRE(608): TIMESTAMP=15761159667131, TAG=NlpWakeLock, TYPE=PARTIAL_WAKE_LOCK , COUNT=0, PID=18348, UID=10007, FLAGS=
I/WAKELOCK_ACQUIRE(608): TIMESTAMP=15761160831077, TAG=GCoreFlp, TYPE=PARTIAL_WAKE_LOCK , COUNT=0, PID=18348, UID=10007, FLAGS=
I/WAKELOCK_RELEASE(608): TIMESTAMP=15761161754592, TAG=GCoreFlp, TYPE=PARTIAL_WAKE_LOCK , COUNT=0, PID=18348, UID=10007, FLAGS=
I/WAKELOCK_ACQUIRE(608): TIMESTAMP=15761163068322, TAG=GCoreFlp, TYPE=PARTIAL_WAKE_LOCK , COUNT=0, PID=18348, UID=10007, FLAGS=
I/WAKELOCK_RELEASE(608): TIMESTAMP=15761163897913, TAG=GCoreFlp, TYPE=PARTIAL_WAKE_LOCK , COUNT=0, PID=18348, UID=10007, FLAGS=
I/WAKELOCK_RELEASE(608): TIMESTAMP=15761164667194, TAG=NlpWakeLock, TYPE=PARTIAL_WAKE_LOCK , COUNT=0, PID=18348, UID=10007, FLAGS=
I/WAKELOCK_RELEASE(608): TIMESTAMP=15761166870094, TAG=GCoreFlp, TYPE=PARTIAL_WAKE_LOCK , COUNT=0, PID=18348, UID=10007, FLAGS=
I/WAKELOCK_ACQUIRE(608): TIMESTAMP=15761167455068, TAG=NlpWakeLock, TYPE=PARTIAL_WAKE_LOCK , COUNT=0, PID=18348, UID=10007, FLAGS=
I/WAKELOCK_ACQUIRE(608): TIMESTAMP=15761168910936, TAG=Wakeful StateMachine: GeofencerStateMachine, TYPE=PARTIAL_WAKE_LOCK , COUNT=0, PID=18348, UID=10007, FLAGS=
I/WAKELOCK_RELEASE(608): TIMESTAMP=15761171537663, TAG=NlpWakeLock, TYPE=PARTIAL_WAKE_LOCK , COUNT=0, PID=18348, UID=10007, FLAGS=
I/WAKELOCK_ACQUIRE(608): TIMESTAMP=15761174897550, TAG=UlrDispSvcFastWL, TYPE=PARTIAL_WAKE_LOCK , COUNT=0, PID=18348, UID=10007, FLAGS=
I/WAKELOCK_ACQUIRE(608): TIMESTAMP=15761177949663, TAG=NlpWakeLock, TYPE=PARTIAL_WAKE_LOCK , COUNT=0, PID=18348, UID=10007, FLAGS=
I/WAKELOCK_RELEASE(608): TIMESTAMP=15761195122609, TAG=*alarm*, TYPE=PARTIAL_WAKE_LOCK , COUNT=0, PID=608, UID=1000, FLAGS=
I/WAKELOCK_RELEASE(608): TIMESTAMP=15761195367264, TAG=NlpWakeLock, TYPE=PARTIAL_WAKE_LOCK , COUNT=0, PID=18348, UID=10007, FLAGS=
I/WAKELOCK_ACQUIRE(608): TIMESTAMP=15761197613173, TAG=ContextManagerWakeLock, TYPE=PARTIAL_WAKE_LOCK , COUNT=0, PID=18348, UID=10007, FLAGS=
I/WAKELOCK_RELEASE(608): TIMESTAMP=15761199798218, TAG=NlpWakeLock, TYPE=PARTIAL_WAKE_LOCK , COUNT=0, PID=18348, UID=10007, FLAGS=
E/SQLiteLog(18348): (2067) abort at 35 in [INSERT INTO context(context_name,end_time,context_family,module_id,version,sync_state_mod_time_millis,start_time,sync_state,context_id,time_type,proto_blob) VALUES (?,?,?,?,?,?,?,?,?,?,?)]: UNI
E/SQLiteDatabase(18348): Error inserting context_name=6 end_time=1443367302163 context_family=1 module_id=com.google.android.contextmanager.module.DetectedActivityProducer version=1 sync_state_mod_time_millis=1443367302176 start_time=1443367131608 sync_state=0 context_id=a6bce969-8e8d-405d-b395-c2d9cb28b6e8 time_type=3 proto_blob=[B@1303df1a
E/SQLiteDatabase(18348): android.database.sqlite.SQLiteConstraintException: UNIQUE constraint failed: context.context_id (code 2067)
E/SQLiteDatabase(18348): at android.database.sqlite.SQLiteConnection.nativeExecuteForLastInsertedRowId(Native Method)
E/SQLiteDatabase(18348): at android.database.sqlite.SQLiteConnection.executeForLastInsertedRowId(SQLiteConnection.java:782)
E/SQLiteDatabase(18348): at android.database.sqlite.SQLiteSession.executeForLastInsertedRowId(SQLiteSession.java:788)
E/SQLiteDatabase(18348): at android.database.sqlite.SQLiteStatement.executeInsert(SQLiteStatement.java:86)
E/SQLiteDatabase(18348): at android.database.sqlite.SQLiteDatabase.insertWithOnConflict(SQLiteDatabase.java:1471)
E/SQLiteDatabase(18348): at android.database.sqlite.SQLiteDatabase.insert(SQLiteDatabase.java:1341)
E/SQLiteDatabase(18348): at com.google.android.contextmanager.q.al.a(SourceFile:408)
E/SQLiteDatabase(18348): at com.google.android.contextmanager.q.al.b(SourceFile:383)
E/SQLiteDatabase(18348): at com.google.android.contextmanager.q.al.a(SourceFile:349)
E/SQLiteDatabase(18348): at com.google.android.contextmanager.q.al.b(SourceFile:376)
E/SQLiteDatabase(18348): at com.google.android.contextmanager.g.a.j.a(SourceFile:58)
E/SQLiteDatabase(18348): at com.google.android.contextmanager.g.a.a.run(SourceFile:52)
E/SQLiteDatabase(18348): at com.google.android.contextmanager.g.i.handleMessage(SourceFile:215)
E/SQLiteDatabase(18348): at android.os.Handler.dispatchMessage(Handler.java:102)
E/SQLiteDatabase(18348): at android.os.Looper.loop(Looper.java:135)
E/SQLiteDatabase(18348): at android.os.HandlerThread.run(HandlerThread.java:61)
I/WAKELOCK_RELEASE(608): TIMESTAMP=15761201285658, TAG=NlpWakeLock, TYPE=PARTIAL_WAKE_LOCK , COUNT=0, PID=18348, UID=10007, FLAGS=
I/WAKELOCK_RELEASE(608): TIMESTAMP=15761203030101, TAG=Wakeful StateMachine: GeofencerStateMachine, TYPE=PARTIAL_WAKE_LOCK , COUNT=0, PID=18348, UID=10007, FLAGS=
I/WAKELOCK_RELEASE(608): TIMESTAMP=15761204878308, TAG=UlrDispSvcFastWL, TYPE=PARTIAL_WAKE_LOCK , COUNT=0, PID=18348, UID=10007, FLAGS=
I/WAKELOCK_ACQUIRE(608): TIMESTAMP=15761205244090, TAG=NlpWakeLock, TYPE=PARTIAL_WAKE_LOCK , COUNT=0, PID=18348, UID=10007, FLAGS=
I/WAKELOCK_RELEASE(608): TIMESTAMP=15761207092945, TAG=NlpWakeLock, TYPE=PARTIAL_WAKE_LOCK , COUNT=0, PID=18348, UID=10007, FLAGS=
I/WAKELOCK_ACQUIRE(608): TIMESTAMP=15761208532314, TAG=NlpWakeLock, TYPE=PARTIAL_WAKE_LOCK , COUNT=0, PID=18348, UID=10007, FLAGS=
I/libgps (608): proxy_gps_inject_location(45.417465, 9.126058, 20.000000)
D/gpsd (263): WakeLock(Acquire,GPSD)
D/gpsd (263): WakeLock(Release,GPSD)
I/WAKELOCK_RELEASE(608): TIMESTAMP=15761210460092, TAG=NlpWakeLock, TYPE=PARTIAL_WAKE_LOCK , COUNT=0, PID=18348, UID=10007, FLAGS=
I/WAKELOCK_ACQUIRE(608): TIMESTAMP=15761212363079, TAG=NlpWakeLock, TYPE=PARTIAL_WAKE_LOCK , COUNT=0, PID=18348, UID=10007, FLAGS=
I/WAKELOCK_RELEASE(608): TIMESTAMP=15761214339325, TAG=NlpWakeLock, TYPE=PARTIAL_WAKE_LOCK , COUNT=0, PID=18348, UID=10007, FLAGS=
I/WAKELOCK_ACQUIRE(608): TIMESTAMP=15761215001314, TAG=GCoreFlp, TYPE=PARTIAL_WAKE_LOCK , COUNT=0, PID=18348, UID=10007, FLAGS=
I/WAKELOCK_ACQUIRE(608): TIMESTAMP=15761215239788, TAG=NlpWakeLock, TYPE=PARTIAL_WAKE_LOCK , COUNT=0, PID=18348, UID=10007, FLAGS=
I/WAKELOCK_ACQUIRE(608): TIMESTAMP=15761215403323, TAG=LocationManagerService, TYPE=PARTIAL_WAKE_LOCK , COUNT=0, PID=608, UID=1000, FLAGS=
I/WAKELOCK_ACQUIRE(608): TIMESTAMP=15761215877609, TAG=LocationManagerService, TYPE=PARTIAL_WAKE_LOCK , COUNT=0, PID=608, UID=1000, FLAGS=
I/WAKELOCK_ACQUIRE(608): TIMESTAMP=15761216110840, TAG=GCoreFlp, TYPE=PARTIAL_WAKE_LOCK , COUNT=0, PID=18348, UID=10007, FLAGS=
I/WAKELOCK_ACQUIRE(608): TIMESTAMP=15761216286363, TAG=LocationManagerService, TYPE=PARTIAL_WAKE_LOCK , COUNT=0, PID=608, UID=1000, FLAGS=
I/WAKELOCK_RELEASE(608): TIMESTAMP=15761216577254, TAG=LocationManagerService, TYPE=PARTIAL_WAKE_LOCK , COUNT=0, PID=608, UID=1000, FLAGS=
I/WAKELOCK_ACQUIRE(608): TIMESTAMP=15761217614420, TAG=GCoreFlp, TYPE=PARTIAL_WAKE_LOCK , COUNT=0, PID=18348, UID=10007, FLAGS=
I/WAKELOCK_RELEASE(608): TIMESTAMP=15761217934363, TAG=NlpWakeLock, TYPE=PARTIAL_WAKE_LOCK , COUNT=0, PID=18348, UID=10007, FLAGS=
I/WAKELOCK_ACQUIRE(608): TIMESTAMP=15761218064382, TAG=GCoreFlp, TYPE=PARTIAL_WAKE_LOCK , COUNT=0, PID=18348, UID=10007, FLAGS=
I/WAKELOCK_ACQUIRE(608): TIMESTAMP=15761218957298, TAG=NlpWakeLock, TYPE=PARTIAL_WAKE_LOCK , COUNT=0, PID=18348, UID=10007, FLAGS=
I/WAKELOCK_RELEASE(608): TIMESTAMP=15761219233368, TAG=LocationManagerService, TYPE=PARTIAL_WAKE_LOCK , COUNT=0, PID=608, UID=1000, FLAGS=
D/LocationFilter(18348): Forcing stable location. Original location:Location[fused 45,417465,9,126058 acc=20 et=+4h22m41s188ms] because connected WiFi network is the same, bssid=e0:10:7f:ab:42:a8
I/WAKELOCK_RELEASE(608): TIMESTAMP=15761220113288, TAG=GCoreFlp, TYPE=PARTIAL_WAKE_LOCK , COUNT=0, PID=18348, UID=10007, FLAGS=
I/WAKELOCK_ACQUIRE(608): TIMESTAMP=15761220615941, TAG=GCoreFlp, TYPE=PARTIAL_WAKE_LOCK , COUNT=0, PID=18348, UID=10007, FLAGS=
I/WAKELOCK_RELEASE(608): TIMESTAMP=15761221735236, TAG=NlpWakeLock, TYPE=PARTIAL_WAKE_LOCK , COUNT=0, PID=18348, UID=10007, FLAGS=
I/WAKELOCK_ACQUIRE(608): TIMESTAMP=15761222188018, TAG=NlpWakeLock, TYPE=PARTIAL_WAKE_LOCK , COUNT=0, PID=18348, UID=10007, FLAGS=
I/WAKELOCK_ACQUIRE(608): TIMESTAMP=15761222704207, TAG=Wakeful StateMachine: GeofencerStateMachine, TYPE=PARTIAL_WAKE_LOCK , COUNT=0, PID=18348, UID=10007, FLAGS=
I/art (608): Explicit concurrent mark sweep GC freed 28401(1736KB) AllocSpace objects, 1(16KB) LOS objects, 25% free, 46MB/62MB, paused 852us total 132.090ms
I/WAKELOCK_ACQUIRE(608): TIMESTAMP=15761355739741, TAG=GCoreFlp, TYPE=PARTIAL_WAKE_LOCK , COUNT=0, PID=18348, UID=10007, FLAGS=
I/WAKELOCK_RELEASE(608): TIMESTAMP=15761356857859, TAG=Wakeful StateMachine: GeofencerStateMachine, TYPE=PARTIAL_WAKE_LOCK , COUNT=0, PID=18348, UID=10007, FLAGS=
I/WAKELOCK_RELEASE(608): TIMESTAMP=15761358664066, TAG=NlpWakeLock, TYPE=PARTIAL_WAKE_LOCK , COUNT=0, PID=18348, UID=10007, FLAGS=
I/WAKELOCK_RELEASE(608): TIMESTAMP=15761358940869, TAG=GCoreFlp, TYPE=PARTIAL_WAKE_LOCK , COUNT=0, PID=18348, UID=10007, FLAGS=
I/WAKELOCK_RELEASE(608): TIMESTAMP=15761359302391, TAG=GCoreFlp, TYPE=PARTIAL_WAKE_LOCK , COUNT=0, PID=18348, UID=10007, FLAGS=
I/WAKELOCK_ACQUIRE(608): TIMESTAMP=15761369748543, TAG=UlrDispSvcFastWL, TYPE=PARTIAL_WAKE_LOCK , COUNT=0, PID=18348, UID=10007, FLAGS=
I/WAKELOCK_RELEASE(608): TIMESTAMP=15761371959052, TAG=ContextManagerWakeLock, TYPE=PARTIAL_WAKE_LOCK , COUNT=0, PID=18348, UID=10007, FLAGS=
I/WAKELOCK_ACQUIRE(608): TIMESTAMP=15761372420305, TAG=ContextManagerWakeLock, TYPE=PARTIAL_WAKE_LOCK , COUNT=0, PID=18348, UID=10007, FLAGS=
I/WAKELOCK_RELEASE(608): TIMESTAMP=15761373373269, TAG=ContextManagerWakeLock, TYPE=PARTIAL_WAKE_LOCK , COUNT=0, PID=18348, UID=10007, FLAGS=
I/WAKELOCK_RELEASE(608): TIMESTAMP=15761378189144, TAG=LocationManagerService, TYPE=PARTIAL_WAKE_LOCK , COUNT=0, PID=608, UID=1000, FLAGS=
I/WAKELOCK_RELEASE(608): TIMESTAMP=15761378663946, TAG=GCoreFlp, TYPE=PARTIAL_WAKE_LOCK , COUNT=0, PID=18348, UID=10007, FLAGS=
I/WAKELOCK_RELEASE(608): TIMESTAMP=15761379090208, TAG=GCoreFlp, TYPE=PARTIAL_WAKE_LOCK , COUNT=0, PID=18348, UID=10007, FLAGS=
I/WAKELOCK_RELEASE(608): TIMESTAMP=15761379484778, TAG=GCoreFlp, TYPE=PARTIAL_WAKE_LOCK , COUNT=0, PID=18348, UID=10007, FLAGS=
I/GCoreUlr(18348): Successfully inserted 1 locations
I/GCoreUlr(18348): Not calling LocationReporter, hasMoved: false, elapsed millis: 170246, request: Stationary(3600000)
I/WAKELOCK_RELEASE(608): TIMESTAMP=15761389408200, TAG=UlrDispSvcFastWL, TYPE=PARTIAL_WAKE_LOCK , COUNT=0, PID=18348, UID=10007, FLAGS=
I/KERNEL (221): [15766.248979] iTCO_wdt: iTCO_wdt_keepalive E/EM FG ALGO Iface:(19739): E/EM FG ALGO Iface:(19739): Failed to get File Descriptor
W/ProcessCpuTracker(608): Skipping unknown process pid 19739 E/EM FG ALGO Iface:(19740): E/EM FG ALGO Iface:(19740): Failed to get File Descriptor
V/AlarmManager(608): triggered: act=ALARM_WAKEUP15074820 Pkg: com.google.android.gms
I/WAKELOCK_ACQUIRE(608): TIMESTAMP=15771361533988, TAG=*alarm*, TYPE=PARTIAL_WAKE_LOCK , COUNT=0, PID=608, UID=1000, FLAGS=
I/WAKELOCK_ACQUIRE(608): TIMESTAMP=15771365079586, TAG=ContextManagerWakeLock, TYPE=PARTIAL_WAKE_LOCK , COUNT=0, PID=18348, UID=10007, FLAGS=
I/WAKELOCK_RELEASE(608): TIMESTAMP=15771367460554, TAG=*alarm*, TYPE=PARTIAL_WAKE_LOCK , COUNT=0, PID=608, UID=1000, FLAGS=
I/WAKELOCK_RELEASE(608): TIMESTAMP=15771368488985, TAG=ContextManagerWakeLock, TYPE=PARTIAL_WAKE_LOCK , COUNT=0, PID=18348, UID=10007, FLAGS=
I/KERNEL (221): [15776.249224] iTCO_wdt: iTCO_wdt_keepalive E/EM FG ALGO Iface:(19741): E/EM FG ALGO Iface:(19741): Failed to get File Descriptor E/EM FG ALGO Iface:(19742): E/EM FG ALGO Iface:(19742): Failed to get File Descriptor
I/KERNEL (221): [15786.249915] iTCO_wdt: iTCO_wdt_keepalive E/EM FG ALGO Iface:(19743): E/EM FG ALGO Iface:(19743): Failed to get File Descriptor E/EM FG ALGO Iface:(19744): E/EM FG ALGO Iface:(19744): Failed to get File Descriptor
I/KERNEL (221): [15796.250501] iTCO_wdt: iTCO_wdt_keepalive E/EM FG ALGO Iface:(19745): E/EM FG ALGO Iface:(19745): Failed to get File Descriptor E/EM FG ALGO Iface:(19746): E/EM FG ALGO Iface:(19746): Failed to get File Descriptor
I/WAKELOCK_ACQUIRE(608): TIMESTAMP=15806077774770, TAG=*alarm*, TYPE=PARTIAL_WAKE_LOCK , COUNT=0, PID=608, UID=1000, FLAGS=
I/KERNEL (221): [15806.251088] iTCO_wdt: iTCO_wdt_keepalive
I/WAKELOCK_RELEASE(608): TIMESTAMP=15806188725410, TAG=*alarm*, TYPE=PARTIAL_WAKE_LOCK , COUNT=0, PID=608, UID=1000, FLAGS=
I/art (1123): Explicit concurrent mark sweep GC freed 26364(1372KB) AllocSpace objects, 0(0B) LOS objects, 40% free, 12MB/20MB, paused 559us total 90.717ms E/EM FG ALGO Iface:(19749): E/EM FG ALGO Iface:(19749): Failed to get File Descriptor E/EM FG ALGO Iface:(19750): E/EM FG ALGO Iface:(19750): Failed to get File Descriptor
I/KERNEL (221): [15816.251673] iTCO_wdt: iTCO_wdt_keepalive
D/wpa_supplicant(685): wlan0: BSS: Remove id 948 BSSID e0:10:7f:2b:42:a8 SSID 'Microtech' due to wpa_bss_flush_by_age
D/wpa_supplicant(685): CTRL_IFACE monitor sent successfully to /data/misc/wifi/sockets/wpa_ctrl_608-2\x00
D/wpa_supplicant(685): wlan0: BSS: Remove id 949 BSSID e0:10:7f:eb:42:a8 SSID 'test_dpsk' due to wpa_bss_flush_by_age
D/wpa_supplicant(685): CTRL_IFACE monitor sent successfully to /data/misc/wifi/sockets/wpa_ctrl_608-2\x00
D/wpa_supplicant(685): wlan0: BSS: Remove id 950 BSSID e0:10:7f:6b:42:a9 SSID 'test' due to wpa_bss_flush_by_age
D/wpa_supplicant(685): CTRL_IFACE monitor sent successfully to /data/misc/wifi/sockets/wpa_ctrl_608-2\x00
D/wpa_supplicant(685): wlan0: BSS: Remove id 951 BSSID e0:10:7f:6b:42:a8 SSID 'Act-e-Tab' due to wpa_bss_flush_by_age
D/wpa_supplicant(685): CTRL_IFACE monitor sent successfully to /data/misc/wifi/sockets/wpa_ctrl_608-2\x00
D/wpa_supplicant(685): wlan0: BSS: Remove id 952 BSSID e0:10:7f:2b:42:ac SSID 'etab_5GHz' due to wpa_bss_flush_by_age
D/wpa_supplicant(685): CTRL_IFACE monitor sent successfully to /data/misc/wifi/sockets/wpa_ctrl_608-2\x00
D/wpa_supplicant(685): wlan0: BSS: Remove id 953 BSSID f0:b0:52:1b:d3:2c SSID 'etab_5GHz' due to wpa_bss_flush_by_age
D/wpa_supplicant(685): CTRL_IFACE monitor sent successfully to /data/misc/wifi/sockets/wpa_ctrl_608-2\x00
D/wpa_supplicant(685): wlan0: BSS: Remove id 954 BSSID f0:b0:52:5b:d3:28 SSID 'Act-e-Tab' due to wpa_bss_flush_by_age
D/wpa_supplicant(685): CTRL_IFACE monitor sent successfully to /data/misc/wifi/sockets/wpa_ctrl_608-2\x00
D/wpa_supplicant(685): wlan0: BSS: Remove id 955 BSSID f0:b0:52:1b:d3:28 SSID 'Microtech' due to wpa_bss_flush_by_age
D/wpa_supplicant(685): CTRL_IFACE monitor sent successfully to /data/misc/wifi/sockets/wpa_ctrl_608-2\x00
D/wpa_supplicant(685): wlan0: BSS: Remove id 956 BSSID f0:b0:52:db:d3:28 SSID 'test_dpsk' due to wpa_bss_flush_by_age
D/wpa_supplicant(685): CTRL_IFACE monitor sent successfully to /data/misc/wifi/sockets/wpa_ctrl_608-2\x00
D/wpa_supplicant(685): wlan0: BSS: Remove id 957 BSSID f0:b0:52:9b:d3:28 SSID 'e-tab' due to wpa_bss_flush_by_age
D/wpa_supplicant(685): CTRL_IFACE monitor sent successfully to /data/misc/wifi/sockets/wpa_ctrl_608-2\x00
D/wpa_supplicant(685): wlan0: BSS: Remove id 958 BSSID f0:b0:52:5b:d3:29 SSID 'test' due to wpa_bss_flush_by_age
D/wpa_supplicant(685): CTRL_IFACE monitor sent successfully to /data/misc/wifi/sockets/wpa_ctrl_608-2\x00
D/wpa_supplicant(685): wlan0: BSS: Remove id 959 BSSID 00:1d:8b:be:ce:1e SSID 'Alice-40774318' due to wpa_bss_flush_by_age
D/wpa_supplicant(685): CTRL_IFACE monitor sent successfully to /data/misc/wifi/sockets/wpa_ctrl_608-2\x00
D/wpa_supplicant(685): wlan0: BSS: Remove id 960 BSSID 90:72:40:1b:de:50 SSID 'Network Wi-Fi di BLS' due to wpa_bss_flush_by_age
D/wpa_supplicant(685): CTRL_IFACE monitor sent successfully to /data/misc/wifi/sockets/wpa_ctrl_608-2\x00
D/wpa_supplicant(685): wlan0: BSS: Remove id 961 BSSID 00:1d:6a:70:bb:e4 SSID 'Alice-75160292' due to wpa_bss_flush_by_age
D/wpa_supplicant(685): CTRL_IFACE monitor sent successfully to /data/misc/wifi/sockets/wpa_ctrl_608-2\x00
D/wpa_supplicant(685): wlan0: BSS: Remove id 962 BSSID d0:d4:12:f3:c9:62 SSID 'FASTWEB-1-J711x7RdMtKn' due to wpa_bss_flush_by_age
D/wpa_supplicant(685): CTRL_IFACE monitor sent successfully to /data/misc/wifi/sockets/wpa_ctrl_608-2\x00
D/wpa_supplicant(685): wlan0: BSS: Remove id 963 BSSID 00:50:fc:d6:0b:37 SSID 'default' due to wpa_bss_flush_by_age
D/wpa_supplicant(685): CTRL_IFACE monitor sent successfully to /data/misc/wifi/sockets/wpa_ctrl_608-2\x00
D/wpa_supplicant(685): wlan0: BSS: Remove id 964 BSSID e0:10:7f:2b:42:a9 SSID 'microtech_ospiti' due to wpa_bss_flush_by_age
D/wpa_supplicant(685): CTRL_IFACE monitor sent successfully to /data/misc/wifi/sockets/wpa_ctrl_608-2\x00
D/wpa_supplicant(685): wlan0: BSS: Remove id 965 BSSID f0:b0:52:1b:d3:29 SSID 'microtech_ospiti' due to wpa_bss_flush_by_age
D/wpa_supplicant(685): CTRL_IFACE monitor sent successfully to /data/misc/wifi/sockets/wpa_ctrl_608-2\x00
I/WAKELOCK_RELEASE(608): TIMESTAMP=15816173197192, TAG=RILJ, TYPE=PARTIAL_WAKE_LOCK , COUNT=0, PID=1228, UID=1001, FLAGS=
I/KERNEL (16720): [15816.359152] PM: suspend entry 2015-09-27 15:22:37.141695239 UTC
I/KERNEL (16720): [15816.359214] PM: Syncing filesystems ...
I/KERNEL (16720): done.
I/KERNEL (16720): [15816.367388] PM: Preparing system for mem sleep
I/KERNEL (16720): [15816.447652] Freezing user space processes ...
I/KERNEL (16720):
I/KERNEL (16720): [15816.448476] last active wakeup source: eventpoll
I/KERNEL (16720): [15816.448508]
I/KERNEL (16720): [15816.448530] Freezing of tasks aborted after 0.000 seconds (23 tasks refusing to freeze, wq_busy=0, wq_name=(null)):
I/KERNEL (16720): [15816.460293]
I/KERNEL (16720): [15816.460315] Restarting tasks ...
I/KERNEL (16720): done.
I/KERNEL (16720): [15816.461771] video LNXVIDEO:00: Restoring backlight state
I/KERNEL (16720): [15816.461811] PM: suspend exit 2015-09-27 15:22:37.244364073 UTC
I/KERNEL (16720): [15816.462436] PM: suspend entry 2015-09-27 15:22:37.244986282 UTC
I/KERNEL (16720): [15816.462476] PM: Syncing filesystems ...
I/KERNEL (16720): done.
I/KERNEL (16720): [15816.465517] PM: Preparing system for mem sleep
I/KERNEL (16720): [15816.466304] Freezing user space processes ...
I/KERNEL (16720): (elapsed 0.002 seconds)
I/KERNEL (16720): done.
I/KERNEL (16720):
I/KERNEL (16720): [15816.468619] Freezing remaining freezable tasks ...
I/KERNEL (16720): (elapsed 0.002 seconds)
I/KERNEL (16720): done.
I/KERNEL (16720):
I/KERNEL (16720): [15816.471207] PM: Entering mem sleep
I/KERNEL (16720): [15816.471234] Suspending console(s) (use no_console_suspend to debug)
I/KERNEL (16720): [15816.482329] i915 0000:00:02.0: setting latency timer to 64
I/KERNEL (16720): [15816.488317] [drm:valleyview_enable_rps] *ERROR* GT fifo had a previous error 10
I/KERNEL (16720): [15816.490155] atomisp-css2400b0_v21 0000:00:03.0: DFS target frequency=200.
I/KERNEL (16720): [15816.606517] xhci_hcd 0000:00:14.0: power state changed by ACPI to D0
I/KERNEL (16720): [15816.626520] xhci_hcd 0000:00:14.0: power state changed by ACPI to D0
I/KERNEL (16720): [15816.646271] xhci_hcd 0000:00:14.0: setting latency timer to 64
I/KERNEL (16720): [15816.708179] snd_intel_sst: runtime_resume called
I/KERNEL (16720): [15816.829378] acm_suspend[0][ACM4][531][bc2][47][8d][0][1]
I/KERNEL (16720): [15816.830135] bcmsdh_sdmmc_suspend Enter
I/KERNEL (16720): [15816.830163] bcmsdh_sdmmc_suspend Enter
I/KERNEL (16720): [15816.830430] acm_suspend[0][ACM3][154a][1b16][178][179][0][1]
I/KERNEL (16720): [15817.687461] snd_intel_sst: runtime_suspend called
I/KERNEL (16720): [15817.688274] [xhci_pci_suspend], xhci_root_hub pointer:0x77179000
I/KERNEL (16720): [15817.688347] XHCI: port 1, portsc 0xe63
I/KERNEL (16720): [15817.688362] atomisp-css2400b0_v21 0000:00:03.0: DFS target frequency=200.
I/KERNEL (16720): [15817.896786] PM: suspend of devices complete after 1068.165 msecs
I/KERNEL (16720): [15817.902076] PM: late suspend of devices complete after 5.237 msecs
I/KERNEL (16720): [15817.975945] xhci_hcd 0000:00:14.0: power state changed by ACPI to D3hot
I/KERNEL (16720): [15817.986563] PM: noirq suspend of devices complete after 84.469 msecs
I/KERNEL (16720): [15817.986572] Disabling non-boot CPUs ...
I/KERNEL (16720): [15817.989819] smpboot: CPU 1 is now offline
I/KERNEL (16720): [15817.994197] smpboot: CPU 2 is now offline
I/KERNEL (16720): [15817.998189] smpboot: CPU 3 is now offline
I/KERNEL (16720): [15835.366836] Suspended for 17.000 seconds
I/KERNEL (16720): [15835.367182] Enabling non-boot CPUs ...
I/KERNEL (16720): [15835.367349] SMP alternatives: lockdep: fixing up alternatives
I/KERNEL (16720): [15835.367361] smpboot: Booting Node 0 Processor 1 APIC 0x2
I/KERNEL (16720): [15835.384282] Skipped synchronization checks as TSC is reliable.
I/KERNEL (16720): [15835.385635] CPU1 is up
I/KERNEL (16720): [15835.385777] SMP alternatives: lockdep: fixing up alternatives
I/KERNEL (16720): [15835.385789] smpboot: Booting Node 0 Processor 2 APIC 0x4
I/KERNEL (16720): [15835.402840] Skipped synchronization checks as TSC is reliable.
I/KERNEL (16720): [15835.404314] CPU2 is up
I/KERNEL (16720): [15835.404361] SMP alternatives: lockdep: fixing up alternatives
I/KERNEL (16720): [15835.404364] smpboot: Booting Node 0 Processor 3 APIC 0x6
I/KERNEL (16720): [15835.421249] Skipped synchronization checks as TSC is reliable.
I/KERNEL (16720): [15835.423273] CPU3 is up
I/KERNEL (16720): [15835.563483] xhci_hcd 0000:00:14.0: power state changed by ACPI to D0
I/KERNEL (16720): [15835.573710] xhci_hcd 0000:00:14.0: power state changed by ACPI to D0
I/KERNEL (16720): [15835.588224] PM: noirq resume of devices complete after 163.770 msecs
I/KERNEL (16720): [15835.588234] Wakeup from IRQ 0
I/KERNEL (16720): [15835.588293] Wakeup from IRQ 36 i2c-designware-5
I/KERNEL (16720): [15835.588472] Wakeup from IRQ 389 GODX0911:00
I/KERNEL (16720): [15835.588496] Wakeup from IRQ 401 bcmsdh_sdmmc
I/KERNEL (16720): [15835.588550] Wakeup from IRQ 456
I/KERNEL (16720): [15835.588556] Wakeup from IRQ 457
I/KERNEL (16720): [15835.588569] Wakeup from IRQ 464
I/KERNEL (16720): [15835.588575] Wakeup from IRQ 465
I/KERNEL (16720): [15835.588597] Wakeup from IRQ 483
I/KERNEL (16720): [15835.588603] Wakeup from IRQ 484
I/KERNEL (16720): [15835.588609] Wakeup from IRQ 485
I/KERNEL (16720): [15835.588615] Wakeup from IRQ 486
I/KERNEL (16720): [15835.588630] Wakeup from IRQ 498
I/KERNEL (16720): [15835.588636] Wakeup from IRQ 499
I/KERNEL (16720): [15835.588643] Wakeup from IRQ 501
I/KERNEL (16720): [15835.588649] Wakeup from IRQ 502
I/KERNEL (16720): [15835.588655] Wakeup from IRQ 503
I/KERNEL (16720): [15835.594913] PM: early resume of devices complete after 6.195 msecs
I/KERNEL (16720): [15835.595135] i915 0000:00:02.0: setting latency timer to 64
I/KERNEL (16720): [15835.596293] snd_intel_sst: runtime_resume called
I/KERNEL (16720): [15835.596829] atomisp-css2400b0_v21 0000:00:03.0: DFS target frequency=200.
I/KERNEL (16720): [15835.597245] xhci_hcd 0000:00:14.0: power state changed by ACPI to D0
I/KERNEL (16720): [15835.597275] xhci_hcd 0000:00:14.0: setting latency timer to 64
I/KERNEL (16720): [15835.603517] mei_txe 0000:00:1a.0: irq 103 for MSI/MSI-X
I/KERNEL (16720): [15835.605726] [drm:valleyview_enable_rps] *ERROR* GT fifo had a previous error 10
I/KERNEL (16720): [15835.665658] bcmsdh_sdmmc_resume Enter
I/KERNEL (16720): [15835.665674] bcmsdh_sdmmc_resume Enter
I/KERNEL (16720): [15835.697074] PM: resume of devices complete after 102.138 msecs
I/KERNEL (16720): [15835.743007] PM: Finishing wakeup.
I/KERNEL (16720): [15835.743024] Restarting tasks ...
I/KERNEL (16720): done.
I/KERNEL (16720): [15835.746267] video LNXVIDEO:00: Restoring backlight state
I/KERNEL (17639): [15835.750376] atomisp-css2400b0_v21 0000:00:03.0: DFS target frequency=200. E/EM FG ALGO Iface:(19756): E/EM FG ALGO Iface:(19756): Failed to get File Descriptor
I/KERNEL (17639): [15835.753901] PM: suspend exit 2015-09-27 15:22:56.536355817 UTC
I/KERNEL (17950): [15835.759705] snd_intel_sst: runtime_idle called
D/COREU (264): Failed to recv on UEvent socket
I/KERNEL (17950): [15835.759731] snd_intel_sst: runtime_suspend called
I/KERNEL (16720): [15836.244063] PM: suspend entry 2015-09-27 15:22:57.026506671 UTC
I/KERNEL (16720): [15836.244221] PM: Syncing filesystems ...
I/KERNEL (16720): done.
I/KERNEL (16720): [15836.247984] PM: Preparing system for mem sleep
I/KERNEL (16720): [15836.248763] Freezing user space processes ...
I/KERNEL (16720): (elapsed 0.003 seconds)
I/KERNEL (16720): done.
I/KERNEL (16720):
I/KERNEL (16720): [15836.251908] Freezing remaining freezable tasks ...
I/KERNEL (16720): (elapsed 0.002 seconds)
I/KERNEL (16720): done.
I/KERNEL (16720):
I/KERNEL (16720): [15836.254083] PM: Entering mem sleep
I/KERNEL (16720): [15836.254110] Suspending console(s) (use no_console_suspend to debug)
I/KERNEL (16720): [15836.265296] i915 0000:00:02.0: setting latency timer to 64
I/KERNEL (16720): [15836.272015] atomisp-css2400b0_v21 0000:00:03.0: DFS target frequency=200.
I/KERNEL (16720): [15836.336747] snd_intel_sst: runtime_resume called
I/KERNEL (16720): [15836.364860] acm_suspend[0][ACM4][531][bc2][47][8d][0][1]
I/KERNEL (16720): [15836.365761] acm_suspend[0][ACM3][154a][1b16][178][179][0][1]
I/KERNEL (16720): [15836.367103] bcmsdh_sdmmc_suspend Enter
I/KERNEL (16720): [15836.367188] bcmsdh_sdmmc_suspend Enter
I/KERNEL (16720): [15837.225018] snd_intel_sst: runtime_suspend called
I/KERNEL (16720): [15837.225376] [xhci_pci_suspend], xhci_root_hub pointer:0x77179000
I/KERNEL (16720): [15837.225441] XHCI: port 1, portsc 0xe63
I/KERNEL (16720): [15837.225542] atomisp-css2400b0_v21 0000:00:03.0: DFS target frequency=200.
I/KERNEL (16720): [15837.434382] PM: suspend of devices complete after 1070.277 msecs
I/KERNEL (16720): [15837.439665] PM: late suspend of devices complete after 5.228 msecs
I/KERNEL (16720): [15837.523487] xhci_hcd 0000:00:14.0: power state changed by ACPI to D3hot
I/KERNEL (16720): [15837.534107] PM: noirq suspend of devices complete after 94.424 msecs
I/KERNEL (16720): [15837.534116] Disabling non-boot CPUs ...
I/KERNEL (16720): [15837.537383] smpboot: CPU 1 is now offline
I/KERNEL (16720): [15837.541580] smpboot: CPU 2 is now offline
I/KERNEL (16720): [15837.545209] smpboot: CPU 3 is now offline
I/KERNEL (16720): [15858.878039] Suspended for 22.000 seconds
I/KERNEL (16720): [15858.878475] Enabling non-boot CPUs ...
I/KERNEL (16720): [15858.878642] SMP alternatives: lockdep: fixing up alternatives
I/KERNEL (16720): [15858.878654] smpboot: Booting Node 0 Processor 1 APIC 0x2
I/KERNEL (16720): [15858.895614] Skipped synchronization checks as TSC is reliable.
I/KERNEL (16720): [15858.896976] CPU1 is up
I/KERNEL (16720): [15858.897114] SMP alternatives: lockdep: fixing up alternatives
I/KERNEL (16720): [15858.897126] smpboot: Booting Node 0 Processor 2 APIC 0x4
I/KERNEL (16720): [15858.914187] Skipped synchronization checks as TSC is reliable.
I/KERNEL (16720): [15858.915989] CPU2 is up
I/KERNEL (16720): [15858.916120] SMP alternatives: lockdep: fixing up alternatives
I/KERNEL (16720): [15858.916131] smpboot: Booting Node 0 Processor 3 APIC 0x6
I/KERNEL (16720): [15858.933021] Skipped synchronization checks as TSC is reliable.
I/KERNEL (16720): [15858.935012] CPU3 is up
I/KERNEL (16720): [15859.055424] xhci_hcd 0000:00:14.0: power state changed by ACPI to D0
I/KERNEL (16720): [15859.065652] xhci_hcd 0000:00:14.0: power state changed by ACPI to D0
I/KERNEL (16720): [15859.080159] PM: noirq resume of devices complete after 143.938 msecs
I/KERNEL (16720): [15859.080168] Wakeup from IRQ 0
I/KERNEL (16720): [15859.080182] Wakeup from IRQ 8 rtc0
I/KERNEL (16720): [15859.080358] Wakeup from IRQ 36 i2c-designware-5
I/KERNEL (16720): [15859.080540] Wakeup from IRQ 389 GODX0911:00
I/KERNEL (16720): [15859.080612] Wakeup from IRQ 456
I/KERNEL (16720): [15859.080618] Wakeup from IRQ 457
I/KERNEL (16720): [15859.080631] Wakeup from IRQ 464
I/KERNEL (16720): [15859.080638] Wakeup from IRQ 465
I/KERNEL (16720): [15859.080660] Wakeup from IRQ 483
I/KERNEL (16720): [15859.080666] Wakeup from IRQ 484
I/KERNEL (16720): [15859.080672] Wakeup from IRQ 485
I/KERNEL (16720): [15859.080678] Wakeup from IRQ 486
I/KERNEL (16720): [15859.080694] Wakeup from IRQ 498
I/KERNEL (16720): [15859.080700] Wakeup from IRQ 499
I/KERNEL (16720): [15859.080706] Wakeup from IRQ 501
I/KERNEL (16720): [15859.080712] Wakeup from IRQ 502
I/KERNEL (16720): [15859.080718] Wakeup from IRQ 503
I/KERNEL (16720): [15859.086961] PM: early resume of devices complete after 6.179 msecs
I/KERNEL (16720): [15859.087199] i915 0000:00:02.0: setting latency timer to 64
I/KERNEL (16720): [15859.089077] atomisp-css2400b0_v21 0000:00:03.0: DFS target frequency=200.
I/WAKELOCK_ACQUIRE(608): TIMESTAMP=15859034347741, TAG=*alarm*, TYPE=PARTIAL_WAKE_LOCK , COUNT=0, PID=608, UID=1000, FLAGS=
V/AlarmManager(608): triggered: act=android.content.syncmanager.SYNC_ALARM Pkg: android
I/WAKELOCK_ACQUIRE(608): TIMESTAMP=15859035215841, TAG=SyncManagerHandleSyncAlarm, TYPE=PARTIAL_WAKE_LOCK , COUNT=0, PID=608, UID=1000, FLAGS=
I/WAKELOCK_ACQUIRE(608): TIMESTAMP=15859037331334, TAG=SyncLoopWakeLock, TYPE=PARTIAL_WAKE_LOCK , COUNT=0, PID=608, UID=1000, FLAGS=
I/KERNEL (16720): [15859.089497] xhci_hcd 0000:00:14.0: power state changed by ACPI to D0
I/KERNEL (16720): [15859.089528] xhci_hcd 0000:00:14.0: setting latency timer to 64
I/KERNEL (16720): [15859.090248] snd_intel_sst: runtime_resume called
I/KERNEL (16720): [15859.092418] [drm:valleyview_enable_rps] *ERROR* GT fifo had a previous error 10
I/KERNEL (16720): [15859.093320] mei_txe 0000:00:1a.0: irq 103 for MSI/MSI-X
I/KERNEL (16720): [15859.161395] bcmsdh_sdmmc_resume Enter
I/KERNEL (16720): [15859.161412] bcmsdh_sdmmc_resume Enter
I/KERNEL (16720): [15859.178762] PM: resume of devices complete after 91.778 msecs
I/KERNEL (16720): [15859.217481] PM: Finishing wakeup.
I/KERNEL (16720): [15859.217486] Restarting tasks ...
I/KERNEL (16720): done.
I/KERNEL (16720): [15859.219089] video LNXVIDEO:00: Restoring backlight state
I/KERNEL (16720): [15859.220056] PM: suspend exit 2015-09-27 15:23:20.002401299 UTC
I/KERNEL (17639): [15859.220894] atomisp-css2400b0_v21 0000:00:03.0: DFS target frequency=200.
I/WAKELOCK_RELEASE(608): TIMESTAMP=15859054752115, TAG=SyncManagerHandleSyncAlarm, TYPE=PARTIAL_WAKE_LOCK , COUNT=0, PID=608, UID=1000, FLAGS=
I/WAKELOCK_RELEASE(608): TIMESTAMP=15859055054154, TAG=SyncLoopWakeLock, TYPE=PARTIAL_WAKE_LOCK , COUNT=0, PID=608, UID=1000, FLAGS=
I/KERNEL (17950): [15859.229448] snd_intel_sst: runtime_idle called
I/KERNEL (17950): [15859.229464] snd_intel_sst: runtime_suspend called
I/WAKELOCK_RELEASE(608): TIMESTAMP=15859141920471, TAG=*alarm*, TYPE=PARTIAL_WAKE_LOCK , COUNT=0, PID=608, UID=1000, FLAGS=
I/KERNEL (16720): [15859.327998] PM: suspend entry 2015-09-27 15:23:20.110326418 UTC
I/KERNEL (16720): [15859.328059] PM: Syncing filesystems ...
I/KERNEL (16720): done.
I/KERNEL (16720): [15859.332576] PM: Preparing system for mem sleep
I/KERNEL (16720): [15859.332931] Freezing user space processes ...
I/KERNEL (16720): (elapsed 0.001 seconds)
I/KERNEL (16720): done.
I/KERNEL (16720):
I/KERNEL (16720): [15859.334844] Freezing remaining freezable tasks ...
I/KERNEL (16720): (elapsed 0.003 seconds)
I/KERNEL (16720): done.
I/KERNEL (16720):
I/KERNEL (16720): [15859.338175] PM: Entering mem sleep
I/KERNEL (16720): [15859.338202] Suspending console(s) (use no_console_suspend to debug)
I/KERNEL (16720): [15859.349367] i915 0000:00:02.0: setting latency timer to 64
I/KERNEL (16720): [15859.356474] atomisp-css2400b0_v21 0000:00:03.0: DFS target frequency=200.
I/KERNEL (16720): [15859.377419] snd_intel_sst: runtime_resume called
I/KERNEL (16720): [15859.408200] acm_suspend[0][ACM4][531][bc2][47][8d][0][1]
I/KERNEL (16720): [15859.408869] acm_suspend[0][ACM3][154a][1b16][178][179][0][1]
I/KERNEL (16720): [15859.408919] bcmsdh_sdmmc_suspend Enter
I/KERNEL (16720): [15859.408927] bcmsdh_sdmmc_suspend Enter
I/KERNEL (16720): [15860.266906] snd_intel_sst: runtime_suspend called
I/KERNEL (16720): [15860.267874] [xhci_pci_suspend], xhci_root_hub pointer:0x77179000
I/KERNEL (16720): [15860.267937] XHCI: port 1, portsc 0xe63
I/KERNEL (16720): [15860.268037] atomisp-css2400b0_v21 0000:00:03.0: DFS target frequency=200.
I/KERNEL (16720): [15860.476253] PM: suspend of devices complete after 1068.535 msecs
I/KERNEL (16720): [15860.481543] PM: late suspend of devices complete after 5.235 msecs
I/KERNEL (16720): [15860.565411] xhci_hcd 0000:00:14.0: power state changed by ACPI to D3hot
I/KERNEL (16720): [15860.576059] PM: noirq suspend of devices complete after 94.496 msecs
I/KERNEL (16720): [15860.576068] Disabling non-boot CPUs ...
I/KERNEL (16720): [15860.579326] smpboot: CPU 1 is now offline
I/KERNEL (16720): [15860.583623] smpboot: CPU 2 is now offline
I/KERNEL (16720): [15860.587274] smpboot: CPU 3 is now offline
I/KERNEL (16720): [15865.878582] Suspended for 6.000 seconds
I/KERNEL (16720): [15865.879008] Enabling non-boot CPUs ...
I/KERNEL (16720): [15865.879176] SMP alternatives: lockdep: fixing up alternatives
I/KERNEL (16720): [15865.879188] smpboot: Booting Node 0 Processor 1 APIC 0x2
I/KERNEL (16720): [15865.896120] Skipped synchronization checks as TSC is reliable.
I/KERNEL (16720): [15865.897502] CPU1 is up
I/KERNEL (16720): [15865.897647] SMP alternatives: lockdep: fixing up alternatives
I/KERNEL (16720): [15865.897659] smpboot: Booting Node 0 Processor 2 APIC 0x4
I/KERNEL (16720): [15865.914707] Skipped synchronization checks as TSC is reliable.
I/KERNEL (16720): [15865.916500] CPU2 is up
I/KERNEL (16720): [15865.916545] SMP alternatives: lockdep: fixing up alternatives
I/KERNEL (16720): [15865.916549] smpboot: Booting Node 0 Processor 3 APIC 0x6
I/KERNEL (16720): [15865.933469] Skipped synchronization checks as TSC is reliable.
I/KERNEL (16720): [15865.935475] CPU3 is up
I/KERNEL (16720): [15866.075735] xhci_hcd 0000:00:14.0: power state changed by ACPI to D0
I/KERNEL (16720): [15866.085964] xhci_hcd 0000:00:14.0: power state changed by ACPI to D0
I/KERNEL (16720): [15866.100471] PM: noirq resume of devices complete after 163.771 msecs
I/KERNEL (16720): [15866.100481] Wakeup from IRQ 0
I/KERNEL (16720): [15866.100495] Wakeup from IRQ 8 rtc0
I/KERNEL (16720): [15866.100547] Wakeup from IRQ 36 i2c-designware-5
I/KERNEL (16720): [15866.100731] Wakeup from IRQ 389 GODX0911:00
I/KERNEL (16720): [15866.100802] Wakeup from IRQ 456
I/KERNEL (16720): [15866.100808] Wakeup from IRQ 457
I/KERNEL (16720): [15866.100821] Wakeup from IRQ 464
I/KERNEL (16720): [15866.100827] Wakeup from IRQ 465
I/KERNEL (16720): [15866.100850] Wakeup from IRQ 483
I/KERNEL (16720): [15866.100856] Wakeup from IRQ 484
I/KERNEL (16720): [15866.100861] Wakeup from IRQ 485
I/KERNEL (16720): [15866.100867] Wakeup from IRQ 486
I/KERNEL (16720): [15866.100883] Wakeup from IRQ 498
I/KERNEL (16720): [15866.100889] Wakeup from IRQ 499
I/KERNEL (16720): [15866.100896] Wakeup from IRQ 501
I/KERNEL (16720): [15866.100902] Wakeup from IRQ 502
I/KERNEL (16720): [15866.100908] Wakeup from IRQ 503
I/KERNEL (16720): [15866.107173] PM: early resume of devices complete after 6.203 msecs
I/KERNEL (16720): [15866.107369] i915 0000:00:02.0: setting latency timer to 64
I/KERNEL (16720): [15866.108553] snd_intel_sst: runtime_resume called
I/KERNEL (16720): [15866.109126] atomisp-css2400b0_v21 0000:00:03.0: DFS target frequency=200.
I/KERNEL (16720): [15866.109137] xhci_hcd 0000:00:14.0: power state changed by ACPI to D0
I/KERNEL (16720): [15866.109175] xhci_hcd 0000:00:14.0: setting latency timer to 64
I/KERNEL (16720): [15866.109519] mei_txe 0000:00:1a.0: irq 103 for MSI/MSI-X
I/KERNEL (16720): [15866.112484] [drm:valleyview_enable_rps] *ERROR* GT fifo had a previous error 10
I/KERNEL (16720): [15866.178522] bcmsdh_sdmmc_resume Enter
I/KERNEL (16720): [15866.178538] bcmsdh_sdmmc_resume Enter
I/KERNEL (16720): [15866.199064] PM: resume of devices complete after 91.868 msecs
I/KERNEL (16720): [15866.236222] PM: Finishing wakeup.
I/KERNEL (16720): [15866.236231] Restarting tasks ...
I/KERNEL (17738): [15866.237300] atomisp-css2400b0_v21 0000:00:03.0: DFS target frequency=200. E/EM FG ALGO Iface:(19760): E/EM FG ALGO Iface:(19760): Failed to get File Descriptor
I/KERNEL (19687): [15866.246206] snd_intel_sst: runtime_idle called
I/KERNEL (19687): [15866.246218] snd_intel_sst: runtime_suspend called
I/KERNEL (16720): done.
I/KERNEL (16720): [15866.247515] video LNXVIDEO:00: Restoring backlight state
I/KERNEL (16720): [15866.256264] PM: suspend exit 2015-09-27 15:23:27.038573245 UTC
I/KERNEL (16720): [15866.256373] PM: suspend entry 2015-09-27 15:23:27.038684401 UTC
I/KERNEL (16720): [15866.256392] PM: Syncing filesystems ...
I/KERNEL (16720): done.
I/KERNEL (16720): [15866.258457] PM: Preparing system for mem sleep
I/KERNEL (16720): [15866.258824] Freezing user space processes ...
I/KERNEL (16720): (elapsed 0.001 seconds)
I/KERNEL (16720): done.
I/KERNEL (16720):
I/KERNEL (16720): [15866.260638] Freezing remaining freezable tasks ...
I/KERNEL (16720): (elapsed 0.002 seconds)
I/KERNEL (16720): done.
I/KERNEL (16720):
I/KERNEL (16720): [15866.263413] PM: Entering mem sleep
I/KERNEL (16720): [15866.263419] Suspending console(s) (use no_console_suspend to debug)
I/KERNEL (16720): [15866.274204] i915 0000:00:02.0: setting latency timer to 64
I/KERNEL (16720): [15866.281919] atomisp-css2400b0_v21 0000:00:03.0: DFS target frequency=200.
I/KERNEL (16720): [15866.302715] snd_intel_sst: runtime_resume called
I/KERNEL (16720): [15866.334171] acm_suspend[0][ACM4][531][bc2][47][8d][0][1]
I/KERNEL (16720): [15866.334847] acm_suspend[0][ACM3][154a][1b16][178][179][0][1]
I/KERNEL (16720): [15866.335706] bcmsdh_sdmmc_suspend Enter
I/KERNEL (16720): [15866.335718] bcmsdh_sdmmc_suspend Enter
I/KERNEL (16720): [15866.336599] dpm_run_callback(): platform_pm_suspend+0x0/0x50 returns -16
V/AlarmManager(608): triggered: act=com.google.android.intent.action.MCS_HEARTBEAT Pkg: com.google.android.gms
I/WAKELOCK_ACQUIRE(608): TIMESTAMP=15866318108244, TAG=*alarm*, TYPE=PARTIAL_WAKE_LOCK , COUNT=0, PID=608, UID=1000, FLAGS=
I/KERNEL (16720): [15866.336605] PM: Device alarmtimer failed to suspend: error -16
I/KERNEL (16720): [15866.376431] PM: Some devices failed to suspend
W/ProcessCpuTracker(608): Skipping unknown process pid 19760
I/WAKELOCK_ACQUIRE(608): TIMESTAMP=15866326938568, TAG=GCM_HB_ALARM, TYPE=PARTIAL_WAKE_LOCK , COUNT=0, PID=1123, UID=10007, FLAGS=
I/WAKELOCK_RELEASE(608): TIMESTAMP=15866331437237, TAG=*alarm*, TYPE=PARTIAL_WAKE_LOCK , COUNT=0, PID=608, UID=1000, FLAGS=
I/KERNEL (16720): [15866.378417] bcmsdh_sdmmc_resume Enter
I/KERNEL (16720): [15866.378423] bcmsdh_sdmmc_resume Enter
I/KERNEL (16720): [15866.469480] PM: resume of devices complete after 93.026 msecs
I/KERNEL (16720): [15866.502554] PM: Finishing wakeup.
I/KERNEL (16720): [15866.502572] Restarting tasks ...
I/KERNEL (17639): [15866.510069] atomisp-css2400b0_v21 0000:00:03.0: DFS target frequency=200.
I/KERNEL (17639): [15866.511970] video LNXVIDEO:00: Restoring backlight state
I/KERNEL (17639): [15866.512092] PM: suspend exit 2015-09-27 15:23:27.294399280 UTC
I/KERNEL (19685): done.
I/KERNEL (17950): [15866.518525] snd_intel_sst: runtime_idle called
I/KERNEL (17950): [15866.518537] snd_intel_sst: runtime_suspend called
I/WAKELOCK_RELEASE(608): TIMESTAMP=15866340713587, TAG=GCM_HB_ALARM, TYPE=PARTIAL_WAKE_LOCK , COUNT=0, PID=1123, UID=10007, FLAGS=
I/WAKELOCK_ACQUIRE(608): TIMESTAMP=15866779674605, TAG=GCM_CONN, TYPE=PARTIAL_WAKE_LOCK , COUNT=0, PID=1123, UID=10007, FLAGS=
I/WAKELOCK_RELEASE(608): TIMESTAMP=15866796336858, TAG=GCM_CONN, TYPE=PARTIAL_WAKE_LOCK , COUNT=0, PID=1123, UID=10007, FLAGS=
I/KERNEL (16720): [15868.346485] PM: suspend entry 2015-09-27 15:23:29.128768680 UTC
I/KERNEL (16720): [15868.346545] PM: Syncing filesystems ...
I/KERNEL (16720): done.
I/KERNEL (16720): [15868.368740] PM: Preparing system for mem sleep
I/KERNEL (16720): [15868.369513] Freezing user space processes ...
I/KERNEL (16720): (elapsed 0.003 seconds)
I/KERNEL (16720): done.
I/KERNEL (16720):
I/KERNEL (16720): [15868.372671] Freezing remaining freezable tasks ...
I/KERNEL (16720): (elapsed 0.003 seconds)
I/KERNEL (16720): done.
I/KERNEL (16720):
I/KERNEL (16720): [15868.375970] PM: Entering mem sleep
I/KERNEL (16720): [15868.375996] Suspending console(s) (use no_console_suspend to debug)
I/KERNEL (16720): [15868.386801] i915 0000:00:02.0: setting latency timer to 64
I/KERNEL (16720): [15868.393310] atomisp-css2400b0_v21 0000:00:03.0: DFS target frequency=200.
I/KERNEL (16720): [15868.455198] snd_intel_sst: runtime_resume called
I/KERNEL (16720): [15868.484310] acm_suspend[0][ACM4][531][bc2][47][8d][0][1]
I/KERNEL (16720): [15868.485301] acm_suspend[0][ACM3][154a][1b16][178][179][0][1]
I/KERNEL (16720): [15868.486775] bcmsdh_sdmmc_suspend Enter
I/KERNEL (16720): [15868.486803] bcmsdh_sdmmc_suspend Enter
I/KERNEL (16720): [15869.347257] snd_intel_sst: runtime_suspend called
I/KERNEL (16720): [15869.348177] [xhci_pci_suspend], xhci_root_hub pointer:0x77179000
I/KERNEL (16720): [15869.348239] XHCI: port 1, portsc 0xe63
I/KERNEL (16720): [15869.348380] atomisp-css2400b0_v21 0000:00:03.0: DFS target frequency=200.
I/KERNEL (16720): [15869.556590] PM: suspend of devices complete after 1074.355 msecs
I/KERNEL (16720): [15869.561874] PM: late suspend of devices complete after 5.231 msecs
I/KERNEL (16720): [15869.635766] xhci_hcd 0000:00:14.0: power state changed by ACPI to D3hot
I/KERNEL (16720): [15869.646400] PM: noirq suspend of devices complete after 84.507 msecs
I/KERNEL (16720): [15869.646409] Disabling non-boot CPUs ...
I/KERNEL (16720): [15869.649665] smpboot: CPU 1 is now offline
I/KERNEL (16720): [15869.653974] smpboot: CPU 2 is now offline
I/KERNEL (16720): [15869.657766] smpboot: CPU 3 is now offline
I/KERNEL (16720): [15940.878363] Suspended for 72.000 seconds
I/KERNEL (16720): [15940.878805] Enabling non-boot CPUs ...
I/KERNEL (16720): [15940.878971] SMP alternatives: lockdep: fixing up alternatives
I/KERNEL (16720): [15940.878984] smpboot: Booting Node 0 Processor 1 APIC 0x2
I/KERNEL (16720): [15940.895956] Skipped synchronization checks as TSC is reliable.
I/KERNEL (16720): [15940.897296] CPU1 is up
I/KERNEL (16720): [15940.897432] SMP alternatives: lockdep: fixing up alternatives
I/KERNEL (16720): [15940.897444] smpboot: Booting Node 0 Processor 2 APIC 0x4
I/KERNEL (16720): [15940.914500] Skipped synchronization checks as TSC is reliable.
I/KERNEL (16720): [15940.916109] CPU2 is up
I/KERNEL (16720): [15940.916155] SMP alternatives: lockdep: fixing up alternatives
I/KERNEL (16720): [15940.916159] smpboot: Booting Node 0 Processor 3 APIC 0x6
I/KERNEL (16720): [15940.933044] Skipped synchronization checks as TSC is reliable.
I/KERNEL (16720): [15940.935044] CPU3 is up
I/KERNEL (16720): [15941.055355] xhci_hcd 0000:00:14.0: power state changed by ACPI to D0
I/KERNEL (16720): [15941.065584] xhci_hcd 0000:00:14.0: power state changed by ACPI to D0
I/KERNEL (16720): [15941.080092] PM: noirq resume of devices complete after 143.882 msecs
I/KERNEL (16720): [15941.080102] Wakeup from IRQ 0
I/KERNEL (16720): [15941.080117] Wakeup from IRQ 8 rtc0
I/KERNEL (16720): [15941.080295] Wakeup from IRQ 36 i2c-designware-5
I/KERNEL (16720): [15941.080478] Wakeup from IRQ 389 GODX0911:00
I/KERNEL (16720): [15941.080549] Wakeup from IRQ 456
I/KERNEL (16720): [15941.080555] Wakeup from IRQ 457
I/KERNEL (16720): [15941.080569] Wakeup from IRQ 464
I/KERNEL (16720): [15941.080575] Wakeup from IRQ 465
I/KERNEL (16720): [15941.080597] Wakeup from IRQ 483
I/KERNEL (16720): [15941.080603] Wakeup from IRQ 484
I/KERNEL (16720): [15941.080609] Wakeup from IRQ 485
I/KERNEL (16720): [15941.080615] Wakeup from IRQ 486
I/KERNEL (16720): [15941.080630] Wakeup from IRQ 498
I/KERNEL (16720): [15941.080636] Wakeup from IRQ 499
I/KERNEL (16720): [15941.080643] Wakeup from IRQ 501
I/KERNEL (16720): [15941.080649] Wakeup from IRQ 502
I/KERNEL (16720): [15941.080655] Wakeup from IRQ 503
I/KERNEL (16720): [15941.086902] PM: early resume of devices complete after 6.185 msecs
I/KERNEL (16720): [15941.087141] i915 0000:00:02.0: setting latency timer to 64
I/KERNEL (16720): [15941.088956] atomisp-css2400b0_v21 0000:00:03.0: DFS target frequency=200.
I/KERNEL (16720): [15941.089166] xhci_hcd 0000:00:14.0: power state changed by ACPI to D0
I/KERNEL (16720): [15941.089197] xhci_hcd 0000:00:14.0: setting latency timer to 64
I/KERNEL (16720): [15941.090133] snd_intel_sst: runtime_resume called
I/KERNEL (16720): [15941.092275] [drm:valleyview_enable_rps] *ERROR* GT fifo had a previous error 10
I/KERNEL (16720): [15941.093647] mei_txe 0000:00:1a.0: irq 103 for MSI/MSI-X
