I/WAKELOCK_RELEASE(608): TIMESTAMP=16179971776281, TAG=AudioMix, TYPE=PARTIAL_WAKE_LOCK , COUNT=0, PID=0, UID=1013, FLAGS=
D/RouteManager(253): audio-parameter-manager: Selection criterion changed event: Criterion name: RoutageState, current state: Flow|Path|Configure
D/RouteManager(253): audio-parameter-manager: Configuration application request {
D/RouteManager(253): audio-parameter-manager: Applying configurations {
D/RouteManager(253): audio-parameter-manager: } Applying configurations
D/RouteManager(253): audio-parameter-manager: } Configuration application request
D/RouteManager(253): doReconsiderRouting: DONE
D/EVENT_THREAD(253): void CEventThread::run() Do poll with timeout: -1
I/WAKELOCK_ACQUIRE(608): TIMESTAMP=16180875472508, TAG=MqttPush, TYPE=PARTIAL_WAKE_LOCK , COUNT=0, PID=18956, UID=10069, FLAGS=
D/wpa_supplicant(685): wlan0: Control interface command 'SIGNAL_POLL'
I/WAKELOCK_RELEASE(608): TIMESTAMP=16180975099285, TAG=MqttPush, TYPE=PARTIAL_WAKE_LOCK , COUNT=0, PID=18956, UID=10069, FLAGS=
D/OpenGLRenderer(18956): Render dirty regions requested: true
I/WAKELOCK_ACQUIRE(608): TIMESTAMP=16180997673920, TAG=JobSchedulerHack-com.facebook.analytics2.logger.LollipopUploadService-client-2, TYPE=PARTIAL_WAKE_LOCK , COUNT=0, PID=16419, UID=10074, FLAGS=
I/ufoGralloc(18956): Hello, this is UFO GRALLOC/Intel Corporation
I/WAKELOCK_ACQUIRE(608): TIMESTAMP=16181689762895, TAG=UploadServiceLogic-com.facebook.analytics2.logger.LollipopUploadService-service-2, TYPE=PARTIAL_WAKE_LOCK , COUNT=0, PID=16419, UID=10074, FLAGS=
D/Atlas (18956): Validating map...
I/WAKELOCK_RELEASE(608): TIMESTAMP=16181690591887, TAG=JobSchedulerHack-com.facebook.analytics2.logger.LollipopUploadService-client-2, TYPE=PARTIAL_WAKE_LOCK , COUNT=0, PID=16419, UID=10074, FLAGS=
W/ViewPager(18956): Requested offscreen page limit 0 too small; defaulting to 1
I/WAKELOCK_ACQUIRE(608): TIMESTAMP=16182345249509, TAG=GCoreFlp, TYPE=PARTIAL_WAKE_LOCK , COUNT=0, PID=18348, UID=10007, FLAGS=
D/ (16419): Surface destroy: ANDROID_NATIVE_WINDOW_MAGIC
I/WAKELOCK_RELEASE(608): TIMESTAMP=16182368125475, TAG=GCoreFlp, TYPE=PARTIAL_WAKE_LOCK , COUNT=0, PID=18348, UID=10007, FLAGS=
I/KERNEL (17738): [16182.127253] snd_intel_sst: runtime_suspend called
I/WAKELOCK_RELEASE(608): TIMESTAMP=16182485215212, TAG=UploadServiceLogic-com.facebook.analytics2.logger.LollipopUploadService-service-2, TYPE=PARTIAL_WAKE_LOCK , COUNT=0, PID=16419, UID=10074, FLAGS=
I/WAKELOCK_ACQUIRE(608): TIMESTAMP=16182512824470, TAG=JobSchedulerHack-com.facebook.analytics2.logger.LollipopUploadService-client-2, TYPE=PARTIAL_WAKE_LOCK , COUNT=0, PID=16419, UID=10074, FLAGS=
I/WAKELOCK_ACQUIRE(608): TIMESTAMP=16182515254986, TAG=UploadServiceLogic-com.facebook.analytics2.logger.LollipopUploadService-service-2, TYPE=PARTIAL_WAKE_LOCK , COUNT=0, PID=16419, UID=10074, FLAGS=
I/WAKELOCK_RELEASE(608): TIMESTAMP=16182517145492, TAG=JobSchedulerHack-com.facebook.analytics2.logger.LollipopUploadService-client-2, TYPE=PARTIAL_WAKE_LOCK , COUNT=0, PID=16419, UID=10074, FLAGS=
I/WAKELOCK_RELEASE(608): TIMESTAMP=16182519880363, TAG=UploadServiceLogic-com.facebook.analytics2.logger.LollipopUploadService-service-2, TYPE=PARTIAL_WAKE_LOCK , COUNT=0, PID=16419, UID=10074, FLAGS=
I/Choreographer(18956): Skipped 118 frames! The application may be doing too much work on its main thread.
E/msgr(18956): No background color set for PTR fragment
I/OpenGLRenderer(18956): Initialized EGL, version 1.4
W/OpenGLRenderer(18956): Failed to choose config with EGL_SWAP_BEHAVIOR_PRESERVED, retrying without...
D/ (18956): droid_create_context : config id = 5 conf->NativeVisualID=1
D/ (18956): Pixel Format : GGL_PIXEL_FORMAT_RGBA_8888
I/ (18956): Requested context : GLES 2.0
V/AlarmManager(608): triggered: act=com.facebook.push.mqtt.keepalive.KeepaliveManager.ACTION_INEXACT_ALARM.com.facebook.pages.app pkg=com.facebook.pages.app Pkg: com.facebook.pages.app
I/WAKELOCK_ACQUIRE(608): TIMESTAMP=16183066862080, TAG=*alarm*, TYPE=PARTIAL_WAKE_LOCK , COUNT=0, PID=608, UID=1000, FLAGS=
V/AlarmManager(608): triggered: cmp=com.google.android.googlequicksearchbox/com.google.android.velvet.VelvetBackgroundTasksImpl$Service Pkg: com.google.android.googlequicksearchbox
D/ (18956): Pixel Format : GGL_PIXEL_FORMAT_RGBA_8888
D/OpenGLRenderer(18956): Enabling debug mode 0
D/skuwa (18956): Detected device 0F31:15 family 15:9
D/ (18956): Pixel Format : GGL_PIXEL_FORMAT_RGBA_8888
D/ (18956): Updating FBO content dimensions
I/Icing (1509): Usage reports 1 indexed 0 rejected 0 imm upload true
I/WAKELOCK_RELEASE(608): TIMESTAMP=16183238995818, TAG=Icing, TYPE=PARTIAL_WAKE_LOCK , COUNT=0, PID=1509, UID=10007, FLAGS=
I/WAKELOCK_RELEASE(608): TIMESTAMP=16183373291286, TAG=*alarm*, TYPE=PARTIAL_WAKE_LOCK , COUNT=0, PID=608, UID=1000, FLAGS=
I/Choreographer(18956): Skipped 35 frames! The application may be doing too much work on its main thread. E/EM FG ALGO Iface:(20114): E/EM FG ALGO Iface:(20114): Failed to get File Descriptor
D/wpa_supplicant(685): wlan0: Control interface command 'SIGNAL_POLL'
I/WAKELOCK_RELEASE(608): TIMESTAMP=16183972099484, TAG=ActivityManager-Launch, TYPE=PARTIAL_WAKE_LOCK , COUNT=0, PID=608, UID=1000, FLAGS=
I/ActivityManager(608): Displayed com.facebook.orca/.auth.StartScreenActivity: +6s97ms
I/Keyboard.Facilitator(847): onFinishInput()
I/WebViewFactory(16419): Loading com.android.webview version 37 (eng.yankendi-x86) (code 199997)
I/LibraryLoader(16419): Loading: webviewchromium
W/art (15944): Long monitor contention event with owner method=void com.facebook.prefs.shared.FbSharedPreferencesCache$1.run() from FbSharedPreferencesCache.java:114 waiters=0 for 189ms
D/skia (18956): --- SkImageDecoder::Factory returned null
D/skia (18956): --- SkImageDecoder::Factory returned null
D/skia_ext(18956): turboImageDecoder took 210.88ms to decode 160x160 (1x downscale)
D/skia_ext(18956): turboImageDecoder took 211.10ms to decode 160x160 (1x downscale)
D/skia_ext(18956): turboImageDecoder took 207.11ms to decode 160x160 (1x downscale)
D/skia_ext(18956): turboImageDecoder took 211.06ms to decode 160x160 (1x downscale)
D/skia_ext(18956): turboImageDecoder took 1.77ms to decode 160x160 (1x downscale)
E/ivpg-hwc(217): Lost 1 flips
E/ivpg-hwc(217): Lost 1 flips
W/msgr(18956): time 16185010: onProducerFinishWithFailure: {requestId: 10, stage: DecodeProducer, elapsedTime: -1 ms, extraMap: null, throwable: java.lang.IllegalArgumentException: unknown image format}
W/msgr(18956): time 16185075: onRequestFailure: {requestId: 10, elapsedTime: -1 ms, throwable: java.lang.IllegalArgumentException: unknown image format}
D/skia_ext(18956): turboImageDecoder took 1.23ms to decode 160x160 (1x downscale)
W/msgr(18956): time 16185078: onProducerFinishWithFailure: {requestId: 3, stage: DecodeProducer, elapsedTime: -1 ms, extraMap: null, throwable: java.lang.IllegalArgumentException: unknown image format}
W/msgr(18956): time 16185078: onRequestFailure: {requestId: 3, elapsedTime: -1 ms, throwable: java.lang.IllegalArgumentException: unknown image format}
D/skia_ext(18956): turboImageDecoder took 2.07ms to decode 160x160 (1x downscale)
D/skia_ext(18956): turboImageDecoder took 3.57ms to decode 160x160 (1x downscale)
D/skia_ext(18956): turboImageDecoder took 1.60ms to decode 160x160 (1x downscale)
D/skia_ext(18956): turboImageDecoder took 1.18ms to decode 160x160 (1x downscale)
I/LibraryLoader(16419): Time to load native libraries: 832 ms (timestamps 8135-8967)
W/art (18956): Suspending all threads took: 7.267ms
I/LibraryLoader(16419): Expected native library version number "",actual native library version number ""
I/art (18956): Background sticky concurrent mark sweep GC freed 27675(1981KB) AllocSpace objects, 25(397KB) LOS objects, 9% free, 21MB/24MB, paused 17.580ms total 142.273ms
V/WebViewChromiumFactoryProvider(16419): Binding Chromium to main looper Looper (main, tid 1) {382d6bc2}
I/LibraryLoader(16419): Expected native library version number "",actual native library version number ""
I/chromium(16419): [INFO:library_loader_hooks.cc(106)] Chromium logging enabled: level = 0, default verbosity = 0
I/BrowserStartupController(16419): Initializing chromium process, renderers=0
W/art (16419): Attempt to remove local handle scope entry from IRT, ignoring
D/skia_ext(18956): turboImageDecoder took 1.86ms to decode 160x160 (1x downscale)
W/AudioManagerAndroid(16419): Requires BLUETOOTH permission
W/chromium(16419): [WARNING:resource_bundle.cc(315)] locale_file_path.empty()
I/chromium(16419): [INFO:aw_browser_main_parts.cc(63)] Load from apk succesful, fd=130 off=104004 len=3367
I/chromium(16419): [INFO:aw_browser_main_parts.cc(78)] Loading webviewchromium.pak from, fd:131 off:229480 len:643667
I/ActivityManager(608): START u0 {act=android.intent.action.MAIN cat=[android.intent.category.HOME] flg=0x10200000 cmp=com.google.android.googlequicksearchbox/com.google.android.launcher.GEL} from uid 1000 on display 0
D/PROPERTY(253): get media.dump_output.befconv: 0
D/PROPERTY(253): get media.dump_output.aftconv: 0
D/AudioIntelHal(253): startStream: output stream.
D/AudioIntelHal/AudioPlatformState(253): route-parameter-manager: Selection criterion changed event: Criterion name: OutputFlags, current state: Primary
D/AudioIntelHal/AudioPlatformState(253): route-parameter-manager: Configuration application request {
D/AudioIntelHal/AudioPlatformState(253): route-parameter-manager: Applying configurations {
I/WAKELOCK_ACQUIRE(608): TIMESTAMP=16185774634399, TAG=AudioMix, TYPE=PARTIAL_WAKE_LOCK , COUNT=0, PID=0, UID=1013, FLAGS=
D/AudioIntelHal/AudioPlatformState(253): route-parameter-manager: Applying configuration "Selected" from domain "Parameter.Outputflags.Primary"
D/AudioIntelHal/AudioPlatformState(253): route-parameter-manager: Applying configuration "Applicable" from domain "StreamRoute.Media.Playback"
D/AudioIntelHal/AudioPlatformState(253): route-parameter-manager: Applying configuration "Applicable" from domain "Route.HwCodecMedia.Playback"
D/AudioIntelHal/AudioPlatformState(253): route-parameter-manager: } Applying configurations
D/AudioIntelHal/AudioPlatformState(253): route-parameter-manager: } Configuration application request
D/EVENT_THREAD(253): void CEventThread::trig(void*, uint32_t): in
D/EVENT_THREAD(253): void CEventThread::trig(void*, uint32_t): out
D/RouteManager(253): doReconsiderRouting: Route state:
D/RouteManager(253): -Previously Enabled Route in Input =
D/RouteManager(253): -Previously Enabled Route in Output =
D/RouteManager(253): -Selected Route in Input =
D/RouteManager(253): -Selected Route in Output = Media|HwCodecMedia
D/RouteManager(253): -executeMuteRoutingStage-
D/RouteManager(253): audio-parameter-manager: Selection criterion changed event: Criterion name: RoutageState, current state: Flow
D/RouteManager(253): audio-parameter-manager: Configuration application request {
D/RouteManager(253): audio-parameter-manager: Applying configurations {
D/RouteManager(253): audio-parameter-manager: } Applying configurations
D/RouteManager(253): audio-parameter-manager: } Configuration application request
D/RouteManager(253): -executeDisableRoutingStage-
D/RouteManager(253): audio-parameter-manager: Selection criterion changed event: Criterion name: RoutageState, current state: Path
D/RouteManager(253): audio-parameter-manager: Configuration application request {
D/RouteManager(253): audio-parameter-manager: Applying configurations {
D/RouteManager(253): audio-parameter-manager: } Applying configurations
D/RouteManager(253): audio-parameter-manager: } Configuration application request
D/RouteManager(253): -executeConfigureRoutingStage-
D/RouteManager(253): audio-parameter-manager: Selection criterion changed event: Criterion name: RoutageState, current state: Configure
D/RouteManager(253): audio-parameter-manager: Selection criterion changed event: Criterion name: OpenedPlaybackRoutes, current state: Media|HwCodecMedia
D/RouteManager(253): audio-parameter-manager: Selection criterion changed event: Criterion name: OutputFlags, current state: primary
D/RouteManager(253): audio-parameter-manager: Configuration application request {
D/RouteManager(253): audio-parameter-manager: Applying configurations {
D/RouteManager(253): audio-parameter-manager: } Applying configurations
I/WAKELOCK_ACQUIRE(608): TIMESTAMP=16185802406916, TAG=ActivityManager-Launch, TYPE=PARTIAL_WAKE_LOCK , COUNT=0, PID=608, UID=1000, FLAGS=
D/RouteManager(253): audio-parameter-manager: } Configuration application request
W/ActivityManager(608): Activity pause timeout for ActivityRecord{186b38b5 u0 com.facebook.orca/.auth.StartScreenActivity t144}
D/RouteManager(253): -executeEnableRoutingStage-
I/WAKELOCK_RELEASE(608): TIMESTAMP=16186800527478, TAG=ActivityManager-Launch, TYPE=PARTIAL_WAKE_LOCK , COUNT=0, PID=608, UID=1000, FLAGS=
D/RouteManager(253): audio-parameter-manager: Selection criterion changed event: Criterion name: RoutageState, current state: Path|Configure
I/WAKELOCK_ACQUIRE(608): TIMESTAMP=16187012219834, TAG=Icing, TYPE=PARTIAL_WAKE_LOCK , COUNT=0, PID=1509, UID=10007, FLAGS=
D/RouteManager(253): audio-parameter-manager: Configuration application request {
I/WAKELOCK_ACQUIRE(608): TIMESTAMP=16187198047304, TAG=AudioIn, TYPE=PARTIAL_WAKE_LOCK , COUNT=0, PID=0, UID=1013, FLAGS=
D/RouteManager(253): audio-parameter-manager: Applying configurations {
I/WAKELOCK_RELEASE(608): TIMESTAMP=16187198458458, TAG=AudioIn, TYPE=PARTIAL_WAKE_LOCK , COUNT=0, PID=0, UID=1013, FLAGS=
D/RouteManager(253): audio-parameter-manager: Applying configuration "Enable" from domain "Routing.Enable.HWCodec.Playback.Analog.IHF.Out"
I/WAKELOCK_ACQUIRE(608): TIMESTAMP=16187200578931, TAG=AudioIn, TYPE=PARTIAL_WAKE_LOCK , COUNT=0, PID=0, UID=1013, FLAGS=
D/RouteManager(253): audio-parameter-manager: Applying configuration "Enable" from domain "Routing.Enable.HWCodec.Playback.Analog.IHF.Multimedia"
I/WAKELOCK_RELEASE(608): TIMESTAMP=16187473909615, TAG=Icing, TYPE=PARTIAL_WAKE_LOCK , COUNT=0, PID=1509, UID=10007, FLAGS=
D/RouteManager(253): audio-parameter-manager: Applying configuration "Enable" from domain "Routing.Enable.HWCodec.Playback.Digital.Multimedia"
I/WAKELOCK_ACQUIRE(608): TIMESTAMP=16188145588300, TAG=*alarm*, TYPE=PARTIAL_WAKE_LOCK , COUNT=0, PID=608, UID=1000, FLAGS=
D/RouteManager(253): audio-parameter-manager: } Applying configurations
I/WAKELOCK_RELEASE(608): TIMESTAMP=16188148602361, TAG=*alarm*, TYPE=PARTIAL_WAKE_LOCK , COUNT=0, PID=608, UID=1000, FLAGS=
D/RouteManager(253): audio-parameter-manager: } Configuration application request
D/TinyAlsaAudioDevice(253): open: card (baytrailaudio, 0)
D/TinyAlsaAudioDevice(253): config (rate=48000 format=0 channels= 2).
D/TinyAlsaAudioDevice(253): RingBuffer config: periodSize=1152 nbPeriod=4startTh=4607 stop Th=4608 silence Th=0
I/KERNEL (253): [16185.977044] snd_intel_sst: runtime_resume called
D/ (16419): Pixel Format : GGL_PIXEL_FORMAT_RGBA_8888
D/ (16419): droid_create_context : config id = 1 conf->NativeVisualID=1
D/ (16419): Pixel Format : GGL_PIXEL_FORMAT_RGBA_8888
I/ (16419): Requested context : GLES 2.0
I/KERNEL (138): [16186.001033] snd_intel_sst: FW Version 02.08.0a.09
I/KERNEL (138): [16186.001059] snd_intel_sst: Build date Aug 11 2014 Time 10:58:10
D/AudioConversion(253): configure: no convertion required
D/RouteManager(253): -executeUnmuteRoutingStage-
D/RouteManager(253): audio-parameter-manager: Selection criterion changed event: Criterion name: RoutageState, current state: Flow|Path|Configure
D/RouteManager(253): audio-parameter-manager: Configuration application request {
D/RouteManager(253): audio-parameter-manager: Applying configurations {
D/RouteManager(253): audio-parameter-manager: Applying configuration "Unmute" from domain "Routing.Mute.HWCodec.Playback.IHF"
D/RouteManager(253): audio-parameter-manager: } Applying configurations
D/RouteManager(253): audio-parameter-manager: } Configuration application request
D/RouteManager(253): doReconsiderRouting: DONE
D/EVENT_THREAD(253): void CEventThread::run() Do poll with timeout: -1
E/TinyAlsaStream(253): getFramesAvailable: Unable to get available frames
E/TinyAlsaStream(253): getFramesAvailable: Unable to get available frames
E/TinyAlsaStream(253): getFramesAvailable: Unable to get available frames
E/TinyAlsaStream(253): getFramesAvailable: Unable to get available frames
I/art (608): Explicit concurrent mark sweep GC freed 51371(2MB) AllocSpace objects, 9(8MB) LOS objects, 28% free, 40MB/56MB, paused 1.403ms total 524.400ms
D/wpa_supplicant(685): wlan0: Control interface command 'SIGNAL_POLL'
I/chromium(16419): [INFO:simple_thread.cc(32)] SimpleThread Start
I/chromium(16419): [INFO:simple_thread.cc(52)] SimpleThread ThreadMain
I/GEL (1268): handleIntent(Intent { act=android.intent.action.MAIN cat=[android.intent.category.HOME] flg=0x10600000 cmp=com.google.android.googlequicksearchbox/com.google.android.launcher.GEL })
W/chromium(16419): [WARNING:proxy_service.cc(901)] PAC support disabled because there is no system implementation
D/ (1268): Pixel Format : GGL_PIXEL_FORMAT_RGBA_8888
D/ (1268): Updating FBO content dimensions
W/chromium(16419): [WARNING:data_reduction_proxy_settings.cc(403)] SPDY proxy OFF at startup
I/Keyboard.Facilitator(847): onFinishInput()
E/msgr(18956): thread wasn't set before fragment was attached to activity!
W/art (16419): Attempt to remove local handle scope entry from IRT, ignoring
W/AwContents(16419): onDetachedFromWindow called when already detached. Ignoring
W/HotwordWorkerImpl(5566): No resources found for locale: it-IT
D/ (18956): Surface destroy: ANDROID_NATIVE_WINDOW_MAGIC
I/MicroRecognitionRnrImpl(5566): Starting detection.
W/art (16419): Attempt to remove local handle scope entry from IRT, ignoring
I/MicrophoneInputStream(5566): mic_starting com.google.android.apps.gsa.speech.audio.x@374c1adc
W/AwContents(16419): onDetachedFromWindow called when already detached. Ignoring
D/AudioIntelHal(253): openInputStream: called for devices: 2147483652 and input source: 0x%08x6
D/AudioStream(253): set: requested channel mask: 16 (Channels count: 1)
D/AudioStream(253): set: set channels to 16
D/AudioStream(253): set: requested rate: 16000
D/AudioStream(253): set: set rate to 16000
D/AudioStream(253): set: requested format: 1
D/AudioStream(253): set : set format to 1
D/AudioIntelHal(253): openInputStream: input created with status=0
D/AudioStream(253): getBufferSize: 640 (in bytes) for input stream.
D/AudioStream(253): getBufferSize: 640 (in bytes) for input stream.
I/AudioFlinger(253): AudioFlinger's thread 0xf3263000 ready to run
D/AudioIntelHal/AudioPlatformState(253): setParameters: key value pair input_devices=4
I/MicrophoneInputStream(5566): mic_started com.google.android.apps.gsa.speech.audio.x@374c1adc
D/PROPERTY(253): get media.dump_input.befconv: 0
D/PROPERTY(253): get media.dump_input.aftconv: 0
D/AudioIntelHal(253): startStream: input stream.
D/AudioIntelHal/AudioPlatformState(253): route-parameter-manager: Selection criterion changed event: Criterion name: InputSources, current state: VoiceRecognition
D/AudioIntelHal/AudioPlatformState(253): route-parameter-manager: Selection criterion changed event: Criterion name: StatesChanged, current state: InputSources
D/AudioIntelHal/AudioPlatformState(253): route-parameter-manager: Configuration application request {
D/AudioIntelHal/AudioPlatformState(253): route-parameter-manager: Applying configurations {
D/AudioIntelHal/AudioPlatformState(253): route-parameter-manager: Applying configuration "Selected" from domain "Parameter.InputSources.VoiceRecognition"
D/AudioIntelHal/AudioPlatformState(253): route-parameter-manager: Applying configuration "Applicable" from domain "Route.HwCodecMedia.Capture"
D/AudioIntelHal/AudioPlatformState(253): route-parameter-manager: Applying configuration "Yes" from domain "Route.HWCodec.NeedReconfigure.Capture"
D/AudioIntelHal/AudioPlatformState(253): route-parameter-manager: } Applying configurations
D/AudioIntelHal/AudioPlatformState(253): route-parameter-manager: } Configuration application request
D/EVENT_THREAD(253): void CEventThread::trig(void*, uint32_t): in
D/EVENT_THREAD(253): void CEventThread::trig(void*, uint32_t): out
D/RouteManager(253): doReconsiderRouting: Route state:
D/RouteManager(253): -Previously Enabled Route in Input =
D/RouteManager(253): -Previously Enabled Route in Output = Media|HwCodecMedia
D/RouteManager(253): -Selected Route in Input = Media|HwCodecMedia
D/RouteManager(253): -Selected Route in Output = Media|HwCodecMedia
D/RouteManager(253): -executeMuteRoutingStage-
I/WAKELOCK_ACQUIRE(608): TIMESTAMP=16188567860150, TAG=*alarm*, TYPE=PARTIAL_WAKE_LOCK , COUNT=0, PID=608, UID=1000, FLAGS=
D/RouteManager(253): audio-parameter-manager: Selection criterion changed event: Criterion name: RoutageState, current state: Flow
I/WAKELOCK_RELEASE(608): TIMESTAMP=16188569678728, TAG=*alarm*, TYPE=PARTIAL_WAKE_LOCK , COUNT=0, PID=608, UID=1000, FLAGS=
D/RouteManager(253): audio-parameter-manager: Configuration application request { E/EM FG ALGO Iface:(20172): E/EM FG ALGO Iface:(20172): Failed to get File Descriptor
D/RouteManager(253): audio-parameter-manager: Applying configurations {
I/WAKELOCK_RELEASE(608): TIMESTAMP=16188900314705, TAG=AudioMix, TYPE=PARTIAL_WAKE_LOCK , COUNT=0, PID=0, UID=1013, FLAGS=
D/RouteManager(253): audio-parameter-manager: } Applying configurations
I/ActivityManager(608): START u0 {act=android.intent.action.MAIN cat=[android.intent.category.LAUNCHER] flg=0x10200000 cmp=com.facebook.pages.app/.activity.PagesManagerLoginActivity bnds=[512,814][768,1116] (has extras)} from uid 10040 on display 0
D/RouteManager(253): audio-parameter-manager: } Configuration application request
I/WAKELOCK_ACQUIRE(608): TIMESTAMP=16189125030224, TAG=ActivityManager-Launch, TYPE=PARTIAL_WAKE_LOCK , COUNT=0, PID=608, UID=1000, FLAGS=
D/RouteManager(253): -executeDisableRoutingStage-
I/WAKELOCK_ACQUIRE(608): TIMESTAMP=16189126691652, TAG=AudioMix, TYPE=PARTIAL_WAKE_LOCK , COUNT=0, PID=0, UID=1013, FLAGS=
D/RouteManager(253): audio-parameter-manager: Selection criterion changed event: Criterion name: RoutageState, current state: Path
I/WAKELOCK_RELEASE(608): TIMESTAMP=16189216274707, TAG=AudioIn, TYPE=PARTIAL_WAKE_LOCK , COUNT=0, PID=0, UID=1013, FLAGS=
D/RouteManager(253): audio-parameter-manager: Configuration application request {
I/WAKELOCK_ACQUIRE(608): TIMESTAMP=16189220614005, TAG=AudioIn, TYPE=PARTIAL_WAKE_LOCK , COUNT=0, PID=0, UID=1013, FLAGS=
D/RouteManager(253): audio-parameter-manager: Applying configurations {
I/WAKELOCK_RELEASE(608): TIMESTAMP=16189221584309, TAG=AudioIn, TYPE=PARTIAL_WAKE_LOCK , COUNT=0, PID=0, UID=1013, FLAGS=
D/RouteManager(253): audio-parameter-manager: } Applying configurations
D/RouteManager(253): audio-parameter-manager: } Configuration application request
D/RouteManager(253): -executeConfigureRoutingStage-
D/RouteManager(253): audio-parameter-manager: Selection criterion changed event: Criterion name: RoutageState, current state: Configure
D/RouteManager(253): audio-parameter-manager: Selection criterion changed event: Criterion name: OpenedCaptureRoutes, current state: Media|HwCodecMedia
D/RouteManager(253): audio-parameter-manager: Selection criterion changed event: Criterion name: AudioSource, current state: VoiceRecognition
D/RouteManager(253): audio-parameter-manager: Configuration application request {
D/RouteManager(253): audio-parameter-manager: Applying configurations {
D/RouteManager(253): audio-parameter-manager: Applying configuration "VoiceRecgnition.FrontMic" from domain "InputDevice.Selected"
D/RouteManager(253): audio-parameter-manager: } Applying configurations
D/RouteManager(253): audio-parameter-manager: } Configuration application request
D/RouteManager(253): -executeEnableRoutingStage-
D/RouteManager(253): audio-parameter-manager: Selection criterion changed event: Criterion name: RoutageState, current state: Path|Configure
D/TinyAlsaAudioDevice(253): open: card (baytrailaudio, 0)
D/TinyAlsaAudioDevice(253): config (rate=48000 format=0 channels= 2).
D/TinyAlsaAudioDevice(253): RingBuffer config: periodSize=960 nbPeriod=4startTh=1 stop Th=3840 silence Th=0
D/RouteManager(253): audio-parameter-manager: Configuration application request {
D/RouteManager(253): audio-parameter-manager: Applying configurations {
D/RouteManager(253): audio-parameter-manager: } Applying configurations
D/RouteManager(253): audio-parameter-manager: } Configuration application request
D/Resampler(253): configure: SOURCE rate=48000 format=1 channels=1
D/Resampler(253): configure: DST rate=16000 format=1 channels=1
D/RouteManager(253): -executeUnmuteRoutingStage-
D/RouteManager(253): audio-parameter-manager: Selection criterion changed event: Criterion name: RoutageState, current state: Flow|Path|Configure
D/RouteManager(253): audio-parameter-manager: Configuration application request {
D/RouteManager(253): audio-parameter-manager: Applying configurations {
D/RouteManager(253): audio-parameter-manager: Applying configuration "Unmute" from domain "Routing.Mute.HWCodec.Capture"
D/RouteManager(253): audio-parameter-manager: } Applying configurations
D/RouteManager(253): audio-parameter-manager: } Configuration application request
D/RouteManager(253): doReconsiderRouting: DONE
D/EVENT_THREAD(253): void CEventThread::run() Do poll with timeout: -1
I/HotwordWorkerImpl(5566): onReady
W/OpenGLRenderer(1268): Incorrectly called buildLayer on View: ShortcutAndWidgetContainer, destroying layer...
W/art (16419): Attempt to remove local handle scope entry from IRT, ignoring
W/art (16419): Attempt to remove local handle scope entry from IRT, ignoring
W/art (16419): Attempt to remove local handle scope entry from IRT, ignoring
W/art (16419): Attempt to remove local handle scope entry from IRT, ignoring
I/KERNEL (221): [16188.720170] iTCO_wdt: iTCO_wdt_keepalive
I/chromium(16419): [INFO:simple_thread.cc(32)] SimpleThread Start
I/chromium(16419): [INFO:simple_thread.cc(52)] SimpleThread ThreadMain
I/chromium(16419): [INFO:simple_thread.cc(32)] SimpleThread Start
I/chromium(16419): [INFO:simple_thread.cc(52)] SimpleThread ThreadMain
I/chromium(16419): [INFO:simple_thread.cc(32)] SimpleThread Start
I/chromium(16419): [INFO:simple_thread.cc(52)] SimpleThread ThreadMain
E/ivpg-hwc(217): Lost 1 flips
E/ivpg-hwc(217): Lost 1 flips
I/chromium(16419): [INFO:simple_thread.cc(32)] SimpleThread Start
I/chromium(16419): [INFO:simple_thread.cc(52)] SimpleThread ThreadMain
I/chromium(16419): [INFO:simple_thread.cc(86)] delegate_ is not NULL
D/AudioIntelHal(253): stopStream: output stream.
D/AudioIntelHal/AudioPlatformState(253): route-parameter-manager: Selection criterion changed event: Criterion name: OutputFlags, current state:
D/AudioIntelHal/AudioPlatformState(253): route-parameter-manager: Selection criterion changed event: Criterion name: StatesChanged, current state: OutputFlags
D/AudioIntelHal/AudioPlatformState(253): route-parameter-manager: Configuration application request {
D/AudioIntelHal/AudioPlatformState(253): route-parameter-manager: Applying configurations {
D/AudioIntelHal/AudioPlatformState(253): route-parameter-manager: Applying configuration "NotSelected" from domain "Parameter.Outputflags.Primary"
D/AudioIntelHal/AudioPlatformState(253): route-parameter-manager: Applying configuration "NotApplicable" from domain "StreamRoute.Media.Playback"
D/AudioIntelHal/AudioPlatformState(253): route-parameter-manager: Applying configuration "NotApplicable" from domain "Route.HwCodecMedia.Playback"
D/AudioIntelHal/AudioPlatformState(253): route-parameter-manager: Applying configuration "No" from domain "Route.HWCodec.NeedReconfigure.Capture"
D/AudioIntelHal/AudioPlatformState(253): route-parameter-manager: } Applying configurations
D/AudioIntelHal/AudioPlatformState(253): route-parameter-manager: } Configuration application request
D/EVENT_THREAD(253): void CEventThread::trig(void*, uint32_t): in
I/WAKELOCK_ACQUIRE(608): TIMESTAMP=16192127955261, TAG=RILJ, TYPE=PARTIAL_WAKE_LOCK , COUNT=0, PID=1228, UID=1001, FLAGS=
D/EVENT_THREAD(253): void CEventThread::trig(void*, uint32_t): out
I/WAKELOCK_RELEASE(608): TIMESTAMP=16192177961554, TAG=AudioMix, TYPE=PARTIAL_WAKE_LOCK , COUNT=0, PID=0, UID=1013, FLAGS=
D/RouteManager(253): doReconsiderRouting: Route state:
D/RouteManager(253): -Previously Enabled Route in Input = Media|HwCodecMedia
D/RouteManager(253): -Previously Enabled Route in Output = Media|HwCodecMedia
D/RouteManager(253): -Selected Route in Input = Media|HwCodecMedia
D/RouteManager(253): -Selected Route in Output = E/EM FG ALGO Iface:(20192): E/EM FG ALGO Iface:(20192): Failed to get File Descriptor
D/RouteManager(253): -executeMuteRoutingStage-
V/AlarmManager(608): triggered: cmp=com.google.android.googlequicksearchbox/com.google.android.velvet.VelvetBackgroundTasksImpl$Service Pkg: com.google.android.googlequicksearchbox
D/RouteManager(253): audio-parameter-manager: Selection criterion changed event: Criterion name: RoutageState, current state: Flow
I/WAKELOCK_ACQUIRE(608): TIMESTAMP=16194177903281, TAG=*alarm*, TYPE=PARTIAL_WAKE_LOCK , COUNT=0, PID=608, UID=1000, FLAGS=
D/RouteManager(253): audio-parameter-manager: Selection criterion changed event: Criterion name: ClosingPlaybackRoutes, current state: Media|HwCodecMedia
I/WAKELOCK_RELEASE(608): TIMESTAMP=16194178785853, TAG=*alarm*, TYPE=PARTIAL_WAKE_LOCK , COUNT=0, PID=608, UID=1000, FLAGS=
D/RouteManager(253): audio-parameter-manager: Selection criterion changed event: Criterion name: OpenedPlaybackRoutes, current state:
I/WAKELOCK_RELEASE(608): TIMESTAMP=16194660140271, TAG=ActivityManager-Launch, TYPE=PARTIAL_WAKE_LOCK , COUNT=0, PID=608, UID=1000, FLAGS=
D/RouteManager(253): audio-parameter-manager: Configuration application request {
I/WAKELOCK_ACQUIRE(608): TIMESTAMP=16194673139878, TAG=RILJ, TYPE=PARTIAL_WAKE_LOCK , COUNT=0, PID=1228, UID=1001, FLAGS=
D/RouteManager(253): audio-parameter-manager: Applying configurations {
I/WAKELOCK_ACQUIRE(608): TIMESTAMP=16195701487533, TAG=RILJ, TYPE=PARTIAL_WAKE_LOCK , COUNT=0, PID=1228, UID=1001, FLAGS=
D/RouteManager(253): audio-parameter-manager: Applying configuration "Mute" from domain "Routing.Mute.HWCodec.Playback.IHF"
D/RouteManager(253): audio-parameter-manager: } Applying configurations
D/RouteManager(253): audio-parameter-manager: } Configuration application request
D/RouteManager(253): -executeDisableRoutingStage-
D/RouteManager(253): audio-parameter-manager: Selection criterion changed event: Criterion name: RoutageState, current state: Path
D/TinyAlsaAudioDevice(253): close
D/RouteManager(253): audio-parameter-manager: Configuration application request {
D/RouteManager(253): audio-parameter-manager: Applying configurations {
D/RouteManager(253): audio-parameter-manager: Applying configuration "Disable" from domain "Routing.Enable.HWCodec.Playback.Analog.IHF.Out"
D/RouteManager(253): audio-parameter-manager: Applying configuration "Disable" from domain "Routing.Enable.HWCodec.Playback.Analog.IHF.Multimedia"
D/RouteManager(253): audio-parameter-manager: Applying configuration "Disable" from domain "Routing.Enable.HWCodec.Playback.Digital.Multimedia"
D/RouteManager(253): audio-parameter-manager: } Applying configurations
D/RouteManager(253): audio-parameter-manager: } Configuration application request
D/RouteManager(253): -executeConfigureRoutingStage-
D/RouteManager(253): audio-parameter-manager: Selection criterion changed event: Criterion name: RoutageState, current state: Configure
D/RouteManager(253): audio-parameter-manager: Selection criterion changed event: Criterion name: ClosingPlaybackRoutes, current state:
D/RouteManager(253): audio-parameter-manager: Selection criterion changed event: Criterion name: OutputFlags, current state:
D/RouteManager(253): audio-parameter-manager: Configuration application request {
D/RouteManager(253): audio-parameter-manager: Applying configurations {
D/RouteManager(253): audio-parameter-manager: } Applying configurations
D/RouteManager(253): audio-parameter-manager: } Configuration application request
D/RouteManager(253): -executeEnableRoutingStage-
D/RouteManager(253): audio-parameter-manager: Selection criterion changed event: Criterion name: RoutageState, current state: Path|Configure
D/RouteManager(253): audio-parameter-manager: Configuration application request {
D/RouteManager(253): audio-parameter-manager: Applying configurations {
D/RouteManager(253): audio-parameter-manager: } Applying configurations
D/RouteManager(253): audio-parameter-manager: } Configuration application request
D/RouteManager(253): -executeUnmuteRoutingStage-
D/RouteManager(253): audio-parameter-manager: Selection criterion changed event: Criterion name: RoutageState, current state: Flow|Path|Configure
D/RouteManager(253): audio-parameter-manager: Configuration application request {
D/RouteManager(253): audio-parameter-manager: Applying configurations {
D/RouteManager(253): audio-parameter-manager: } Applying configurations
D/RouteManager(253): audio-parameter-manager: } Configuration application request
D/RouteManager(253): doReconsiderRouting: DONE
D/EVENT_THREAD(253): void CEventThread::run() Do poll with timeout: -1
D/PROPERTY(253): get media.dump_output.befconv: 0
D/PROPERTY(253): get media.dump_output.aftconv: 0
D/AudioIntelHal(253): startStream: output stream.
D/AudioIntelHal/AudioPlatformState(253): route-parameter-manager: Selection criterion changed event: Criterion name: OutputFlags, current state: Primary
D/AudioIntelHal/AudioPlatformState(253): route-parameter-manager: Configuration application request {
D/AudioIntelHal/AudioPlatformState(253): route-parameter-manager: Applying configurations {
D/AudioIntelHal/AudioPlatformState(253): route-parameter-manager: Applying configuration "Selected" from domain "Parameter.Outputflags.Primary"
D/AudioIntelHal/AudioPlatformState(253): route-parameter-manager: Applying configuration "Applicable" from domain "StreamRoute.Media.Playback"
D/AudioIntelHal/AudioPlatformState(253): route-parameter-manager: Applying configuration "Applicable" from domain "Route.HwCodecMedia.Playback"
D/AudioIntelHal/AudioPlatformState(253): route-parameter-manager: } Applying configurations
D/AudioIntelHal/AudioPlatformState(253): route-parameter-manager: } Configuration application request
D/EVENT_THREAD(253): void CEventThread::trig(void*, uint32_t): in
D/EVENT_THREAD(253): void CEventThread::trig(void*, uint32_t): out
D/RouteManager(253): doReconsiderRouting: Route state:
D/RouteManager(253): -Previously Enabled Route in Input = Media|HwCodecMedia
D/RouteManager(253): -Previously Enabled Route in Output =
D/RouteManager(253): -Selected Route in Input = Media|HwCodecMedia
D/RouteManager(253): -Selected Route in Output = Media|HwCodecMedia
D/RouteManager(253): -executeMuteRoutingStage-
D/RouteManager(253): audio-parameter-manager: Selection criterion changed event: Criterion name: RoutageState, current state: Flow
D/RouteManager(253): audio-parameter-manager: Configuration application request {
D/RouteManager(253): audio-parameter-manager: Applying configurations {
D/RouteManager(253): audio-parameter-manager: } Applying configurations
D/RouteManager(253): audio-parameter-manager: } Configuration application request
D/RouteManager(253): -executeDisableRoutingStage-
D/RouteManager(253): audio-parameter-manager: Selection criterion changed event: Criterion name: RoutageState, current state: Path
D/RouteManager(253): audio-parameter-manager: Configuration application request {
D/RouteManager(253): audio-parameter-manager: Applying configurations {
I/WAKELOCK_ACQUIRE(608): TIMESTAMP=16197190025720, TAG=RILJ, TYPE=PARTIAL_WAKE_LOCK , COUNT=0, PID=1228, UID=1001, FLAGS=
D/RouteManager(253): audio-parameter-manager: } Applying configurations
I/WAKELOCK_ACQUIRE(608): TIMESTAMP=16197543979068, TAG=RILJ, TYPE=PARTIAL_WAKE_LOCK , COUNT=0, PID=1228, UID=1001, FLAGS=
D/RouteManager(253): audio-parameter-manager: } Configuration application request
D/RouteManager(253): -executeConfigureRoutingStage-
D/RouteManager(253): audio-parameter-manager: Selection criterion changed event: Criterion name: RoutageState, current state: Configure
D/RouteManager(253): audio-parameter-manager: Selection criterion changed event: Criterion name: OpenedPlaybackRoutes, current state: Media|HwCodecMedia
D/RouteManager(253): audio-parameter-manager: Selection criterion changed event: Criterion name: OutputFlags, current state: primary
D/RouteManager(253): audio-parameter-manager: Configuration application request {
D/RouteManager(253): audio-parameter-manager: Applying configurations {
D/RouteManager(253): audio-parameter-manager: } Applying configurations
D/RouteManager(253): audio-parameter-manager: } Configuration application request
D/RouteManager(253): -executeEnableRoutingStage-
D/RouteManager(253): audio-parameter-manager: Selection criterion changed event: Criterion name: RoutageState, current state: Path|Configure
D/RouteManager(253): audio-parameter-manager: Configuration application request {
D/RouteManager(253): audio-parameter-manager: Applying configurations {
D/RouteManager(253): audio-parameter-manager: Applying configuration "Enable" from domain "Routing.Enable.HWCodec.Playback.Analog.IHF.Out"
D/RouteManager(253): audio-parameter-manager: Applying configuration "Enable" from domain "Routing.Enable.HWCodec.Playback.Analog.IHF.Multimedia"
D/RouteManager(253): audio-parameter-manager: Applying configuration "Enable" from domain "Routing.Enable.HWCodec.Playback.Digital.Multimedia"
D/RouteManager(253): audio-parameter-manager: } Applying configurations
D/RouteManager(253): audio-parameter-manager: } Configuration application request
D/TinyAlsaAudioDevice(253): open: card (baytrailaudio, 0)
D/TinyAlsaAudioDevice(253): config (rate=48000 format=0 channels= 2).
D/TinyAlsaAudioDevice(253): RingBuffer config: periodSize=1152 nbPeriod=4startTh=4607 stop Th=4608 silence Th=0
W/SearchService(5566): Abort, client detached.
D/AudioConversion(253): configure: no convertion required
D/RouteManager(253): -executeUnmuteRoutingStage-
D/RouteManager(253): audio-parameter-manager: Selection criterion changed event: Criterion name: RoutageState, current state: Flow|Path|Configure
D/RouteManager(253): audio-parameter-manager: Configuration application request {
D/RouteManager(253): audio-parameter-manager: Applying configurations {
D/RouteManager(253): audio-parameter-manager: Applying configuration "Unmute" from domain "Routing.Mute.HWCodec.Playback.IHF"
D/RouteManager(253): audio-parameter-manager: } Applying configurations
D/RouteManager(253): audio-parameter-manager: } Configuration application request
D/RouteManager(253): doReconsiderRouting: DONE
D/EVENT_THREAD(253): void CEventThread::run() Do poll with timeout: -1
E/TinyAlsaStream(253): getFramesAvailable: Unable to get available frames
E/TinyAlsaStream(253): getFramesAvailable: Unable to get available frames
E/TinyAlsaStream(253): getFramesAvailable: Unable to get available frames
E/TinyAlsaStream(253): getFramesAvailable: Unable to get available frames
I/HotwordDetector(5566): Closing mic
I/MicrophoneInputStream(5566): mic_close com.google.android.apps.gsa.speech.audio.x@374c1adc
D/AudioIntelHal(253): stopStream: input stream.
D/AudioIntelHal/AudioPlatformState(253): route-parameter-manager: Selection criterion changed event: Criterion name: InputSources, current state:
D/AudioIntelHal/AudioPlatformState(253): route-parameter-manager: Selection criterion changed event: Criterion name: StatesChanged, current state: InputSources
D/AudioIntelHal/AudioPlatformState(253): route-parameter-manager: Configuration application request {
I/WAKELOCK_ACQUIRE(608): TIMESTAMP=16199032081417, TAG=*alarm*, TYPE=PARTIAL_WAKE_LOCK , COUNT=0, PID=608, UID=1000, FLAGS=
D/AudioIntelHal/AudioPlatformState(253): route-parameter-manager: Applying configurations { E/EM FG ALGO Iface:(20205): E/EM FG ALGO Iface:(20205): Failed to get File Descriptor
D/AudioIntelHal/AudioPlatformState(253): route-parameter-manager: Applying configuration "NotSelected" from domain "Parameter.InputSources.VoiceRecognition"
I/WAKELOCK_RELEASE(608): TIMESTAMP=16199111120869, TAG=*alarm*, TYPE=PARTIAL_WAKE_LOCK , COUNT=0, PID=608, UID=1000, FLAGS=
D/AudioIntelHal/AudioPlatformState(253): route-parameter-manager: Applying configuration "NotApplicable" from domain "Route.HwCodecMedia.Capture"
V/AlarmManager(608): triggered: act=com.android.server.WifiManager.action.START_SCAN Pkg: android
D/AudioIntelHal/AudioPlatformState(253): route-parameter-manager: Applying configuration "Yes" from domain "Route.HWCodec.NeedReconfigure.Capture"
I/WAKELOCK_ACQUIRE(608): TIMESTAMP=16199181970915, TAG=*alarm*, TYPE=PARTIAL_WAKE_LOCK , COUNT=0, PID=608, UID=1000, FLAGS=
D/AudioIntelHal/AudioPlatformState(253): route-parameter-manager: } Applying configurations
I/WAKELOCK_RELEASE(608): TIMESTAMP=16199192386179, TAG=*alarm*, TYPE=PARTIAL_WAKE_LOCK , COUNT=0, PID=608, UID=1000, FLAGS=
D/AudioIntelHal/AudioPlatformState(253): route-parameter-manager: } Configuration application request
I/WAKELOCK_ACQUIRE(608): TIMESTAMP=16199681664937, TAG=RILJ, TYPE=PARTIAL_WAKE_LOCK , COUNT=0, PID=1228, UID=1001, FLAGS=
D/EVENT_THREAD(253): void CEventThread::trig(void*, uint32_t): in
D/EVENT_THREAD(253): void CEventThread::trig(void*, uint32_t): out
D/RouteManager(253): doReconsiderRouting: Route state:
D/RouteManager(253): -Previously Enabled Route in Input = Media|HwCodecMedia
D/RouteManager(253): -Previously Enabled Route in Output = Media|HwCodecMedia
D/RouteManager(253): -Selected Route in Input =
D/RouteManager(253): -Selected Route in Output = Media|HwCodecMedia
D/RouteManager(253): -executeMuteRoutingStage-
D/RouteManager(253): audio-parameter-manager: Selection criterion changed event: Criterion name: RoutageState, current state: Flow
D/RouteManager(253): audio-parameter-manager: Selection criterion changed event: Criterion name: ClosingCaptureRoutes, current state: Media|HwCodecMedia
D/RouteManager(253): audio-parameter-manager: Selection criterion changed event: Criterion name: OpenedCaptureRoutes, current state:
D/RouteManager(253): audio-parameter-manager: Configuration application request {
D/RouteManager(253): audio-parameter-manager: Applying configurations {
D/RouteManager(253): audio-parameter-manager: Applying configuration "Mute" from domain "Routing.Mute.HWCodec.Capture"
D/RouteManager(253): audio-parameter-manager: } Applying configurations
D/RouteManager(253): audio-parameter-manager: } Configuration application request
D/RouteManager(253): -executeDisableRoutingStage-
D/RouteManager(253): audio-parameter-manager: Selection criterion changed event: Criterion name: RoutageState, current state: Path
D/RouteManager(253): audio-parameter-manager: Configuration application request {
D/RouteManager(253): audio-parameter-manager: Applying configurations {
D/RouteManager(253): audio-parameter-manager: } Applying configurations
D/RouteManager(253): audio-parameter-manager: } Configuration application request
D/TinyAlsaAudioDevice(253): close
D/RouteManager(253): -executeConfigureRoutingStage-
D/RouteManager(253): audio-parameter-manager: Selection criterion changed event: Criterion name: RoutageState, current state: Configure
D/RouteManager(253): audio-parameter-manager: Selection criterion changed event: Criterion name: ClosingCaptureRoutes, current state:
D/RouteManager(253): audio-parameter-manager: Selection criterion changed event: Criterion name: AudioSource, current state:
D/RouteManager(253): audio-parameter-manager: Configuration application request {
D/RouteManager(253): audio-parameter-manager: Applying configurations {
D/RouteManager(253): audio-parameter-manager: Applying configuration "FrontMic" from domain "InputDevice.Selected"
D/RouteManager(253): audio-parameter-manager: } Applying configurations
D/RouteManager(253): audio-parameter-manager: } Configuration application request
D/RouteManager(253): -executeEnableRoutingStage-
D/RouteManager(253): audio-parameter-manager: Selection criterion changed event: Criterion name: RoutageState, current state: Path|Configure
D/RouteManager(253): audio-parameter-manager: Configuration application request {
D/RouteManager(253): audio-parameter-manager: Applying configurations {
D/RouteManager(253): audio-parameter-manager: } Applying configurations
D/RouteManager(253): audio-parameter-manager: } Configuration application request
D/RouteManager(253): -executeUnmuteRoutingStage-
D/RouteManager(253): audio-parameter-manager: Selection criterion changed event: Criterion name: RoutageState, current state: Flow|Path|Configure
D/RouteManager(253): audio-parameter-manager: Configuration application request {
D/RouteManager(253): audio-parameter-manager: Applying configurations {
D/RouteManager(253): audio-parameter-manager: } Applying configurations
D/RouteManager(253): audio-parameter-manager: } Configuration application request
D/RouteManager(253): doReconsiderRouting: DONE
D/EVENT_THREAD(253): void CEventThread::run() Do poll with timeout: -1
I/MicroRecognitionRnrImpl(5566): Stopping hotword detection.
I/MicroRecognitionRnrImpl(5566): Detection finished
D/wpa_supplicant(685): wlan0: Control interface command 'SIGNAL_POLL'
I/chromium(16419): [INFO:simple_thread.cc(32)] SimpleThread Start
I/chromium(16419): [INFO:simple_thread.cc(52)] SimpleThread ThreadMain
I/chromium(16419): [INFO:simple_thread.cc(32)] SimpleThread Start
I/chromium(16419): [INFO:simple_thread.cc(52)] SimpleThread ThreadMain
I/chromium(16419): [INFO:simple_thread.cc(32)] SimpleThread Start
I/chromium(16419): [INFO:simple_thread.cc(52)] SimpleThread ThreadMain
I/chromium(16419): [INFO:simple_thread.cc(32)] SimpleThread Start
I/chromium(16419): [INFO:simple_thread.cc(52)] SimpleThread ThreadMain
W/pages(15944): Falling back to graph url for pic: https://graph.facebook.com/1154947082/picture?type=square&width=100&height=100
W/pages(15944): Falling back to graph url for pic: https://graph.facebook.com/100006535158288/picture?type=square&width=100&height=100
W/pages(15944): Falling back to graph url for pic: https://graph.facebook.com/100006369255169/picture?type=square&width=100&height=100
W/pages(15944): Falling back to graph url for pic: https://graph.facebook.com/1580503514/picture?type=square&width=100&height=100
I/KERNEL (17739): [16190.522575] trigger_algo:Algo_status:2
W/pages(15944): Falling back to graph url for pic: https://graph.facebook.com/1367988313/picture?type=square&width=100&height=100
W/pages(15944): Falling back to graph url for pic: https://graph.facebook.com/100003619882375/picture?type=square&width=100&height=100
W/pages(15944): Falling back to graph url for pic: https://graph.facebook.com/100002416488158/picture?type=square&width=100&height=100
W/pages(15944): Falling back to graph url for pic: https://graph.facebook.com/1104237730/picture?type=square&width=100&height=100
I/KERNEL (17739): [16190.524660] dollar_cove_charger dollar_cove_charger: pmic_chrg_set_cc: cc=2200 , max_cc=2200
W/pages(15944): Falling back to graph url for pic: https://graph.facebook.com/100001204580323/picture?type=square&width=100&height=100
I/WAKELOCK_ACQUIRE(608): TIMESTAMP=16199917753759, TAG=AudioMix, TYPE=PARTIAL_WAKE_LOCK , COUNT=0, PID=0, UID=1013, FLAGS=
W/pages(15944): Falling back to graph url for pic: https://graph.facebook.com/100000036737482/picture?type=square&width=100&height=100
I/WAKELOCK_ACQUIRE(608): TIMESTAMP=16199951985975, TAG=RILJ, TYPE=PARTIAL_WAKE_LOCK , COUNT=0, PID=1228, UID=1001, FLAGS=
I/KERNEL (17739): [16190.528742] dollar_cove_charger dollar_cove_charger: pmic_chrg_set_cv: cv=4350
I/WAKELOCK_ACQUIRE(608): TIMESTAMP=16200709441191, TAG=RILJ, TYPE=PARTIAL_WAKE_LOCK , COUNT=0, PID=1228, UID=1001, FLAGS=
I/KERNEL (17739): [16190.588476] get_battery_status: Set status=1 for dollar_cove_battery
I/WAKELOCK_ACQUIRE(608): TIMESTAMP=16200722831960, TAG=RILJ, TYPE=PARTIAL_WAKE_LOCK , COUNT=0, PID=1228, UID=1001, FLAGS=
D/skia_ext(15944): turboImageDecoder took 0.98ms to decode 100x100 (1x downscale)
I/ActivityManager(608): START u0 {act=android.intent.action.MAIN cat=[android.intent.category.HOME] flg=0x10200000 cmp=com.google.android.googlequicksearchbox/com.google.android.launcher.GEL} from uid 1000 on display 0
I/KERNEL (17739): [16190.670492] trigger_algo:Algo_status:2
I/WAKELOCK_ACQUIRE(608): TIMESTAMP=16201600549913, TAG=ActivityManager-Launch, TYPE=PARTIAL_WAKE_LOCK , COUNT=0, PID=608, UID=1000, FLAGS=
I/KERNEL (17739): [16190.674578] dollar_cove_charger dollar_cove_charger: pmic_chrg_set_cc: cc=2200 , max_cc=2200
I/WAKELOCK_RELEASE(608): TIMESTAMP=16202129464533, TAG=ActivityManager-Launch, TYPE=PARTIAL_WAKE_LOCK , COUNT=0, PID=608, UID=1000, FLAGS=
D/skia_ext(15944): turboImageDecoder took 1.27ms to decode 100x100 (1x downscale)
I/WAKELOCK_ACQUIRE(608): TIMESTAMP=16202300631232, TAG=Icing, TYPE=PARTIAL_WAKE_LOCK , COUNT=0, PID=1509, UID=10007, FLAGS=
I/KERNEL (17739): [16190.684289] dollar_cove_charger dollar_cove_charger: pmic_chrg_set_cv: cv=4350
I/WAKELOCK_ACQUIRE(608): TIMESTAMP=16202389573875, TAG=AudioIn, TYPE=PARTIAL_WAKE_LOCK , COUNT=0, PID=0, UID=1013, FLAGS=
D/skia_ext(15944): turboImageDecoder took 48.45ms to decode 719x719 (1x downscale)
I/WAKELOCK_RELEASE(608): TIMESTAMP=16202390256935, TAG=AudioIn, TYPE=PARTIAL_WAKE_LOCK , COUNT=0, PID=0, UID=1013, FLAGS=
D/skia_ext(15944): turboImageDecoder took 0.88ms to decode 100x100 (1x downscale)
I/WAKELOCK_ACQUIRE(608): TIMESTAMP=16202392658771, TAG=AudioIn, TYPE=PARTIAL_WAKE_LOCK , COUNT=0, PID=0, UID=1013, FLAGS=
D/skia_ext(15944): turboImageDecoder took 0.94ms to decode 100x100 (1x downscale)
I/KERNEL (17739): [16190.750481] get_battery_status: Set status=1 for dollar_cove_battery
I/KERNEL (213): [16190.860546] healthd: battery l=41 v=3806 t=28.0 h=2 st=2 c=-801 chg=u
I/KERNEL (213): [16190.952462] healthd: battery l=41 v=3806 t=28.0 h=2 st=2 c=-801 chg=u
