I/WAKELOCK_RELEASE(608): TIMESTAMP=15590083151977, TAG=*alarm*, TYPE=PARTIAL_WAKE_LOCK , COUNT=0, PID=608, UID=1000, FLAGS=
I/WAKELOCK_RELEASE(608): TIMESTAMP=15590083412627, TAG=NlpWakeLock, TYPE=PARTIAL_WAKE_LOCK , COUNT=0, PID=18348, UID=10007, FLAGS=
V/PerformBackupTask(608): Beginning backup of 1 targets
D/PerformBackupTask(608): invokeAgentForBackup on @pm@
I/KERNEL (213): [15590.318456] healthd: battery l=41 v=3810 t=27.0 h=2 st=3 c=-19 chg=
D/wpa_supplicant(685): wlan0: Control interface command 'DRIVER BTCOEXMODE 1'
V/BackupServiceBinder(608): doBackup() invoked
E/PMBA (608): No global metadata in state file!
I/PMBA (608): Previous metadata null mismatch vs eng.yankendi.20150908.114218 - rewriting
I/BackupRestoreController(608): Getting widget state for user: 0
D/PerformBackupTask(608): starting agent for backup of BackupRequest{pkg=android}
D/BackupManagerService(608): awaiting agent for ApplicationInfo{2aadd2c7 android}
D/wpa_supplicant(685): wpa_driver_nl80211_driver_cmd OK len = 0, 2
E/native (608): do suspend false
D/wpa_supplicant(685): wlan0: Control interface command 'DRIVER SETSUSPENDMODE 0'
D/wpa_supplicant(685): wpa_driver_nl80211_driver_cmd len = 0, 0
D/wpa_supplicant(685): wlan0: Control interface command 'SET ps 0'
D/wpa_supplicant(685): CTRL_IFACE SET 'ps'='0'
D/wpa_supplicant(685): nl80211: set_p2p_powersave (legacy_ps=0 opp_ps=-1 ctwindow=-1)
V/BackupServiceBinder(608): doBackup() invoked
D/BackupManagerService(608): agentConnected pkg=android agent=android.app.backup.BackupAgent$BackupServiceBinder@3626c456
I/BackupManagerService(608): got agent android.app.backup.BackupAgent$BackupServiceBinder@3626c456
D/PerformBackupTask(608): invokeAgentForBackup on android
D/wpa_supplicant(685): wlan0: Control interface command 'DRIVER WLS_BATCHING GET'
E/wpa_supplicant(685): wpa_driver_nl80211_driver_cmd: failed to issue private command: WLS_BATCHING GET
I/KERNEL (685): [15590.487906] dhd_pno_get_for_batch : wifi location service is not supported
E/WifiStateMachine(608): Unexpected BatchedScanResults :null
D/wpa_supplicant(685): wlan0: Control interface command 'DRIVER WLS_BATCHING STOP'
E/wpa_supplicant(685): wpa_driver_nl80211_driver_cmd: failed to issue private command: WLS_BATCHING STOP
I/KERNEL (685): [15590.487926] failed to getting batching results
I/KERNEL (685): [15590.488091] dhd_pno_stop_for_batch : wifi location service is not supported
I/KERNEL (685): [15590.488104] failed to stop batching scan
D/BackupHelperDispatcher(608): handling existing helper 'wallpaper' android.app.backup.WallpaperBackupHelper@ed7fcd7
I/BackupRestoreController(608): Getting widget state for user: 0
I/BackupManagerService(608): Backup pass finished.
I/WAKELOCK_RELEASE(608): TIMESTAMP=15590357230940, TAG=*backup*, TYPE=PARTIAL_WAKE_LOCK , COUNT=0, PID=608, UID=1000, FLAGS=
I/dhcpcd (19695): sending signal 14 to pid 15444
I/dhcpcd (15444): received SIGALRM, renewing
I/dhcpcd (15444): wlan0: renewing lease of 192.168.17.109
I/dhcpcd (15444): wlan0: acknowledged 192.168.17.109 from 192.168.17.254
I/dhcpcd (15444): wlan0: leased 192.168.17.109 for 3600 seconds
I/WAKELOCK_ACQUIRE(608): TIMESTAMP=15590634662663, TAG=NlpWakeLock, TYPE=PARTIAL_WAKE_LOCK , COUNT=0, PID=18348, UID=10007, FLAGS=
I/WAKELOCK_RELEASE(608): TIMESTAMP=15590635340468, TAG=NlpCollectorWakeLock, TYPE=PARTIAL_WAKE_LOCK , COUNT=0, PID=18348, UID=10007, FLAGS=
I/WAKELOCK_RELEASE(608): TIMESTAMP=15590635778298, TAG=NlpCollectorWakeLock, TYPE=PARTIAL_WAKE_LOCK , COUNT=0, PID=18348, UID=10007, FLAGS=
I/WAKELOCK_RELEASE(608): TIMESTAMP=15590636255427, TAG=NlpCollectorWakeLock, TYPE=PARTIAL_WAKE_LOCK , COUNT=0, PID=18348, UID=10007, FLAGS=
I/WAKELOCK_ACQUIRE(608): TIMESTAMP=15590638094718, TAG=NlpWakeLock, TYPE=PARTIAL_WAKE_LOCK , COUNT=0, PID=18348, UID=10007, FLAGS=
I/WAKELOCK_ACQUIRE(608): TIMESTAMP=15590639831445, TAG=NlpWakeLock, TYPE=PARTIAL_WAKE_LOCK , COUNT=0, PID=18348, UID=10007, FLAGS=
I/WAKELOCK_RELEASE(608): TIMESTAMP=15590641969439, TAG=NlpWakeLock, TYPE=PARTIAL_WAKE_LOCK , COUNT=0, PID=18348, UID=10007, FLAGS=
I/WAKELOCK_ACQUIRE(608): TIMESTAMP=15590642166178, TAG=GCoreFlp, TYPE=PARTIAL_WAKE_LOCK , COUNT=0, PID=18348, UID=10007, FLAGS=
I/WAKELOCK_ACQUIRE(608): TIMESTAMP=15590643153749, TAG=GCoreFlp, TYPE=PARTIAL_WAKE_LOCK , COUNT=0, PID=18348, UID=10007, FLAGS=
I/WAKELOCK_RELEASE(608): TIMESTAMP=15590643683690, TAG=GCoreFlp, TYPE=PARTIAL_WAKE_LOCK , COUNT=0, PID=18348, UID=10007, FLAGS=
I/WAKELOCK_ACQUIRE(608): TIMESTAMP=15590644371479, TAG=GCoreFlp, TYPE=PARTIAL_WAKE_LOCK , COUNT=0, PID=18348, UID=10007, FLAGS=
I/WAKELOCK_RELEASE(608): TIMESTAMP=15590644544446, TAG=GCoreFlp, TYPE=PARTIAL_WAKE_LOCK , COUNT=0, PID=18348, UID=10007, FLAGS=
I/WAKELOCK_ACQUIRE(608): TIMESTAMP=15590645342478, TAG=NlpWakeLock, TYPE=PARTIAL_WAKE_LOCK , COUNT=0, PID=18348, UID=10007, FLAGS=
I/WAKELOCK_RELEASE(608): TIMESTAMP=15590645606860, TAG=GCoreFlp, TYPE=PARTIAL_WAKE_LOCK , COUNT=0, PID=18348, UID=10007, FLAGS=
I/WAKELOCK_ACQUIRE(608): TIMESTAMP=15590645946795, TAG=ContextManagerWakeLock, TYPE=PARTIAL_WAKE_LOCK , COUNT=0, PID=18348, UID=10007, FLAGS=
I/WAKELOCK_RELEASE(608): TIMESTAMP=15590648010244, TAG=NlpWakeLock, TYPE=PARTIAL_WAKE_LOCK , COUNT=0, PID=18348, UID=10007, FLAGS=
I/WAKELOCK_RELEASE(608): TIMESTAMP=15590648757133, TAG=NlpWakeLock, TYPE=PARTIAL_WAKE_LOCK , COUNT=0, PID=18348, UID=10007, FLAGS=
I/WAKELOCK_ACQUIRE(608): TIMESTAMP=15590649286270, TAG=Wakeful StateMachine: GeofencerStateMachine, TYPE=PARTIAL_WAKE_LOCK , COUNT=0, PID=18348, UID=10007, FLAGS=
I/WAKELOCK_ACQUIRE(608): TIMESTAMP=15590650281797, TAG=NlpWakeLock, TYPE=PARTIAL_WAKE_LOCK , COUNT=0, PID=18348, UID=10007, FLAGS=
I/WAKELOCK_RELEASE(608): TIMESTAMP=15590652250771, TAG=NlpWakeLock, TYPE=PARTIAL_WAKE_LOCK , COUNT=0, PID=18348, UID=10007, FLAGS=
I/WAKELOCK_ACQUIRE(608): TIMESTAMP=15590653792619, TAG=UlrDispSvcFastWL, TYPE=PARTIAL_WAKE_LOCK , COUNT=0, PID=18348, UID=10007, FLAGS=
I/WAKELOCK_ACQUIRE(608): TIMESTAMP=15590654421560, TAG=NlpWakeLock, TYPE=PARTIAL_WAKE_LOCK , COUNT=0, PID=18348, UID=10007, FLAGS=
I/WAKELOCK_RELEASE(608): TIMESTAMP=15590658582599, TAG=NlpWakeLock, TYPE=PARTIAL_WAKE_LOCK , COUNT=0, PID=18348, UID=10007, FLAGS=
E/SQLiteLog(18348): (2067) abort at 35 in [INSERT INTO context(context_name,end_time,context_family,module_id,version,sync_state_mod_time_millis,start_time,sync_state,context_id,time_type,proto_blob) VALUES (?,?,?,?,?,?,?,?,?,?,?)]: UNI
E/SQLiteDatabase(18348): Error inserting context_name=6 end_time=1443367131608 context_family=1 module_id=com.google.android.contextmanager.module.DetectedActivityProducer version=1 sync_state_mod_time_millis=1443367131628 start_time=1443366929708 sync_state=0 context_id=6b1256a2-a656-4d25-b0d4-4a0d92cdf742 time_type=3 proto_blob=[B@30f05499
E/SQLiteDatabase(18348): android.database.sqlite.SQLiteConstraintException: UNIQUE constraint failed: context.context_id (code 2067)
E/SQLiteDatabase(18348): at android.database.sqlite.SQLiteConnection.nativeExecuteForLastInsertedRowId(Native Method)
E/SQLiteDatabase(18348): at android.database.sqlite.SQLiteConnection.executeForLastInsertedRowId(SQLiteConnection.java:782)
E/SQLiteDatabase(18348): at android.database.sqlite.SQLiteSession.executeForLastInsertedRowId(SQLiteSession.java:788)
E/SQLiteDatabase(18348): at android.database.sqlite.SQLiteStatement.executeInsert(SQLiteStatement.java:86)
E/SQLiteDatabase(18348): at android.database.sqlite.SQLiteDatabase.insertWithOnConflict(SQLiteDatabase.java:1471)
E/SQLiteDatabase(18348): at android.database.sqlite.SQLiteDatabase.insert(SQLiteDatabase.java:1341)
E/SQLiteDatabase(18348): at com.google.android.contextmanager.q.al.a(SourceFile:408)
E/SQLiteDatabase(18348): at com.google.android.contextmanager.q.al.b(SourceFile:383)
E/SQLiteDatabase(18348): at com.google.android.contextmanager.q.al.a(SourceFile:349)
E/SQLiteDatabase(18348): at com.google.android.contextmanager.q.al.b(SourceFile:376)
E/SQLiteDatabase(18348): at com.google.android.contextmanager.g.a.j.a(SourceFile:58)
E/SQLiteDatabase(18348): at com.google.android.contextmanager.g.a.a.run(SourceFile:52)
E/SQLiteDatabase(18348): at com.google.android.contextmanager.g.i.handleMessage(SourceFile:215)
E/SQLiteDatabase(18348): at android.os.Handler.dispatchMessage(Handler.java:102)
E/SQLiteDatabase(18348): at android.os.Looper.loop(Looper.java:135)
E/SQLiteDatabase(18348): at android.os.HandlerThread.run(HandlerThread.java:61)
I/WAKELOCK_RELEASE(608): TIMESTAMP=15590661625328, TAG=NlpWakeLock, TYPE=PARTIAL_WAKE_LOCK , COUNT=0, PID=18348, UID=10007, FLAGS=
I/WAKELOCK_RELEASE(608): TIMESTAMP=15590672706529, TAG=UlrDispSvcFastWL, TYPE=PARTIAL_WAKE_LOCK , COUNT=0, PID=18348, UID=10007, FLAGS=
I/WAKELOCK_RELEASE(608): TIMESTAMP=15590697293926, TAG=Wakeful StateMachine: GeofencerStateMachine, TYPE=PARTIAL_WAKE_LOCK , COUNT=0, PID=18348, UID=10007, FLAGS=
I/WAKELOCK_RELEASE(608): TIMESTAMP=15590748489089, TAG=ContextManagerWakeLock, TYPE=PARTIAL_WAKE_LOCK , COUNT=0, PID=18348, UID=10007, FLAGS=
E/native (608): do suspend true
D/wpa_supplicant(685): wlan0: Control interface command 'DRIVER SETSUSPENDMODE 1'
D/wpa_supplicant(685): wpa_driver_nl80211_driver_cmd len = 0, 0
D/wpa_supplicant(685): wlan0: Control interface command 'SET ps 1'
D/wpa_supplicant(685): CTRL_IFACE SET 'ps'='1'
D/wpa_supplicant(685): nl80211: set_p2p_powersave (legacy_ps=1 opp_ps=-1 ctwindow=-1)
D/wpa_supplicant(685): wlan0: Control interface command 'DRIVER BTCOEXMODE 2'
I/WAKELOCK_RELEASE(608): TIMESTAMP=15591002937147, TAG=DHCP, TYPE=PARTIAL_WAKE_LOCK , COUNT=0, PID=608, UID=1000, FLAGS=
D/wpa_supplicant(685): wpa_driver_nl80211_driver_cmd OK len = 0, 2
D/wpa_supplicant(685): wlan0: Control interface command 'BLACKLIST clear'
D/Nat464Xlat(608): requiresClat: netType=1, connected=true, hasIPv4Address=true
D/ConnectivityService(608): NetworkAgentInfo [WIFI () - 103] EVENT_NETWORK_INFO_CHANGED, going from CONNECTED to CONNECTING
D/ConnectivityService(608): NetworkAgentInfo [WIFI () - 103] EVENT_NETWORK_INFO_CHANGED, going from CONNECTING to CONNECTED
E/WifiStateMachine(608): WifiStateMachine: Leaving Connected state
I/GCoreUlr(18348): Wifi connected, attempting upload
I/GCoreUlr(18348): Starting service, intent=Intent { act=com.google.android.location.reporting.WIFI_TRIGGERED_UPLOAD cmp=com.google.android.gms/com.google.android.location.reporting.service.DispatchingService }, extras=null
I/KERNEL (16720): [15591.296132] PM: suspend entry 2015-09-27 15:18:52.079816216 UTC
I/KERNEL (16720): [15591.296152] PM: Syncing filesystems ...
I/GCoreUlr(18348): Wifi connected, attempting upload
I/GCoreUlr(18348): Starting service, intent=Intent { act=com.google.android.location.reporting.WIFI_TRIGGERED_UPLOAD cmp=com.google.android.gms/com.google.android.location.reporting.service.DispatchingService }, extras=null
I/WAKELOCK_ACQUIRE(608): TIMESTAMP=15591124964860, TAG=UlrDispSvcFastWL, TYPE=PARTIAL_WAKE_LOCK , COUNT=0, PID=18348, UID=10007, FLAGS=
I/WAKELOCK_RELEASE(608): TIMESTAMP=15591319578722, TAG=UlrDispSvcFastWL, TYPE=PARTIAL_WAKE_LOCK , COUNT=0, PID=18348, UID=10007, FLAGS=
I/KERNEL (16720):
I/KERNEL (16720): [15591.495489] active wakeup source: PowerManagerService.WakeLocks
I/KERNEL (16720): [15591.495515] PM: Suspend aborted for filesystem syncing
I/GCoreUlr(18348): Starting service, intent=Intent { act=com.google.android.location.reporting.UPLOAD cmp=com.google.android.gms/com.google.android.location.reporting.service.DispatchingService }, extras=null
I/KERNEL (16720): [15591.495524] PM: suspend exit 2015-09-27 15:18:52.279210842 UTC
I/WAKELOCK_ACQUIRE(608): TIMESTAMP=15591327774333, TAG=UlrDispSvcSlowWL, TYPE=PARTIAL_WAKE_LOCK , COUNT=0, PID=18348, UID=10007, FLAGS=
I/KERNEL (16720): [15591.504236] PM: suspend entry 2015-09-27 15:18:52.287918106 UTC
I/KERNEL (16720): [15591.504263] PM: Syncing filesystems ...
I/WAKELOCK_ACQUIRE(608): TIMESTAMP=15591338302420, TAG=UlrDispSvcFastWL, TYPE=PARTIAL_WAKE_LOCK , COUNT=0, PID=18348, UID=10007, FLAGS=
I/GCoreUlr(18348): Not calling LocationReporter, hasMoved: false, elapsed millis: 215, request: WifiTriggered(180000)
I/WAKELOCK_RELEASE(608): TIMESTAMP=15591357557452, TAG=UlrDispSvcFastWL, TYPE=PARTIAL_WAKE_LOCK , COUNT=0, PID=18348, UID=10007, FLAGS=
W/BaseAppContext(18348): Using Auth Proxy for data requests.
V/GLSActivity(1123): AuthDelegateWrapperCreated with selected intent: Intent { cmp=com.google.android.gms/.auth.DefaultAuthDelegateService }
V/GLSActivity(1123): AuthDelegateWrapperCreated with selected intent: Intent { cmp=com.google.android.gms/.auth.DefaultAuthDelegateService }
I/KERNEL (16720):
I/KERNEL (16720): [15591.695508] active wakeup source: PowerManagerService.WakeLocks
I/KERNEL (16720): [15591.695533] PM: Suspend aborted for filesystem syncing
I/KERNEL (16720): [15591.695542] PM: suspend exit 2015-09-27 15:18:52.479227784 UTC
D/BackupManagerService(608): Now staging backup of android
I/KERNEL (17739): [15592.635541] acm_suspend[1][ACM4][531][bc2][47][8d][0][1]
I/KERNEL (17739): [15592.636293] acm_suspend[1][ACM3][154a][1b16][178][179][0][1]
I/KERNEL (17739): [15592.676059] [xhci_pci_suspend], xhci_root_hub pointer:0x77179000
I/KERNEL (17739): [15592.676163] XHCI: port 1, portsc 0xc000e63
I/KERNEL (17739): [15592.746178] xhci_hcd 0000:00:14.0: power state changed by ACPI to D3cold E/EM FG ALGO Iface:(19720): E/EM FG ALGO Iface:(19720): Failed to get File Descriptor
I/KERNEL (221): [15593.551267] iTCO_wdt: iTCO_wdt_keepalive
D/Volley (18348): [1022] BasicNetwork.logSlowRequests: HTTP response for request=<[ ] https://www.googleapis.com/userlocation/v1/reports/512042301?devicePrettyName=e-tab%203G&deviceRestriction=noRestriction&gmsVersion=8115270&nlpVersion=2018&osLevel=21&platform=android%2Fe-tab%2Fe-tab%2Fetab_3G%3A5.0%2FLRX21V%2Fyankendi09081146%3Auserdebug%2Fdev-keys 0x30b75e1c NORMAL 2> [lifetime=3251], [size=55], [rc=200], [retryCount=0]
I/GCoreUlr(18348): Batch Location Update succeeded for account account#14#
I/GCoreUlr(18348): Upload task finished
I/WAKELOCK_RELEASE(608): TIMESTAMP=15595130943743, TAG=UlrDispSvcSlowWL, TYPE=PARTIAL_WAKE_LOCK , COUNT=0, PID=18348, UID=10007, FLAGS=
D/Volley (18348): [1] Request.finish: 3385 ms: [ ] https://www.googleapis.com/userlocation/v1/reports/512042301?devicePrettyName=e-tab%203G&deviceRestriction=noRestriction&gmsVersion=8115270&nlpVersion=2018&osLevel=21&platform=android%2Fe-tab%2Fe-tab%2Fetab_3G%3A5.0%2FLRX21V%2Fyankendi09081146%3Auserdebug%2Fdev-keys 0x30b75e1c NORMAL 2
I/KERNEL (16720): [15595.655959] PM: suspend entry 2015-09-27 15:18:56.439607939 UTC
I/KERNEL (16720): [15595.656020] PM: Syncing filesystems ...
I/KERNEL (16720): done.
I/KERNEL (16720): [15595.691408] PM: Preparing system for mem sleep
I/KERNEL (16720): [15595.692183] Freezing user space processes ...
I/KERNEL (16720): (elapsed 0.002 seconds)
I/KERNEL (16720): done.
I/KERNEL (16720):
I/KERNEL (16720): [15595.694909] Freezing remaining freezable tasks ...
I/KERNEL (16720): (elapsed 0.002 seconds)
I/KERNEL (16720): done.
I/KERNEL (16720):
I/KERNEL (16720): [15595.697532] PM: Entering mem sleep
I/KERNEL (16720): [15595.697556] Suspending console(s) (use no_console_suspend to debug)
I/KERNEL (16720): [15595.708348] i915 0000:00:02.0: setting latency timer to 64
I/KERNEL (16720): [15595.713903] [drm:valleyview_enable_rps] *ERROR* GT fifo had a previous error 10
I/KERNEL (16720): [15595.717194] atomisp-css2400b0_v21 0000:00:03.0: DFS target frequency=200.
I/KERNEL (16720): [15595.836063] xhci_hcd 0000:00:14.0: power state changed by ACPI to D0
I/KERNEL (16720): [15595.856132] xhci_hcd 0000:00:14.0: power state changed by ACPI to D0
I/KERNEL (16720): [15595.875997] xhci_hcd 0000:00:14.0: setting latency timer to 64
I/KERNEL (16720): [15595.939354] snd_intel_sst: runtime_resume called
I/KERNEL (16720): [15596.050333] acm_suspend[0][ACM4][531][bc2][47][8d][0][1]
I/KERNEL (16720): [15596.051182] acm_suspend[0][ACM3][154a][1b16][178][179][0][1]
I/KERNEL (16720): [15596.053533] bcmsdh_sdmmc_suspend Enter
I/KERNEL (16720): [15596.053561] bcmsdh_sdmmc_suspend Enter
I/KERNEL (16720): [15596.917069] active wakeup source: wlan_wd_wake
I/KERNEL (16720): [15596.917077] active wakeup source: wlan_wake
I/KERNEL (16720): [15596.917094] PM: Some devices failed to suspend
I/KERNEL (16720): [15596.977139] bcmsdh_sdmmc_resume Enter
I/KERNEL (16720): [15596.977155] bcmsdh_sdmmc_resume Enter
I/KERNEL (16720): [15597.007909] PM: resume of devices complete after 90.797 msecs
I/KERNEL (16720): [15597.034413] PM: Finishing wakeup.
I/KERNEL (16720): [15597.034435] Restarting tasks ...
I/KERNEL (16720): done.
I/KERNEL (16720): [15597.038434] video LNXVIDEO:00: Restoring backlight state
I/KERNEL (19691): [15597.039462] atomisp-css2400b0_v21 0000:00:03.0: DFS target frequency=200.
I/KERNEL (19691): [15597.045548] PM: suspend exit 2015-09-27 15:18:57.829202794 UTC
I/KERNEL (17738): [15597.047880] snd_intel_sst: runtime_idle called
I/KERNEL (17738): [15597.047892] snd_intel_sst: runtime_suspend called
I/KERNEL (213): [15597.100882] healthd: battery l=41 v=3806 t=28.0 h=2 st=3 c=-194 chg=
I/KERNEL (16720): [15597.111825] PM: suspend entry 2015-09-27 15:18:57.895479050 UTC
I/KERNEL (16720): [15597.111867] PM: Syncing filesystems ...
I/KERNEL (16720): done.
I/KERNEL (16720): [15597.113452] PM: Preparing system for mem sleep
I/KERNEL (16720): [15597.113819] Freezing user space processes ...
I/KERNEL (16720): (elapsed 0.002 seconds)
I/KERNEL (16720): done.
I/KERNEL (16720):
I/KERNEL (16720): [15597.116114] Freezing remaining freezable tasks ...
I/KERNEL (16720): (elapsed 0.003 seconds)
I/KERNEL (16720): done.
I/KERNEL (16720):
I/KERNEL (16720): [15597.119335] PM: Entering mem sleep
I/KERNEL (16720): [15597.119361] Suspending console(s) (use no_console_suspend to debug)
I/KERNEL (16720): [15597.130592] i915 0000:00:02.0: setting latency timer to 64
I/KERNEL (16720): [15597.137075] atomisp-css2400b0_v21 0000:00:03.0: DFS target frequency=200.
I/KERNEL (16720): [15597.200615] snd_intel_sst: runtime_resume called
I/KERNEL (16720): [15597.231782] acm_suspend[0][ACM4][531][bc2][47][8d][0][1]
I/KERNEL (16720): [15597.232655] acm_suspend[0][ACM3][154a][1b16][178][179][0][1]
I/KERNEL (16720): [15597.234903] bcmsdh_sdmmc_suspend Enter
I/KERNEL (16720): [15597.234933] bcmsdh_sdmmc_suspend Enter
I/KERNEL (16720): [15598.097138] snd_intel_sst: runtime_suspend called
I/KERNEL (16720): [15598.098096] [xhci_pci_suspend], xhci_root_hub pointer:0x77179000
I/KERNEL (16720): [15598.098159] XHCI: port 1, portsc 0xe63
I/KERNEL (16720): [15598.098259] atomisp-css2400b0_v21 0000:00:03.0: DFS target frequency=200.
I/KERNEL (16720): [15598.306538] PM: suspend of devices complete after 1076.842 msecs
I/KERNEL (16720): [15598.311842] PM: late suspend of devices complete after 5.248 msecs
I/KERNEL (16720): [15598.385691] xhci_hcd 0000:00:14.0: power state changed by ACPI to D3hot
I/KERNEL (16720): [15598.396324] PM: noirq suspend of devices complete after 84.464 msecs
I/KERNEL (16720): [15598.396332] Disabling non-boot CPUs ...
I/KERNEL (16720): [15598.399582] smpboot: CPU 1 is now offline
I/KERNEL (16720): [15598.403956] smpboot: CPU 2 is now offline
I/KERNEL (16720): [15598.407872] smpboot: CPU 3 is now offline
I/KERNEL (16720): [15600.878017] Suspended for 3.000 seconds
I/KERNEL (16720): [15600.878454] Enabling non-boot CPUs ...
I/KERNEL (16720): [15600.878623] SMP alternatives: lockdep: fixing up alternatives
I/KERNEL (16720): [15600.878635] smpboot: Booting Node 0 Processor 1 APIC 0x2
I/KERNEL (16720): [15600.895592] Skipped synchronization checks as TSC is reliable.
I/KERNEL (16720): [15600.896949] CPU1 is up
I/KERNEL (16720): [15600.897084] SMP alternatives: lockdep: fixing up alternatives
I/KERNEL (16720): [15600.897096] smpboot: Booting Node 0 Processor 2 APIC 0x4
I/KERNEL (16720): [15600.914151] Skipped synchronization checks as TSC is reliable.
I/KERNEL (16720): [15600.915606] CPU2 is up
I/KERNEL (16720): [15600.915653] SMP alternatives: lockdep: fixing up alternatives
I/KERNEL (16720): [15600.915657] smpboot: Booting Node 0 Processor 3 APIC 0x6
I/KERNEL (16720): [15600.932546] Skipped synchronization checks as TSC is reliable.
I/KERNEL (16720): [15600.934539] CPU3 is up
I/KERNEL (16720): [15601.064790] xhci_hcd 0000:00:14.0: power state changed by ACPI to D0
I/KERNEL (16720): [15601.075005] xhci_hcd 0000:00:14.0: power state changed by ACPI to D0
I/KERNEL (16720): [15601.089530] PM: noirq resume of devices complete after 153.827 msecs
I/KERNEL (16720): [15601.089541] Wakeup from IRQ 0
I/KERNEL (16720): [15601.089555] Wakeup from IRQ 8 rtc0
I/KERNEL (16720): [15601.089732] Wakeup from IRQ 36 i2c-designware-5
I/KERNEL (16720): [15601.089914] Wakeup from IRQ 389 GODX0911:00
I/KERNEL (16720): [15601.089985] Wakeup from IRQ 456
I/KERNEL (16720): [15601.089991] Wakeup from IRQ 457
I/KERNEL (16720): [15601.090005] Wakeup from IRQ 464
I/KERNEL (16720): [15601.090011] Wakeup from IRQ 465
I/KERNEL (16720): [15601.090033] Wakeup from IRQ 483
I/KERNEL (16720): [15601.090039] Wakeup from IRQ 484
I/KERNEL (16720): [15601.090045] Wakeup from IRQ 485
I/KERNEL (16720): [15601.090051] Wakeup from IRQ 486
I/KERNEL (16720): [15601.090067] Wakeup from IRQ 498
I/KERNEL (16720): [15601.090073] Wakeup from IRQ 499
I/KERNEL (16720): [15601.090080] Wakeup from IRQ 501
I/KERNEL (16720): [15601.090086] Wakeup from IRQ 502
I/KERNEL (16720): [15601.090091] Wakeup from IRQ 503
I/KERNEL (16720): [15601.096312] PM: early resume of devices complete after 6.157 msecs
I/KERNEL (16720): [15601.096549] i915 0000:00:02.0: setting latency timer to 64
I/KERNEL (16720): [15601.098271] atomisp-css2400b0_v21 0000:00:03.0: DFS target frequency=200.
I/WAKELOCK_ACQUIRE(608): TIMESTAMP=15601053631689, TAG=*alarm*, TYPE=PARTIAL_WAKE_LOCK , COUNT=0, PID=608, UID=1000, FLAGS=
V/AlarmManager(608): triggered: act=ALARM_WAKEUP15074820 Pkg: com.google.android.gms
I/WAKELOCK_ACQUIRE(608): TIMESTAMP=15601056121508, TAG=ContextManagerWakeLock, TYPE=PARTIAL_WAKE_LOCK , COUNT=0, PID=18348, UID=10007, FLAGS=
I/WAKELOCK_RELEASE(608): TIMESTAMP=15601058790415, TAG=ContextManagerWakeLock, TYPE=PARTIAL_WAKE_LOCK , COUNT=0, PID=18348, UID=10007, FLAGS= E/EM FG ALGO Iface:(19722): E/EM FG ALGO Iface:(19722): Failed to get File Descriptor
I/KERNEL (16720): [15601.098620] xhci_hcd 0000:00:14.0: power state changed by ACPI to D0
I/KERNEL (16720): [15601.098650] xhci_hcd 0000:00:14.0: setting latency timer to 64
I/KERNEL (16720): [15601.106190] [drm:valleyview_enable_rps] *ERROR* GT fifo had a previous error 10
I/KERNEL (16720): [15601.108086] mei_txe 0000:00:1a.0: irq 103 for MSI/MSI-X
I/KERNEL (16720): [15601.108830] snd_intel_sst: runtime_resume called
I/KERNEL (16720): [15601.179900] bcmsdh_sdmmc_resume Enter
I/KERNEL (16720): [15601.179916] bcmsdh_sdmmc_resume Enter
I/KERNEL (16720): [15601.198110] PM: resume of devices complete after 101.776 msecs
I/KERNEL (16720): [15601.236771] PM: Finishing wakeup.
I/KERNEL (16720): [15601.236776] Restarting tasks ...
I/KERNEL (16720): done.
I/KERNEL (16720): [15601.239004] video LNXVIDEO:00: Restoring backlight state
I/KERNEL (16720): [15601.240851] PM: suspend exit 2015-09-27 15:19:02.024485540 UTC
I/KERNEL (18160): [15601.241812] atomisp-css2400b0_v21 0000:00:03.0: DFS target frequency=200.
I/KERNEL (17639): [15601.250706] snd_intel_sst: runtime_idle called
I/KERNEL (17639): [15601.250718] snd_intel_sst: runtime_suspend called
I/WAKELOCK_RELEASE(608): TIMESTAMP=15601153628580, TAG=*alarm*, TYPE=PARTIAL_WAKE_LOCK , COUNT=0, PID=608, UID=1000, FLAGS=
I/KERNEL (16720): [15601.338509] PM: suspend entry 2015-09-27 15:19:02.122140631 UTC
I/KERNEL (16720): [15601.338536] PM: Syncing filesystems ...
I/KERNEL (16720): done.
I/KERNEL (16720): [15601.341306] PM: Preparing system for mem sleep
I/KERNEL (16720): [15601.341603] Freezing user space processes ...
I/KERNEL (16720): (elapsed 0.003 seconds)
I/KERNEL (16720): done.
I/KERNEL (16720):
I/KERNEL (16720): [15601.345114] Freezing remaining freezable tasks ...
I/KERNEL (16720): (elapsed 0.002 seconds)
I/KERNEL (16720): done.
I/KERNEL (16720):
I/KERNEL (16720): [15601.347696] PM: Entering mem sleep
I/KERNEL (16720): [15601.347702] Suspending console(s) (use no_console_suspend to debug)
I/KERNEL (16720): [15601.358449] i915 0000:00:02.0: setting latency timer to 64
I/KERNEL (16720): [15601.365624] atomisp-css2400b0_v21 0000:00:03.0: DFS target frequency=200.
I/KERNEL (16720): [15601.387826] snd_intel_sst: runtime_resume called
I/KERNEL (16720): [15601.419300] acm_suspend[0][ACM4][531][bc2][47][8d][0][1]
I/KERNEL (16720): [15601.420007] acm_suspend[0][ACM3][154a][1b16][178][179][0][1]
I/KERNEL (16720): [15601.420873] bcmsdh_sdmmc_suspend Enter
I/KERNEL (16720): [15601.420892] bcmsdh_sdmmc_suspend Enter
I/KERNEL (16720): [15602.276340] snd_intel_sst: runtime_suspend called
I/KERNEL (16720): [15602.277336] [xhci_pci_suspend], xhci_root_hub pointer:0x77179000
I/KERNEL (16720): [15602.277399] XHCI: port 1, portsc 0xe63
I/KERNEL (16720): [15602.277499] atomisp-css2400b0_v21 0000:00:03.0: DFS target frequency=200.
I/KERNEL (16720): [15602.485582] PM: suspend of devices complete after 1066.799 msecs
I/KERNEL (16720): [15602.490871] PM: late suspend of devices complete after 5.234 msecs
I/KERNEL (16720): [15602.574797] xhci_hcd 0000:00:14.0: power state changed by ACPI to D3hot
I/KERNEL (16720): [15602.574818] active wakeup source: wlan_wd_wake
I/KERNEL (16720): [15602.574824] active wakeup source: wlan_wake
I/KERNEL (16720): [15602.694801] xhci_hcd 0000:00:14.0: power state changed by ACPI to D0
I/KERNEL (16720): [15602.705000] xhci_hcd 0000:00:14.0: power state changed by ACPI to D0
I/KERNEL (16720): [15602.719451] PM: noirq resume of devices complete after 144.603 msecs
I/KERNEL (16720): [15602.719461] Wakeup from IRQ 0
I/KERNEL (16720): [15602.719691] Wakeup from IRQ 389 GODX0911:00
I/KERNEL (16720): [15602.719761] Wakeup from IRQ 456
I/KERNEL (16720): [15602.719767] Wakeup from IRQ 457
I/KERNEL (16720): [15602.719781] Wakeup from IRQ 464
I/KERNEL (16720): [15602.719786] Wakeup from IRQ 465
I/KERNEL (16720): [15602.719809] Wakeup from IRQ 483
I/KERNEL (16720): [15602.719814] Wakeup from IRQ 484
I/KERNEL (16720): [15602.719820] Wakeup from IRQ 485
I/KERNEL (16720): [15602.719826] Wakeup from IRQ 486
I/KERNEL (16720): [15602.719842] Wakeup from IRQ 498
I/KERNEL (16720): [15602.719847] Wakeup from IRQ 499
I/KERNEL (16720): [15602.719854] Wakeup from IRQ 501
I/KERNEL (16720): [15602.719860] Wakeup from IRQ 502
I/KERNEL (16720): [15602.719866] Wakeup from IRQ 503
I/KERNEL (16720): [15602.726175] PM: early resume of devices complete after 6.245 msecs
I/KERNEL (16720): [15602.726182] PM: Some devices failed to power down
I/KERNEL (16720): [15602.726486] xhci_hcd 0000:00:14.0: power state changed by ACPI to D0
I/KERNEL (16720): [15602.726498] atomisp-css2400b0_v21 0000:00:03.0: DFS target frequency=200.
I/KERNEL (16720): [15602.726520] xhci_hcd 0000:00:14.0: setting latency timer to 64
I/KERNEL (16720): [15602.726893] mei_txe 0000:00:1a.0: irq 103 for MSI/MSI-X
I/KERNEL (16720): [15602.729139] snd_intel_sst: runtime_resume called
I/KERNEL (16720): [15602.736707] i915 0000:00:02.0: setting latency timer to 64
I/KERNEL (16720): [15602.799264] bcmsdh_sdmmc_resume Enter
I/KERNEL (16720): [15602.799280] bcmsdh_sdmmc_resume Enter
I/KERNEL (16720): [15602.819765] PM: resume of devices complete after 93.562 msecs
I/KERNEL (16720): [15602.853724] PM: Finishing wakeup.
I/KERNEL (16720): [15602.853745] Restarting tasks ...
I/KERNEL (16720): done.
I/KERNEL (16720): [15602.864873] video LNXVIDEO:00: Restoring backlight state
I/KERNEL (16720): [15602.865292] PM: suspend exit 2015-09-27 15:19:03.648920707 UTC
I/KERNEL (17738): [15602.865393] atomisp-css2400b0_v21 0000:00:03.0: DFS target frequency=200.
I/KERNEL (19687): [15602.874521] snd_intel_sst: runtime_idle called
I/KERNEL (19687): [15602.874534] snd_intel_sst: runtime_suspend called
I/KERNEL (16720): [15602.930885] PM: suspend entry 2015-09-27 15:19:03.714510518 UTC
I/KERNEL (16720): [15602.930908] PM: Syncing filesystems ...
I/KERNEL (16720): done.
I/KERNEL (16720): [15602.932811] PM: Preparing system for mem sleep
I/KERNEL (16720): [15602.933167] Freezing user space processes ...
I/KERNEL (16720): (elapsed 0.004 seconds)
I/KERNEL (16720): done.
I/KERNEL (16720):
I/KERNEL (16720): [15602.937532] Freezing remaining freezable tasks ...
I/KERNEL (16720): (elapsed 0.004 seconds)
I/KERNEL (16720): done.
I/KERNEL (16720):
I/KERNEL (16720): [15602.941692] PM: Entering mem sleep
I/KERNEL (16720): [15602.941719] Suspending console(s) (use no_console_suspend to debug)
I/KERNEL (16720): [15602.952923] i915 0000:00:02.0: setting latency timer to 64
I/KERNEL (16720): [15602.959294] atomisp-css2400b0_v21 0000:00:03.0: DFS target frequency=200.
I/KERNEL (16720): [15602.980226] snd_intel_sst: runtime_resume called
I/KERNEL (16720): [15603.008210] acm_suspend[0][ACM4][531][bc2][47][8d][0][1]
I/KERNEL (16720): [15603.008322] bcmsdh_sdmmc_suspend Enter
I/KERNEL (16720): [15603.008338] bcmsdh_sdmmc_suspend Enter
I/KERNEL (16720): [15603.009101] acm_suspend[0][ACM3][154a][1b16][178][179][0][1]
I/KERNEL (16720): [15603.866245] snd_intel_sst: runtime_suspend called
I/KERNEL (16720): [15603.867226] [xhci_pci_suspend], xhci_root_hub pointer:0x77179000
I/KERNEL (16720): [15603.867295] XHCI: port 1, portsc 0xe63
I/KERNEL (16720): [15603.867311] atomisp-css2400b0_v21 0000:00:03.0: DFS target frequency=200.
I/KERNEL (16720): [15604.075874] PM: suspend of devices complete after 1068.198 msecs
I/KERNEL (16720): [15604.081172] PM: late suspend of devices complete after 5.242 msecs
I/KERNEL (16720): [15604.154809] xhci_hcd 0000:00:14.0: power state changed by ACPI to D3hot
I/KERNEL (16720): [15604.165440] PM: noirq suspend of devices complete after 84.250 msecs
I/KERNEL (16720): [15604.165449] Disabling non-boot CPUs ...
I/KERNEL (16720): [15604.168811] smpboot: CPU 1 is now offline
I/KERNEL (16720): [15604.172991] smpboot: CPU 2 is now offline
I/KERNEL (16720): [15604.176634] smpboot: CPU 3 is now offline
I/KERNEL (16720): [15677.878374] Suspended for 74.000 seconds
I/KERNEL (16720): [15677.878825] Enabling non-boot CPUs ...
I/KERNEL (16720): [15677.878992] SMP alternatives: lockdep: fixing up alternatives
I/KERNEL (16720): [15677.879005] smpboot: Booting Node 0 Processor 1 APIC 0x2
I/KERNEL (16720): [15677.895980] Skipped synchronization checks as TSC is reliable.
I/KERNEL (16720): [15677.897322] CPU1 is up
I/KERNEL (16720): [15677.897459] SMP alternatives: lockdep: fixing up alternatives
I/KERNEL (16720): [15677.897470] smpboot: Booting Node 0 Processor 2 APIC 0x4
I/KERNEL (16720): [15677.914522] Skipped synchronization checks as TSC is reliable.
I/KERNEL (16720): [15677.916272] CPU2 is up
I/KERNEL (16720): [15677.916389] SMP alternatives: lockdep: fixing up alternatives
I/KERNEL (16720): [15677.916392] smpboot: Booting Node 0 Processor 3 APIC 0x6
I/KERNEL (16720): [15677.933276] Skipped synchronization checks as TSC is reliable.
I/KERNEL (16720): [15677.935279] CPU3 is up
I/KERNEL (16720): [15678.055579] xhci_hcd 0000:00:14.0: power state changed by ACPI to D0
I/KERNEL (16720): [15678.065808] xhci_hcd 0000:00:14.0: power state changed by ACPI to D0
I/KERNEL (16720): [15678.080318] PM: noirq resume of devices complete after 143.871 msecs
I/KERNEL (16720): [15678.080328] Wakeup from IRQ 0
I/KERNEL (16720): [15678.080342] Wakeup from IRQ 8 rtc0
I/KERNEL (16720): [15678.080520] Wakeup from IRQ 36 i2c-designware-5
I/KERNEL (16720): [15678.080703] Wakeup from IRQ 389 GODX0911:00
I/KERNEL (16720): [15678.080775] Wakeup from IRQ 456
I/KERNEL (16720): [15678.080781] Wakeup from IRQ 457
I/KERNEL (16720): [15678.080794] Wakeup from IRQ 464
I/KERNEL (16720): [15678.080800] Wakeup from IRQ 465
I/KERNEL (16720): [15678.080823] Wakeup from IRQ 483
I/KERNEL (16720): [15678.080829] Wakeup from IRQ 484
I/KERNEL (16720): [15678.080835] Wakeup from IRQ 485
I/KERNEL (16720): [15678.080841] Wakeup from IRQ 486
I/KERNEL (16720): [15678.080857] Wakeup from IRQ 498
I/KERNEL (16720): [15678.080863] Wakeup from IRQ 499
I/KERNEL (16720): [15678.080870] Wakeup from IRQ 501
I/KERNEL (16720): [15678.080876] Wakeup from IRQ 502
I/KERNEL (16720): [15678.080881] Wakeup from IRQ 503
I/KERNEL (16720): [15678.087125] PM: early resume of devices complete after 6.181 msecs
I/KERNEL (16720): [15678.087359] i915 0000:00:02.0: setting latency timer to 64
I/KERNEL (16720): [15678.089130] atomisp-css2400b0_v21 0000:00:03.0: DFS target frequency=200.
I/KERNEL (16720): [15678.089478] xhci_hcd 0000:00:14.0: power state changed by ACPI to D0
I/KERNEL (16720): [15678.089508] xhci_hcd 0000:00:14.0: setting latency timer to 64
I/KERNEL (16720): [15678.096967] [drm:valleyview_enable_rps] *ERROR* GT fifo had a previous error 10
I/WAKELOCK_ACQUIRE(608): TIMESTAMP=15678040933727, TAG=*alarm*, TYPE=PARTIAL_WAKE_LOCK , COUNT=0, PID=608, UID=1000, FLAGS=
V/AlarmManager(608): triggered: act=com.google.android.location.internal.action.ULR_BLE_SCAN_ALARM pkg=com.google.android.gms cmp=com.google.android.gms/com.google.android.location.internal.PendingIntentCallbackService Pkg: com.google.android.gms
I/KERNEL (16720): [15678.100335] mei_txe 0000:00:1a.0: irq 103 for MSI/MSI-X
I/KERNEL (16720): [15678.101905] snd_intel_sst: runtime_resume called
I/KERNEL (16720): [15678.172104] bcmsdh_sdmmc_resume Enter
I/KERNEL (16720): [15678.172120] bcmsdh_sdmmc_resume Enter
I/KERNEL (16720): [15678.187696] PM: resume of devices complete after 100.550 msecs
I/KERNEL (16720): [15678.225193] PM: Finishing wakeup.
I/KERNEL (16720): [15678.225200] Restarting tasks ...
I/KERNEL (17738): [15678.228011] atomisp-css2400b0_v21 0000:00:03.0: DFS target frequency=200.
I/KERNEL (16720): done.
I/KERNEL (16720): [15678.235992] video LNXVIDEO:00: Restoring backlight state
I/KERNEL (19687): [15678.236686] snd_intel_sst: runtime_idle called
I/KERNEL (19687): [15678.236704] snd_intel_sst: runtime_suspend called
I/KERNEL (16720): [15678.238076] PM: suspend exit 2015-09-27 15:20:19.021325202 UTC
I/WAKELOCK_ACQUIRE(608): TIMESTAMP=15678106956232, TAG=BleScanReporter_WakeLock, TYPE=PARTIAL_WAKE_LOCK , COUNT=0, PID=18348, UID=10007, FLAGS=
I/WAKELOCK_RELEASE(608): TIMESTAMP=15678139934827, TAG=*alarm*, TYPE=PARTIAL_WAKE_LOCK , COUNT=0, PID=608, UID=1000, FLAGS=
I/KERNEL (213): [15678.309320] healthd: battery l=41 v=3810 t=27.0 h=2 st=3 c=-19 chg=
I/art (18348): Explicit concurrent mark sweep GC freed 26628(1536KB) AllocSpace objects, 1(16KB) LOS objects, 39% free, 13MB/22MB, paused 628us total 126.314ms
I/GCoreUlr(18348): Bluetooth disabled; disabling ULR BLE scanner
I/BleScanCompatLib(18348): Scan : No clients left, canceling alarm.
I/GCoreUlr(18348): BLE: ULR_BLE_SCAN_ALARM_FORWARDED: scannerActive=false, enoughTimeElapsed=true; scan not started.
I/WAKELOCK_RELEASE(608): TIMESTAMP=15678315227981, TAG=BleScanReporter_WakeLock, TYPE=PARTIAL_WAKE_LOCK , COUNT=0, PID=18348, UID=10007, FLAGS=
I/KERNEL (16720): [15678.500019] PM: suspend entry 2015-09-27 15:20:19.283253819 UTC
I/KERNEL (16720): [15678.500075] PM: Syncing filesystems ...
I/KERNEL (16720): done.
I/KERNEL (16720): [15678.516229] PM: Preparing system for mem sleep
I/KERNEL (16720): [15678.516583] Freezing user space processes ...
I/KERNEL (16720): (elapsed 0.001 seconds)
I/KERNEL (16720): done.
I/KERNEL (16720):
I/KERNEL (16720): [15678.518548] Freezing remaining freezable tasks ...
I/KERNEL (16720): (elapsed 0.002 seconds)
I/KERNEL (16720): done.
I/KERNEL (16720):
I/KERNEL (16720): [15678.521135] PM: Entering mem sleep
I/KERNEL (16720): [15678.521162] Suspending console(s) (use no_console_suspend to debug)
I/KERNEL (16720): [15678.532353] i915 0000:00:02.0: setting latency timer to 64
I/KERNEL (16720): [15678.538693] atomisp-css2400b0_v21 0000:00:03.0: DFS target frequency=200.
I/KERNEL (16720): [15678.559681] snd_intel_sst: runtime_resume called
I/KERNEL (16720): [15678.583710] acm_suspend[0][ACM4][531][bc2][47][8d][0][1]
I/KERNEL (16720): [15678.584213] bcmsdh_sdmmc_suspend Enter
I/KERNEL (16720): [15678.584235] bcmsdh_sdmmc_suspend Enter
I/KERNEL (16720): [15678.584463] acm_suspend[0][ACM3][154a][1b16][178][179][0][1]
I/KERNEL (16720): [15678.595488] active wakeup source: wlan_wake
I/KERNEL (16720): [15678.626100] PM: Some devices failed to suspend
I/KERNEL (16720): [15678.628618] bcmsdh_sdmmc_resume Enter
I/KERNEL (16720): [15678.628623] bcmsdh_sdmmc_resume Enter
I/KERNEL (16720): [15678.719902] PM: resume of devices complete after 93.779 msecs
I/KERNEL (16720): [15678.738370] PM: Finishing wakeup.
I/KERNEL (16720): [15678.738409] Restarting tasks ...
I/KERNEL (16720): done.
I/KERNEL (16720): [15678.741227] video LNXVIDEO:00: Restoring backlight state
I/KERNEL (16720): [15678.741408] PM: suspend exit 2015-09-27 15:20:19.524655722 UTC
I/KERNEL (17639): [15678.745730] atomisp-css2400b0_v21 0000:00:03.0: DFS target frequency=200.
I/KERNEL (17639): [15678.745953] PM: suspend entry 2015-09-27 15:20:19.529184848 UTC
I/KERNEL (18160): [15678.745961] PM: Syncing filesystems ...
I/KERNEL (17950): [15678.754679] snd_intel_sst: runtime_idle called
I/KERNEL (17950): [15678.754688] snd_intel_sst: runtime_suspend called
I/KERNEL (16720): done.
I/KERNEL (16720): [15678.757753] PM: Preparing system for mem sleep
I/KERNEL (16720): [15678.758107] Freezing user space processes ...
I/KERNEL (16720): (elapsed 0.002 seconds)
I/KERNEL (16720): done.
I/KERNEL (16720):
I/KERNEL (16720): [15678.760889] Freezing remaining freezable tasks ...
I/KERNEL (16720): (elapsed 0.006 seconds)
I/KERNEL (16720): done.
I/KERNEL (16720):
I/KERNEL (16720): [15678.767359] PM: Entering mem sleep
I/KERNEL (16720): [15678.767386] Suspending console(s) (use no_console_suspend to debug)
I/KERNEL (16720): [15678.778298] i915 0000:00:02.0: setting latency timer to 64
I/KERNEL (16720): [15678.785504] atomisp-css2400b0_v21 0000:00:03.0: DFS target frequency=200.
I/KERNEL (16720): [15678.850255] snd_intel_sst: runtime_resume called
I/KERNEL (16720): [15678.876414] acm_suspend[0][ACM4][531][bc2][47][8d][0][1]
I/KERNEL (16720): [15678.876690] bcmsdh_sdmmc_suspend Enter
I/KERNEL (16720): [15678.876702] bcmsdh_sdmmc_suspend Enter
I/KERNEL (16720): [15678.877105] acm_suspend[0][ACM3][154a][1b16][178][179][0][1]
I/KERNEL (16720): [15679.737052] snd_intel_sst: runtime_suspend called
I/KERNEL (16720): [15679.737779] [xhci_pci_suspend], xhci_root_hub pointer:0x77179000
I/KERNEL (16720): [15679.737845] XHCI: port 1, portsc 0xe63
I/KERNEL (16720): [15679.737944] atomisp-css2400b0_v21 0000:00:03.0: DFS target frequency=200.
I/KERNEL (16720): [15679.947077] PM: suspend of devices complete after 1071.006 msecs
I/KERNEL (16720): [15679.952357] PM: late suspend of devices complete after 5.225 msecs
I/KERNEL (16720): [15680.035574] xhci_hcd 0000:00:14.0: power state changed by ACPI to D3hot
I/KERNEL (16720): [15680.046220] PM: noirq suspend of devices complete after 93.845 msecs
I/KERNEL (16720): [15680.046229] Disabling non-boot CPUs ...
I/KERNEL (16720): [15680.049594] smpboot: CPU 1 is now offline
I/KERNEL (16720): [15680.053848] smpboot: CPU 2 is now offline
I/KERNEL (16720): [15680.057590] smpboot: CPU 3 is now offline
I/KERNEL (16720): [15745.878660] Suspended for 66.000 seconds
I/KERNEL (16720): [15745.879111] Enabling non-boot CPUs ...
I/KERNEL (16720): [15745.879278] SMP alternatives: lockdep: fixing up alternatives
I/KERNEL (16720): [15745.879290] smpboot: Booting Node 0 Processor 1 APIC 0x2
I/KERNEL (16720): [15745.896190] Skipped synchronization checks as TSC is reliable.
I/KERNEL (16720): [15745.897551] CPU1 is up
I/KERNEL (16720): [15745.897692] SMP alternatives: lockdep: fixing up alternatives
I/KERNEL (16720): [15745.897704] smpboot: Booting Node 0 Processor 2 APIC 0x4
I/KERNEL (16720): [15745.914759] Skipped synchronization checks as TSC is reliable.
I/KERNEL (16720): [15745.916378] CPU2 is up
I/KERNEL (16720): [15745.916425] SMP alternatives: lockdep: fixing up alternatives
I/KERNEL (16720): [15745.916429] smpboot: Booting Node 0 Processor 3 APIC 0x6
I/KERNEL (16720): [15745.933328] Skipped synchronization checks as TSC is reliable.
I/KERNEL (16720): [15745.935326] CPU3 is up
I/KERNEL (16720): [15746.075592] xhci_hcd 0000:00:14.0: power state changed by ACPI to D0
I/KERNEL (16720): [15746.085820] xhci_hcd 0000:00:14.0: power state changed by ACPI to D0
I/KERNEL (16720): [15746.100328] PM: noirq resume of devices complete after 163.780 msecs
I/KERNEL (16720): [15746.100338] Wakeup from IRQ 0
I/KERNEL (16720): [15746.100352] Wakeup from IRQ 8 rtc0
I/KERNEL (16720): [15746.100405] Wakeup from IRQ 36 i2c-designware-5
I/KERNEL (16720): [15746.100589] Wakeup from IRQ 389 GODX0911:00
I/KERNEL (16720): [15746.100660] Wakeup from IRQ 456
I/KERNEL (16720): [15746.100666] Wakeup from IRQ 457
I/KERNEL (16720): [15746.100679] Wakeup from IRQ 464
I/KERNEL (16720): [15746.100685] Wakeup from IRQ 465
I/KERNEL (16720): [15746.100707] Wakeup from IRQ 483
I/KERNEL (16720): [15746.100713] Wakeup from IRQ 484
I/KERNEL (16720): [15746.100719] Wakeup from IRQ 485
I/KERNEL (16720): [15746.100725] Wakeup from IRQ 486
I/KERNEL (16720): [15746.100741] Wakeup from IRQ 498
I/KERNEL (16720): [15746.100747] Wakeup from IRQ 499
I/KERNEL (16720): [15746.100754] Wakeup from IRQ 501
I/KERNEL (16720): [15746.100759] Wakeup from IRQ 502
I/KERNEL (16720): [15746.100765] Wakeup from IRQ 503
I/KERNEL (16720): [15746.107040] PM: early resume of devices complete after 6.212 msecs
I/KERNEL (16720): [15746.107249] i915 0000:00:02.0: setting latency timer to 64
I/KERNEL (16720): [15746.107327] atomisp-css2400b0_v21 0000:00:03.0: DFS target frequency=200.
I/KERNEL (16720): [15746.107757] xhci_hcd 0000:00:14.0: power state changed by ACPI to D0
I/KERNEL (16720): [15746.107791] xhci_hcd 0000:00:14.0: setting latency timer to 64
I/KERNEL (16720): [15746.108442] snd_intel_sst: runtime_resume called
I/KERNEL (16720): [15746.109137] mei_txe 0000:00:1a.0: irq 103 for MSI/MSI-X
I/KERNEL (16720): [15746.112509] [drm:valleyview_enable_rps] *ERROR* GT fifo had a previous error 10
I/KERNEL (16720): [15746.178854] bcmsdh_sdmmc_resume Enter
I/KERNEL (16720): [15746.178871] bcmsdh_sdmmc_resume Enter
I/KERNEL (16720): [15746.199930] PM: resume of devices complete after 92.868 msecs
I/KERNEL (16720): [15746.237311] PM: Finishing wakeup.
I/KERNEL (16720): [15746.237320] Restarting tasks ...
I/KERNEL (17738): [15746.238403] atomisp-css2400b0_v21 0000:00:03.0: DFS target frequency=200.
I/WAKELOCK_ACQUIRE(608): TIMESTAMP=15746062415112, TAG=*alarm*, TYPE=PARTIAL_WAKE_LOCK , COUNT=0, PID=608, UID=1000, FLAGS=
V/AlarmManager(608): triggered: act=ALARM_WAKEUP_LOCATOR Pkg: com.google.android.gms
V/AlarmManager(608): triggered: act=ALARM_WAKEUP_ACTIVITY_DETECTION Pkg: com.google.android.gms E/EM FG ALGO Iface:(19731): E/EM FG ALGO Iface:(19731): Failed to get File Descriptor
I/KERNEL (221): [15746.248205] iTCO_wdt: iTCO_wdt_keepalive
I/WAKELOCK_ACQUIRE(608): TIMESTAMP=15746073260057, TAG=NlpCollectorWakeLock, TYPE=PARTIAL_WAKE_LOCK , COUNT=0, PID=18348, UID=10007, FLAGS=
I/WAKELOCK_ACQUIRE(608): TIMESTAMP=15746074124089, TAG=NlpCollectorWakeLock, TYPE=PARTIAL_WAKE_LOCK , COUNT=0, PID=18348, UID=10007, FLAGS=
I/WAKELOCK_ACQUIRE(608): TIMESTAMP=15746074750054, TAG=NlpCollectorWakeLock, TYPE=PARTIAL_WAKE_LOCK , COUNT=0, PID=18348, UID=10007, FLAGS=
I/WAKELOCK_ACQUIRE(608): TIMESTAMP=15746078619507, TAG=NlpWakeLock, TYPE=PARTIAL_WAKE_LOCK , COUNT=0, PID=18348, UID=10007, FLAGS=
I/KERNEL (16720): done.
I/KERNEL (16720): [15746.249412] video LNXVIDEO:00: Restoring backlight state
I/KERNEL (16720): [15746.250320] PM: suspend exit 2015-09-27 15:21:27.033228451 UTC
I/KERNEL (19691): [15746.251067] snd_intel_sst: runtime_idle called
I/KERNEL (19691): [15746.251079] snd_intel_sst: runtime_suspend called
E/WifiStateMachine(608): WifiStateMachine CMD_START_SCAN source 10007 txSuccessRate=0,00 rxSuccessRate=0,00 targetRoamBSSID=e0:10:7f:ab:42:a8 RSSI=-52
D/wpa_supplicant(685): wlan0: Control interface command 'SCAN TYPE=ONLY'
D/wpa_supplicant(685): wlan0: Setting scan request: 0.000000 sec
D/wpa_supplicant(685): wlan0: Starting AP scan for wildcard SSID
D/wpa_supplicant(685): WPS: Building WPS IE for Probe Request
D/wpa_supplicant(685): WPS: * Version (hardcoded 0x10)
D/wpa_supplicant(685): WPS: * Request Type
D/wpa_supplicant(685): WPS: * Config Methods (4288)
D/wpa_supplicant(685): WPS: * UUID-E
D/wpa_supplicant(685): WPS: * Primary Device Type
D/wpa_supplicant(685): WPS: * RF Bands (3)
D/wpa_supplicant(685): WPS: * Association State
D/wpa_supplicant(685): WPS: * Configuration Error (0)
D/wpa_supplicant(685): WPS: * Device Password ID (0)
D/wpa_supplicant(685): WPS: * Manufacturer
D/wpa_supplicant(685): WPS: * Model Name
D/wpa_supplicant(685): WPS: * Model Number
D/wpa_supplicant(685): WPS: * Device Name
D/wpa_supplicant(685): WPS: * Version2 (0x20)
D/wpa_supplicant(685): P2P: * P2P IE header
D/wpa_supplicant(685): P2P: * Capability dev=25 group=00
D/wpa_supplicant(685): P2P: * Listen Channel: Regulatory Class 81 Channel 1
D/wpa_supplicant(685): wlan0: Add radio work 'scan'@0xf6e18520
D/wpa_supplicant(685): wlan0: First radio work item in the queue - schedule start immediately
D/wpa_supplicant(685): wlan0: Starting radio work 'scan'@0xf6e18520 after 0.000030 second wait
D/wpa_supplicant(685): wlan0: nl80211: scan request
I/WAKELOCK_ACQUIRE(608): TIMESTAMP=15746080565549, TAG=NlpWakeLock, TYPE=PARTIAL_WAKE_LOCK , COUNT=0, PID=18348, UID=10007, FLAGS=
D/WifiService(608): acquireWifiLockLocked: WifiLock{NlpWifiLock type=2 binder=android.os.BinderProxy@1aa13b63}
I/WAKELOCK_RELEASE(608): TIMESTAMP=15746088061455, TAG=NlpWakeLock, TYPE=PARTIAL_WAKE_LOCK , COUNT=0, PID=18348, UID=10007, FLAGS=
I/WAKELOCK_ACQUIRE(608): TIMESTAMP=15746092076791, TAG=RILJ, TYPE=PARTIAL_WAKE_LOCK , COUNT=0, PID=1228, UID=1001, FLAGS=
D/wpa_supplicant(685): Scan requested (ret=0) - scan timeout 30 seconds
D/wpa_supplicant(685): nl80211: Drv Event 33 (NL80211_CMD_TRIGGER_SCAN) received for wlan0
D/wpa_supplicant(685): wlan0: nl80211: Scan trigger
D/wpa_supplicant(685): wlan0: Event SCAN_STARTED (49) received
D/wpa_supplicant(685): wlan0: Own scan request started a scan in 0.000082 seconds
I/wpa_supplicant(685): wlan0: CTRL-EVENT-SCAN-STARTED
D/wpa_supplicant(685): CTRL_IFACE monitor sent successfully to /data/misc/wifi/sockets/wpa_ctrl_608-2\x00
I/WAKELOCK_ACQUIRE(608): TIMESTAMP=15746635432319, TAG=NlpWakeLock, TYPE=PARTIAL_WAKE_LOCK , COUNT=0, PID=18348, UID=10007, FLAGS=
I/WAKELOCK_RELEASE(608): TIMESTAMP=15746637211286, TAG=NlpCollectorWakeLock, TYPE=PARTIAL_WAKE_LOCK , COUNT=0, PID=18348, UID=10007, FLAGS=
I/WAKELOCK_RELEASE(608): TIMESTAMP=15746638873109, TAG=NlpCollectorWakeLock, TYPE=PARTIAL_WAKE_LOCK , COUNT=0, PID=18348, UID=10007, FLAGS=
I/WAKELOCK_RELEASE(608): TIMESTAMP=15746640580233, TAG=NlpCollectorWakeLock, TYPE=PARTIAL_WAKE_LOCK , COUNT=0, PID=18348, UID=10007, FLAGS=
D/wpa_supplicant(685): nl80211: Drv Event 34 (NL80211_CMD_NEW_SCAN_RESULTS) received for wlan0
I/KERNEL (17739): [15748.625765] acm_suspend[1][ACM4][531][bc2][47][8d][0][1]
D/wpa_supplicant(685): wlan0: nl80211: New scan results available
D/wpa_supplicant(685): nl80211: Scan probed for SSID ''
D/wpa_supplicant(685): nl80211: Scan included frequencies: 2412 2417 2422 2427 2432 2437 2442 2447 2452 2457 2462 2467 2472 5180 5200 5220 5240 5260 5280 5300 5320 5500 5520 5540 5560 5580 5600 5620 5640 5660 5680 5700
D/wpa_supplicant(685): wlan0: Event SCAN_RESULTS (3) received
D/wpa_supplicant(685): wlan0: Scan completed in 2.340276 seconds
D/wpa_supplicant(685): nl80211: Associated on 2462 MHz
D/wpa_supplicant(685): nl80211: Associated with e0:10:7f:ab:42:a8
D/wpa_supplicant(685): nl80211: Received scan results (19 BSSes)
D/wpa_supplicant(685): nl80211: Scan results indicate BSS status with e0:10:7f:ab:42:a8 as associated
D/wpa_supplicant(685): wlan0: BSS: Start scan result update 230
D/wpa_supplicant(685): wlan0: BSS: Add new id 948 BSSID e0:10:7f:2b:42:a8 SSID 'Microtech'
D/wpa_supplicant(685): CTRL_IFACE monitor sent successfully to /data/misc/wifi/sockets/wpa_ctrl_608-2\x00
D/wpa_supplicant(685): wlan0: BSS: Add new id 949 BSSID e0:10:7f:eb:42:a8 SSID 'test_dpsk'
D/wpa_supplicant(685): CTRL_IFACE monitor sent successfully to /data/misc/wifi/sockets/wpa_ctrl_608-2\x00
D/wpa_supplicant(685): wlan0: BSS: Add new id 950 BSSID e0:10:7f:6b:42:a9 SSID 'test'
D/wpa_supplicant(685): CTRL_IFACE monitor sent successfully to /data/misc/wifi/sockets/wpa_ctrl_608-2\x00
D/wpa_supplicant(685): wlan0: BSS: Add new id 951 BSSID e0:10:7f:6b:42:a8 SSID 'Act-e-Tab'
D/wpa_supplicant(685): CTRL_IFACE monitor sent successfully to /data/misc/wifi/sockets/wpa_ctrl_608-2\x00
D/wpa_supplicant(685): wlan0: BSS: Add new id 952 BSSID e0:10:7f:2b:42:ac SSID 'etab_5GHz'
D/wpa_supplicant(685): CTRL_IFACE monitor sent successfully to /data/misc/wifi/sockets/wpa_ctrl_608-2\x00
D/wpa_supplicant(685): wlan0: BSS: Add new id 953 BSSID f0:b0:52:1b:d3:2c SSID 'etab_5GHz'
D/wpa_supplicant(685): CTRL_IFACE monitor sent successfully to /data/misc/wifi/sockets/wpa_ctrl_608-2\x00
D/wpa_supplicant(685): wlan0: BSS: Add new id 954 BSSID f0:b0:52:5b:d3:28 SSID 'Act-e-Tab'
D/wpa_supplicant(685): CTRL_IFACE monitor sent successfully to /data/misc/wifi/sockets/wpa_ctrl_608-2\x00
D/wpa_supplicant(685): wlan0: BSS: Add new id 955 BSSID f0:b0:52:1b:d3:28 SSID 'Microtech'
D/wpa_supplicant(685): CTRL_IFACE monitor sent successfully to /data/misc/wifi/sockets/wpa_ctrl_608-2\x00
D/wpa_supplicant(685): wlan0: BSS: Add new id 956 BSSID f0:b0:52:db:d3:28 SSID 'test_dpsk'
D/wpa_supplicant(685): CTRL_IFACE monitor sent successfully to /data/misc/wifi/sockets/wpa_ctrl_608-2\x00
D/wpa_supplicant(685): wlan0: BSS: Add new id 957 BSSID f0:b0:52:9b:d3:28 SSID 'e-tab'
D/wpa_supplicant(685): CTRL_IFACE monitor sent successfully to /data/misc/wifi/sockets/wpa_ctrl_608-2\x00
D/wpa_supplicant(685): wlan0: BSS: Add new id 958 BSSID f0:b0:52:5b:d3:29 SSID 'test'
D/wpa_supplicant(685): CTRL_IFACE monitor sent successfully to /data/misc/wifi/sockets/wpa_ctrl_608-2\x00
