I/art (16552): Explicit concurrent mark sweep GC freed 26(2120B) AllocSpace objects, 0(0B) LOS objects, 24% free, 8MB/11MB, paused 122us total 13.247ms
I/art (16552): Explicit concurrent mark sweep GC freed 3(96B) AllocSpace objects, 0(0B) LOS objects, 24% free, 8MB/11MB, paused 123us total 11.871ms
I/art (16552): Explicit concurrent mark sweep GC freed 3(96B) AllocSpace objects, 0(0B) LOS objects, 24% free, 8MB/11MB, paused 123us total 11.892ms
I/art (16552): Explicit concurrent mark sweep GC freed 3(96B) AllocSpace objects, 0(0B) LOS objects, 24% free, 8MB/11MB, paused 122us total 11.921ms
I/art (16552): Explicit concurrent mark sweep GC freed 3(96B) AllocSpace objects, 0(0B) LOS objects, 24% free, 8MB/11MB, paused 123us total 11.865ms
I/art (16659): Explicit concurrent mark sweep GC freed 32(2312B) AllocSpace objects, 0(0B) LOS objects, 25% free, 7MB/10MB, paused 142us total 10.578ms
I/art (16659): Explicit concurrent mark sweep GC freed 3(96B) AllocSpace objects, 0(0B) LOS objects, 25% free, 7MB/10MB, paused 142us total 9.977ms
I/art (16659): Explicit concurrent mark sweep GC freed 3(96B) AllocSpace objects, 0(0B) LOS objects, 25% free, 7MB/10MB, paused 141us total 10.010ms
I/art (16659): Explicit concurrent mark sweep GC freed 3(96B) AllocSpace objects, 0(0B) LOS objects, 25% free, 7MB/10MB, paused 141us total 9.932ms
I/art (16659): Explicit concurrent mark sweep GC freed 3(96B) AllocSpace objects, 0(0B) LOS objects, 25% free, 7MB/10MB, paused 141us total 10.105ms
I/art (16366): Explicit concurrent mark sweep GC freed 26(2120B) AllocSpace objects, 0(0B) LOS objects, 24% free, 6MB/9MB, paused 120us total 7.784ms
I/art (16366): Explicit concurrent mark sweep GC freed 3(96B) AllocSpace objects, 0(0B) LOS objects, 24% free, 6MB/9MB, paused 121us total 7.772ms
I/art (16366): Explicit concurrent mark sweep GC freed 3(96B) AllocSpace objects, 0(0B) LOS objects, 24% free, 6MB/9MB, paused 121us total 7.700ms
I/art (16366): Explicit concurrent mark sweep GC freed 3(96B) AllocSpace objects, 0(0B) LOS objects, 24% free, 6MB/9MB, paused 122us total 7.812ms
I/art (16366): Explicit concurrent mark sweep GC freed 3(96B) AllocSpace objects, 0(0B) LOS objects, 24% free, 6MB/9MB, paused 120us total 8.672ms
I/art (2510): Explicit concurrent mark sweep GC freed 1174(73KB) AllocSpace objects, 1(16KB) LOS objects, 40% free, 6MB/11MB, paused 326us total 9.662ms
I/art (2510): Explicit concurrent mark sweep GC freed 20(664B) AllocSpace objects, 0(0B) LOS objects, 39% free, 6MB/11MB, paused 269us total 9.321ms
I/art (2510): Explicit concurrent mark sweep GC freed 3(96B) AllocSpace objects, 0(0B) LOS objects, 39% free, 6MB/11MB, paused 457us total 10.036ms
I/art (2510): Explicit concurrent mark sweep GC freed 3(96B) AllocSpace objects, 0(0B) LOS objects, 39% free, 6MB/11MB, paused 1.426ms total 10.105ms
I/art (2510): Explicit concurrent mark sweep GC freed 3(96B) AllocSpace objects, 0(0B) LOS objects, 39% free, 6MB/11MB, paused 200us total 8.211ms
I/art (1228): Explicit concurrent mark sweep GC freed 1560(129KB) AllocSpace objects, 4(64KB) LOS objects, 39% free, 8MB/13MB, paused 345us total 13.864ms
I/art (1228): Explicit concurrent mark sweep GC freed 80(2664B) AllocSpace objects, 0(0B) LOS objects, 39% free, 8MB/13MB, paused 279us total 12.786ms
I/art (1228): Explicit concurrent mark sweep GC freed 3(96B) AllocSpace objects, 0(0B) LOS objects, 39% free, 8MB/13MB, paused 285us total 12.890ms
I/art (1228): Explicit concurrent mark sweep GC freed 3(96B) AllocSpace objects, 0(0B) LOS objects, 39% free, 8MB/13MB, paused 250us total 14.198ms
I/art (1228): Explicit concurrent mark sweep GC freed 3(96B) AllocSpace objects, 0(0B) LOS objects, 39% free, 8MB/13MB, paused 289us total 15.569ms
I/art (1249): Explicit concurrent mark sweep GC freed 1225(75KB) AllocSpace objects, 1(16KB) LOS objects, 39% free, 6MB/11MB, paused 247us total 9.515ms
I/art (1249): Explicit concurrent mark sweep GC freed 20(664B) AllocSpace objects, 0(0B) LOS objects, 39% free, 6MB/11MB, paused 488us total 9.657ms
I/art (1249): Explicit concurrent mark sweep GC freed 3(96B) AllocSpace objects, 0(0B) LOS objects, 39% free, 6MB/11MB, paused 353us total 8.892ms
I/art (1249): Explicit concurrent mark sweep GC freed 3(96B) AllocSpace objects, 0(0B) LOS objects, 39% free, 6MB/11MB, paused 728us total 9.379ms
I/art (1249): Explicit concurrent mark sweep GC freed 3(96B) AllocSpace objects, 0(0B) LOS objects, 39% free, 6MB/11MB, paused 567us total 8.498ms
I/art (1209): Explicit concurrent mark sweep GC freed 1264(89KB) AllocSpace objects, 2(32KB) LOS objects, 40% free, 7MB/11MB, paused 540us total 11.168ms
I/art (1209): Explicit concurrent mark sweep GC freed 37(1232B) AllocSpace objects, 0(0B) LOS objects, 39% free, 7MB/11MB, paused 474us total 9.265ms
I/art (1209): Explicit concurrent mark sweep GC freed 3(96B) AllocSpace objects, 0(0B) LOS objects, 39% free, 7MB/11MB, paused 462us total 9.263ms
I/art (1209): Explicit concurrent mark sweep GC freed 3(96B) AllocSpace objects, 0(0B) LOS objects, 39% free, 7MB/11MB, paused 437us total 9.582ms
I/art (1209): Explicit concurrent mark sweep GC freed 3(96B) AllocSpace objects, 0(0B) LOS objects, 39% free, 7MB/11MB, paused 247us total 9.380ms
I/art (1189): Explicit concurrent mark sweep GC freed 1233(76KB) AllocSpace objects, 1(16KB) LOS objects, 40% free, 6MB/11MB, paused 266us total 11.831ms
I/art (1189): Explicit concurrent mark sweep GC freed 20(664B) AllocSpace objects, 0(0B) LOS objects, 39% free, 6MB/11MB, paused 261us total 8.611ms
I/art (1189): Explicit concurrent mark sweep GC freed 3(96B) AllocSpace objects, 0(0B) LOS objects, 39% free, 6MB/11MB, paused 507us total 8.799ms
I/WAKELOCK_RELEASE(608): TIMESTAMP=15195879060693, TAG=wake:com.expedia.bookings/.notification.GCMIntentService, TYPE=PARTIAL_WAKE_LOCK , COUNT=0, PID=18520, UID=10090, FLAGS=
I/art (1189): Explicit concurrent mark sweep GC freed 3(96B) AllocSpace objects, 0(0B) LOS objects, 39% free, 6MB/11MB, paused 460us total 9.696ms
I/art (1189): Explicit concurrent mark sweep GC freed 3(96B) AllocSpace objects, 0(0B) LOS objects, 39% free, 6MB/11MB, paused 534us total 9.665ms
I/art (829): Explicit concurrent mark sweep GC freed 1225(75KB) AllocSpace objects, 1(16KB) LOS objects, 39% free, 7MB/12MB, paused 190us total 10.473ms
I/art (829): Explicit concurrent mark sweep GC freed 20(664B) AllocSpace objects, 0(0B) LOS objects, 40% free, 7MB/12MB, paused 196us total 11.405ms
I/art (829): Explicit concurrent mark sweep GC freed 3(96B) AllocSpace objects, 0(0B) LOS objects, 40% free, 7MB/12MB, paused 321us total 9.870ms
I/art (829): Explicit concurrent mark sweep GC freed 3(96B) AllocSpace objects, 0(0B) LOS objects, 40% free, 7MB/12MB, paused 293us total 14.383ms
I/art (829): Explicit concurrent mark sweep GC freed 3(96B) AllocSpace objects, 0(0B) LOS objects, 40% free, 7MB/12MB, paused 203us total 9.903ms
I/art (733): Explicit concurrent mark sweep GC freed 2069(113KB) AllocSpace objects, 1(16KB) LOS objects, 35% free, 28MB/44MB, paused 455us total 20.277ms
I/art (733): Explicit concurrent mark sweep GC freed 55(2040B) AllocSpace objects, 0(0B) LOS objects, 35% free, 28MB/44MB, paused 338us total 18.815ms
I/art (733): Explicit concurrent mark sweep GC freed 3(96B) AllocSpace objects, 0(0B) LOS objects, 35% free, 28MB/44MB, paused 474us total 18.865ms
I/art (733): Explicit concurrent mark sweep GC freed 3(96B) AllocSpace objects, 0(0B) LOS objects, 35% free, 28MB/44MB, paused 301us total 19.358ms
I/art (733): Explicit concurrent mark sweep GC freed 4(128B) AllocSpace objects, 0(0B) LOS objects, 35% free, 28MB/44MB, paused 470us total 20.346ms
I/art (608): Explicit concurrent mark sweep GC freed 50498(2MB) AllocSpace objects, 3(48KB) LOS objects, 25% free, 46MB/62MB, paused 726us total 57.705ms
I/art (608): Explicit concurrent mark sweep GC freed 775(39KB) AllocSpace objects, 0(0B) LOS objects, 25% free, 45MB/61MB, paused 1.011ms total 55.688ms
V/AlarmManager(608): triggered: act=com.android.server.WifiManager.action.START_SCAN Pkg: android
I/art (608): Explicit concurrent mark sweep GC freed 33(1856B) AllocSpace objects, 0(0B) LOS objects, 25% free, 45MB/61MB, paused 1.302ms total 55.405ms
I/art (608): Explicit concurrent mark sweep GC freed 3(96B) AllocSpace objects, 0(0B) LOS objects, 25% free, 45MB/61MB, paused 733us total 51.168ms
I/art (608): Explicit concurrent mark sweep GC freed 3(96B) AllocSpace objects, 0(0B) LOS objects, 25% free, 45MB/61MB, paused 623us total 54.465ms
I/ClearcutLoggerApiImpl(18348): disconnect managed GoogleApiClient
I/ProcessStatsService(608): Added stats: 2015-09-27-12-59-24, over +4h11m42s330ms
I/ProcessStatsService(608): Added stats: 2015-09-27-11-27-32, over +1h1m9s892ms
I/ProcessStatsService(608): Added stats: 2015-09-27-08-23-10, over +3h4m21s529ms
I/ProcessStatsService(608): Added stats: 2015-09-27-05-12-29, over +3h10m41s98ms
I/ProcessStatsService(608): Added stats: 2015-09-27-01-23-38, over +3h48m51s124ms
I/ProcessStatsService(608): Added stats: 2015-09-26-21-21-46, over +4h1m51s733ms
I/ProcessStatsService(608): Added stats: 2015-09-26-20-10-01, over +1h10m59s73ms
I/ProcessStatsService(608): Added stats: 2015-09-26-17-36-00, over +2h33m26s414ms
I/ProcessStatsService(608): Added stats: 2015-09-27-12-59-24, over +4h11m42s330ms
D/wpa_supplicant(685): wlan0: Control interface command 'SIGNAL_POLL'
I/WAKELOCK_ACQUIRE(608): TIMESTAMP=15197658183162, TAG=RILJ, TYPE=PARTIAL_WAKE_LOCK , COUNT=0, PID=1228, UID=1001, FLAGS=
I/WAKELOCK_ACQUIRE(608): TIMESTAMP=15198096657006, TAG=RILJ, TYPE=PARTIAL_WAKE_LOCK , COUNT=0, PID=1228, UID=1001, FLAGS=
I/KERNEL (221): [15198.991709] iTCO_wdt: iTCO_wdt_keepalive E/EM FG ALGO Iface:(19359): E/EM FG ALGO Iface:(19359): Failed to get File Descriptor
D/wpa_supplicant(685): wlan0: Control interface command 'SIGNAL_POLL'
D/WifiService(608): releaseWifiLockLocked: WifiLock{NlpWifiLock type=2 binder=android.os.BinderProxy@36b7ab9d}
I/WAKELOCK_RELEASE(608): TIMESTAMP=15202668450828, TAG=NlpWakeLock, TYPE=PARTIAL_WAKE_LOCK , COUNT=0, PID=18348, UID=10007, FLAGS=
I/WAKELOCK_ACQUIRE(608): TIMESTAMP=15202669834505, TAG=NlpWakeLock, TYPE=PARTIAL_WAKE_LOCK , COUNT=0, PID=18348, UID=10007, FLAGS=
I/WAKELOCK_RELEASE(608): TIMESTAMP=15202675276226, TAG=NlpWakeLock, TYPE=PARTIAL_WAKE_LOCK , COUNT=0, PID=18348, UID=10007, FLAGS=
I/WAKELOCK_ACQUIRE(608): TIMESTAMP=15202676719483, TAG=GCoreFlp, TYPE=PARTIAL_WAKE_LOCK , COUNT=0, PID=18348, UID=10007, FLAGS=
I/WAKELOCK_ACQUIRE(608): TIMESTAMP=15202677645662, TAG=NlpWakeLock, TYPE=PARTIAL_WAKE_LOCK , COUNT=0, PID=18348, UID=10007, FLAGS=
I/WAKELOCK_ACQUIRE(608): TIMESTAMP=15202679075683, TAG=GCoreFlp, TYPE=PARTIAL_WAKE_LOCK , COUNT=0, PID=18348, UID=10007, FLAGS=
I/WAKELOCK_RELEASE(608): TIMESTAMP=15202679915259, TAG=GCoreFlp, TYPE=PARTIAL_WAKE_LOCK , COUNT=0, PID=18348, UID=10007, FLAGS=
I/WAKELOCK_RELEASE(608): TIMESTAMP=15202682481434, TAG=GCoreFlp, TYPE=PARTIAL_WAKE_LOCK , COUNT=0, PID=18348, UID=10007, FLAGS=
I/WAKELOCK_RELEASE(608): TIMESTAMP=15202683472737, TAG=NlpWakeLock, TYPE=PARTIAL_WAKE_LOCK , COUNT=0, PID=18348, UID=10007, FLAGS=
I/WAKELOCK_ACQUIRE(608): TIMESTAMP=15202684119966, TAG=GCoreFlp, TYPE=PARTIAL_WAKE_LOCK , COUNT=0, PID=18348, UID=10007, FLAGS=
I/WAKELOCK_RELEASE(608): TIMESTAMP=15202686562685, TAG=GCoreFlp, TYPE=PARTIAL_WAKE_LOCK , COUNT=0, PID=18348, UID=10007, FLAGS=
I/WAKELOCK_ACQUIRE(608): TIMESTAMP=15202688309781, TAG=NlpWakeLock, TYPE=PARTIAL_WAKE_LOCK , COUNT=0, PID=18348, UID=10007, FLAGS=
I/WAKELOCK_RELEASE(608): TIMESTAMP=15202693180784, TAG=NlpWakeLock, TYPE=PARTIAL_WAKE_LOCK , COUNT=0, PID=18348, UID=10007, FLAGS=
I/WAKELOCK_ACQUIRE(608): TIMESTAMP=15202753215740, TAG=NlpWakeLock, TYPE=PARTIAL_WAKE_LOCK , COUNT=0, PID=18348, UID=10007, FLAGS=
I/WAKELOCK_ACQUIRE(608): TIMESTAMP=15202754510161, TAG=NlpWakeLock, TYPE=PARTIAL_WAKE_LOCK , COUNT=0, PID=18348, UID=10007, FLAGS=
I/WAKELOCK_RELEASE(608): TIMESTAMP=15202755744451, TAG=NlpWakeLock, TYPE=PARTIAL_WAKE_LOCK , COUNT=0, PID=18348, UID=10007, FLAGS=
I/WAKELOCK_ACQUIRE(608): TIMESTAMP=15202756209977, TAG=GCoreFlp, TYPE=PARTIAL_WAKE_LOCK , COUNT=0, PID=18348, UID=10007, FLAGS=
I/WAKELOCK_ACQUIRE(608): TIMESTAMP=15202756626735, TAG=GCoreFlp, TYPE=PARTIAL_WAKE_LOCK , COUNT=0, PID=18348, UID=10007, FLAGS=
I/WAKELOCK_RELEASE(608): TIMESTAMP=15202757057281, TAG=GCoreFlp, TYPE=PARTIAL_WAKE_LOCK , COUNT=0, PID=18348, UID=10007, FLAGS=
I/WAKELOCK_ACQUIRE(608): TIMESTAMP=15202757261100, TAG=GCoreFlp, TYPE=PARTIAL_WAKE_LOCK , COUNT=0, PID=18348, UID=10007, FLAGS=
I/WAKELOCK_RELEASE(608): TIMESTAMP=15202757702673, TAG=GCoreFlp, TYPE=PARTIAL_WAKE_LOCK , COUNT=0, PID=18348, UID=10007, FLAGS=
I/WAKELOCK_ACQUIRE(608): TIMESTAMP=15202757894948, TAG=NlpWakeLock, TYPE=PARTIAL_WAKE_LOCK , COUNT=0, PID=18348, UID=10007, FLAGS=
I/WAKELOCK_RELEASE(608): TIMESTAMP=15202758216979, TAG=GCoreFlp, TYPE=PARTIAL_WAKE_LOCK , COUNT=0, PID=18348, UID=10007, FLAGS=
I/WAKELOCK_RELEASE(608): TIMESTAMP=15202759170818, TAG=NlpWakeLock, TYPE=PARTIAL_WAKE_LOCK , COUNT=0, PID=18348, UID=10007, FLAGS=
I/WAKELOCK_ACQUIRE(608): TIMESTAMP=15202759755671, TAG=NlpWakeLock, TYPE=PARTIAL_WAKE_LOCK , COUNT=0, PID=18348, UID=10007, FLAGS=
I/WAKELOCK_RELEASE(608): TIMESTAMP=15202760756898, TAG=NlpWakeLock, TYPE=PARTIAL_WAKE_LOCK , COUNT=0, PID=18348, UID=10007, FLAGS=
I/WAKELOCK_ACQUIRE(608): TIMESTAMP=15202761818029, TAG=UlrDispSvcFastWL, TYPE=PARTIAL_WAKE_LOCK , COUNT=0, PID=18348, UID=10007, FLAGS=
I/WAKELOCK_ACQUIRE(608): TIMESTAMP=15202762329970, TAG=NlpWakeLock, TYPE=PARTIAL_WAKE_LOCK , COUNT=0, PID=18348, UID=10007, FLAGS=
E/WifiStateMachine(608): WifiStateMachine CMD_START_SCAN source -2 txSuccessRate=4,25 rxSuccessRate=3,51 targetRoamBSSID=e0:10:7f:ab:42:a8 RSSI=-53
D/wpa_supplicant(685): wlan0: Control interface command 'SCAN TYPE=ONLY'
D/wpa_supplicant(685): wlan0: Setting scan request: 0.000000 sec
D/wpa_supplicant(685): wlan0: Starting AP scan for wildcard SSID
D/wpa_supplicant(685): WPS: Building WPS IE for Probe Request
D/wpa_supplicant(685): WPS: * Version (hardcoded 0x10)
D/wpa_supplicant(685): WPS: * Request Type
D/wpa_supplicant(685): WPS: * Config Methods (4288)
D/wpa_supplicant(685): WPS: * UUID-E
D/wpa_supplicant(685): WPS: * Primary Device Type
D/wpa_supplicant(685): WPS: * RF Bands (3)
D/wpa_supplicant(685): WPS: * Association State
D/wpa_supplicant(685): WPS: * Configuration Error (0)
D/wpa_supplicant(685): WPS: * Device Password ID (0)
D/wpa_supplicant(685): WPS: * Manufacturer
D/wpa_supplicant(685): WPS: * Model Name
D/wpa_supplicant(685): WPS: * Model Number
D/wpa_supplicant(685): WPS: * Device Name
D/wpa_supplicant(685): WPS: * Version2 (0x20)
D/wpa_supplicant(685): P2P: * P2P IE header
D/wpa_supplicant(685): P2P: * Capability dev=25 group=00
D/wpa_supplicant(685): P2P: * Listen Channel: Regulatory Class 81 Channel 1
D/wpa_supplicant(685): wlan0: Add radio work 'scan'@0xf6e18580
D/wpa_supplicant(685): wlan0: First radio work item in the queue - schedule start immediately
D/wpa_supplicant(685): wlan0: Starting radio work 'scan'@0xf6e18580 after 0.000022 second wait
D/wpa_supplicant(685): wlan0: nl80211: scan request
I/WAKELOCK_RELEASE(608): TIMESTAMP=15202796699658, TAG=*alarm*, TYPE=PARTIAL_WAKE_LOCK , COUNT=0, PID=608, UID=1000, FLAGS=
D/wpa_supplicant(685): Scan requested (ret=0) - scan timeout 30 seconds
D/wpa_supplicant(685): nl80211: Drv Event 33 (NL80211_CMD_TRIGGER_SCAN) received for wlan0
D/wpa_supplicant(685): wlan0: nl80211: Scan trigger
D/wpa_supplicant(685): wlan0: Event SCAN_STARTED (49) received
D/wpa_supplicant(685): wlan0: Own scan request started a scan in 0.000061 seconds
I/wpa_supplicant(685): wlan0: CTRL-EVENT-SCAN-STARTED
D/wpa_supplicant(685): CTRL_IFACE monitor sent successfully to /data/misc/wifi/sockets/wpa_ctrl_608-2\x00
I/WAKELOCK_ACQUIRE(608): TIMESTAMP=15202846075403, TAG=NlpWakeLock, TYPE=PARTIAL_WAKE_LOCK , COUNT=0, PID=18348, UID=10007, FLAGS=
I/libgps (608): proxy_gps_inject_location(45.417472, 9.126055, 20.000000)
D/gpsd (263): WakeLock(Acquire,GPSD)
D/gpsd (263): WakeLock(Release,GPSD)
I/WAKELOCK_RELEASE(608): TIMESTAMP=15202847983969, TAG=NlpWakeLock, TYPE=PARTIAL_WAKE_LOCK , COUNT=0, PID=18348, UID=10007, FLAGS=
I/WAKELOCK_ACQUIRE(608): TIMESTAMP=15202848342071, TAG=NlpWakeLock, TYPE=PARTIAL_WAKE_LOCK , COUNT=0, PID=18348, UID=10007, FLAGS=
I/WAKELOCK_ACQUIRE(608): TIMESTAMP=15202850790947, TAG=NlpWakeLock, TYPE=PARTIAL_WAKE_LOCK , COUNT=0, PID=18348, UID=10007, FLAGS=
I/WAKELOCK_RELEASE(608): TIMESTAMP=15202851052102, TAG=NlpWakeLock, TYPE=PARTIAL_WAKE_LOCK , COUNT=0, PID=18348, UID=10007, FLAGS=
I/WAKELOCK_RELEASE(608): TIMESTAMP=15202854050707, TAG=NlpWakeLock, TYPE=PARTIAL_WAKE_LOCK , COUNT=0, PID=18348, UID=10007, FLAGS=
I/WAKELOCK_ACQUIRE(608): TIMESTAMP=15202854386405, TAG=GCoreFlp, TYPE=PARTIAL_WAKE_LOCK , COUNT=0, PID=18348, UID=10007, FLAGS=
I/WAKELOCK_ACQUIRE(608): TIMESTAMP=15202855158121, TAG=LocationManagerService, TYPE=PARTIAL_WAKE_LOCK , COUNT=0, PID=608, UID=1000, FLAGS=
I/WAKELOCK_ACQUIRE(608): TIMESTAMP=15202855862470, TAG=LocationManagerService, TYPE=PARTIAL_WAKE_LOCK , COUNT=0, PID=608, UID=1000, FLAGS=
I/WAKELOCK_ACQUIRE(608): TIMESTAMP=15202856138120, TAG=NlpWakeLock, TYPE=PARTIAL_WAKE_LOCK , COUNT=0, PID=18348, UID=10007, FLAGS=
I/WAKELOCK_ACQUIRE(608): TIMESTAMP=15202856333287, TAG=GCoreFlp, TYPE=PARTIAL_WAKE_LOCK , COUNT=0, PID=18348, UID=10007, FLAGS=
I/WAKELOCK_ACQUIRE(608): TIMESTAMP=15202856614038, TAG=LocationManagerService, TYPE=PARTIAL_WAKE_LOCK , COUNT=0, PID=608, UID=1000, FLAGS=
I/WAKELOCK_ACQUIRE(608): TIMESTAMP=15202856987740, TAG=GCoreFlp, TYPE=PARTIAL_WAKE_LOCK , COUNT=0, PID=18348, UID=10007, FLAGS=
D/LocationFilter(18348): Stable location not established yet. Returning original location.
I/WAKELOCK_RELEASE(608): TIMESTAMP=15202857371270, TAG=LocationManagerService, TYPE=PARTIAL_WAKE_LOCK , COUNT=0, PID=608, UID=1000, FLAGS=
I/WAKELOCK_ACQUIRE(608): TIMESTAMP=15202857583861, TAG=GCoreFlp, TYPE=PARTIAL_WAKE_LOCK , COUNT=0, PID=18348, UID=10007, FLAGS=
I/WAKELOCK_RELEASE(608): TIMESTAMP=15202858447245, TAG=LocationManagerService, TYPE=PARTIAL_WAKE_LOCK , COUNT=0, PID=608, UID=1000, FLAGS=
I/WAKELOCK_RELEASE(608): TIMESTAMP=15202858994646, TAG=NlpWakeLock, TYPE=PARTIAL_WAKE_LOCK , COUNT=0, PID=18348, UID=10007, FLAGS=
I/WAKELOCK_ACQUIRE(608): TIMESTAMP=15202860012121, TAG=NlpWakeLock, TYPE=PARTIAL_WAKE_LOCK , COUNT=0, PID=18348, UID=10007, FLAGS=
I/WAKELOCK_RELEASE(608): TIMESTAMP=15202860750957, TAG=GCoreFlp, TYPE=PARTIAL_WAKE_LOCK , COUNT=0, PID=18348, UID=10007, FLAGS=
I/WAKELOCK_ACQUIRE(608): TIMESTAMP=15202861230223, TAG=GCoreFlp, TYPE=PARTIAL_WAKE_LOCK , COUNT=0, PID=18348, UID=10007, FLAGS=
I/WAKELOCK_RELEASE(608): TIMESTAMP=15202862902439, TAG=NlpWakeLock, TYPE=PARTIAL_WAKE_LOCK , COUNT=0, PID=18348, UID=10007, FLAGS=
I/WAKELOCK_ACQUIRE(608): TIMESTAMP=15202864086125, TAG=Wakeful StateMachine: GeofencerStateMachine, TYPE=PARTIAL_WAKE_LOCK , COUNT=0, PID=18348, UID=10007, FLAGS=
I/WAKELOCK_RELEASE(608): TIMESTAMP=15202864527566, TAG=GCoreFlp, TYPE=PARTIAL_WAKE_LOCK , COUNT=0, PID=18348, UID=10007, FLAGS=
I/WAKELOCK_ACQUIRE(608): TIMESTAMP=15202865004660, TAG=NlpWakeLock, TYPE=PARTIAL_WAKE_LOCK , COUNT=0, PID=18348, UID=10007, FLAGS=
I/WAKELOCK_RELEASE(608): TIMESTAMP=15202866152646, TAG=NlpWakeLock, TYPE=PARTIAL_WAKE_LOCK , COUNT=0, PID=18348, UID=10007, FLAGS=
I/WAKELOCK_RELEASE(608): TIMESTAMP=15202870081319, TAG=NlpWakeLock, TYPE=PARTIAL_WAKE_LOCK , COUNT=0, PID=18348, UID=10007, FLAGS=
I/WAKELOCK_RELEASE(608): TIMESTAMP=15202870308694, TAG=Wakeful StateMachine: GeofencerStateMachine, TYPE=PARTIAL_WAKE_LOCK , COUNT=0, PID=18348, UID=10007, FLAGS=
I/WAKELOCK_ACQUIRE(608): TIMESTAMP=15202871134193, TAG=ContextManagerWakeLock, TYPE=PARTIAL_WAKE_LOCK , COUNT=0, PID=18348, UID=10007, FLAGS=
I/WAKELOCK_RELEASE(608): TIMESTAMP=15202872283500, TAG=NlpWakeLock, TYPE=PARTIAL_WAKE_LOCK , COUNT=0, PID=18348, UID=10007, FLAGS=
I/WAKELOCK_RELEASE(608): TIMESTAMP=15202875595303, TAG=UlrDispSvcFastWL, TYPE=PARTIAL_WAKE_LOCK , COUNT=0, PID=18348, UID=10007, FLAGS=
I/WAKELOCK_RELEASE(608): TIMESTAMP=15202886058159, TAG=LocationManagerService, TYPE=PARTIAL_WAKE_LOCK , COUNT=0, PID=608, UID=1000, FLAGS=
I/WAKELOCK_RELEASE(608): TIMESTAMP=15202886518404, TAG=GCoreFlp, TYPE=PARTIAL_WAKE_LOCK , COUNT=0, PID=18348, UID=10007, FLAGS=
I/WAKELOCK_RELEASE(608): TIMESTAMP=15202886991298, TAG=GCoreFlp, TYPE=PARTIAL_WAKE_LOCK , COUNT=0, PID=18348, UID=10007, FLAGS=
E/SQLiteLog(18348): (2067) abort at 35 in [INSERT INTO context(context_name,end_time,context_family,module_id,version,sync_state_mod_time_millis,start_time,sync_state,context_id,time_type,proto_blob) VALUES (?,?,?,?,?,?,?,?,?,?,?)]: UNI
I/WAKELOCK_RELEASE(608): TIMESTAMP=15202887451424, TAG=GCoreFlp, TYPE=PARTIAL_WAKE_LOCK , COUNT=0, PID=18348, UID=10007, FLAGS=
I/WAKELOCK_ACQUIRE(608): TIMESTAMP=15202890502072, TAG=UlrDispSvcFastWL, TYPE=PARTIAL_WAKE_LOCK , COUNT=0, PID=18348, UID=10007, FLAGS=
I/GCoreUlr(18348): Successfully inserted 1 locations
I/GCoreUlr(18348): Starting service, intent=Intent { act=com.google.android.location.reporting.UPLOAD cmp=com.google.android.gms/com.google.android.location.reporting.service.DispatchingService }, extras=null
I/WAKELOCK_RELEASE(608): TIMESTAMP=15202946071478, TAG=UlrDispSvcFastWL, TYPE=PARTIAL_WAKE_LOCK , COUNT=0, PID=18348, UID=10007, FLAGS= I/Keyboard.Facilitator.LanguageModelFlusher(847): run()
I/Keyboard.Facilitator(847): flushDynamicLanguageModels()
I/WAKELOCK_ACQUIRE(608): TIMESTAMP=15203135020660, TAG=UlrDispSvcSlowWL, TYPE=PARTIAL_WAKE_LOCK , COUNT=0, PID=18348, UID=10007, FLAGS=
E/SQLiteDatabase(18348): Error inserting context_name=6 end_time=1443366743831 context_family=1 module_id=com.google.android.contextmanager.module.DetectedActivityProducer version=1 sync_state_mod_time_millis=1443366743849 start_time=1443366678493 sync_state=0 context_id=cbb2bf88-e457-49e1-aed8-728dfbec0c8c time_type=3 proto_blob=[B@1b21b5d8
E/SQLiteDatabase(18348): android.database.sqlite.SQLiteConstraintException: UNIQUE constraint failed: context.context_id (code 2067)
E/SQLiteDatabase(18348): at android.database.sqlite.SQLiteConnection.nativeExecuteForLastInsertedRowId(Native Method)
E/SQLiteDatabase(18348): at android.database.sqlite.SQLiteConnection.executeForLastInsertedRowId(SQLiteConnection.java:782)
E/SQLiteDatabase(18348): at android.database.sqlite.SQLiteSession.executeForLastInsertedRowId(SQLiteSession.java:788)
E/SQLiteDatabase(18348): at android.database.sqlite.SQLiteStatement.executeInsert(SQLiteStatement.java:86)
E/SQLiteDatabase(18348): at android.database.sqlite.SQLiteDatabase.insertWithOnConflict(SQLiteDatabase.java:1471)
E/SQLiteDatabase(18348): at android.database.sqlite.SQLiteDatabase.insert(SQLiteDatabase.java:1341)
E/SQLiteDatabase(18348): at com.google.android.contextmanager.q.al.a(SourceFile:408)
E/SQLiteDatabase(18348): at com.google.android.contextmanager.q.al.b(SourceFile:383)
E/SQLiteDatabase(18348): at com.google.android.contextmanager.q.al.a(SourceFile:349)
E/SQLiteDatabase(18348): at com.google.android.contextmanager.q.al.b(SourceFile:376)
E/SQLiteDatabase(18348): at com.google.android.contextmanager.g.a.j.a(SourceFile:58)
E/SQLiteDatabase(18348): at com.google.android.contextmanager.g.a.a.run(SourceFile:52)
E/SQLiteDatabase(18348): at com.google.android.contextmanager.g.i.handleMessage(SourceFile:215)
E/SQLiteDatabase(18348): at android.os.Handler.dispatchMessage(Handler.java:102)
E/SQLiteDatabase(18348): at android.os.Looper.loop(Looper.java:135)
E/SQLiteDatabase(18348): at android.os.HandlerThread.run(HandlerThread.java:61)
D/wpa_supplicant(685): wlan0: Control interface command 'SIGNAL_POLL'
I/WAKELOCK_ACQUIRE(608): TIMESTAMP=15203583816241, TAG=NlpWakeLock, TYPE=PARTIAL_WAKE_LOCK , COUNT=0, PID=18348, UID=10007, FLAGS=
I/WAKELOCK_RELEASE(608): TIMESTAMP=15203585957618, TAG=NlpWakeLock, TYPE=PARTIAL_WAKE_LOCK , COUNT=0, PID=18348, UID=10007, FLAGS=
W/ResourceType(5566): Requesting resource 0x7f0c0023 failed because it is complex
W/ResourceType(5566): Requesting resource 0x7f0c0024 failed because it is complex
W/ResourceType(5566): Requesting resource 0x7f0c0025 failed because it is complex
W/ResourceType(5566): Requesting resource 0x7f0c0026 failed because it is complex
W/ResourceType(5566): Requesting resource 0x7f0c0028 failed because it is complex
W/ResourceType(5566): Requesting resource 0x7f0c002a failed because it is complex
W/ResourceType(5566): Requesting resource 0x7f0c002b failed because it is complex
W/ResourceType(5566): Requesting resource 0x7f0c002d failed because it is complex
W/ResourceType(5566): Requesting resource 0x7f0c002e failed because it is complex
W/ResourceType(5566): Requesting resource 0x7f0c002f failed because it is complex
W/ResourceType(5566): Requesting resource 0x7f0c0030 failed because it is complex
W/ResourceType(5566): Requesting resource 0x7f0c0031 failed because it is complex
W/ResourceType(5566): Requesting resource 0x7f0c0032 failed because it is complex
I/art (18348): Explicit concurrent mark sweep GC freed 21357(1524KB) AllocSpace objects, 15(240KB) LOS objects, 40% free, 13MB/22MB, paused 11.275ms total 122.437ms
W/ctxmgr (18348): [WorkManager]Long workInfo: label=WriteBatch, startTime=2015-09-27 17:12:23.842+0200, stopTime=2015-09-27 17:12:24.899+0200, duration=1057ms
I/art (1123): Explicit concurrent mark sweep GC freed 4955(295KB) AllocSpace objects, 2(32KB) LOS objects, 40% free, 12MB/20MB, paused 563us total 33.580ms
W/BaseAppContext(18348): Using Auth Proxy for data requests.
I/WAKELOCK_RELEASE(608): TIMESTAMP=15204062703999, TAG=ContextManagerWakeLock, TYPE=PARTIAL_WAKE_LOCK , COUNT=0, PID=18348, UID=10007, FLAGS=
I/WAKELOCK_ACQUIRE(608): TIMESTAMP=15204068201988, TAG=Wakeful StateMachine: GeofencerStateMachine, TYPE=PARTIAL_WAKE_LOCK , COUNT=0, PID=18348, UID=10007, FLAGS=
I/WAKELOCK_RELEASE(608): TIMESTAMP=15204102874158, TAG=Wakeful StateMachine: GeofencerStateMachine, TYPE=PARTIAL_WAKE_LOCK , COUNT=0, PID=18348, UID=10007, FLAGS=
I/WAKELOCK_ACQUIRE(608): TIMESTAMP=15204108603566, TAG=GCoreFlp, TYPE=PARTIAL_WAKE_LOCK , COUNT=0, PID=18348, UID=10007, FLAGS=
I/WAKELOCK_RELEASE(608): TIMESTAMP=15204134376473, TAG=GCoreFlp, TYPE=PARTIAL_WAKE_LOCK , COUNT=0, PID=18348, UID=10007, FLAGS=
I/WAKELOCK_ACQUIRE(608): TIMESTAMP=15204136287235, TAG=GCoreFlp, TYPE=PARTIAL_WAKE_LOCK , COUNT=0, PID=18348, UID=10007, FLAGS=
I/WAKELOCK_RELEASE(608): TIMESTAMP=15204154595543, TAG=GCoreFlp, TYPE=PARTIAL_WAKE_LOCK , COUNT=0, PID=18348, UID=10007, FLAGS=
I/GLSUser (18348): [ChannelManager] Attempting to channel bind connection HttpClient.
I/GLSUser (18348): [ChannelManager] Checking whether channelId is enabled. isEnabledGmsCore? false, isEnabledSdk? true, isAtLeastKitKat? true
V/GLSActivity(1123): AuthDelegateWrapperCreated with selected intent: Intent { cmp=com.google.android.gms/.auth.DefaultAuthDelegateService }
V/GLSActivity(1123): AuthDelegateWrapperCreated with selected intent: Intent { cmp=com.google.android.gms/.auth.DefaultAuthDelegateService }
I/WAKELOCK_RELEASE(608): TIMESTAMP=15204398420139, TAG=NlpWakeLock, TYPE=PARTIAL_WAKE_LOCK , COUNT=0, PID=18348, UID=10007, FLAGS= E/EM FG ALGO Iface:(19399): E/EM FG ALGO Iface:(19399): Failed to get File Descriptor
D/wpa_supplicant(685): RTM_NEWLINK: ifi_index=6 ifname=wlan0 wext ifi_flags=0x11043 ([UP][RUNNING][LOWER_UP])
D/wpa_supplicant(685): nl80211: Drv Event 34 (NL80211_CMD_NEW_SCAN_RESULTS) received for wlan0
D/wpa_supplicant(685): wlan0: nl80211: New scan results available
D/wpa_supplicant(685): nl80211: Scan probed for SSID ''
D/wpa_supplicant(685): nl80211: Scan included frequencies: 2412 2417 2422 2427 2432 2437 2442 2447 2452 2457 2462 2467 2472 5180 5200 5220 5240 5260 5280 5300 5320 5500 5520 5540 5560 5580 5600 5620 5640 5660 5680 5700
D/wpa_supplicant(685): wlan0: Event SCAN_RESULTS (3) received
D/wpa_supplicant(685): wlan0: Scan completed in 2.352430 seconds
D/wpa_supplicant(685): nl80211: Associated on 2462 MHz
D/wpa_supplicant(685): nl80211: Associated with e0:10:7f:ab:42:a8
D/wpa_supplicant(685): nl80211: Received scan results (19 BSSes)
D/wpa_supplicant(685): nl80211: Scan results indicate BSS status with e0:10:7f:ab:42:a8 as associated
D/wpa_supplicant(685): wlan0: BSS: Start scan result update 223
D/wpa_supplicant(685): BSS: last_scan_res_used=19/32
D/wpa_supplicant(685): Add access point on channel 60 [BANNED]
D/wpa_supplicant(685): Add access point on channel 60 [BANNED]
D/wpa_supplicant(685): Best Operating channel is = 44
D/wpa_supplicant(685): wlan0: Scan-only results received
D/wpa_supplicant(685): CTRL_IFACE monitor sent successfully to /data/misc/wifi/sockets/wpa_ctrl_608-2\x00
D/wpa_supplicant(685): wlan0: Radio work 'scan'@0xf6e18580 done in 2.535816 seconds
D/wpa_supplicant(685): wlan0: Control interface command 'BSS RANGE=0- MASK=0x21987'
D/wpa_supplicant(685): wlan0: Control interface command 'STATUS-NO_EVENTS'
W/System.err(1228): java.lang.SecurityException: Requires DUMP: Neither user 1001 nor current process has android.permission.DUMP.
W/System.err(1228): at android.app.ContextImpl.enforce(ContextImpl.java:1893)
W/System.err(1228): at android.app.ContextImpl.enforceCallingOrSelfPermission(ContextImpl.java:1922)
W/System.err(1228): at android.content.ContextWrapper.enforceCallingOrSelfPermission(ContextWrapper.java:593)
W/System.err(1228): at android.content.ContextWrapper.enforceCallingOrSelfPermission(ContextWrapper.java:593)
W/System.err(1228): at com.android.internal.telephony.SubscriptionController.dump(SubscriptionController.java:1374)
W/System.err(1228): at com.android.internal.telephony.DebugService.dump(DebugService.java:121)
W/System.err(1228): at com.android.phone.TelephonyDebugService.dump(TelephonyDebugService.java:50)
W/System.err(1228): at android.app.ActivityThread.handleDumpService(ActivityThread.java:2813)
W/System.err(1228): at android.app.ActivityThread.access$2300(ActivityThread.java:144)
W/System.err(1228): at android.app.ActivityThread$H.handleMessage(ActivityThread.java:1399)
W/System.err(1228): at android.os.Handler.dispatchMessage(Handler.java:102)
W/System.err(1228): at android.os.Looper.loop(Looper.java:135)
W/System.err(1228): at android.app.ActivityThread.main(ActivityThread.java:5221)
W/System.err(1228): at java.lang.reflect.Method.invoke(Native Method)
W/System.err(1228): at java.lang.reflect.Method.invoke(Method.java:372)
W/System.err(1228): at com.android.internal.os.ZygoteInit$MethodAndArgsCaller.run(ZygoteInit.java:899)
W/System.err(1228): at com.android.internal.os.ZygoteInit.main(ZygoteInit.java:694)
I/GCoreUlr(18348): Batch Location Update succeeded for account account#14#
I/GCoreUlr(18348): Upload task finished
I/WAKELOCK_RELEASE(608): TIMESTAMP=15206056307838, TAG=UlrDispSvcSlowWL, TYPE=PARTIAL_WAKE_LOCK , COUNT=0, PID=18348, UID=10007, FLAGS=
D/wpa_supplicant(685): wlan0: Control interface command 'SIGNAL_POLL'
I/dumpstate(18780): done
D/CRASHLOG(267): receive_inotify_events: Can't handle the event "dumpstate-2015-09-27-17-10-45.txt", no valid entry found, drop it...
I/KERNEL (221): [15208.992310] iTCO_wdt: iTCO_wdt_keepalive
D/wpa_supplicant(685): wlan0: Control interface command 'SIGNAL_POLL' E/EM FG ALGO Iface:(19527): E/EM FG ALGO Iface:(19527): Failed to get File Descriptor
I/WAKELOCK_ACQUIRE(608): TIMESTAMP=15210820255078, TAG=*alarm*, TYPE=PARTIAL_WAKE_LOCK , COUNT=0, PID=608, UID=1000, FLAGS=
I/WAKELOCK_RELEASE(608): TIMESTAMP=15210827000388, TAG=*alarm*, TYPE=PARTIAL_WAKE_LOCK , COUNT=0, PID=608, UID=1000, FLAGS=
D/wpa_supplicant(685): wlan0: Control interface command 'SIGNAL_POLL'
V/AlarmManager(608): triggered: act=ALARM_WAKEUP15074820 Pkg: com.google.android.gms
I/WAKELOCK_ACQUIRE(608): TIMESTAMP=15214053713348, TAG=*alarm*, TYPE=PARTIAL_WAKE_LOCK , COUNT=0, PID=608, UID=1000, FLAGS=
I/WAKELOCK_ACQUIRE(608): TIMESTAMP=15214056164288, TAG=ContextManagerWakeLock, TYPE=PARTIAL_WAKE_LOCK , COUNT=0, PID=18348, UID=10007, FLAGS=
V/AlarmManager(608): triggered: act=ALARM_WAKEUP15074820 Pkg: com.google.android.gms
I/WAKELOCK_RELEASE(608): TIMESTAMP=15214061060347, TAG=ContextManagerWakeLock, TYPE=PARTIAL_WAKE_LOCK , COUNT=0, PID=18348, UID=10007, FLAGS=
I/WAKELOCK_ACQUIRE(608): TIMESTAMP=15214063426940, TAG=ContextManagerWakeLock, TYPE=PARTIAL_WAKE_LOCK , COUNT=0, PID=18348, UID=10007, FLAGS=
I/WAKELOCK_RELEASE(608): TIMESTAMP=15214065692900, TAG=*alarm*, TYPE=PARTIAL_WAKE_LOCK , COUNT=0, PID=608, UID=1000, FLAGS=
I/WAKELOCK_RELEASE(608): TIMESTAMP=15214067108317, TAG=ContextManagerWakeLock, TYPE=PARTIAL_WAKE_LOCK , COUNT=0, PID=18348, UID=10007, FLAGS= E/EM FG ALGO Iface:(19530): E/EM FG ALGO Iface:(19530): Failed to get File Descriptor
D/wpa_supplicant(685): wlan0: Control interface command 'SIGNAL_POLL'
D/wpa_supplicant(685): wlan0: Control interface command 'SIGNAL_POLL'
I/KERNEL (221): [15218.992587] iTCO_wdt: iTCO_wdt_keepalive E/EM FG ALGO Iface:(19531): E/EM FG ALGO Iface:(19531): Failed to get File Descriptor
E/WifiStateMachine(608): WifiStateMachine CMD_START_SCAN source -2 txSuccessRate=2,38 rxSuccessRate=2,09 targetRoamBSSID=e0:10:7f:ab:42:a8 RSSI=-52
E/WifiStateMachine(608): WifiStateMachine starting scan for "e-tab"WPA_PSK with 2412,2462
D/wpa_supplicant(685): wlan0: Control interface command 'SCAN TYPE=ONLY freq=2412,2462'
D/wpa_supplicant(685): wlan0: Setting scan request: 0.000000 sec
D/wpa_supplicant(685): wlan0: Starting AP scan for wildcard SSID
D/wpa_supplicant(685): WPS: Building WPS IE for Probe Request
D/wpa_supplicant(685): WPS: * Version (hardcoded 0x10)
D/wpa_supplicant(685): WPS: * Request Type
D/wpa_supplicant(685): WPS: * Config Methods (4288)
D/wpa_supplicant(685): WPS: * UUID-E
D/wpa_supplicant(685): WPS: * Primary Device Type
D/wpa_supplicant(685): WPS: * RF Bands (3)
D/wpa_supplicant(685): WPS: * Association State
D/wpa_supplicant(685): WPS: * Configuration Error (0)
D/wpa_supplicant(685): WPS: * Device Password ID (0)
D/wpa_supplicant(685): WPS: * Manufacturer
D/wpa_supplicant(685): WPS: * Model Name
D/wpa_supplicant(685): WPS: * Model Number
D/wpa_supplicant(685): WPS: * Device Name
D/wpa_supplicant(685): WPS: * Version2 (0x20)
D/wpa_supplicant(685): P2P: * P2P IE header
D/wpa_supplicant(685): P2P: * Capability dev=25 group=00
D/wpa_supplicant(685): P2P: * Listen Channel: Regulatory Class 81 Channel 1
D/wpa_supplicant(685): wlan0: Limit manual scan to specified channels
D/wpa_supplicant(685): wlan0: Add radio work 'scan'@0xf6e18580
D/wpa_supplicant(685): wlan0: First radio work item in the queue - schedule start immediately
D/wpa_supplicant(685): wlan0: Starting radio work 'scan'@0xf6e18580 after 0.000108 second wait
D/wpa_supplicant(685): wlan0: nl80211: scan request
V/AlarmManager(608): triggered: act=com.android.server.WifiManager.action.START_SCAN Pkg: android
I/WAKELOCK_ACQUIRE(608): TIMESTAMP=15220568959036, TAG=*alarm*, TYPE=PARTIAL_WAKE_LOCK , COUNT=0, PID=608, UID=1000, FLAGS=
V/AlarmManager(608): triggered: act=com.facebook.push.mqtt.keepalive.KeepaliveManager.ACTION_INEXACT_ALARM.com.facebook.pages.app pkg=com.facebook.pages.app Pkg: com.facebook.pages.app
I/WAKELOCK_RELEASE(608): TIMESTAMP=15220587101421, TAG=*alarm*, TYPE=PARTIAL_WAKE_LOCK , COUNT=0, PID=608, UID=1000, FLAGS=
D/wpa_supplicant(685): Scan requested (ret=0) - scan timeout 30 seconds
D/wpa_supplicant(685): nl80211: Drv Event 33 (NL80211_CMD_TRIGGER_SCAN) received for wlan0
D/wpa_supplicant(685): wlan0: nl80211: Scan trigger
D/wpa_supplicant(685): wlan0: Event SCAN_STARTED (49) received
D/wpa_supplicant(685): wlan0: Own scan request started a scan in 0.000225 seconds
I/wpa_supplicant(685): wlan0: CTRL-EVENT-SCAN-STARTED
D/wpa_supplicant(685): CTRL_IFACE monitor sent successfully to /data/misc/wifi/sockets/wpa_ctrl_608-2\x00
D/wpa_supplicant(685): nl80211: Drv Event 34 (NL80211_CMD_NEW_SCAN_RESULTS) received for wlan0
D/wpa_supplicant(685): wlan0: nl80211: New scan results available
D/wpa_supplicant(685): nl80211: Scan probed for SSID ''
D/wpa_supplicant(685): nl80211: Scan included frequencies: 2412 2462
D/wpa_supplicant(685): wlan0: Event SCAN_RESULTS (3) received
D/wpa_supplicant(685): wlan0: Scan completed in 0.099788 seconds
D/wpa_supplicant(685): nl80211: Associated on 2462 MHz
D/wpa_supplicant(685): nl80211: Associated with e0:10:7f:ab:42:a8
D/wpa_supplicant(685): nl80211: Received scan results (13 BSSes)
D/wpa_supplicant(685): nl80211: Scan results indicate BSS status with e0:10:7f:ab:42:a8 as associated
D/wpa_supplicant(685): wlan0: BSS: Start scan result update 224
D/wpa_supplicant(685): wlan0: BSS: Add new id 928 BSSID 00:50:fc:d6:0b:37 SSID 'default'
D/wpa_supplicant(685): CTRL_IFACE monitor sent successfully to /data/misc/wifi/sockets/wpa_ctrl_608-2\x00
D/wpa_supplicant(685): BSS: last_scan_res_used=13/32
D/wpa_supplicant(685): Add access point on channel 60 [BANNED]
D/wpa_supplicant(685): Add access point on channel 60 [BANNED]
D/wpa_supplicant(685): Best Operating channel is = 44
D/wpa_supplicant(685): wlan0: Scan-only results received
D/wpa_supplicant(685): CTRL_IFACE monitor sent successfully to /data/misc/wifi/sockets/wpa_ctrl_608-2\x00
D/wpa_supplicant(685): wlan0: Radio work 'scan'@0xf6e18580 done in 0.119338 seconds
D/wpa_supplicant(685): RTM_NEWLINK: ifi_index=6 ifname=wlan0 wext ifi_flags=0x11043 ([UP][RUNNING][LOWER_UP])
D/wpa_supplicant(685): wlan0: Control interface command 'BSS RANGE=0- MASK=0x21987'
D/wpa_supplicant(685): wlan0: Control interface command 'STATUS-NO_EVENTS'
D/wpa_supplicant(685): wlan0: Control interface command 'SIGNAL_POLL'
D/wpa_supplicant(685): wlan0: Control interface command 'SIGNAL_POLL' E/EM FG ALGO Iface:(19532): E/EM FG ALGO Iface:(19532): Failed to get File Descriptor
D/wpa_supplicant(685): wlan0: Control interface command 'SIGNAL_POLL'
I/KERNEL (221): [15228.993181] iTCO_wdt: iTCO_wdt_keepalive E/EM FG ALGO Iface:(19533): E/EM FG ALGO Iface:(19533): Failed to get File Descriptor
D/wpa_supplicant(685): wlan0: Control interface command 'SIGNAL_POLL'
D/wpa_supplicant(685): wlan0: Control interface command 'SIGNAL_POLL' E/EM FG ALGO Iface:(19534): E/EM FG ALGO Iface:(19534): Failed to get File Descriptor
I/KERNEL (213): [15236.675532] healthd: battery l=41 v=3797 t=28.0 h=2 st=3 c=-1056 chg=
D/wpa_supplicant(685): wlan0: Control interface command 'SIGNAL_POLL'
I/KERNEL (221): [15238.993767] iTCO_wdt: iTCO_wdt_keepalive
I/WAKELOCK_ACQUIRE(608): TIMESTAMP=15239032084174, TAG=*alarm*, TYPE=PARTIAL_WAKE_LOCK , COUNT=0, PID=608, UID=1000, FLAGS=
I/WAKELOCK_RELEASE(608): TIMESTAMP=15239073222632, TAG=*alarm*, TYPE=PARTIAL_WAKE_LOCK , COUNT=0, PID=608, UID=1000, FLAGS= E/EM FG ALGO Iface:(19535): E/EM FG ALGO Iface:(19535): Failed to get File Descriptor
D/wpa_supplicant(685): wlan0: Control interface command 'SIGNAL_POLL'
I/KERNEL (212): [15241.774114] type=1400 audit(1443366782.548:249): avc: denied { write } for pid=19536 comm="dumpsys" path="/mnt/shell/emulated/0/logs/crashlog44/dropbox-2015-09-27-17-10-45.txt" dev="fuse" ino=4142972768 scontext=u:r:system_server:s0 tcontext=u:object_r:fuse:s0 tclass=file result=0
E/DropBoxManagerService(608): Can't read: /data/system/dropbox/system_app_strictmode@1443170445929.txt.gz
E/DropBoxManagerService(608): java.io.IOException: unknown format (magic number fffd)
E/DropBoxManagerService(608): at java.util.zip.GZIPInputStream.(GZIPInputStream.java:109)
E/DropBoxManagerService(608): at java.util.zip.GZIPInputStream.(GZIPInputStream.java:88)
E/DropBoxManagerService(608): at android.os.DropBoxManager$Entry.getInputStream(DropBoxManager.java:216)
E/DropBoxManagerService(608): at com.android.server.DropBoxManagerService.dump(DropBoxManagerService.java:393)
E/DropBoxManagerService(608): at android.os.Binder.dump(Binder.java:319)
E/DropBoxManagerService(608): at android.os.Binder.onTransact(Binder.java:285)
E/DropBoxManagerService(608): at com.android.internal.os.IDropBoxManagerService$Stub.onTransact(IDropBoxManagerService.java:95)
E/DropBoxManagerService(608): at android.os.Binder.execTransact(Binder.java:446)
D/wpa_supplicant(685): wlan0: Control interface command 'SIGNAL_POLL'
I/art (608): Background sticky concurrent mark sweep GC freed 3047(510KB) AllocSpace objects, 54(7MB) LOS objects, 13% free, 47MB/55MB, paused 5.030ms total 18.250ms E/EM FG ALGO Iface:(19537): E/EM FG ALGO Iface:(19537): Failed to get File Descriptor
D/CRASHLOG(267): receive_inotify_events: Received a dropbox event(dropbox-2015-09-27-17-10-45.txt)...
D/CRASHLOG(267): receive_inotify_events: Can't handle the event "empty event", no valid entry found, drop it...
D/wpa_supplicant(685): wlan0: Control interface command 'SIGNAL_POLL'
E/Xposed (19539): Could not read /system/xposed.prop: No such file or directory
D/AndroidRuntime(19539):
D/AndroidRuntime(19539): >>>>>> AndroidRuntime START com.android.internal.os.RuntimeInit <<<<<<
D/AndroidRuntime(19539): CheckJNI is OFF
W/ (19539): Failed to bind-mount /system/lib/x86/cpuinfo as /proc/cpuinfo: No such file or directory
E/memtrack(19539): Couldn't load memtrack module (No such file or directory)
E/android.os.Debug(19539): failed to load memtrack module: -2
D/AndroidRuntime(19539): Calling main entry com.android.commands.am.Am
D/AndroidRuntime(19539): Shutting down VM
I/CRASHLOG(267): finalize_dropbox_system_thread: Notify crashreport status(0) for command "am broadcast -n com.intel.crashreport/.specific.NotificationReceiver -a com.intel.crashreport.intent.CRASH_LOGS_COPY_FINISHED -c android.intent.category.ALTERNATIVE --es com.intel.crashreport.extra.EVENT_ID 6c9643f752eb21b560b0".
D/wpa_supplicant(685): wlan0: Control interface command 'SIGNAL_POLL'
V/AlarmManager(608): triggered: act=com.android.server.WifiManager.action.START_SCAN Pkg: android
E/WifiStateMachine(608): WifiStateMachine CMD_START_SCAN source -2 txSuccessRate=0,51 rxSuccessRate=0,50 targetRoamBSSID=e0:10:7f:ab:42:a8 RSSI=-53
D/wpa_supplicant(685): wlan0: Control interface command 'SCAN TYPE=ONLY'
D/wpa_supplicant(685): wlan0: Setting scan request: 0.000000 sec
D/wpa_supplicant(685): wlan0: Starting AP scan for wildcard SSID
D/wpa_supplicant(685): WPS: Building WPS IE for Probe Request
D/wpa_supplicant(685): WPS: * Version (hardcoded 0x10)
D/wpa_supplicant(685): WPS: * Request Type
D/wpa_supplicant(685): WPS: * Config Methods (4288)
D/wpa_supplicant(685): WPS: * UUID-E
D/wpa_supplicant(685): WPS: * Primary Device Type
D/wpa_supplicant(685): WPS: * RF Bands (3)
D/wpa_supplicant(685): WPS: * Association State
D/wpa_supplicant(685): WPS: * Configuration Error (0)
D/wpa_supplicant(685): WPS: * Device Password ID (0)
D/wpa_supplicant(685): WPS: * Manufacturer
D/wpa_supplicant(685): WPS: * Model Name
D/wpa_supplicant(685): WPS: * Model Number
D/wpa_supplicant(685): WPS: * Device Name
D/wpa_supplicant(685): WPS: * Version2 (0x20)
D/wpa_supplicant(685): P2P: * P2P IE header
D/wpa_supplicant(685): P2P: * Capability dev=25 group=00
D/wpa_supplicant(685): P2P: * Listen Channel: Regulatory Class 81 Channel 1
D/wpa_supplicant(685): wlan0: Add radio work 'scan'@0xf6e18580
D/wpa_supplicant(685): wlan0: First radio work item in the queue - schedule start immediately
D/wpa_supplicant(685): wlan0: Starting radio work 'scan'@0xf6e18580 after 0.000094 second wait
D/wpa_supplicant(685): wlan0: nl80211: scan request
D/wpa_supplicant(685): Scan requested (ret=0) - scan timeout 30 seconds
D/wpa_supplicant(685): nl80211: Drv Event 33 (NL80211_CMD_TRIGGER_SCAN) received for wlan0
D/wpa_supplicant(685): wlan0: nl80211: Scan trigger
D/wpa_supplicant(685): wlan0: Event SCAN_STARTED (49) received
D/wpa_supplicant(685): wlan0: Own scan request started a scan in 0.000275 seconds
I/wpa_supplicant(685): wlan0: CTRL-EVENT-SCAN-STARTED
D/wpa_supplicant(685): CTRL_IFACE monitor sent successfully to /data/misc/wifi/sockets/wpa_ctrl_608-2\x00
I/WAKELOCK_ACQUIRE(608): TIMESTAMP=15248652111780, TAG=*alarm*, TYPE=PARTIAL_WAKE_LOCK , COUNT=0, PID=608, UID=1000, FLAGS=
V/AlarmManager(608): triggered: act=ALARM_WAKEUP_LOCATOR Pkg: com.google.android.gms
V/AlarmManager(608): triggered: act=ALARM_WAKEUP_ACTIVITY_DETECTION Pkg: com.google.android.gms
I/WAKELOCK_ACQUIRE(608): TIMESTAMP=15248664355511, TAG=NlpCollectorWakeLock, TYPE=PARTIAL_WAKE_LOCK , COUNT=0, PID=18348, UID=10007, FLAGS=
I/WAKELOCK_ACQUIRE(608): TIMESTAMP=15248665162735, TAG=NlpCollectorWakeLock, TYPE=PARTIAL_WAKE_LOCK , COUNT=0, PID=18348, UID=10007, FLAGS=
I/WAKELOCK_ACQUIRE(608): TIMESTAMP=15248665716448, TAG=NlpCollectorWakeLock, TYPE=PARTIAL_WAKE_LOCK , COUNT=0, PID=18348, UID=10007, FLAGS=
W/Sensors (608): flush line: 66 KXCJ Accelerometer batch not enabled
I/WAKELOCK_ACQUIRE(608): TIMESTAMP=15248685168147, TAG=NlpWakeLock, TYPE=PARTIAL_WAKE_LOCK , COUNT=0, PID=18348, UID=10007, FLAGS=
I/WAKELOCK_ACQUIRE(608): TIMESTAMP=15248686067218, TAG=NlpWakeLock, TYPE=PARTIAL_WAKE_LOCK , COUNT=0, PID=18348, UID=10007, FLAGS=
D/WifiService(608): acquireWifiLockLocked: WifiLock{NlpWifiLock type=2 binder=android.os.BinderProxy@16588c28}
E/WifiStateMachine(608): WifiStateMachine CMD_START_SCAN source 10007 txSuccessRate=0,51 rxSuccessRate=0,50 targetRoamBSSID=e0:10:7f:ab:42:a8 RSSI=-53
D/wpa_supplicant(685): wlan0: Control interface command 'SCAN TYPE=ONLY'
D/wpa_supplicant(685): Ongoing scan action - reject new request
I/WAKELOCK_RELEASE(608): TIMESTAMP=15248688572842, TAG=NlpWakeLock, TYPE=PARTIAL_WAKE_LOCK , COUNT=0, PID=18348, UID=10007, FLAGS=
I/WAKELOCK_ACQUIRE(608): TIMESTAMP=15248690073386, TAG=RILJ, TYPE=PARTIAL_WAKE_LOCK , COUNT=0, PID=1228, UID=1001, FLAGS=
I/KERNEL (221): [15248.994381] iTCO_wdt: iTCO_wdt_keepalive
I/WAKELOCK_ACQUIRE(608): TIMESTAMP=15249238281714, TAG=NlpWakeLock, TYPE=PARTIAL_WAKE_LOCK , COUNT=0, PID=18348, UID=10007, FLAGS=
I/WAKELOCK_RELEASE(608): TIMESTAMP=15249240156164, TAG=NlpCollectorWakeLock, TYPE=PARTIAL_WAKE_LOCK , COUNT=0, PID=18348, UID=10007, FLAGS=
I/WAKELOCK_RELEASE(608): TIMESTAMP=15249241231323, TAG=NlpCollectorWakeLock, TYPE=PARTIAL_WAKE_LOCK , COUNT=0, PID=18348, UID=10007, FLAGS=
I/WAKELOCK_RELEASE(608): TIMESTAMP=15249242875375, TAG=NlpCollectorWakeLock, TYPE=PARTIAL_WAKE_LOCK , COUNT=0, PID=18348, UID=10007, FLAGS= E/EM FG ALGO Iface:(19555): E/EM FG ALGO Iface:(19555): Failed to get File Descriptor
D/wpa_supplicant(685): nl80211: Drv Event 34 (NL80211_CMD_NEW_SCAN_RESULTS) received for wlan0
D/wpa_supplicant(685): wlan0: nl80211: New scan results available
D/wpa_supplicant(685): nl80211: Scan probed for SSID ''
D/wpa_supplicant(685): nl80211: Scan included frequencies: 2412 2417 2422 2427 2432 2437 2442 2447 2452 2457 2462 2467 2472 5180 5200 5220 5240 5260 5280 5300 5320 5500 5520 5540 5560 5580 5600 5620 5640 5660 5680 5700
D/wpa_supplicant(685): wlan0: Event SCAN_RESULTS (3) received
D/wpa_supplicant(685): wlan0: Scan completed in 2.337913 seconds
D/wpa_supplicant(685): nl80211: Associated on 2462 MHz
D/wpa_supplicant(685): nl80211: Associated with e0:10:7f:ab:42:a8
D/wpa_supplicant(685): nl80211: Received scan results (19 BSSes)
D/wpa_supplicant(685): nl80211: Scan results indicate BSS status with e0:10:7f:ab:42:a8 as associated
D/wpa_supplicant(685): wlan0: BSS: Start scan result update 225
D/wpa_supplicant(685): BSS: last_scan_res_used=19/32
D/wpa_supplicant(685): Add access point on channel 60 [BANNED]
D/wpa_supplicant(685): Add access point on channel 60 [BANNED]
D/wpa_supplicant(685): Best Operating channel is = 44
D/wpa_supplicant(685): wlan0: Scan-only results received
D/wpa_supplicant(685): CTRL_IFACE monitor sent successfully to /data/misc/wifi/sockets/wpa_ctrl_608-2\x00
D/wpa_supplicant(685): wlan0: Radio work 'scan'@0xf6e18580 done in 2.344069 seconds
D/wpa_supplicant(685): RTM_NEWLINK: ifi_index=6 ifname=wlan0 wext ifi_flags=0x11043 ([UP][RUNNING][LOWER_UP])
D/wpa_supplicant(685): wlan0: Control interface command 'BSS RANGE=0- MASK=0x21987'
D/wpa_supplicant(685): wlan0: Control interface command 'STATUS-NO_EVENTS'
D/wpa_supplicant(685): wlan0: Control interface command 'SIGNAL_POLL'
V/AlarmManager(608): triggered: act=ALARM_WAKEUP_LOCATOR Pkg: com.google.android.gms
I/WAKELOCK_ACQUIRE(608): TIMESTAMP=15253700807431, TAG=RILJ, TYPE=PARTIAL_WAKE_LOCK , COUNT=0, PID=1228, UID=1001, FLAGS= E/EM FG ALGO Iface:(19556): E/EM FG ALGO Iface:(19556): Failed to get File Descriptor
D/wpa_supplicant(685): wlan0: Control interface command 'SIGNAL_POLL'
V/AlarmManager(608): triggered: act=com.android.server.WifiManager.action.START_SCAN Pkg: android
D/wpa_supplicant(685): wlan0: Control interface command 'SIGNAL_POLL'
I/PowerManagerService(608): Going to sleep due to screen timeout (uid 1000)...
I/PowerManagerService(608): Sleeping (uid 1000)...
I/WAKELOCK_ACQUIRE(608): TIMESTAMP=15258446472522, TAG=ActivityManager-Sleep, TYPE=PARTIAL_WAKE_LOCK , COUNT=0, PID=608, UID=1000, FLAGS=
D/ (608): Pixel Format : GGL_PIXEL_FORMAT_RGBA_8888
D/ (608): Updating FBO content dimensions
I/WAKELOCK_ACQUIRE(608): TIMESTAMP=15258702272205, TAG=RILJ, TYPE=PARTIAL_WAKE_LOCK , COUNT=0, PID=1228, UID=1001, FLAGS=
I/KERNEL (221): [15258.994579] iTCO_wdt: iTCO_wdt_keepalive
W/ActivityManager(608): Activity pause timeout for ActivityRecord{1c3807e8 u0 com.google.android.googlequicksearchbox/com.google.android.launcher.GEL t120}
D/AudioIntelHal/AudioPlatformState(253): setParameters: key value pair screen_state=off
D/AudioIntelHal/AudioPlatformState(253): route-parameter-manager: Selection criterion changed event: Criterion name: ScreenOn, current state: False
D/AudioIntelHal/AudioPlatformState(253): route-parameter-manager: Selection criterion changed event: Criterion name: StatesChanged, current state: ScreenOn
D/AudioIntelHal/AudioPlatformState(253): route-parameter-manager: Configuration application request {
D/AudioIntelHal/AudioPlatformState(253): route-parameter-manager: Applying configurations {
D/AudioIntelHal/AudioPlatformState(253): route-parameter-manager: Applying configuration "Off" from domain "Parameter.ScreenState"
D/AudioIntelHal/AudioPlatformState(253): route-parameter-manager: Applying configuration "No" from domain "Route.HWCodec.NeedReconfigure.Capture"
D/AudioIntelHal/AudioPlatformState(253): route-parameter-manager: } Applying configurations
