I/ActivityManager(608): Process com.google.android.talk (pid 16385) has died
D/WifiService(608): releaseWifiLockLocked: WifiLock{NlpWifiLock type=2 binder=android.os.BinderProxy@3fbc4610}
I/WAKELOCK_RELEASE(608): TIMESTAMP=15142099412418, TAG=NlpWakeLock, TYPE=PARTIAL_WAKE_LOCK , COUNT=0, PID=18348, UID=10007, FLAGS=
W/ProcessCpuTracker(608): Skipping unknown process pid 18916
I/KERNEL (17738): [15142.849801] acm_suspend[1][ACM4][531][bc2][47][8d][0][1]
I/KERNEL (17738): [15142.850487] acm_suspend[1][ACM3][14bd][1a1a][16a][16b][0][1]
I/KERNEL (17738): [15142.889799] [xhci_pci_suspend], xhci_root_hub pointer:0x77179000
I/KERNEL (17738): [15142.889857] XHCI: port 1, portsc 0xc000e63
I/KERNEL (17738): [15142.970025] xhci_hcd 0000:00:14.0: power state changed by ACPI to D3cold
D/wpa_supplicant(685): wlan0: Control interface command 'SIGNAL_POLL'
I/Keyboard.Facilitator(847): onFinishInput()
I/Choreographer(14409): Skipped 50 frames! The application may be doing too much work on its main thread.
E/ivpg-hwc(217): Lost 1 flips
E/ivpg-hwc(217): Lost 1 flips
I/KERNEL (17950): [15143.659763] snd_intel_sst: runtime_suspend called
I/Choreographer(1268): Skipped 132 frames! The application may be doing too much work on its main thread.
I/KERNEL (89): [15143.763791] lowmemorykiller: Killing 'm.facebook.orca' (14868), adj 1000,
I/KERNEL (89): [15143.763791] to free 89568kB on behalf of 'kswapd0' (89) because
I/KERNEL (89): [15143.763791] cache 134844kB is below limit 134960kB for oom_score_adj 16
I/KERNEL (89): [15143.763791] Free memory is -4592kB above reserved
I/KERNEL (89): [15143.765378] lowmemorykiller: Killing 'droid.apps.maps' (16755), adj 1000,
I/KERNEL (89): [15143.765378] to free 51152kB on behalf of 'kswapd0' (89) because
I/KERNEL (89): [15143.765378] cache 134844kB is below limit 134960kB for oom_score_adj 16
I/KERNEL (89): [15143.765378] Free memory is -4344kB above reserved
I/KERNEL (89): [15143.765994] lowmemorykiller: Killing 'default-pool-th' (16783), adj 1000,
I/KERNEL (89): [15143.765994] to free 51152kB on behalf of 'kswapd0' (89) because
I/KERNEL (89): [15143.765994] cache 134844kB is below limit 134960kB for oom_score_adj 16
I/KERNEL (89): [15143.765994] Free memory is -4592kB above reserved
I/KERNEL (89): [15143.766683] lowmemorykiller: Killing 'mozilla.firefox' (16604), adj 1000,
I/KERNEL (89): [15143.766683] to free 50428kB on behalf of 'kswapd0' (89) because
I/KERNEL (89): [15143.766683] cache 134660kB is below limit 134960kB for oom_score_adj 16
I/KERNEL (89): [15143.766683] Free memory is -4476kB above reserved
I/KERNEL (89): [15143.767495] lowmemorykiller: Killing 'JDWP' (16614), adj 1000,
I/KERNEL (89): [15143.767495] to free 50428kB on behalf of 'kswapd0' (89) because
I/KERNEL (89): [15143.767495] cache 134660kB is below limit 134960kB for oom_score_adj 16
I/KERNEL (89): [15143.767495] Free memory is -2368kB above reserved
I/ActivityManager(608): Process org.mozilla.firefox (pid 16604) has died
I/ActivityManager(608): Process com.facebook.orca (pid 14868) has died
W/ActivityManager(608): Scheduling restart of crashed service com.facebook.orca/com.facebook.push.mqtt.service.MqttPushService in 1000ms
I/ActivityManager(608): Process com.google.android.apps.maps (pid 16755) has died
D/WifiService(608): Client connection lost with reason: 4
I/Choreographer(1268): Skipped 41 frames! The application may be doing too much work on its main thread.
W/OpenGLRenderer(1268): Incorrectly called buildLayer on View: ShortcutAndWidgetContainer, destroying layer...
I/WAKELOCK_RELEASE(608): TIMESTAMP=15144335262152, TAG=ActivityManager-Launch, TYPE=PARTIAL_WAKE_LOCK , COUNT=0, PID=608, UID=1000, FLAGS=
W/HotwordWorkerImpl(5566): No resources found for locale: it-IT E/EM FG ALGO Iface:(18943): E/EM FG ALGO Iface:(18943): Failed to get File Descriptor
I/art (265): Background concurrent mark sweep GC freed 785(33KB) AllocSpace objects, 0(0B) LOS objects, 39% free, 6MB/11MB, paused 101us total 551.644ms
I/ActivityManager(608): Start proc com.facebook.orca for service com.facebook.orca/com.facebook.push.mqtt.service.MqttPushService: pid=18956 uid=10069 gids={50069, 9997, 3003, 1028, 1015, 3002} abi=x86
I/KERNEL (212): [15145.782728] type=1400 audit(1443366686.558:237): avc: denied { getpgid } for pid=265 comm="main" scontext=u:r:init:s0 tcontext=u:r:system_server:s0 tclass=process result=0
W/art (608): Long monitor contention event with owner method=void com.android.server.am.ActiveServices$ServiceRestarter.run() from ActiveServices.java:986 waiters=0 for 925ms
W/art (608): Long monitor contention event with owner method=void com.android.server.am.ActiveServices$ServiceRestarter.run() from ActiveServices.java:986 waiters=1 for 388ms
W/art (15944): Long monitor contention event with owner method=void com.facebook.common.hardware.NetworkActivityBroadcastManager$2.run() from NetworkActivityBroadcastManager.java:143 waiters=0 for 393ms
D/wpa_supplicant(685): wlan0: Control interface command 'SIGNAL_POLL'
I/KERNEL (212): [15146.126423] type=1400 audit(1443366686.898:238): avc: denied { setcurrent } for pid=18956 comm="main" scontext=u:r:init:s0 tcontext=u:r:init:s0 tclass=process result=0
D/skia_ext(15944): turboImageDecoder took 1.23ms to decode 120x120 (1x downscale)
I/KERNEL (212): [15146.126697] type=1400 audit(1443366686.898:239): avc: denied { dyntransition } for pid=18956 comm="main" scontext=u:r:init:s0 tcontext=u:r:untrusted_app:s0 tclass=process result=0
W/Zygote (18956): Slow operation: 1121ms so far, now at Zygote.nativeForkAndSpecialize
W/Zygote (18956): Slow operation: 1125ms so far, now at Zygote.postForkCommon
W/Zygote (18956): Slow operation: 1132ms so far, now at zygoteConnection.runOnce: postForkAndSpecialize
I/WAKELOCK_ACQUIRE(608): TIMESTAMP=15146438588497, TAG=RILJ, TYPE=PARTIAL_WAKE_LOCK , COUNT=0, PID=1228, UID=1001, FLAGS=
I/KERNEL (261): [15146.749905] xhci_hcd 0000:00:14.0: power state changed by ACPI to D0
I/KERNEL (261): [15146.769849] xhci_hcd 0000:00:14.0: power state changed by ACPI to D0
I/KERNEL (261): [15146.789792] xhci_hcd 0000:00:14.0: setting latency timer to 64
I/WAKELOCK_ACQUIRE(608): TIMESTAMP=15146700380002, TAG=Icing, TYPE=PARTIAL_WAKE_LOCK , COUNT=0, PID=1509, UID=10007, FLAGS=
I/WAKELOCK_ACQUIRE(608): TIMESTAMP=15146706067985, TAG=RILJ, TYPE=PARTIAL_WAKE_LOCK , COUNT=0, PID=1228, UID=1001, FLAGS=
I/MicroRecognitionRnrImpl(5566): Starting detection.
W/ResourcesManager(18956): Asset path '/system/framework/com.google.android.maps.jar' does not exist or contains no resources.
I/MicrophoneInputStream(5566): mic_starting com.google.android.apps.gsa.speech.audio.x@368bdfa9
D/AudioIntelHal(253): openInputStream: called for devices: 2147483652 and input source: 0x%08x6
D/AudioStream(253): set: requested channel mask: 16 (Channels count: 1)
D/AudioStream(253): set: set channels to 16
D/AudioStream(253): set: requested rate: 16000
D/AudioStream(253): set: set rate to 16000
D/AudioStream(253): set: requested format: 1
D/AudioStream(253): set : set format to 1
D/AudioIntelHal(253): openInputStream: input created with status=0
D/AudioStream(253): getBufferSize: 640 (in bytes) for input stream.
D/AudioStream(253): getBufferSize: 640 (in bytes) for input stream.
I/AudioFlinger(253): AudioFlinger's thread 0xf0401000 ready to run
I/WAKELOCK_ACQUIRE(608): TIMESTAMP=15147730839815, TAG=AudioIn, TYPE=PARTIAL_WAKE_LOCK , COUNT=0, PID=0, UID=1013, FLAGS=
I/WAKELOCK_RELEASE(608): TIMESTAMP=15147732443151, TAG=AudioIn, TYPE=PARTIAL_WAKE_LOCK , COUNT=0, PID=0, UID=1013, FLAGS=
D/AudioIntelHal/AudioPlatformState(253): setParameters: key value pair input_devices=4
I/MicrophoneInputStream(5566): mic_started com.google.android.apps.gsa.speech.audio.x@368bdfa9
I/WAKELOCK_ACQUIRE(608): TIMESTAMP=15147737782632, TAG=AudioIn, TYPE=PARTIAL_WAKE_LOCK , COUNT=0, PID=0, UID=1013, FLAGS=
D/PROPERTY(253): get media.dump_input.befconv: 0
D/PROPERTY(253): get media.dump_input.aftconv: 0
D/AudioIntelHal(253): startStream: input stream.
D/AudioIntelHal/AudioPlatformState(253): route-parameter-manager: Selection criterion changed event: Criterion name: InputSources, current state: VoiceRecognition
D/AudioIntelHal/AudioPlatformState(253): route-parameter-manager: Selection criterion changed event: Criterion name: StatesChanged, current state: InputSources
D/AudioIntelHal/AudioPlatformState(253): route-parameter-manager: Configuration application request {
D/AudioIntelHal/AudioPlatformState(253): route-parameter-manager: Applying configurations {
D/AudioIntelHal/AudioPlatformState(253): route-parameter-manager: Applying configuration "Selected" from domain "Parameter.InputSources.VoiceRecognition"
D/AudioIntelHal/AudioPlatformState(253): route-parameter-manager: Applying configuration "Applicable" from domain "Route.HwCodecMedia.Capture"
D/AudioIntelHal/AudioPlatformState(253): route-parameter-manager: Applying configuration "Yes" from domain "Route.HWCodec.NeedReconfigure.Capture"
D/AudioIntelHal/AudioPlatformState(253): route-parameter-manager: } Applying configurations
D/AudioIntelHal/AudioPlatformState(253): route-parameter-manager: } Configuration application request
D/EVENT_THREAD(253): void CEventThread::trig(void*, uint32_t): in
D/EVENT_THREAD(253): void CEventThread::trig(void*, uint32_t): out
D/RouteManager(253): doReconsiderRouting: Route state:
D/RouteManager(253): -Previously Enabled Route in Input =
D/RouteManager(253): -Previously Enabled Route in Output =
D/RouteManager(253): -Selected Route in Input = Media|HwCodecMedia
D/RouteManager(253): -Selected Route in Output =
D/RouteManager(253): -executeMuteRoutingStage-
D/RouteManager(253): audio-parameter-manager: Selection criterion changed event: Criterion name: RoutageState, current state: Flow
D/RouteManager(253): audio-parameter-manager: Configuration application request {
D/RouteManager(253): audio-parameter-manager: Applying configurations {
D/RouteManager(253): audio-parameter-manager: } Applying configurations
D/RouteManager(253): audio-parameter-manager: } Configuration application request
D/RouteManager(253): -executeDisableRoutingStage-
D/RouteManager(253): audio-parameter-manager: Selection criterion changed event: Criterion name: RoutageState, current state: Path
D/RouteManager(253): audio-parameter-manager: Configuration application request {
D/RouteManager(253): audio-parameter-manager: Applying configurations {
D/RouteManager(253): audio-parameter-manager: } Applying configurations
D/RouteManager(253): audio-parameter-manager: } Configuration application request
D/RouteManager(253): -executeConfigureRoutingStage-
D/RouteManager(253): audio-parameter-manager: Selection criterion changed event: Criterion name: RoutageState, current state: Configure
D/RouteManager(253): audio-parameter-manager: Selection criterion changed event: Criterion name: OpenedCaptureRoutes, current state: Media|HwCodecMedia
D/RouteManager(253): audio-parameter-manager: Selection criterion changed event: Criterion name: AudioSource, current state: VoiceRecognition
D/RouteManager(253): audio-parameter-manager: Configuration application request {
D/RouteManager(253): audio-parameter-manager: Applying configurations {
D/RouteManager(253): audio-parameter-manager: Applying configuration "VoiceRecgnition.FrontMic" from domain "InputDevice.Selected"
D/RouteManager(253): audio-parameter-manager: } Applying configurations
D/RouteManager(253): audio-parameter-manager: } Configuration application request
D/RouteManager(253): -executeEnableRoutingStage-
D/RouteManager(253): audio-parameter-manager: Selection criterion changed event: Criterion name: RoutageState, current state: Path|Configure
D/TinyAlsaAudioDevice(253): open: card (baytrailaudio, 0)
D/TinyAlsaAudioDevice(253): config (rate=48000 format=0 channels= 2).
D/TinyAlsaAudioDevice(253): RingBuffer config: periodSize=960 nbPeriod=4startTh=1 stop Th=3840 silence Th=0
I/KERNEL (253): [15147.947650] snd_intel_sst: runtime_resume called
I/KERNEL (138): [15147.972137] snd_intel_sst: FW Version 02.08.0a.09
D/RouteManager(253): audio-parameter-manager: Configuration application request {
D/RouteManager(253): audio-parameter-manager: Applying configurations {
D/RouteManager(253): audio-parameter-manager: } Applying configurations
D/RouteManager(253): audio-parameter-manager: } Configuration application request
D/Resampler(253): configure: SOURCE rate=48000 format=1 channels=1
D/Resampler(253): configure: DST rate=16000 format=1 channels=1
I/KERNEL (138): [15147.972155] snd_intel_sst: Build date Aug 11 2014 Time 10:58:10
D/RouteManager(253): -executeUnmuteRoutingStage-
D/RouteManager(253): audio-parameter-manager: Selection criterion changed event: Criterion name: RoutageState, current state: Flow|Path|Configure
D/RouteManager(253): audio-parameter-manager: Configuration application request {
D/RouteManager(253): audio-parameter-manager: Applying configurations {
D/RouteManager(253): audio-parameter-manager: Applying configuration "Unmute" from domain "Routing.Mute.HWCodec.Capture"
D/RouteManager(253): audio-parameter-manager: } Applying configurations
D/RouteManager(253): audio-parameter-manager: } Configuration application request
D/RouteManager(253): doReconsiderRouting: DONE
D/EVENT_THREAD(253): void CEventThread::run() Do poll with timeout: -1
I/WAKELOCK_ACQUIRE(608): TIMESTAMP=15147885978890, TAG=NlpWakeLock, TYPE=PARTIAL_WAKE_LOCK , COUNT=0, PID=18348, UID=10007, FLAGS=
I/WAKELOCK_RELEASE(608): TIMESTAMP=15147887235644, TAG=NlpWakeLock, TYPE=PARTIAL_WAKE_LOCK , COUNT=0, PID=18348, UID=10007, FLAGS=
I/HotwordWorkerImpl(5566): onReady
I/WAKELOCK_ACQUIRE(608): TIMESTAMP=15147888430142, TAG=NlpWakeLock, TYPE=PARTIAL_WAKE_LOCK , COUNT=0, PID=18348, UID=10007, FLAGS=
I/WAKELOCK_ACQUIRE(608): TIMESTAMP=15147890021298, TAG=NlpWakeLock, TYPE=PARTIAL_WAKE_LOCK , COUNT=0, PID=18348, UID=10007, FLAGS=
I/WAKELOCK_RELEASE(608): TIMESTAMP=15147890627763, TAG=NlpWakeLock, TYPE=PARTIAL_WAKE_LOCK , COUNT=0, PID=18348, UID=10007, FLAGS=
I/WAKELOCK_RELEASE(608): TIMESTAMP=15147893518512, TAG=NlpWakeLock, TYPE=PARTIAL_WAKE_LOCK , COUNT=0, PID=18348, UID=10007, FLAGS=
I/WAKELOCK_ACQUIRE(608): TIMESTAMP=15147985366208, TAG=GCoreFlp, TYPE=PARTIAL_WAKE_LOCK , COUNT=0, PID=18348, UID=10007, FLAGS=
I/WAKELOCK_ACQUIRE(608): TIMESTAMP=15147985983881, TAG=GCoreFlp, TYPE=PARTIAL_WAKE_LOCK , COUNT=0, PID=18348, UID=10007, FLAGS=
I/WAKELOCK_ACQUIRE(608): TIMESTAMP=15147986479947, TAG=GCoreFlp, TYPE=PARTIAL_WAKE_LOCK , COUNT=0, PID=18348, UID=10007, FLAGS=
I/WAKELOCK_ACQUIRE(608): TIMESTAMP=15148069230572, TAG=NlpWakeLock, TYPE=PARTIAL_WAKE_LOCK , COUNT=0, PID=18348, UID=10007, FLAGS=
I/WAKELOCK_RELEASE(608): TIMESTAMP=15148071399730, TAG=NlpWakeLock, TYPE=PARTIAL_WAKE_LOCK , COUNT=0, PID=18348, UID=10007, FLAGS=
I/WAKELOCK_ACQUIRE(608): TIMESTAMP=15148072792743, TAG=NlpWakeLock, TYPE=PARTIAL_WAKE_LOCK , COUNT=0, PID=18348, UID=10007, FLAGS=
I/WAKELOCK_RELEASE(608): TIMESTAMP=15148074810820, TAG=NlpWakeLock, TYPE=PARTIAL_WAKE_LOCK , COUNT=0, PID=18348, UID=10007, FLAGS=
I/WAKELOCK_ACQUIRE(608): TIMESTAMP=15148075688040, TAG=NlpWakeLock, TYPE=PARTIAL_WAKE_LOCK , COUNT=0, PID=18348, UID=10007, FLAGS=
I/WAKELOCK_RELEASE(608): TIMESTAMP=15148077705950, TAG=NlpWakeLock, TYPE=PARTIAL_WAKE_LOCK , COUNT=0, PID=18348, UID=10007, FLAGS=
E/WifiStateMachine(608): WifiStateMachine CMD_START_SCAN source -2 txSuccessRate=14,10 rxSuccessRate=9,54 targetRoamBSSID=e0:10:7f:ab:42:a8 RSSI=-54
E/WifiStateMachine(608): WifiStateMachine starting scan for "e-tab"WPA_PSK with 2412,2462
D/wpa_supplicant(685): wlan0: Control interface command 'SCAN TYPE=ONLY freq=2412,2462'
D/wpa_supplicant(685): wlan0: Setting scan request: 0.000000 sec
D/wpa_supplicant(685): wlan0: Starting AP scan for wildcard SSID
D/wpa_supplicant(685): WPS: Building WPS IE for Probe Request
D/wpa_supplicant(685): WPS: * Version (hardcoded 0x10)
D/wpa_supplicant(685): WPS: * Request Type
D/wpa_supplicant(685): WPS: * Config Methods (4288)
D/wpa_supplicant(685): WPS: * UUID-E
D/wpa_supplicant(685): WPS: * Primary Device Type
D/wpa_supplicant(685): WPS: * RF Bands (3)
D/wpa_supplicant(685): WPS: * Association State
D/wpa_supplicant(685): WPS: * Configuration Error (0)
D/wpa_supplicant(685): WPS: * Device Password ID (0)
D/wpa_supplicant(685): WPS: * Manufacturer
D/wpa_supplicant(685): WPS: * Model Name
D/wpa_supplicant(685): WPS: * Model Number
D/wpa_supplicant(685): WPS: * Device Name
D/wpa_supplicant(685): WPS: * Version2 (0x20)
D/wpa_supplicant(685): P2P: * P2P IE header
D/wpa_supplicant(685): P2P: * Capability dev=25 group=00
D/wpa_supplicant(685): P2P: * Listen Channel: Regulatory Class 81 Channel 1
D/wpa_supplicant(685): wlan0: Limit manual scan to specified channels
D/wpa_supplicant(685): wlan0: Add radio work 'scan'@0xf6e18580
D/wpa_supplicant(685): wlan0: First radio work item in the queue - schedule start immediately
D/wpa_supplicant(685): wlan0: Starting radio work 'scan'@0xf6e18580 after 0.000023 second wait
D/wpa_supplicant(685): wlan0: nl80211: scan request
D/wpa_supplicant(685): Scan requested (ret=0) - scan timeout 30 seconds
D/wpa_supplicant(685): nl80211: Drv Event 33 (NL80211_CMD_TRIGGER_SCAN) received for wlan0
D/wpa_supplicant(685): wlan0: nl80211: Scan trigger
D/wpa_supplicant(685): wlan0: Event SCAN_STARTED (49) received
D/wpa_supplicant(685): wlan0: Own scan request started a scan in 0.000085 seconds
I/wpa_supplicant(685): wlan0: CTRL-EVENT-SCAN-STARTED
D/wpa_supplicant(685): CTRL_IFACE monitor sent successfully to /data/misc/wifi/sockets/wpa_ctrl_608-2\x00
I/WAKELOCK_RELEASE(608): TIMESTAMP=15148635281730, TAG=*alarm*, TYPE=PARTIAL_WAKE_LOCK , COUNT=0, PID=608, UID=1000, FLAGS=
D/wpa_supplicant(685): nl80211: Drv Event 34 (NL80211_CMD_NEW_SCAN_RESULTS) received for wlan0
D/wpa_supplicant(685): wlan0: nl80211: New scan results available
D/wpa_supplicant(685): nl80211: Scan probed for SSID ''
D/wpa_supplicant(685): nl80211: Scan included frequencies: 2412 2462
D/wpa_supplicant(685): wlan0: Event SCAN_RESULTS (3) received
D/wpa_supplicant(685): wlan0: Scan completed in 0.098350 seconds
D/wpa_supplicant(685): nl80211: Associated on 2462 MHz
D/wpa_supplicant(685): nl80211: Associated with e0:10:7f:ab:42:a8
D/wpa_supplicant(685): nl80211: Received scan results (12 BSSes)
D/wpa_supplicant(685): nl80211: Scan results indicate BSS status with e0:10:7f:ab:42:a8 as associated
D/wpa_supplicant(685): wlan0: BSS: Start scan result update 219
D/wpa_supplicant(685): BSS: last_scan_res_used=12/32
D/wpa_supplicant(685): Add access point on channel 60 [BANNED]
D/wpa_supplicant(685): Best Operating channel is = 44
D/wpa_supplicant(685): wlan0: Scan-only results received
D/wpa_supplicant(685): CTRL_IFACE monitor sent successfully to /data/misc/wifi/sockets/wpa_ctrl_608-2\x00
D/wpa_supplicant(685): wlan0: Radio work 'scan'@0xf6e18580 done in 0.112731 seconds
D/wpa_supplicant(685): RTM_NEWLINK: ifi_index=6 ifname=wlan0 wext ifi_flags=0x11043 ([UP][RUNNING][LOWER_UP])
D/wpa_supplicant(685): wlan0: Control interface command 'BSS RANGE=0- MASK=0x21987'
I/KERNEL (17639): [15148.879853] acm_suspend[1][ACM4][531][bc2][47][8d][0][1]
I/KERNEL (17639): [15148.880557] acm_suspend[1][ACM3][14d1][1a42][16c][16d][0][1]
I/WAKELOCK_ACQUIRE(608): TIMESTAMP=15148720953645, TAG=GCoreFlp, TYPE=PARTIAL_WAKE_LOCK , COUNT=0, PID=18348, UID=10007, FLAGS=
I/KERNEL (17950): [15148.919988] [xhci_pci_suspend], xhci_root_hub pointer:0x77179000
I/KERNEL (17950): [15148.920059] XHCI: port 1, portsc 0xc000e63
D/wpa_supplicant(685): wlan0: Control interface command 'STATUS-NO_EVENTS'
I/KERNEL (221): [15148.989809] iTCO_wdt: iTCO_wdt_keepalive
I/KERNEL (17950): [15148.989931] xhci_hcd 0000:00:14.0: power state changed by ACPI to D3cold
I/WAKELOCK_RELEASE(608): TIMESTAMP=15148829372706, TAG=GCoreFlp, TYPE=PARTIAL_WAKE_LOCK , COUNT=0, PID=18348, UID=10007, FLAGS=
I/WAKELOCK_ACQUIRE(608): TIMESTAMP=15148830085767, TAG=Wakeful StateMachine: GeofencerStateMachine, TYPE=PARTIAL_WAKE_LOCK , COUNT=0, PID=18348, UID=10007, FLAGS=
I/WAKELOCK_ACQUIRE(608): TIMESTAMP=15148830362018, TAG=GCoreFlp, TYPE=PARTIAL_WAKE_LOCK , COUNT=0, PID=18348, UID=10007, FLAGS=
I/WAKELOCK_ACQUIRE(608): TIMESTAMP=15148832844637, TAG=GCoreFlp, TYPE=PARTIAL_WAKE_LOCK , COUNT=0, PID=18348, UID=10007, FLAGS=
I/WAKELOCK_RELEASE(608): TIMESTAMP=15148834515137, TAG=GCoreFlp, TYPE=PARTIAL_WAKE_LOCK , COUNT=0, PID=18348, UID=10007, FLAGS=
D/wpa_supplicant(685): wlan0: Control interface command 'SIGNAL_POLL'
D/LocationFilter(18348): Stable location not established yet. Returning original location.
I/WAKELOCK_ACQUIRE(608): TIMESTAMP=15149033571244, TAG=UlrDispSvcFastWL, TYPE=PARTIAL_WAKE_LOCK , COUNT=0, PID=18348, UID=10007, FLAGS=
I/WAKELOCK_ACQUIRE(608): TIMESTAMP=15149082427739, TAG=GCoreFlp, TYPE=PARTIAL_WAKE_LOCK , COUNT=0, PID=18348, UID=10007, FLAGS=
I/WAKELOCK_RELEASE(608): TIMESTAMP=15149084541649, TAG=GCoreFlp, TYPE=PARTIAL_WAKE_LOCK , COUNT=0, PID=18348, UID=10007, FLAGS=
I/WAKELOCK_ACQUIRE(608): TIMESTAMP=15149085713551, TAG=GCoreFlp, TYPE=PARTIAL_WAKE_LOCK , COUNT=0, PID=18348, UID=10007, FLAGS=
I/WAKELOCK_RELEASE(608): TIMESTAMP=15149088785992, TAG=GCoreFlp, TYPE=PARTIAL_WAKE_LOCK , COUNT=0, PID=18348, UID=10007, FLAGS=
I/WAKELOCK_RELEASE(608): TIMESTAMP=15149089438860, TAG=GCoreFlp, TYPE=PARTIAL_WAKE_LOCK , COUNT=0, PID=18348, UID=10007, FLAGS=
I/WAKELOCK_RELEASE(608): TIMESTAMP=15149089762907, TAG=GCoreFlp, TYPE=PARTIAL_WAKE_LOCK , COUNT=0, PID=18348, UID=10007, FLAGS=
I/WAKELOCK_RELEASE(608): TIMESTAMP=15149090128485, TAG=GCoreFlp, TYPE=PARTIAL_WAKE_LOCK , COUNT=0, PID=18348, UID=10007, FLAGS=
E/ivpg-hwc(217): Lost 1 flips
E/ivpg-hwc(217): Lost 1 flips
I/WAKELOCK_ACQUIRE(608): TIMESTAMP=15149298410710, TAG=LocationManagerService, TYPE=PARTIAL_WAKE_LOCK , COUNT=0, PID=608, UID=1000, FLAGS=
W/ProcessCpuTracker(608): Skipping unknown process pid 18994
I/WAKELOCK_ACQUIRE(608): TIMESTAMP=15149591349871, TAG=LocationManagerService, TYPE=PARTIAL_WAKE_LOCK , COUNT=0, PID=608, UID=1000, FLAGS=
I/WAKELOCK_ACQUIRE(608): TIMESTAMP=15149591762861, TAG=LocationManagerService, TYPE=PARTIAL_WAKE_LOCK , COUNT=0, PID=608, UID=1000, FLAGS=
I/WAKELOCK_RELEASE(608): TIMESTAMP=15149691696657, TAG=LocationManagerService, TYPE=PARTIAL_WAKE_LOCK , COUNT=0, PID=608, UID=1000, FLAGS=
I/WAKELOCK_RELEASE(608): TIMESTAMP=15149691938072, TAG=LocationManagerService, TYPE=PARTIAL_WAKE_LOCK , COUNT=0, PID=608, UID=1000, FLAGS=
E/LocationReceiver(5566): Received bad location: null
I/WAKELOCK_RELEASE(608): TIMESTAMP=15149700023967, TAG=GCoreFlp, TYPE=PARTIAL_WAKE_LOCK , COUNT=0, PID=18348, UID=10007, FLAGS= E/EM FG ALGO Iface:(18995): E/EM FG ALGO Iface:(18995): Failed to get File Descriptor
I/libgps (608): proxy_gps_inject_location(45.417473, 9.126067, 20.000000)
I/WAKELOCK_RELEASE(608): TIMESTAMP=15150488945809, TAG=LocationManagerService, TYPE=PARTIAL_WAKE_LOCK , COUNT=0, PID=608, UID=1000, FLAGS=
I/WAKELOCK_ACQUIRE(608): TIMESTAMP=15150513062497, TAG=GeofencePendingIntentWakeLock, TYPE=PARTIAL_WAKE_LOCK , COUNT=0, PID=18348, UID=10007, FLAGS=
I/WAKELOCK_RELEASE(608): TIMESTAMP=15150515062923, TAG=GeofencePendingIntentWakeLock, TYPE=PARTIAL_WAKE_LOCK , COUNT=0, PID=18348, UID=10007, FLAGS=
I/WAKELOCK_ACQUIRE(608): TIMESTAMP=15150519686979, TAG=GCoreFlp, TYPE=PARTIAL_WAKE_LOCK , COUNT=0, PID=18348, UID=10007, FLAGS=
I/art (1509): Explicit concurrent mark sweep GC freed 22623(1622KB) AllocSpace objects, 9(144KB) LOS objects, 39% free, 16MB/27MB, paused 851us total 1.498s
I/WAKELOCK_RELEASE(608): TIMESTAMP=15150599182429, TAG=Wakeful StateMachine: GeofencerStateMachine, TYPE=PARTIAL_WAKE_LOCK , COUNT=0, PID=18348, UID=10007, FLAGS=
I/WAKELOCK_ACQUIRE(608): TIMESTAMP=15150612103545, TAG=GCoreFlp, TYPE=PARTIAL_WAKE_LOCK , COUNT=0, PID=18348, UID=10007, FLAGS=
I/WAKELOCK_ACQUIRE(608): TIMESTAMP=15150614345097, TAG=Wakeful StateMachine: GeofencerStateMachine, TYPE=PARTIAL_WAKE_LOCK , COUNT=0, PID=18348, UID=10007, FLAGS=
I/WAKELOCK_RELEASE(608): TIMESTAMP=15150615040998, TAG=GCoreFlp, TYPE=PARTIAL_WAKE_LOCK , COUNT=0, PID=18348, UID=10007, FLAGS=
I/WAKELOCK_RELEASE(608): TIMESTAMP=15150615707319, TAG=Wakeful StateMachine: GeofencerStateMachine, TYPE=PARTIAL_WAKE_LOCK , COUNT=0, PID=18348, UID=10007, FLAGS=
I/WAKELOCK_RELEASE(608): TIMESTAMP=15150625598773, TAG=GCoreFlp, TYPE=PARTIAL_WAKE_LOCK , COUNT=0, PID=18348, UID=10007, FLAGS=
D/gpsd (263): WakeLock(Acquire,GPSD)
D/gpsd (263): WakeLock(Release,GPSD)
I/art (18956): Thread[1,tid=18956,WaitingForJniOnLoad,Thread*=0xf4206800,peer=0x73cbfbe0,"main"] recursive attempt to load library "/data/app/com.facebook.orca-1/lib/x86/libfbjni.so"
I/art (1123): Explicit concurrent mark sweep GC freed 20054(1194KB) AllocSpace objects, 0(0B) LOS objects, 39% free, 12MB/20MB, paused 701us total 403.906ms
I/GCoreUlr(18348): Successfully inserted 1 locations
I/GCoreUlr(18348): Not uploading first location since start (in case we're in restart loop)
I/WAKELOCK_RELEASE(608): TIMESTAMP=15151633518187, TAG=UlrDispSvcFastWL, TYPE=PARTIAL_WAKE_LOCK , COUNT=0, PID=18348, UID=10007, FLAGS=
I/WAKELOCK_ACQUIRE(608): TIMESTAMP=15151650595697, TAG=UlrDispSvcFastWL, TYPE=PARTIAL_WAKE_LOCK , COUNT=0, PID=18348, UID=10007, FLAGS=
I/WAKELOCK_RELEASE(608): TIMESTAMP=15151793744696, TAG=UlrDispSvcFastWL, TYPE=PARTIAL_WAKE_LOCK , COUNT=0, PID=18348, UID=10007, FLAGS=
D/wpa_supplicant(685): wlan0: Control interface command 'SIGNAL_POLL'
W/art (18956): Attempt to remove local handle scope entry from IRT, ignoring
I/WAKELOCK_ACQUIRE(608): TIMESTAMP=15152250521269, TAG=RILJ, TYPE=PARTIAL_WAKE_LOCK , COUNT=0, PID=1228, UID=1001, FLAGS=
I/Icing (1509): Usage reports 2 indexed 0 rejected 0 imm upload true
I/WAKELOCK_RELEASE(608): TIMESTAMP=15152757942341, TAG=Icing, TYPE=PARTIAL_WAKE_LOCK , COUNT=0, PID=1509, UID=10007, FLAGS=
W/ctxmgr (18348): [WorkManager]Long workInfo: label=WriteBatch, startTime=2015-09-27 17:11:21.782+0200, stopTime=2015-09-27 17:11:34.042+0200, duration=12260ms
D/skia (15944): --- SkImageDecoder::Factory returned null
W/pages(15944): time 15153504: onProducerFinishWithFailure: {requestId: 55, stage: DecodeProducer, elapsedTime: -1 ms, extraMap: null, throwable: java.lang.IllegalArgumentException: unknown image format}
W/pages(15944): time 15153509: onRequestFailure: {requestId: 55, elapsedTime: -1 ms, throwable: java.lang.IllegalArgumentException: unknown image format} E/EM FG ALGO Iface:(19039): E/EM FG ALGO Iface:(19039): Failed to get File Descriptor
I/Choreographer(15944): Skipped 71 frames! The application may be doing too much work on its main thread.
D/ (15944): Surface destroy: ANDROID_NATIVE_WINDOW_MAGIC
W/ctxmgr (18348): [WorkManager]Long workInfo: label=WriteBatch, startTime=2015-09-27 17:11:34.072+0200, stopTime=2015-09-27 17:11:35.406+0200, duration=1334ms
I/WAKELOCK_RELEASE(608): TIMESTAMP=15154513672390, TAG=ContextManagerWakeLock, TYPE=PARTIAL_WAKE_LOCK , COUNT=0, PID=18348, UID=10007, FLAGS=
I/WAKELOCK_ACQUIRE(608): TIMESTAMP=15154514393515, TAG=ContextManagerWakeLock, TYPE=PARTIAL_WAKE_LOCK , COUNT=0, PID=18348, UID=10007, FLAGS=
I/WAKELOCK_RELEASE(608): TIMESTAMP=15154556367264, TAG=ContextManagerWakeLock, TYPE=PARTIAL_WAKE_LOCK , COUNT=0, PID=18348, UID=10007, FLAGS=
I/WAKELOCK_ACQUIRE(608): TIMESTAMP=15154821642640, TAG=RequestScheduleEvaluatorService, TYPE=PARTIAL_WAKE_LOCK , COUNT=0, PID=5566, UID=10040, FLAGS=
I/WAKELOCK_RELEASE(608): TIMESTAMP=15154863498971, TAG=RequestScheduleEvaluatorService, TYPE=PARTIAL_WAKE_LOCK , COUNT=0, PID=5566, UID=10040, FLAGS=
I/WAKELOCK_ACQUIRE(608): TIMESTAMP=15154864519362, TAG=RequestScheduleEvaluatorService, TYPE=PARTIAL_WAKE_LOCK , COUNT=0, PID=5566, UID=10040, FLAGS=
I/WAKELOCK_RELEASE(608): TIMESTAMP=15154865714640, TAG=RequestScheduleEvaluatorService, TYPE=PARTIAL_WAKE_LOCK , COUNT=0, PID=5566, UID=10040, FLAGS=
D/wpa_supplicant(685): wlan0: Control interface command 'SIGNAL_POLL'
W/bz (18956): Verify
I/WAKELOCK_ACQUIRE(608): TIMESTAMP=15155171935826, TAG=RILJ, TYPE=PARTIAL_WAKE_LOCK , COUNT=0, PID=1228, UID=1001, FLAGS=
V/AlarmManager(608): triggered: act=ALARM_WAKEUP15074820 Pkg: com.google.android.gms
I/WAKELOCK_ACQUIRE(608): TIMESTAMP=15156303427045, TAG=*alarm*, TYPE=PARTIAL_WAKE_LOCK , COUNT=0, PID=608, UID=1000, FLAGS=
I/WAKELOCK_ACQUIRE(608): TIMESTAMP=15156305041361, TAG=ContextManagerWakeLock, TYPE=PARTIAL_WAKE_LOCK , COUNT=0, PID=18348, UID=10007, FLAGS=
I/WAKELOCK_RELEASE(608): TIMESTAMP=15156305545023, TAG=*alarm*, TYPE=PARTIAL_WAKE_LOCK , COUNT=0, PID=608, UID=1000, FLAGS=
I/WAKELOCK_RELEASE(608): TIMESTAMP=15156306366743, TAG=ContextManagerWakeLock, TYPE=PARTIAL_WAKE_LOCK , COUNT=0, PID=18348, UID=10007, FLAGS=
W/art (18956): Long monitor contention event with owner method=void com.facebook.messaging.customthreads.b.() from AutoGeneratedBindingsForCustomThreadsModule.java:11 waiters=0 for 497ms
W/art (18956): Suspending all threads took: 44.000ms
W/msgr(18956): Dropping app 174829003346 which does not support compose flow
W/art (18956): Suspending all threads took: 26.087ms
W/msgr(18956): Error reading from storage, clearing accumulated vard
W/msgr(18956): java.io.EOFException
W/msgr(18956): at libcore.io.Streams.readFully(Streams.java:83)
W/msgr(18956): at java.io.DataInputStream.readInt(DataInputStream.java:103)
W/msgr(18956): at com.facebook.video.analytics.al.a(VideoPerformanceTracking.java:424)
W/msgr(18956): at com.facebook.video.analytics.al.a(VideoPerformanceTracking.java:36)
W/msgr(18956): at com.facebook.video.analytics.an.a(VideoPerformanceTracking.java:386)
W/msgr(18956): at com.facebook.video.analytics.m.run(TimedMicroStorage.java:87)
W/msgr(18956): at com.facebook.common.executors.l.run(ConstrainedExecutorService.java:178)
W/msgr(18956): at java.util.concurrent.Executors$RunnableAdapter.call(Executors.java:422)
W/msgr(18956): at com.facebook.common.executors.dx.run(WrappingExecutorService.java:77)
W/msgr(18956): at java.util.concurrent.Executors$RunnableAdapter.call(Executors.java:422)
W/msgr(18956): at java.util.concurrent.FutureTask.run(FutureTask.java:237)
W/msgr(18956): at java.util.concurrent.ScheduledThreadPoolExecutor$ScheduledFutureTask.access$201(ScheduledThreadPoolExecutor.java:152)
W/msgr(18956): at java.util.concurrent.ScheduledThreadPoolExecutor$ScheduledFutureTask.run(ScheduledThreadPoolExecutor.java:265)
W/msgr(18956): at java.util.concurrent.ThreadPoolExecutor.runWorker(ThreadPoolExecutor.java:1112)
W/msgr(18956): at java.util.concurrent.ThreadPoolExecutor$Worker.run(ThreadPoolExecutor.java:587)
W/msgr(18956): at com.facebook.common.executors.cn.run(NamedThreadFactory.java:42)
W/msgr(18956): at java.lang.Thread.run(Thread.java:818)
W/art (18956): Suspending all threads took: 28.349ms
I/WAKELOCK_ACQUIRE(608): TIMESTAMP=15157252742604, TAG=RILJ, TYPE=PARTIAL_WAKE_LOCK , COUNT=0, PID=1228, UID=1001, FLAGS=
W/msgr(18956): Attempt to start service that is already started
I/KERNEL (261): [15157.540259] xhci_hcd 0000:00:14.0: power state changed by ACPI to D0
I/KERNEL (261): [15157.559899] xhci_hcd 0000:00:14.0: power state changed by ACPI to D0
I/KERNEL (261): [15157.579839] xhci_hcd 0000:00:14.0: setting latency timer to 64
I/WAKELOCK_ACQUIRE(608): TIMESTAMP=15157496864906, TAG=RILJ, TYPE=PARTIAL_WAKE_LOCK , COUNT=0, PID=1228, UID=1001, FLAGS=
D/wpa_supplicant(685): wlan0: Control interface command 'SIGNAL_POLL'
I/KERNEL (221): [15158.990310] iTCO_wdt: iTCO_wdt_keepalive E/EM FG ALGO Iface:(19129): E/EM FG ALGO Iface:(19129): Failed to get File Descriptor
I/WAKELOCK_ACQUIRE(608): TIMESTAMP=15159690214548, TAG=RILJ, TYPE=PARTIAL_WAKE_LOCK , COUNT=0, PID=1228, UID=1001, FLAGS=
I/KERNEL (18160): [15159.879858] acm_suspend[1][ACM4][531][bc2][47][8d][0][1]
I/KERNEL (18160): [15159.880544] acm_suspend[1][ACM3][14e5][1a6a][16e][16f][0][1]
I/KERNEL (17639): [15159.920048] [xhci_pci_suspend], xhci_root_hub pointer:0x77179000
I/KERNEL (17639): [15159.920112] XHCI: port 1, portsc 0xc000e63
I/KERNEL (17639): [15159.979908] xhci_hcd 0000:00:14.0: power state changed by ACPI to D3cold
I/WAKELOCK_ACQUIRE(608): TIMESTAMP=15160176312602, TAG=RILJ, TYPE=PARTIAL_WAKE_LOCK , COUNT=0, PID=1228, UID=1001, FLAGS=
I/KERNEL (261): [15160.490152] xhci_hcd 0000:00:14.0: power state changed by ACPI to D0
I/KERNEL (261): [15160.509918] xhci_hcd 0000:00:14.0: power state changed by ACPI to D0
I/KERNEL (261): [15160.529848] xhci_hcd 0000:00:14.0: setting latency timer to 64
I/WAKELOCK_ACQUIRE(608): TIMESTAMP=15160447814411, TAG=RILJ, TYPE=PARTIAL_WAKE_LOCK , COUNT=0, PID=1228, UID=1001, FLAGS=
E/WifiStateMachine(608): WifiStateMachine CMD_START_SCAN source -2 txSuccessRate=11,51 rxSuccessRate=8,78 targetRoamBSSID=e0:10:7f:ab:42:a8 RSSI=-56
E/WifiStateMachine(608): WifiStateMachine starting scan for "e-tab"WPA_PSK with 2412,2462
D/wpa_supplicant(685): wlan0: Control interface command 'SCAN TYPE=ONLY freq=2412,2462'
D/wpa_supplicant(685): wlan0: Setting scan request: 0.000000 sec
D/wpa_supplicant(685): wlan0: Starting AP scan for wildcard SSID
D/wpa_supplicant(685): WPS: Building WPS IE for Probe Request
D/wpa_supplicant(685): WPS: * Version (hardcoded 0x10)
D/wpa_supplicant(685): WPS: * Request Type
D/wpa_supplicant(685): WPS: * Config Methods (4288)
D/wpa_supplicant(685): WPS: * UUID-E
D/wpa_supplicant(685): WPS: * Primary Device Type
D/wpa_supplicant(685): WPS: * RF Bands (3)
D/wpa_supplicant(685): WPS: * Association State
D/wpa_supplicant(685): WPS: * Configuration Error (0)
D/wpa_supplicant(685): WPS: * Device Password ID (0)
D/wpa_supplicant(685): WPS: * Manufacturer
D/wpa_supplicant(685): WPS: * Model Name
V/AlarmManager(608): triggered: act=com.android.server.WifiManager.action.START_SCAN Pkg: android
I/WAKELOCK_ACQUIRE(608): TIMESTAMP=15160550532493, TAG=*alarm*, TYPE=PARTIAL_WAKE_LOCK , COUNT=0, PID=608, UID=1000, FLAGS=
V/AlarmManager(608): triggered: act=com.facebook.push.mqtt.e.b.ACTION_INEXACT_ALARM.com.facebook.orca pkg=com.facebook.orca Pkg: com.facebook.orca
V/AlarmManager(608): triggered: act=com.facebook.push.mqtt.keepalive.KeepaliveManager.ACTION_INEXACT_ALARM.com.facebook.pages.app pkg=com.facebook.pages.app Pkg: com.facebook.pages.app
D/wpa_supplicant(685): WPS: * Model Number
D/wpa_supplicant(685): WPS: * Device Name
D/wpa_supplicant(685): WPS: * Version2 (0x20)
D/wpa_supplicant(685): P2P: * P2P IE header
D/wpa_supplicant(685): P2P: * Capability dev=25 group=00
D/wpa_supplicant(685): P2P: * Listen Channel: Regulatory Class 81 Channel 1
D/wpa_supplicant(685): wlan0: Limit manual scan to specified channels
D/wpa_supplicant(685): wlan0: Add radio work 'scan'@0xf6e18520
D/wpa_supplicant(685): wlan0: First radio work item in the queue - schedule start immediately
D/wpa_supplicant(685): wlan0: Starting radio work 'scan'@0xf6e18520 after 0.000031 second wait
D/wpa_supplicant(685): wlan0: nl80211: scan request
D/wpa_supplicant(685): Scan requested (ret=0) - scan timeout 30 seconds
D/wpa_supplicant(685): nl80211: Drv Event 33 (NL80211_CMD_TRIGGER_SCAN) received for wlan0
D/wpa_supplicant(685): wlan0: nl80211: Scan trigger
D/wpa_supplicant(685): wlan0: Event SCAN_STARTED (49) received
D/wpa_supplicant(685): wlan0: Own scan request started a scan in 0.000079 seconds
I/wpa_supplicant(685): wlan0: CTRL-EVENT-SCAN-STARTED
D/wpa_supplicant(685): CTRL_IFACE monitor sent successfully to /data/misc/wifi/sockets/wpa_ctrl_608-2\x00
I/WAKELOCK_RELEASE(608): TIMESTAMP=15160606279762, TAG=*alarm*, TYPE=PARTIAL_WAKE_LOCK , COUNT=0, PID=608, UID=1000, FLAGS=
D/wpa_supplicant(685): nl80211: Drv Event 34 (NL80211_CMD_NEW_SCAN_RESULTS) received for wlan0
D/wpa_supplicant(685): wlan0: nl80211: New scan results available
D/wpa_supplicant(685): nl80211: Scan probed for SSID ''
D/wpa_supplicant(685): nl80211: Scan included frequencies: 2412 2462
D/wpa_supplicant(685): wlan0: Event SCAN_RESULTS (3) received
D/wpa_supplicant(685): wlan0: Scan completed in 0.097181 seconds
D/wpa_supplicant(685): nl80211: Associated on 2462 MHz
D/wpa_supplicant(685): nl80211: Associated with e0:10:7f:ab:42:a8
D/wpa_supplicant(685): nl80211: Received scan results (13 BSSes)
D/wpa_supplicant(685): nl80211: Scan results indicate BSS status with e0:10:7f:ab:42:a8 as associated
D/wpa_supplicant(685): wlan0: BSS: Start scan result update 220
D/wpa_supplicant(685): wlan0: BSS: Add new id 925 BSSID 00:1d:6a:70:bb:e4 SSID 'Alice-75160292'
D/wpa_supplicant(685): CTRL_IFACE monitor sent successfully to /data/misc/wifi/sockets/wpa_ctrl_608-2\x00
D/wpa_supplicant(685): BSS: last_scan_res_used=13/32
D/wpa_supplicant(685): Add access point on channel 60 [BANNED]
D/wpa_supplicant(685): Best Operating channel is = 44
D/wpa_supplicant(685): wlan0: Scan-only results received
D/wpa_supplicant(685): CTRL_IFACE monitor sent successfully to /data/misc/wifi/sockets/wpa_ctrl_608-2\x00
D/wpa_supplicant(685): wlan0: Radio work 'scan'@0xf6e18520 done in 0.102747 seconds
D/wpa_supplicant(685): RTM_NEWLINK: ifi_index=6 ifname=wlan0 wext ifi_flags=0x11043 ([UP][RUNNING][LOWER_UP])
D/wpa_supplicant(685): wlan0: Control interface command 'BSS RANGE=0- MASK=0x21987'
D/wpa_supplicant(685): wlan0: Control interface command 'STATUS-NO_EVENTS'
D/wpa_supplicant(685): wlan0: Control interface command 'SIGNAL_POLL'
I/KERNEL (212): [15161.575339] type=1400 audit(1443366702.348:240): avc: denied { read } for pid=19096 comm="Norm_Shared7" path=2F6465762F6173686D656D2F64616C76696B2D616C6C6F63207370616365202864656C6574656429 dev="tmpfs" ino=11231 scontext=u:r:untrusted_app:s0 tcontext=u:object_r:init_tmpfs:s0 tclass=file result=0
W/BroadcastQueue(608): Permission Denial: broadcasting Intent { act=android.net.conn.CONNECTIVITY_CHANGE flg=0x4000010 (has extras) } from null (pid=-1, uid=-1) requires com.facebook.permission.prod.FB_APP_COMMUNICATION due to registered receiver BroadcastFilter{11781868 u0 ReceiverList{3268bf8b 18956 com.facebook.orca/10069/u0 remote:2d12d15a}}
W/BroadcastQueue(608): Permission Denial: broadcasting Intent { act=android.net.conn.INET_CONDITION_ACTION flg=0x4000010 (has extras) } from null (pid=-1, uid=-1) requires com.facebook.permission.prod.FB_APP_COMMUNICATION due to registered receiver BroadcastFilter{11781868 u0 ReceiverList{3268bf8b 18956 com.facebook.orca/10069/u0 remote:2d12d15a}}
I/art (608): Explicit concurrent mark sweep GC freed 36533(1976KB) AllocSpace objects, 4(2MB) LOS objects, 25% free, 46MB/62MB, paused 1.068ms total 294.050ms
W/ActivityManager(608): Unable to start service Intent { act=com.facebook.rti.fbns.intent.UNREGISTER cmp=com.facebook.orca/com.facebook.rti.push.service.FbnsService (has extras) } U=0: not found
W/msgr(18956): Attempt to start service that is already started
W/msgr(18956): Attempt to start service that is already started
W/BroadcastQueue(608): Permission Denial: broadcasting Intent { act=android.net.conn.CONNECTIVITY_CHANGE flg=0x4000010 (has extras) } from null (pid=-1, uid=-1) requires com.facebook.permission.prod.FB_APP_COMMUNICATION due to registered receiver BroadcastFilter{2bdcfa2d u0 ReceiverList{4d2a944 18956 com.facebook.orca/10069/u0 remote:f19da57}}
I/KERNEL (17739): [15162.849895] acm_suspend[1][ACM4][531][bc2][47][8d][0][1]
I/KERNEL (17739): [15162.850670] acm_suspend[1][ACM3][14f9][1a92][170][171][0][1]
I/KERNEL (17739): [15162.889946] [xhci_pci_suspend], xhci_root_hub pointer:0x77179000
I/KERNEL (17739): [15162.890011] XHCI: port 1, portsc 0xc000e63
I/KERNEL (17739): [15162.939926] xhci_hcd 0000:00:14.0: power state changed by ACPI to D3cold
I/WAKELOCK_ACQUIRE(608): TIMESTAMP=15162790918864, TAG=RILJ, TYPE=PARTIAL_WAKE_LOCK , COUNT=0, PID=1228, UID=1001, FLAGS=
V/analytics4a(18956): JNI_OnLoad called
V/analytics4a(18956): JNI_OnLoad complete E/EM FG ALGO Iface:(19188): E/EM FG ALGO Iface:(19188): Failed to get File Descriptor
D/wpa_supplicant(685): wlan0: Control interface command 'SIGNAL_POLL'
V/AlarmManager(608): triggered: act=ALARM_WAKEUP15074820 Pkg: com.google.android.gms
I/WAKELOCK_ACQUIRE(608): TIMESTAMP=15164436452637, TAG=*alarm*, TYPE=PARTIAL_WAKE_LOCK , COUNT=0, PID=608, UID=1000, FLAGS=
I/WAKELOCK_ACQUIRE(608): TIMESTAMP=15164437643463, TAG=ContextManagerWakeLock, TYPE=PARTIAL_WAKE_LOCK , COUNT=0, PID=18348, UID=10007, FLAGS=
I/WAKELOCK_RELEASE(608): TIMESTAMP=15164438671018, TAG=*alarm*, TYPE=PARTIAL_WAKE_LOCK , COUNT=0, PID=608, UID=1000, FLAGS=
I/WAKELOCK_RELEASE(608): TIMESTAMP=15164440097546, TAG=ContextManagerWakeLock, TYPE=PARTIAL_WAKE_LOCK , COUNT=0, PID=18348, UID=10007, FLAGS=
I/WAKELOCK_ACQUIRE(608): TIMESTAMP=15164697570489, TAG=RILJ, TYPE=PARTIAL_WAKE_LOCK , COUNT=0, PID=1228, UID=1001, FLAGS=
I/KERNEL (261): [15164.981587] xhci_hcd 0000:00:14.0: power state changed by ACPI to D0
I/KERNEL (261): [15165.000284] xhci_hcd 0000:00:14.0: power state changed by ACPI to D0
I/KERNEL (261): [15165.019932] xhci_hcd 0000:00:14.0: setting latency timer to 64
I/WAKELOCK_ACQUIRE(608): TIMESTAMP=15164939468038, TAG=RILJ, TYPE=PARTIAL_WAKE_LOCK , COUNT=0, PID=1228, UID=1001, FLAGS=
W/ProcessCpuTracker(608): Skipping unknown process pid 19220
I/KERNEL (18160): [15167.110588] acm_suspend[1][ACM4][531][bc2][47][8d][0][1]
I/KERNEL (18160): [15167.111591] acm_suspend[1][ACM3][150d][1aba][172][173][0][1]
I/KERNEL (18160): [15167.170053] [xhci_pci_suspend], xhci_root_hub pointer:0x77179000
I/KERNEL (18160): [15167.170157] XHCI: port 1, portsc 0xc000e63
D/wpa_supplicant(685): wlan0: Control interface command 'SIGNAL_POLL'
I/KERNEL (18160): [15167.240332] xhci_hcd 0000:00:14.0: power state changed by ACPI to D3cold
I/WAKELOCK_ACQUIRE(608): TIMESTAMP=15167813646200, TAG=RILJ, TYPE=PARTIAL_WAKE_LOCK , COUNT=0, PID=1228, UID=1001, FLAGS=
I/KERNEL (261): [15168.120107] xhci_hcd 0000:00:14.0: power state changed by ACPI to D0
I/KERNEL (261): [15168.139976] xhci_hcd 0000:00:14.0: power state changed by ACPI to D0
I/KERNEL (261): [15168.160405] xhci_hcd 0000:00:14.0: setting latency timer to 64
I/WAKELOCK_ACQUIRE(608): TIMESTAMP=15168084242037, TAG=RILJ, TYPE=PARTIAL_WAKE_LOCK , COUNT=0, PID=1228, UID=1001, FLAGS=
I/KERNEL (221): [15168.990560] iTCO_wdt: iTCO_wdt_keepalive E/EM FG ALGO Iface:(19229): E/EM FG ALGO Iface:(19229): Failed to get File Descriptor
I/KERNEL (212): [15170.142698] type=1400 audit(1443366710.918:241): avc: denied { getattr } for pid=19234 comm="df" name="/" dev="efivarfs" ino=10766 scontext=u:r:dumpstate:s0 tcontext=u:object_r:unlabeled:s0 tclass=filesystem result=0
D/wpa_supplicant(685): wlan0: Control interface command 'SIGNAL_POLL'
I/KERNEL (212): [15170.709058] type=1400 audit(1443366711.478:242): avc: denied { write } for pid=19238 comm="dumpsys" path="/mnt/shell/emulated/0/logs/crashlog44/dumpstate-2015-09-27-17-10-45.txt.tmp" dev="fuse" ino=4144107856 scontext=u:r:system_server:s0 tcontext=u:object_r:fuse:s0 tclass=file result=0
D/ufoGralloc(217): Build:
D/ufoGralloc(217): UFO GRALLOC
D/ufoGralloc(217): Intel Corporation
D/ufoGralloc(217): 29232c-Release
D/ufoGralloc(217): Options:
D/ufoGralloc(217): MCG FLINK FULL NV12_32 NEW_FORMATS WA_VP8 WA_CP WA_YCBCR1 MEDIA1 T_CAMERA
D/ufoGralloc(217): camera HAL_PIXEL_FORMAT_YCbCr_422_I
I/KERNEL (212): [15170.715829] type=1400 audit(1443366711.488:243): avc: denied { write } for pid=19238 comm="dumpsys" path="/mnt/shell/emulated/0/logs/crashlog44/dumpstate-2015-09-27-17-10-45.txt.tmp" dev="fuse" ino=4144107856 scontext=u:r:surfaceflinger:s0 tcontext=u:object_r:fuse:s0 tclass=file result=0
I/KERNEL (17739): [15170.859922] acm_suspend[1][ACM4][531][bc2][47][8d][0][1]
I/KERNEL (17739): [15170.860604] acm_suspend[1][ACM3][1521][1ae2][174][175][0][1]
I/KERNEL (17739): [15170.899970] [xhci_pci_suspend], xhci_root_hub pointer:0x77179000
I/KERNEL (17739): [15170.900033] XHCI: port 1, portsc 0xc000e63
I/KERNEL (17739): [15170.980272] xhci_hcd 0000:00:14.0: power state changed by ACPI to D3cold
D/PlatformData(253): @getCameraInfo, current HAL version:CAMERA_DEVICE_API_VERSION_3_2
D/PlatformData(253): @getCameraInfo, current HAL version:CAMERA_DEVICE_API_VERSION_3_2
D/wpa_supplicant(685): wlan0: Control interface command 'SIGNAL_POLL'
I/WAKELOCK_ACQUIRE(608): TIMESTAMP=15173353183960, TAG=RILJ, TYPE=PARTIAL_WAKE_LOCK , COUNT=0, PID=1228, UID=1001, FLAGS=
I/art (1268): Explicit concurrent mark sweep GC freed 19840(1497KB) AllocSpace objects, 9(145KB) LOS objects, 39% free, 22MB/37MB, paused 422us total 73.756ms
I/art (1268): Explicit concurrent mark sweep GC freed 1217(64KB) AllocSpace objects, 0(0B) LOS objects, 39% free, 22MB/37MB, paused 370us total 27.728ms
I/art (1268): Explicit concurrent mark sweep GC freed 3(96B) AllocSpace objects, 0(0B) LOS objects, 39% free, 22MB/37MB, paused 431us total 27.315ms
I/art (1268): Explicit concurrent mark sweep GC freed 3(96B) AllocSpace objects, 0(0B) LOS objects, 39% free, 22MB/37MB, paused 396us total 28.198ms
I/art (1268): Explicit concurrent mark sweep GC freed 3(96B) AllocSpace objects, 0(0B) LOS objects, 39% free, 22MB/37MB, paused 423us total 28.993ms E/EM FG ALGO Iface:(19305): E/EM FG ALGO Iface:(19305): Failed to get File Descriptor
I/art (1123): Explicit concurrent mark sweep GC freed 21782(1114KB) AllocSpace objects, 2(32KB) LOS objects, 40% free, 12MB/20MB, paused 617us total 310.893ms
I/art (1123): Explicit concurrent mark sweep GC freed 2583(118KB) AllocSpace objects, 0(0B) LOS objects, 39% free, 12MB/20MB, paused 920us total 86.327ms
I/art (1123): Explicit concurrent mark sweep GC freed 133(8KB) AllocSpace objects, 0(0B) LOS objects, 40% free, 12MB/20MB, paused 559us total 23.657ms
I/art (1123): Explicit concurrent mark sweep GC freed 7(280B) AllocSpace objects, 0(0B) LOS objects, 39% free, 12MB/20MB, paused 451us total 23.111ms
I/art (1123): Explicit concurrent mark sweep GC freed 3(96B) AllocSpace objects, 0(0B) LOS objects, 39% free, 12MB/20MB, paused 474us total 23.098ms
I/art (5566): Explicit concurrent mark sweep GC freed 15630(975KB) AllocSpace objects, 23(436KB) LOS objects, 40% free, 16MB/27MB, paused 592us total 101.044ms
I/art (5566): Explicit concurrent mark sweep GC freed 4317(329KB) AllocSpace objects, 2(58KB) LOS objects, 39% free, 16MB/26MB, paused 471us total 31.783ms
I/art (5566): Explicit concurrent mark sweep GC freed 3(96B) AllocSpace objects, 0(0B) LOS objects, 39% free, 16MB/26MB, paused 461us total 31.108ms
I/art (5566): Explicit concurrent mark sweep GC freed 3(96B) AllocSpace objects, 0(0B) LOS objects, 39% free, 16MB/26MB, paused 855us total 31.633ms
I/art (5566): Explicit concurrent mark sweep GC freed 3(96B) AllocSpace objects, 0(0B) LOS objects, 39% free, 16MB/26MB, paused 491us total 31.281ms
I/art (15944): Explicit concurrent mark sweep GC freed 47329(3MB) AllocSpace objects, 25(2MB) LOS objects, 18% free, 35MB/43MB, paused 960us total 265.792ms
I/art (15944): Explicit concurrent mark sweep GC freed 2038(98KB) AllocSpace objects, 0(0B) LOS objects, 18% free, 34MB/42MB, paused 838us total 96.180ms
I/art (15944): Explicit concurrent mark sweep GC freed 10(352B) AllocSpace objects, 0(0B) LOS objects, 18% free, 34MB/42MB, paused 876us total 91.759ms
I/art (15944): Explicit concurrent mark sweep GC freed 3(96B) AllocSpace objects, 0(0B) LOS objects, 18% free, 34MB/42MB, paused 818us total 91.765ms
I/art (15944): Explicit concurrent mark sweep GC freed 3(96B) AllocSpace objects, 0(0B) LOS objects, 18% free, 34MB/42MB, paused 915us total 91.833ms
I/art (18520): Explicit concurrent mark sweep GC freed 2410(152KB) AllocSpace objects, 2(32KB) LOS objects, 23% free, 25MB/33MB, paused 550us total 140.019ms
D/wpa_supplicant(685): wlan0: Control interface command 'SIGNAL_POLL'
I/art (18520): Explicit concurrent mark sweep GC freed 149(6KB) AllocSpace objects, 0(0B) LOS objects, 23% free, 25MB/33MB, paused 852us total 39.306ms
I/art (18520): Explicit concurrent mark sweep GC freed 3(96B) AllocSpace objects, 0(0B) LOS objects, 23% free, 25MB/33MB, paused 528us total 41.165ms
I/art (18520): Explicit concurrent mark sweep GC freed 3(96B) AllocSpace objects, 0(0B) LOS objects, 23% free, 25MB/33MB, paused 1.007ms total 43.710ms
I/KERNEL (213): [15176.497284] healthd: battery l=42 v=3798 t=28.0 h=2 st=3 c=-1342 chg=
I/art (18520): Explicit concurrent mark sweep GC freed 3(96B) AllocSpace objects, 0(0B) LOS objects, 23% free, 25MB/33MB, paused 564us total 47.845ms
I/art (18348): Explicit concurrent mark sweep GC freed 13593(742KB) AllocSpace objects, 4(64KB) LOS objects, 39% free, 13MB/21MB, paused 783us total 70.834ms
I/art (18348): Explicit concurrent mark sweep GC freed 2689(110KB) AllocSpace objects, 0(0B) LOS objects, 40% free, 13MB/21MB, paused 736us total 27.887ms
I/art (18348): Explicit concurrent mark sweep GC freed 3(96B) AllocSpace objects, 0(0B) LOS objects, 40% free, 13MB/21MB, paused 761us total 26.056ms
I/art (18348): Explicit concurrent mark sweep GC freed 3(96B) AllocSpace objects, 0(0B) LOS objects, 40% free, 13MB/21MB, paused 738us total 25.933ms
I/art (18348): Explicit concurrent mark sweep GC freed 3(96B) AllocSpace objects, 0(0B) LOS objects, 40% free, 13MB/21MB, paused 413us total 30.313ms
I/art (10459): Explicit concurrent mark sweep GC freed 11877(610KB) AllocSpace objects, 2(32KB) LOS objects, 18% free, 34MB/42MB, paused 362us total 138.773ms
I/art (10459): Explicit concurrent mark sweep GC freed 213(9KB) AllocSpace objects, 0(0B) LOS objects, 18% free, 34MB/42MB, paused 362us total 39.140ms
I/art (10459): Explicit concurrent mark sweep GC freed 3(96B) AllocSpace objects, 0(0B) LOS objects, 18% free, 34MB/42MB, paused 408us total 38.926ms
I/art (10459): Explicit concurrent mark sweep GC freed 3(96B) AllocSpace objects, 0(0B) LOS objects, 18% free, 34MB/42MB, paused 361us total 38.992ms
I/art (10459): Explicit concurrent mark sweep GC freed 3(96B) AllocSpace objects, 0(0B) LOS objects, 18% free, 34MB/42MB, paused 362us total 38.928ms
I/art (16031): Explicit concurrent mark sweep GC freed 14953(1004KB) AllocSpace objects, 2(32KB) LOS objects, 25% free, 21MB/28MB, paused 415us total 155.252ms
I/art (16031): Explicit concurrent mark sweep GC freed 607(25KB) AllocSpace objects, 0(0B) LOS objects, 24% free, 21MB/28MB, paused 415us total 33.017ms
