I/KERNEL (89): [16131.837575] cache 134932kB is below limit 134960kB for oom_score_adj 16
I/KERNEL (89): [16131.837575] Free memory is -5112kB above reserved
I/KERNEL (89): [16131.837838] lowmemorykiller: Killing 'id.gms.wearable' (18380), adj 764,
I/KERNEL (89): [16131.837838] to free 44592kB on behalf of 'kswapd0' (89) because
I/KERNEL (89): [16131.837838] cache 134748kB is below limit 134960kB for oom_score_adj 16
I/KERNEL (89): [16131.837838] Free memory is -5360kB above reserved
I/KERNEL (89): [16131.838400] lowmemorykiller: Killing 'Heap thread poo' (18387), adj 764,
I/KERNEL (89): [16131.838400] to free 44592kB on behalf of 'kswapd0' (89) because
I/KERNEL (89): [16131.838400] cache 134564kB is below limit 134960kB for oom_score_adj 16
I/KERNEL (89): [16131.838400] Free memory is -5608kB above reserved
I/ServiceManager(215): service 'media.widi.uibc' died
I/WAKELOCK_ACQUIRE(608): TIMESTAMP=16131776841964, TAG=RILJ, TYPE=PARTIAL_WAKE_LOCK , COUNT=0, PID=1228, UID=1001, FLAGS=
E/ivpg-hwc(217): Lost 1 flips
E/ivpg-hwc(217): Lost 1 flips
I/WAKELOCK_RELEASE(608): TIMESTAMP=16131888511689, TAG=RILJ, TYPE=PARTIAL_WAKE_LOCK , COUNT=0, PID=1228, UID=1001, FLAGS=
I/ActivityManager(608): Process com.google.android.calendar (pid 16659) has died
I/WAKELOCK_ACQUIRE(608): TIMESTAMP=16131957558575, TAG=RILJ, TYPE=PARTIAL_WAKE_LOCK , COUNT=0, PID=1228, UID=1001, FLAGS=
I/WAKELOCK_ACQUIRE(608): TIMESTAMP=16131957976473, TAG=RILJ, TYPE=PARTIAL_WAKE_LOCK , COUNT=0, PID=1228, UID=1001, FLAGS=
I/WAKELOCK_ACQUIRE(608): TIMESTAMP=16131958310335, TAG=RILJ, TYPE=PARTIAL_WAKE_LOCK , COUNT=0, PID=1228, UID=1001, FLAGS=
I/WAKELOCK_ACQUIRE(608): TIMESTAMP=16131958577550, TAG=RILJ, TYPE=PARTIAL_WAKE_LOCK , COUNT=0, PID=1228, UID=1001, FLAGS=
I/WAKELOCK_RELEASE(608): TIMESTAMP=16132020265413, TAG=RILJ, TYPE=PARTIAL_WAKE_LOCK , COUNT=0, PID=1228, UID=1001, FLAGS=
W/DisplayManagerService(608): Failed to notify process 16659 that displays changed, assuming it died.
W/DisplayManagerService(608): android.os.TransactionTooLargeException
W/DisplayManagerService(608): at android.os.BinderProxy.transactNative(Native Method)
W/DisplayManagerService(608): at android.os.BinderProxy.transact(Binder.java:496)
W/DisplayManagerService(608): at android.hardware.display.IDisplayManagerCallback$Stub$Proxy.onDisplayEvent(IDisplayManagerCallback.java:81)
W/DisplayManagerService(608): at com.android.server.display.DisplayManagerService$CallbackRecord.notifyDisplayEventAsync(DisplayManagerService.java:1103)
W/DisplayManagerService(608): at com.android.server.display.DisplayManagerService.deliverDisplayEvent(DisplayManagerService.java:941)
W/DisplayManagerService(608): at com.android.server.display.DisplayManagerService.access$500(DisplayManagerService.java:112)
W/DisplayManagerService(608): at com.android.server.display.DisplayManagerService$DisplayManagerHandler.handleMessage(DisplayManagerService.java:1036)
W/DisplayManagerService(608): at android.os.Handler.dispatchMessage(Handler.java:102)
W/DisplayManagerService(608): at android.os.Looper.loop(Looper.java:135)
W/DisplayManagerService(608): at android.os.HandlerThread.run(HandlerThread.java:61)
W/DisplayManagerService(608): at com.android.server.ServiceThread.run(ServiceThread.java:46)
W/DisplayManagerService(608): Failed to notify process 18380 that displays changed, assuming it died.
W/DisplayManagerService(608): android.os.DeadObjectException
W/DisplayManagerService(608): at android.os.BinderProxy.transactNative(Native Method)
W/DisplayManagerService(608): at android.os.BinderProxy.transact(Binder.java:496)
W/DisplayManagerService(608): at android.hardware.display.IDisplayManagerCallback$Stub$Proxy.onDisplayEvent(IDisplayManagerCallback.java:81)
W/DisplayManagerService(608): at com.android.server.display.DisplayManagerService$CallbackRecord.notifyDisplayEventAsync(DisplayManagerService.java:1103)
W/DisplayManagerService(608): at com.android.server.display.DisplayManagerService.deliverDisplayEvent(DisplayManagerService.java:941)
W/DisplayManagerService(608): at com.android.server.display.DisplayManagerService.access$500(DisplayManagerService.java:112)
W/DisplayManagerService(608): at com.android.server.display.DisplayManagerService$DisplayManagerHandler.handleMessage(DisplayManagerService.java:1036)
W/DisplayManagerService(608): at android.os.Handler.dispatchMessage(Handler.java:102)
W/DisplayManagerService(608): at android.os.Looper.loop(Looper.java:135)
W/DisplayManagerService(608): at android.os.HandlerThread.run(HandlerThread.java:61)
W/DisplayManagerService(608): at com.android.server.ServiceThread.run(ServiceThread.java:46)
E/lowmemorykiller(214): Error opening /proc/18380/oom_score_adj; errno=2
I/ActivityManager(608): Process com.intel.widi.uibc (pid 16366) has died
W/ActivityManager(608): Scheduling restart of crashed service com.intel.widi.uibc/.WidiInputService in 1000ms
I/ActivityManager(608): Process com.google.android.gms.wearable (pid 18380) has died
I/ActivityManager(608): Process com.google.android.apps.photos (pid 16552) has died
I/DisplayPowerController(608): Unblocked screen on after 1262 ms
V/KeyguardServiceDelegate(608): onScreenTurnedOn(showListener = com.android.internal.policy.impl.PhoneWindowManager$2@3f7ab90e)
D/ (608): Surface destroy: ANDROID_NATIVE_WINDOW_MAGIC
I/ValidateNoPeople(608): skipping global notification
I/ValidateNoPeople(608): skipping global notification
V/ActivityManager(608): Display changed displayId=0
I/KERNEL (608): [16132.526537] binder: 608:1238 transaction failed 29189, size 184-0
E/ivpg-hwc(217): Lost 1 flips
D/LightsService(608): Excessive delay setting light: 71ms
D/DctController(1228): [DctController] DataStateReceiver: phoneId= 0
D/DctController(1228): [DctController] DataStateReceiver: ignore invalid subId=-1
V/KeyguardServiceDelegate(608): **** SHOWN CALLED ****
I/ActivityManager(608): Start proc com.intel.widi.uibc for service com.intel.widi.uibc/.WidiInputService: pid=19850 uid=1000 gids={41000, 9997, 2001, 1028, 1015, 1023, 3003, 3002, 3001} abi=x86
I/KERNEL (212): [16133.313877] type=1400 audit(1443367674.081:254): avc: denied { dyntransition } for pid=19850 comm="main" scontext=u:r:init:s0 tcontext=u:r:system_app:s0 tclass=process result=0
I/KERNEL (212): [16133.316112] type=1400 audit(1443367674.081:255): avc: denied { setpgid } for pid=265 comm="main" scontext=u:r:init:s0 tcontext=u:r:system_app:s0 tclass=process result=0
I/art (265): Explicit concurrent mark sweep GC freed 709(30KB) AllocSpace objects, 0(0B) LOS objects, 40% free, 6MB/11MB, paused 120us total 24.869ms
I/art (265): Explicit concurrent mark sweep GC freed 5(160B) AllocSpace objects, 0(0B) LOS objects, 40% free, 6MB/11MB, paused 111us total 8.644ms
I/art (265): Explicit concurrent mark sweep GC freed 5(160B) AllocSpace objects, 0(0B) LOS objects, 40% free, 6MB/11MB, paused 109us total 7.749ms
I/PowerConnectionBroadcastReceiver(847): onReceive() : Device plugged in.
I/StatsUtilsManager(847): startPeriodStatsRecorder() : Success
I/PeriodicStatsRecorder(847): shouldRecordStats() = Too Soon
I/GCoreUlr(18348): WorldUpdater:android.intent.action.ACTION_POWER_CONNECTED: Ensuring that reporting is active for [account#14#]
I/art (608): Explicit concurrent mark sweep GC freed 19102(1307KB) AllocSpace objects, 2(228KB) LOS objects, 25% free, 46MB/62MB, paused 1.128ms total 93.065ms
I/CRASHLOG(267): [IPTRAK] check_iptrak_file: Initial value of 'need_update' 0.
I/CRASHLOG(267): [IPTRAK] check_iptrak_file: Force update value 0.
I/CRASHLOG(267): [IPTRAK] check_iptrak_file: 'need_update' value 0.
D/CRASHCONFIG(267): init_config_file start
D/CRASHCONFIG(267): file opened
D/CRASHCONFIG(267): before while
W/CRASHLOG(267): [INGR]: modem Props
E/libdmi (267): Failed to open /sys/firmware/dmi/entries/148-0/raw : No such file or directory
E/libdmi (267): Failed to open /sys/firmware/dmi/entries/148-0/raw : No such file or directory
E/libdmi (267): Failed to open /sys/firmware/dmi/entries/148-0/raw : No such file or directory
E/libdmi (267): Failed to open /sys/firmware/dmi/entries/148-0/raw : No such file or directory
E/libdmi (267): Failed to open /sys/firmware/dmi/entries/148-0/raw : No such file or directory
E/libdmi (267): Failed to open /sys/firmware/dmi/entries/148-0/raw : No such file or directory
E/libdmi (267): Failed to open /sys/firmware/dmi/entries/148-0/raw : No such file or directory
E/libdmi (267): Failed to open /sys/firmware/dmi/entries/148-0/raw : No such file or directory
I/CRASHLOG(267): [INGR]: No diff between 0xf6e010f0 and 0xf6e01178 E/EM FG ALGO Iface:(19868): E/EM FG ALGO Iface:(19868): Failed to get File Descriptor
I/GCoreUlr(18348): GMS BLE scans enabled.
I/ActivityManager(608): Start proc com.google.android.apps.photos for broadcast com.google.android.apps.photos/.analytics.alive.AliveLogReceiver: pid=19869 uid=10042 gids={50042, 9997, 3003, 3002, 1028, 1015} abi=x86
I/KERNEL (212): [16133.471088] type=1400 audit(1443367674.241:256): avc: denied { setpgid } for pid=265 comm="main" scontext=u:r:init:s0 tcontext=u:r:untrusted_app:s0 tclass=process result=0
E/ivpg-hwc(217): Lost 1 flips
E/ivpg-hwc(217): Lost 1 flips
I/WAKELOCK_RELEASE(608): TIMESTAMP=16133442717315, TAG=UlrDispSvcFastWL, TYPE=PARTIAL_WAKE_LOCK , COUNT=0, PID=18348, UID=10007, FLAGS=
E/ivpg-hwc(217): Lost 1 flips
I/KERNEL (212): [16133.770482] type=1400 audit(1443367674.541:257): avc: denied { read } for pid=19850 comm="intel.widi.uibc" path=2F6465762F6173686D656D2F64616C76696B2D616C6C6F63207370616365202864656C6574656429 dev="tmpfs" ino=11231 scontext=u:r:system_app:s0 tcontext=u:object_r:init_tmpfs:s0 tclass=file result=0
I/widi-uibc-jni(19850): jboolean startListening(JNIEnv*, jobject, jobject)
I/WidiInputService(19850): WidiInputService initialized
E/SQLiteLog(19828): (283) recovered 1 frames from WAL file /data/data/com.android.providers.media/databases/external.db-wal
I/iu.FingerprintManager(1509): Start processing media store URI: content://media/external/video/media
I/iu.FingerprintManager(1509): Start processing media store URI: content://media/phoneStorage/images/media
I/iu.FingerprintManager(1509): Start processing media store URI: content://media/phoneStorage/video/media
I/WAKELOCK_ACQUIRE(608): TIMESTAMP=16134138770626, TAG=*alarm*, TYPE=PARTIAL_WAKE_LOCK , COUNT=0, PID=608, UID=1000, FLAGS=
I/KERNEL (17956): [16134.447043] acm_suspend[1][ACM4][531][bc2][47][8d][0][1]
I/KERNEL (17956): [16134.447789] acm_suspend[1][ACM3][15c8][1bc3][181][182][0][1]
I/KERNEL (17956): [16134.487087] [xhci_pci_suspend], xhci_root_hub pointer:0x77179000
I/KERNEL (17956): [16134.487145] XHCI: port 1, portsc 0xc000e63
D/MtpService(19828): updating state; isCurrentUser=true, mMtpLocked=false
D/MtpService(19828): addStorageLocked 65537 /storage/emulated/0
D/MtpService(19828): updating state; isCurrentUser=true, mMtpLocked=false
I/KERNEL (17956): [16134.567113] xhci_hcd 0000:00:14.0: power state changed by ACPI to D3cold
D/MtpService(19828): starting MTP server in MTP mode
I/KERNEL (19828): [16134.588409] mtp_open
D/MtpService(19828): addStorageLocked 65537 /storage/emulated/0
I/iu.FingerprintManager(1509): Finished generating fingerprints; 2,548 seconds
I/iu.FingerprintManager(1509): numSeen=1 numGenerated=0 numDeleted=0 numFailed=0
I/WAKELOCK_RELEASE(608): TIMESTAMP=16134478530421, TAG=fingerprint_scanner_local, TYPE=PARTIAL_WAKE_LOCK , COUNT=0, PID=1509, UID=10007, FLAGS=
E/ivpg-hwc(217): Lost 1 flips
E/ivpg-hwc(217): Lost 1 flips
D/AudioIntelHal/AudioPlatformState(253): setParameters: key value pair screen_state=on
D/AudioIntelHal/AudioPlatformState(253): route-parameter-manager: Selection criterion changed event: Criterion name: ScreenOn, current state: True
D/AudioIntelHal/AudioPlatformState(253): route-parameter-manager: Selection criterion changed event: Criterion name: StatesChanged, current state: ScreenOn
D/AudioIntelHal/AudioPlatformState(253): route-parameter-manager: Configuration application request {
D/AudioIntelHal/AudioPlatformState(253): route-parameter-manager: Applying configurations {
D/AudioIntelHal/AudioPlatformState(253): route-parameter-manager: Applying configuration "On" from domain "Parameter.ScreenState"
D/AudioIntelHal/AudioPlatformState(253): route-parameter-manager: Applying configuration "No" from domain "Route.HWCodec.NeedReconfigure.Capture"
D/AudioIntelHal/AudioPlatformState(253): route-parameter-manager: } Applying configurations
D/AudioIntelHal/AudioPlatformState(253): route-parameter-manager: } Configuration application request
D/EVENT_THREAD(253): void CEventThread::trig(void*, uint32_t): in
D/EVENT_THREAD(253): void CEventThread::trig(void*, uint32_t): out
D/RouteManager(253): audio-parameter-manager: Selection criterion changed event: Criterion name: ScreenState, current state: On
D/RouteManager(253): audio-parameter-manager: Configuration application request {
E/audio_a2dp_hw(253): adev_set_parameters: ERROR: set param called even when stream out is null
D/RouteManager(253): audio-parameter-manager: Applying configurations {
D/RouteManager(253): audio-parameter-manager: } Applying configurations
D/RouteManager(253): audio-parameter-manager: } Configuration application request
D/EVENT_THREAD(253): void CEventThread::run() Do poll with timeout: -1
D/wpa_supplicant(685): wlan0: Control interface command 'SIGNAL_POLL'
E/native (608): do suspend false
D/wpa_supplicant(685): wlan0: Control interface command 'DRIVER SETSUSPENDMODE 0'
D/wpa_supplicant(685): wpa_driver_nl80211_driver_cmd len = 0, 0
D/wpa_supplicant(685): wlan0: Control interface command 'BLACKLIST clear'
I/WAKELOCK_ACQUIRE(608): TIMESTAMP=16135385056606, TAG=Wakeful StateMachine: GeofencerStateMachine, TYPE=PARTIAL_WAKE_LOCK , COUNT=0, PID=18348, UID=10007, FLAGS=
I/WAKELOCK_RELEASE(608): TIMESTAMP=16135385913846, TAG=Wakeful StateMachine: GeofencerStateMachine, TYPE=PARTIAL_WAKE_LOCK , COUNT=0, PID=18348, UID=10007, FLAGS=
I/WAKELOCK_ACQUIRE(608): TIMESTAMP=16135386753914, TAG=GCoreFlp, TYPE=PARTIAL_WAKE_LOCK , COUNT=0, PID=18348, UID=10007, FLAGS=
V/AlarmManager(608): triggered: act=com.android.server.WifiManager.action.START_SCAN Pkg: android
I/WAKELOCK_RELEASE(608): TIMESTAMP=16135450549590, TAG=GCoreFlp, TYPE=PARTIAL_WAKE_LOCK , COUNT=0, PID=18348, UID=10007, FLAGS=
D/ScreenOnOffReceiver(18348): Received intent: Intent { act=android.intent.action.SCREEN_ON flg=0x50000010 }.
I/WAKELOCK_ACQUIRE(608): TIMESTAMP=16135735504795, TAG=wake:com.google.android.apps.photos/.dbprocessor.impl.DatabaseProcessorService, TYPE=PARTIAL_WAKE_LOCK , COUNT=0, PID=19869, UID=10042, FLAGS=
I/WAKELOCK_ACQUIRE(608): TIMESTAMP=16135739062802, TAG=DatabaseProcessorService, TYPE=PARTIAL_WAKE_LOCK , COUNT=0, PID=19869, UID=10042, FLAGS=
I/WAKELOCK_RELEASE(608): TIMESTAMP=16135739764810, TAG=wake:com.google.android.apps.photos/.dbprocessor.impl.DatabaseProcessorService, TYPE=PARTIAL_WAKE_LOCK , COUNT=0, PID=19869, UID=10042, FLAGS=
I/GAv4 (19869): Google Analytics 7.8.95 is starting up. To enable debug logging on a device run:
I/GAv4 (19869): adb shell setprop log.tag.GAv4 DEBUG
I/GAv4 (19869): adb logcat -s GAv4
W/GAv4 (19869): AnalyticsReceiver is not registered or is disabled. Register the receiver for reliable dispatching on non-Google Play devices. See http://goo.gl/8Rd3yj for instructions.
W/GAv4 (19869): CampaignTrackingReceiver is not registered, not exported or is disabled. Installation campaign tracking is not possible. See http://goo.gl/8Rd3yj for instructions.
W/GAv4 (19869): AnalyticsService not registered in the app manifest. Hits might not be delivered reliably. See http://goo.gl/8Rd3yj for instructions.
I/WAKELOCK_RELEASE(608): TIMESTAMP=16135883584822, TAG=DatabaseProcessorService, TYPE=PARTIAL_WAKE_LOCK , COUNT=0, PID=19869, UID=10042, FLAGS=
I/WAKELOCK_ACQUIRE(608): TIMESTAMP=16135904720988, TAG=wake:com.google.android.apps.photos/.trash.purger.PurgeTrashService, TYPE=PARTIAL_WAKE_LOCK , COUNT=0, PID=19869, UID=10042, FLAGS=
I/WAKELOCK_RELEASE(608): TIMESTAMP=16136158636525, TAG=wake:com.google.android.apps.photos/.trash.purger.PurgeTrashService, TYPE=PARTIAL_WAKE_LOCK , COUNT=0, PID=19869, UID=10042, FLAGS=
I/WAKELOCK_ACQUIRE(608): TIMESTAMP=16136239477180, TAG=GCoreFlp, TYPE=PARTIAL_WAKE_LOCK , COUNT=0, PID=18348, UID=10007, FLAGS=
E/WifiStateMachine(608): WifiStateMachine CMD_START_SCAN source -2 txSuccessRate=0,00 rxSuccessRate=0,00 targetRoamBSSID=e0:10:7f:ab:42:a8 RSSI=-57
D/wpa_supplicant(685): wlan0: Control interface command 'SCAN TYPE=ONLY'
D/wpa_supplicant(685): wlan0: Setting scan request: 0.000000 sec
I/WAKELOCK_RELEASE(608): TIMESTAMP=16136249346939, TAG=*alarm*, TYPE=PARTIAL_WAKE_LOCK , COUNT=0, PID=608, UID=1000, FLAGS=
D/wpa_supplicant(685): wlan0: Starting AP scan for wildcard SSID
D/wpa_supplicant(685): WPS: Building WPS IE for Probe Request
D/wpa_supplicant(685): WPS: * Version (hardcoded 0x10)
D/wpa_supplicant(685): WPS: * Request Type
D/wpa_supplicant(685): WPS: * Config Methods (4288)
D/wpa_supplicant(685): WPS: * UUID-E
D/wpa_supplicant(685): WPS: * Primary Device Type
D/wpa_supplicant(685): WPS: * RF Bands (3)
D/wpa_supplicant(685): WPS: * Association State
D/wpa_supplicant(685): WPS: * Configuration Error (0)
D/wpa_supplicant(685): WPS: * Device Password ID (0)
D/wpa_supplicant(685): WPS: * Manufacturer
D/wpa_supplicant(685): WPS: * Model Name
D/wpa_supplicant(685): WPS: * Model Number
D/wpa_supplicant(685): WPS: * Device Name
D/wpa_supplicant(685): WPS: * Version2 (0x20)
D/wpa_supplicant(685): P2P: * P2P IE header
D/wpa_supplicant(685): P2P: * Capability dev=25 group=00
D/wpa_supplicant(685): P2P: * Listen Channel: Regulatory Class 81 Channel 1
D/wpa_supplicant(685): wlan0: Add radio work 'scan'@0xf6e18520
D/wpa_supplicant(685): wlan0: First radio work item in the queue - schedule start immediately
D/wpa_supplicant(685): wlan0: Starting radio work 'scan'@0xf6e18520 after 0.000034 second wait
D/wpa_supplicant(685): wlan0: nl80211: scan request
I/WAKELOCK_RELEASE(608): TIMESTAMP=16136250185759, TAG=GCoreFlp, TYPE=PARTIAL_WAKE_LOCK , COUNT=0, PID=18348, UID=10007, FLAGS=
D/wpa_supplicant(685): Scan requested (ret=0) - scan timeout 30 seconds
D/wpa_supplicant(685): nl80211: Drv Event 33 (NL80211_CMD_TRIGGER_SCAN) received for wlan0
D/wpa_supplicant(685): wlan0: nl80211: Scan trigger
D/wpa_supplicant(685): wlan0: Event SCAN_STARTED (49) received
D/wpa_supplicant(685): wlan0: Own scan request started a scan in 0.000064 seconds
I/wpa_supplicant(685): wlan0: CTRL-EVENT-SCAN-STARTED
D/wpa_supplicant(685): CTRL_IFACE monitor sent successfully to /data/misc/wifi/sockets/wpa_ctrl_608-2\x00 E/EM FG ALGO Iface:(19906): E/EM FG ALGO Iface:(19906): Failed to get File Descriptor
D/wpa_supplicant(685): wlan0: Control interface command 'SIGNAL_POLL'
I/KERNEL (221): [16138.719371] iTCO_wdt: iTCO_wdt_keepalive
D/wpa_supplicant(685): nl80211: Drv Event 34 (NL80211_CMD_NEW_SCAN_RESULTS) received for wlan0
D/wpa_supplicant(685): wlan0: nl80211: New scan results available
D/wpa_supplicant(685): nl80211: Scan probed for SSID ''
D/wpa_supplicant(685): nl80211: Scan included frequencies: 2412 2417 2422 2427 2432 2437 2442 2447 2452 2457 2462 2467 2472 5180 5200 5220 5240 5260 5280 5300 5320 5500 5520 5540 5560 5580 5600 5620 5640 5660 5680 5700
D/wpa_supplicant(685): wlan0: Event SCAN_RESULTS (3) received
D/wpa_supplicant(685): wlan0: Scan completed in 2.338698 seconds
D/wpa_supplicant(685): nl80211: Associated on 2462 MHz
D/wpa_supplicant(685): nl80211: Associated with e0:10:7f:ab:42:a8
D/wpa_supplicant(685): nl80211: Received scan results (17 BSSes)
D/wpa_supplicant(685): nl80211: Scan results indicate BSS status with e0:10:7f:ab:42:a8 as associated
D/wpa_supplicant(685): wlan0: BSS: Start scan result update 232
D/wpa_supplicant(685): wlan0: BSS: Add new id 983 BSSID e0:10:7f:2b:42:ac SSID 'etab_5GHz'
D/wpa_supplicant(685): CTRL_IFACE monitor sent successfully to /data/misc/wifi/sockets/wpa_ctrl_608-2\x00
D/wpa_supplicant(685): wlan0: BSS: Add new id 984 BSSID e0:10:7f:eb:42:a8 SSID 'test_dpsk'
D/wpa_supplicant(685): CTRL_IFACE monitor sent successfully to /data/misc/wifi/sockets/wpa_ctrl_608-2\x00
D/wpa_supplicant(685): wlan0: BSS: Add new id 985 BSSID e0:10:7f:6b:42:a9 SSID 'test'
D/wpa_supplicant(685): CTRL_IFACE monitor sent successfully to /data/misc/wifi/sockets/wpa_ctrl_608-2\x00
D/wpa_supplicant(685): wlan0: BSS: Add new id 986 BSSID e0:10:7f:6b:42:a8 SSID 'Act-e-Tab'
D/wpa_supplicant(685): CTRL_IFACE monitor sent successfully to /data/misc/wifi/sockets/wpa_ctrl_608-2\x00
D/wpa_supplicant(685): wlan0: BSS: Add new id 987 BSSID e0:10:7f:2b:42:a8 SSID 'Microtech'
D/wpa_supplicant(685): CTRL_IFACE monitor sent successfully to /data/misc/wifi/sockets/wpa_ctrl_608-2\x00
D/wpa_supplicant(685): wlan0: BSS: Add new id 988 BSSID f0:b0:52:5b:d3:29 SSID 'test'
D/wpa_supplicant(685): CTRL_IFACE monitor sent successfully to /data/misc/wifi/sockets/wpa_ctrl_608-2\x00
D/wpa_supplicant(685): wlan0: BSS: Add new id 989 BSSID f0:b0:52:9b:d3:28 SSID 'e-tab'
D/wpa_supplicant(685): CTRL_IFACE monitor sent successfully to /data/misc/wifi/sockets/wpa_ctrl_608-2\x00
D/wpa_supplicant(685): wlan0: BSS: Add new id 990 BSSID f0:b0:52:1b:d3:28 SSID 'Microtech'
D/wpa_supplicant(685): CTRL_IFACE monitor sent successfully to /data/misc/wifi/sockets/wpa_ctrl_608-2\x00
D/wpa_supplicant(685): wlan0: BSS: Add new id 991 BSSID f0:b0:52:5b:d3:28 SSID 'Act-e-Tab'
D/wpa_supplicant(685): CTRL_IFACE monitor sent successfully to /data/misc/wifi/sockets/wpa_ctrl_608-2\x00
D/wpa_supplicant(685): wlan0: BSS: Add new id 992 BSSID f0:b0:52:db:d3:28 SSID 'test_dpsk'
D/wpa_supplicant(685): CTRL_IFACE monitor sent successfully to /data/misc/wifi/sockets/wpa_ctrl_608-2\x00
D/wpa_supplicant(685): wlan0: BSS: Add new id 993 BSSID f0:b0:52:1b:d3:2c SSID 'etab_5GHz'
D/wpa_supplicant(685): CTRL_IFACE monitor sent successfully to /data/misc/wifi/sockets/wpa_ctrl_608-2\x00
D/wpa_supplicant(685): wlan0: BSS: Add new id 994 BSSID 00:1d:8b:be:ce:1e SSID 'Alice-40774318'
D/wpa_supplicant(685): CTRL_IFACE monitor sent successfully to /data/misc/wifi/sockets/wpa_ctrl_608-2\x00
D/wpa_supplicant(685): wlan0: BSS: Add new id 995 BSSID 90:72:40:1b:de:50 SSID 'Network Wi-Fi di BLS'
D/wpa_supplicant(685): CTRL_IFACE monitor sent successfully to /data/misc/wifi/sockets/wpa_ctrl_608-2\x00
D/wpa_supplicant(685): wlan0: BSS: Add new id 996 BSSID 00:50:fc:d6:0b:37 SSID 'default'
D/wpa_supplicant(685): CTRL_IFACE monitor sent successfully to /data/misc/wifi/sockets/wpa_ctrl_608-2\x00
D/wpa_supplicant(685): wlan0: BSS: Add new id 997 BSSID e0:10:7f:2b:42:a9 SSID 'microtech_ospiti'
D/wpa_supplicant(685): CTRL_IFACE monitor sent successfully to /data/misc/wifi/sockets/wpa_ctrl_608-2\x00
D/wpa_supplicant(685): wlan0: BSS: Add new id 998 BSSID f0:b0:52:1b:d3:29 SSID 'microtech_ospiti'
D/wpa_supplicant(685): CTRL_IFACE monitor sent successfully to /data/misc/wifi/sockets/wpa_ctrl_608-2\x00
D/wpa_supplicant(685): BSS: last_scan_res_used=17/32
D/wpa_supplicant(685): Add access point on channel 60 [BANNED]
D/wpa_supplicant(685): Best Operating channel is = 44
D/wpa_supplicant(685): wlan0: Scan-only results received
D/wpa_supplicant(685): CTRL_IFACE monitor sent successfully to /data/misc/wifi/sockets/wpa_ctrl_608-2\x00
D/wpa_supplicant(685): wlan0: Radio work 'scan'@0xf6e18520 done in 2.356343 seconds
D/wpa_supplicant(685): RTM_NEWLINK: ifi_index=6 ifname=wlan0 wext ifi_flags=0x11043 ([UP][RUNNING][LOWER_UP])
D/wpa_supplicant(685): wlan0: Control interface command 'BSS RANGE=0- MASK=0x21987'
D/wpa_supplicant(685): wlan0: Control interface command 'STATUS-NO_EVENTS'
I/WAKELOCK_ACQUIRE(608): TIMESTAMP=16139032274605, TAG=*alarm*, TYPE=PARTIAL_WAKE_LOCK , COUNT=0, PID=608, UID=1000, FLAGS=
I/WAKELOCK_RELEASE(608): TIMESTAMP=16139156795918, TAG=*alarm*, TYPE=PARTIAL_WAKE_LOCK , COUNT=0, PID=608, UID=1000, FLAGS=
E/ivpg-hwc(217): Lost 1 flips
E/ivpg-hwc(217): Lost 1 flips
E/ivpg-hwc(217): Lost 1 flips
E/ivpg-hwc(217): Lost 1 flips
D/PhoneStatusBar(733): disable: < expand ICONS alerts SYSTEM_INFO back HOME RECENT clock SEARCH > W/AudioTrack(733): AUDIO_OUTPUT_FLAG_FAST denied by client
I/WAKELOCK_ACQUIRE(608): TIMESTAMP=16140724084851, TAG=AudioMix, TYPE=PARTIAL_WAKE_LOCK , COUNT=0, PID=0, UID=1013, FLAGS=
D/PhoneStatusBar(733): disable: < expand icons* alerts system_info* back HOME RECENT clock SEARCH > D/PROPERTY(253): get media.dump_output.befconv: 0
D/PROPERTY(253): get media.dump_output.aftconv: 0
D/AudioIntelHal(253): startStream: output stream.
D/AudioIntelHal/AudioPlatformState(253): route-parameter-manager: Selection criterion changed event: Criterion name: OutputFlags, current state: Primary
D/AudioIntelHal/AudioPlatformState(253): route-parameter-manager: Selection criterion changed event: Criterion name: StatesChanged, current state: OutputFlags
D/AudioIntelHal/AudioPlatformState(253): route-parameter-manager: Configuration application request {
D/AudioIntelHal/AudioPlatformState(253): route-parameter-manager: Applying configurations {
D/AudioIntelHal/AudioPlatformState(253): route-parameter-manager: Applying configuration "Selected" from domain "Parameter.Outputflags.Primary"
D/AudioIntelHal/AudioPlatformState(253): route-parameter-manager: Applying configuration "Applicable" from domain "StreamRoute.Media.Playback"
D/AudioIntelHal/AudioPlatformState(253): route-parameter-manager: Applying configuration "Applicable" from domain "Route.HwCodecMedia.Playback"
D/AudioIntelHal/AudioPlatformState(253): route-parameter-manager: } Applying configurations
D/AudioIntelHal/AudioPlatformState(253): route-parameter-manager: } Configuration application request
D/EVENT_THREAD(253): void CEventThread::trig(void*, uint32_t): in
D/EVENT_THREAD(253): void CEventThread::trig(void*, uint32_t): out
D/RouteManager(253): doReconsiderRouting: Route state:
D/RouteManager(253): -Previously Enabled Route in Input =
D/RouteManager(253): -Previously Enabled Route in Output =
D/RouteManager(253): -Selected Route in Input =
D/RouteManager(253): -Selected Route in Output = Media|HwCodecMedia
D/RouteManager(253): -executeMuteRoutingStage-
D/RouteManager(253): audio-parameter-manager: Selection criterion changed event: Criterion name: RoutageState, current state: Flow
D/RouteManager(253): audio-parameter-manager: Configuration application request {
D/RouteManager(253): audio-parameter-manager: Applying configurations {
D/RouteManager(253): audio-parameter-manager: } Applying configurations
D/RouteManager(253): audio-parameter-manager: } Configuration application request
D/RouteManager(253): -executeDisableRoutingStage-
D/RouteManager(253): audio-parameter-manager: Selection criterion changed event: Criterion name: RoutageState, current state: Path
D/RouteManager(253): audio-parameter-manager: Configuration application request {
D/RouteManager(253): audio-parameter-manager: Applying configurations {
D/RouteManager(253): audio-parameter-manager: } Applying configurations
D/RouteManager(253): audio-parameter-manager: } Configuration application request
D/RouteManager(253): -executeConfigureRoutingStage-
D/RouteManager(253): audio-parameter-manager: Selection criterion changed event: Criterion name: RoutageState, current state: Configure
D/RouteManager(253): audio-parameter-manager: Selection criterion changed event: Criterion name: OpenedPlaybackRoutes, current state: Media|HwCodecMedia
D/RouteManager(253): audio-parameter-manager: Selection criterion changed event: Criterion name: OutputFlags, current state: primary
D/RouteManager(253): audio-parameter-manager: Configuration application request {
D/RouteManager(253): audio-parameter-manager: Applying configurations {
D/RouteManager(253): audio-parameter-manager: } Applying configurations
D/RouteManager(253): audio-parameter-manager: } Configuration application request
D/RouteManager(253): -executeEnableRoutingStage-
D/RouteManager(253): audio-parameter-manager: Selection criterion changed event: Criterion name: RoutageState, current state: Path|Configure
D/RouteManager(253): audio-parameter-manager: Configuration application request {
D/RouteManager(253): audio-parameter-manager: Applying configurations {
D/RouteManager(253): audio-parameter-manager: Applying configuration "Enable" from domain "Routing.Enable.HWCodec.Playback.Analog.IHF.Out"
D/RouteManager(253): audio-parameter-manager: Applying configuration "Enable" from domain "Routing.Enable.HWCodec.Playback.Analog.IHF.Multimedia"
D/RouteManager(253): audio-parameter-manager: Applying configuration "Enable" from domain "Routing.Enable.HWCodec.Playback.Digital.Multimedia"
D/RouteManager(253): audio-parameter-manager: } Applying configurations
D/RouteManager(253): audio-parameter-manager: } Configuration application request
D/TinyAlsaAudioDevice(253): open: card (baytrailaudio, 0)
D/TinyAlsaAudioDevice(253): config (rate=48000 format=0 channels= 2).
D/TinyAlsaAudioDevice(253): RingBuffer config: periodSize=1152 nbPeriod=4startTh=4607 stop Th=4608 silence Th=0
I/KERNEL (253): [16140.935062] snd_intel_sst: runtime_resume called
I/KERNEL (138): [16140.959843] snd_intel_sst: FW Version 02.08.0a.09
I/KERNEL (138): [16140.959867] snd_intel_sst: Build date Aug 11 2014 Time 10:58:10
D/ScreenOnOffReceiver(18348): Received intent: Intent { act=android.intent.action.USER_PRESENT flg=0x24000010 }.
D/AudioConversion(253): configure: no convertion required
D/RouteManager(253): -executeUnmuteRoutingStage-
D/RouteManager(253): audio-parameter-manager: Selection criterion changed event: Criterion name: RoutageState, current state: Flow|Path|Configure
D/RouteManager(253): audio-parameter-manager: Configuration application request {
D/RouteManager(253): audio-parameter-manager: Applying configurations {
D/RouteManager(253): audio-parameter-manager: Applying configuration "Unmute" from domain "Routing.Mute.HWCodec.Playback.IHF"
D/RouteManager(253): audio-parameter-manager: } Applying configurations
D/RouteManager(253): audio-parameter-manager: } Configuration application request
D/RouteManager(253): doReconsiderRouting: DONE
D/EVENT_THREAD(253): void CEventThread::run() Do poll with timeout: -1
E/TinyAlsaStream(253): getFramesAvailable: Unable to get available frames
E/TinyAlsaStream(253): getFramesAvailable: Unable to get available frames
E/TinyAlsaStream(253): getFramesAvailable: Unable to get available frames
E/TinyAlsaStream(253): getFramesAvailable: Unable to get available frames
I/Coffee-PlaceLure(18348): User present
I/Coffee-PlaceTrustlet(18348): User Present broadcast receiver action: android.intent.action.USER_PRESENT
I/Coffee-PlaceTrustlet(18348): ready to fetch home
I/WAKELOCK_ACQUIRE(608): TIMESTAMP=16140921526582, TAG=*net_scheduler*, TYPE=PARTIAL_WAKE_LOCK , COUNT=0, PID=1123, UID=10007, FLAGS=
D/ (733): Pixel Format : GGL_PIXEL_FORMAT_RGBA_8888
D/ (733): Updating FBO content dimensions
D/PhoneStatusBar(733): disable: < expand icons alerts system_info back home* recent* clock search* > I/WAKELOCK_ACQUIRE(608): TIMESTAMP=16141128077480, TAG=*net_scheduler*, TYPE=PARTIAL_WAKE_LOCK , COUNT=0, PID=1123, UID=10007, FLAGS=
I/WAKELOCK_ACQUIRE(608): TIMESTAMP=16141306842445, TAG=*net_scheduler*, TYPE=PARTIAL_WAKE_LOCK , COUNT=0, PID=1123, UID=10007, FLAGS=
I/WAKELOCK_RELEASE(608): TIMESTAMP=16141327823296, TAG=*net_scheduler*, TYPE=PARTIAL_WAKE_LOCK , COUNT=0, PID=1123, UID=10007, FLAGS=
D/wpa_supplicant(685): wlan0: Control interface command 'SIGNAL_POLL'
D/ (733): Surface destroy: ANDROID_NATIVE_WINDOW_MAGIC
D/ (733): Pixel Format : GGL_PIXEL_FORMAT_RGBA_8888
D/ (733): Updating FBO content dimensions
V/UserPresentBroadcastReceiver(18348): Received Intent { act=android.intent.action.USER_PRESENT flg=0x24000010 cmp=com.google.android.gms/.auth.trustagent.UserPresentBroadcastReceiver }.
W/InputMethodManagerService(608): Window already focused, ignoring focus gain of: com.android.internal.view.IInputMethodClient$Stub$Proxy@cca8b36 attribute=android.view.inputmethod.EditorInfo@a6bea37, token = android.os.BinderProxy@2a41be4c
I/Choreographer(1268): Skipped 41 frames! The application may be doing too much work on its main thread.
I/Keyboard.Facilitator(847): onFinishInput()
W/HotwordWorkerImpl(5566): No resources found for locale: it-IT
I/WAKELOCK_RELEASE(608): TIMESTAMP=16142375643769, TAG=*net_scheduler*, TYPE=PARTIAL_WAKE_LOCK , COUNT=0, PID=1123, UID=10007, FLAGS=
I/WAKELOCK_ACQUIRE(608): TIMESTAMP=16142376208991, TAG=*net_scheduler*, TYPE=PARTIAL_WAKE_LOCK , COUNT=0, PID=1123, UID=10007, FLAGS=
I/ProcessStatsService(608): Added stats: 2015-09-27-12-59-24, over +4h11m42s330ms
I/ProcessStatsService(608): Added stats: 2015-09-27-11-27-32, over +1h1m9s892ms
I/ProcessStatsService(608): Added stats: 2015-09-27-08-23-10, over +3h4m21s529ms
I/ProcessStatsService(608): Added stats: 2015-09-27-05-12-29, over +3h10m41s98ms
I/ActivityManager(608): START u0 {act=android.intent.action.MAIN cat=[android.intent.category.LAUNCHER] flg=0x10200000 cmp=com.facebook.katana/.LoginActivity bnds=[0,814][256,1116] (has extras)} from uid 10040 on display 0
I/WAKELOCK_ACQUIRE(608): TIMESTAMP=16142504914694, TAG=ActivityManager-Launch, TYPE=PARTIAL_WAKE_LOCK , COUNT=0, PID=608, UID=1000, FLAGS=
I/ProcessStatsService(608): Added stats: 2015-09-27-01-23-38, over +3h48m51s124ms
I/ProcessStatsService(608): Added stats: 2015-09-26-21-21-46, over +4h1m51s733ms
I/ProcessStatsService(608): Added stats: 2015-09-26-20-10-01, over +1h10m59s73ms
I/ProcessStatsService(608): Added stats: 2015-09-26-17-36-00, over +2h33m26s414ms
I/WAKELOCK_RELEASE(608): TIMESTAMP=16142729720513, TAG=*net_scheduler*, TYPE=PARTIAL_WAKE_LOCK , COUNT=0, PID=1123, UID=10007, FLAGS=
I/WAKELOCK_ACQUIRE(608): TIMESTAMP=16142730585000, TAG=*net_scheduler*, TYPE=PARTIAL_WAKE_LOCK , COUNT=0, PID=1123, UID=10007, FLAGS=
I/WAKELOCK_RELEASE(608): TIMESTAMP=16142739683907, TAG=*net_scheduler*, TYPE=PARTIAL_WAKE_LOCK , COUNT=0, PID=1123, UID=10007, FLAGS=
I/WAKELOCK_ACQUIRE(608): TIMESTAMP=16142744626274, TAG=Icing, TYPE=PARTIAL_WAKE_LOCK , COUNT=0, PID=1509, UID=10007, FLAGS=
I/WAKELOCK_RELEASE(608): TIMESTAMP=16142894356520, TAG=*net_scheduler*, TYPE=PARTIAL_WAKE_LOCK , COUNT=0, PID=1123, UID=10007, FLAGS=
I/WAKELOCK_ACQUIRE(608): TIMESTAMP=16142895517827, TAG=*net_scheduler*, TYPE=PARTIAL_WAKE_LOCK , COUNT=0, PID=1123, UID=10007, FLAGS=
I/MicroRecognitionRnrImpl(5566): Starting detection.
W/SearchService(5566): Abort, client detached.
I/HotwordDetector(5566): Closing mic
I/MicroRecognitionRnrImpl(5566): Stopping hotword detection.
I/MicroRecognitionRnrImpl(5566): Detection finished
I/KERNEL (212): [16143.193499] type=1400 audit(1443367683.961:258): avc: denied { getpgid } for pid=265 comm="main" scontext=u:r:init:s0 tcontext=u:r:system_server:s0 tclass=process result=0
I/ActivityManager(608): Start proc com.facebook.katana:nodex for activity com.facebook.katana/.LoginActivity: pid=19922 uid=10074 gids={50074, 9997, 1028, 1015, 3003} abi=x86
I/KERNEL (212): [16143.194274] type=1400 audit(1443367683.961:259): avc: denied { dyntransition } for pid=19922 comm="main" scontext=u:r:init:s0 tcontext=u:r:untrusted_app:s0 tclass=process result=0
I/art (1123): Explicit concurrent mark sweep GC freed 43506(2MB) AllocSpace objects, 0(0B) LOS objects, 40% free, 12MB/21MB, paused 997us total 997.941ms
D/ (1268): Surface destroy: ANDROID_NATIVE_WINDOW_MAGIC
W/ResourcesManager(19922): Asset path '/system/framework/com.google.android.maps.jar' does not exist or contains no resources.
I/WAKELOCK_RELEASE(608): TIMESTAMP=16143282307042, TAG=*net_scheduler*, TYPE=PARTIAL_WAKE_LOCK , COUNT=0, PID=1123, UID=10007, FLAGS=
I/WAKELOCK_ACQUIRE(608): TIMESTAMP=16143286235582, TAG=*net_scheduler*, TYPE=PARTIAL_WAKE_LOCK , COUNT=0, PID=1123, UID=10007, FLAGS= E/EM FG ALGO Iface:(19942): E/EM FG ALGO Iface:(19942): Failed to get File Descriptor
I/WAKELOCK_RELEASE(608): TIMESTAMP=16143310736712, TAG=*net_scheduler*, TYPE=PARTIAL_WAKE_LOCK , COUNT=0, PID=1123, UID=10007, FLAGS=
I/WAKELOCK_ACQUIRE(608): TIMESTAMP=16143311357037, TAG=*net_scheduler*, TYPE=PARTIAL_WAKE_LOCK , COUNT=0, PID=1123, UID=10007, FLAGS=
I/WAKELOCK_ACQUIRE(608): TIMESTAMP=16143382284997, TAG=*net_scheduler*, TYPE=PARTIAL_WAKE_LOCK , COUNT=0, PID=1123, UID=10007, FLAGS=
I/WAKELOCK_RELEASE(608): TIMESTAMP=16143401482141, TAG=*net_scheduler*, TYPE=PARTIAL_WAKE_LOCK , COUNT=0, PID=1123, UID=10007, FLAGS=
I/Icing (1509): Usage reports 1 indexed 0 rejected 0 imm upload true
I/WAKELOCK_RELEASE(608): TIMESTAMP=16143552518833, TAG=Icing, TYPE=PARTIAL_WAKE_LOCK , COUNT=0, PID=1509, UID=10007, FLAGS=
I/WAKELOCK_ACQUIRE(608): TIMESTAMP=16143800973293, TAG=GCoreFlp, TYPE=PARTIAL_WAKE_LOCK , COUNT=0, PID=18348, UID=10007, FLAGS=
I/WAKELOCK_RELEASE(608): TIMESTAMP=16143802369894, TAG=GCoreFlp, TYPE=PARTIAL_WAKE_LOCK , COUNT=0, PID=18348, UID=10007, FLAGS=
D/wpa_supplicant(685): wlan0: Control interface command 'SIGNAL_POLL'
I/art (1509): Explicit concurrent mark sweep GC freed 25304(2MB) AllocSpace objects, 40(1804KB) LOS objects, 39% free, 16MB/27MB, paused 1.004ms total 218.191ms
E/ivpg-hwc(217): Lost 1 flips
E/ivpg-hwc(217): Lost 1 flips
I/ActivityManager(608): START u0 {flg=0x4000000 cmp=com.facebook.katana/.activity.FbMainTabActivity} from uid 10074 on display 0
I/WAKELOCK_ACQUIRE(608): TIMESTAMP=16144500057717, TAG=ActivityManager-Launch, TYPE=PARTIAL_WAKE_LOCK , COUNT=0, PID=608, UID=1000, FLAGS=
I/art (608): Explicit concurrent mark sweep GC freed 80623(3MB) AllocSpace objects, 47(9MB) LOS objects, 29% free, 38MB/54MB, paused 892us total 115.058ms
I/WAKELOCK_RELEASE(608): TIMESTAMP=16144829472568, TAG=*net_scheduler*, TYPE=PARTIAL_WAKE_LOCK , COUNT=0, PID=1123, UID=10007, FLAGS=
I/WAKELOCK_ACQUIRE(608): TIMESTAMP=16144830673726, TAG=*net_scheduler*, TYPE=PARTIAL_WAKE_LOCK , COUNT=0, PID=1123, UID=10007, FLAGS=
I/WAKELOCK_RELEASE(608): TIMESTAMP=16144901405031, TAG=*net_scheduler*, TYPE=PARTIAL_WAKE_LOCK , COUNT=0, PID=1123, UID=10007, FLAGS=
I/WAKELOCK_ACQUIRE(608): TIMESTAMP=16144902125016, TAG=*net_scheduler*, TYPE=PARTIAL_WAKE_LOCK , COUNT=0, PID=1123, UID=10007, FLAGS=
I/WAKELOCK_RELEASE(608): TIMESTAMP=16144911276290, TAG=*net_scheduler*, TYPE=PARTIAL_WAKE_LOCK , COUNT=0, PID=1123, UID=10007, FLAGS=
D/AudioIntelHal(253): stopStream: output stream.
D/AudioIntelHal/AudioPlatformState(253): route-parameter-manager: Selection criterion changed event: Criterion name: OutputFlags, current state:
D/AudioIntelHal/AudioPlatformState(253): route-parameter-manager: Configuration application request {
D/AudioIntelHal/AudioPlatformState(253): route-parameter-manager: Applying configurations {
D/AudioIntelHal/AudioPlatformState(253): route-parameter-manager: Applying configuration "NotSelected" from domain "Parameter.Outputflags.Primary"
D/AudioIntelHal/AudioPlatformState(253): route-parameter-manager: Applying configuration "NotApplicable" from domain "StreamRoute.Media.Playback"
D/AudioIntelHal/AudioPlatformState(253): route-parameter-manager: Applying configuration "NotApplicable" from domain "Route.HwCodecMedia.Playback"
D/AudioIntelHal/AudioPlatformState(253): route-parameter-manager: } Applying configurations
D/AudioIntelHal/AudioPlatformState(253): route-parameter-manager: } Configuration application request
D/EVENT_THREAD(253): void CEventThread::trig(void*, uint32_t): in
D/EVENT_THREAD(253): void CEventThread::trig(void*, uint32_t): out
D/RouteManager(253): doReconsiderRouting: Route state:
D/RouteManager(253): -Previously Enabled Route in Input =
D/RouteManager(253): -Previously Enabled Route in Output = Media|HwCodecMedia
D/RouteManager(253): -Selected Route in Input =
D/RouteManager(253): -Selected Route in Output =
D/RouteManager(253): -executeMuteRoutingStage-
D/RouteManager(253): audio-parameter-manager: Selection criterion changed event: Criterion name: RoutageState, current state: Flow
D/RouteManager(253): audio-parameter-manager: Selection criterion changed event: Criterion name: ClosingPlaybackRoutes, current state: Media|HwCodecMedia
D/RouteManager(253): audio-parameter-manager: Selection criterion changed event: Criterion name: OpenedPlaybackRoutes, current state:
D/RouteManager(253): audio-parameter-manager: Configuration application request {
D/RouteManager(253): audio-parameter-manager: Applying configurations {
D/RouteManager(253): audio-parameter-manager: Applying configuration "Mute" from domain "Routing.Mute.HWCodec.Playback.IHF"
D/RouteManager(253): audio-parameter-manager: } Applying configurations
D/RouteManager(253): audio-parameter-manager: } Configuration application request
D/RouteManager(253): -executeDisableRoutingStage-
D/RouteManager(253): audio-parameter-manager: Selection criterion changed event: Criterion name: RoutageState, current state: Path
D/TinyAlsaAudioDevice(253): close
I/KERNEL (253): [16145.747438] snd_intel_sst: runtime_idle called
D/RouteManager(253): audio-parameter-manager: Configuration application request {
D/RouteManager(253): audio-parameter-manager: Applying configurations {
D/RouteManager(253): audio-parameter-manager: Applying configuration "Disable" from domain "Routing.Enable.HWCodec.Playback.Analog.IHF.Out"
D/RouteManager(253): audio-parameter-manager: Applying configuration "Disable" from domain "Routing.Enable.HWCodec.Playback.Analog.IHF.Multimedia"
D/RouteManager(253): audio-parameter-manager: Applying configuration "Disable" from domain "Routing.Enable.HWCodec.Playback.Digital.Multimedia"
D/RouteManager(253): audio-parameter-manager: } Applying configurations
D/RouteManager(253): audio-parameter-manager: } Configuration application request
D/RouteManager(253): -executeConfigureRoutingStage-
D/RouteManager(253): audio-parameter-manager: Selection criterion changed event: Criterion name: RoutageState, current state: Configure
D/RouteManager(253): audio-parameter-manager: Selection criterion changed event: Criterion name: ClosingPlaybackRoutes, current state:
D/RouteManager(253): audio-parameter-manager: Selection criterion changed event: Criterion name: OutputFlags, current state:
D/RouteManager(253): audio-parameter-manager: Configuration application request {
D/RouteManager(253): audio-parameter-manager: Applying configurations {
D/RouteManager(253): audio-parameter-manager: } Applying configurations
D/RouteManager(253): audio-parameter-manager: } Configuration application request
I/WAKELOCK_RELEASE(608): TIMESTAMP=16145583278229, TAG=AudioMix, TYPE=PARTIAL_WAKE_LOCK , COUNT=0, PID=0, UID=1013, FLAGS=
D/RouteManager(253): -executeEnableRoutingStage-
D/RouteManager(253): audio-parameter-manager: Selection criterion changed event: Criterion name: RoutageState, current state: Path|Configure
D/RouteManager(253): audio-parameter-manager: Configuration application request {
D/RouteManager(253): audio-parameter-manager: Applying configurations {
D/RouteManager(253): audio-parameter-manager: } Applying configurations
D/RouteManager(253): audio-parameter-manager: } Configuration application request
D/RouteManager(253): -executeUnmuteRoutingStage-
D/RouteManager(253): audio-parameter-manager: Selection criterion changed event: Criterion name: RoutageState, current state: Flow|Path|Configure
D/RouteManager(253): audio-parameter-manager: Configuration application request {
D/RouteManager(253): audio-parameter-manager: Applying configurations {
D/RouteManager(253): audio-parameter-manager: } Applying configurations
D/RouteManager(253): audio-parameter-manager: } Configuration application request
D/RouteManager(253): doReconsiderRouting: DONE
D/EVENT_THREAD(253): void CEventThread::run() Do poll with timeout: -1
D/TaskPersister(608): removeObsoleteFile: deleting file=135_task.xml
D/TaskPersister(608): removeObsoleteFile: deleting file=135_task_thumbnail.png
D/wpa_supplicant(685): wlan0: Control interface command 'SIGNAL_POLL'
I/KERNEL (17720): [16147.747618] snd_intel_sst: runtime_suspend called
V/AlarmManager(608): triggered: cmp=com.google.android.googlequicksearchbox/com.google.android.velvet.VelvetBackgroundTasksImpl$Service Pkg: com.google.android.googlequicksearchbox
I/WAKELOCK_ACQUIRE(608): TIMESTAMP=16148009772568, TAG=*alarm*, TYPE=PARTIAL_WAKE_LOCK , COUNT=0, PID=608, UID=1000, FLAGS=
I/WAKELOCK_RELEASE(608): TIMESTAMP=16148010398509, TAG=*alarm*, TYPE=PARTIAL_WAKE_LOCK , COUNT=0, PID=608, UID=1000, FLAGS=
I/WAKELOCK_ACQUIRE(608): TIMESTAMP=16148317052510, TAG=*alarm*, TYPE=PARTIAL_WAKE_LOCK , COUNT=0, PID=608, UID=1000, FLAGS=
I/WAKELOCK_RELEASE(608): TIMESTAMP=16148322599098, TAG=*alarm*, TYPE=PARTIAL_WAKE_LOCK , COUNT=0, PID=608, UID=1000, FLAGS=
E/fb4a(16419): Called registerBroadcastReceiver twice.
E/fb4a(16419): Called registerBroadcastReceiver twice.
D/OpenGLRenderer(16419): Render dirty regions requested: true E/EM FG ALGO Iface:(19958): E/EM FG ALGO Iface:(19958): Failed to get File Descriptor
I/ufoGralloc(16419): Hello, this is UFO GRALLOC/Intel Corporation
D/Atlas (16419): Validating map...
I/KERNEL (221): [16148.719571] iTCO_wdt: iTCO_wdt_keepalive
I/Choreographer(16419): Skipped 31 frames! The application may be doing too much work on its main thread.
I/OpenGLRenderer(16419): Initialized EGL, version 1.4
W/OpenGLRenderer(16419): Failed to choose config with EGL_SWAP_BEHAVIOR_PRESERVED, retrying without...
D/ (16419): droid_create_context : config id = 5 conf->NativeVisualID=1
D/ (16419): Pixel Format : GGL_PIXEL_FORMAT_RGBA_8888
I/ (16419): Requested context : GLES 2.0
D/ (16419): Pixel Format : GGL_PIXEL_FORMAT_RGBA_8888
D/OpenGLRenderer(16419): Enabling debug mode 0
D/skuwa (16419): Detected device 0F31:15 family 15:9
D/ (16419): Pixel Format : GGL_PIXEL_FORMAT_RGBA_8888
D/ (16419): Updating FBO content dimensions
I/Choreographer(16419): Skipped 37 frames! The application may be doing too much work on its main thread.
I/art (16419): Background sticky concurrent mark sweep GC freed 40767(3MB) AllocSpace objects, 35(557KB) LOS objects, 10% free, 33MB/36MB, paused 1.284ms total 242.254ms
I/ActivityManager(608): Displayed com.facebook.katana/.activity.FbMainTabActivity: +4s981ms (total +6s541ms)
I/Keyboard.Facilitator(847): onFinishInput()
E/ivpg-hwc(217): Lost 1 flips
E/ivpg-hwc(217): Lost 1 flips
D/wpa_supplicant(685): wlan0: Control interface command 'SIGNAL_POLL'
W/ActivityManager(608): Launch timeout has expired, giving up wake lock!
I/WAKELOCK_RELEASE(608): TIMESTAMP=16152520352993, TAG=ActivityManager-Launch, TYPE=PARTIAL_WAKE_LOCK , COUNT=0, PID=608, UID=1000, FLAGS=
I/art (16419): Background partial concurrent mark sweep GC freed 29291(2MB) AllocSpace objects, 10(208KB) LOS objects, 31% free, 35MB/51MB, paused 2.978ms total 339.809ms
I/WAKELOCK_ACQUIRE(608): TIMESTAMP=16153011116156, TAG=*alarm*, TYPE=PARTIAL_WAKE_LOCK , COUNT=0, PID=608, UID=1000, FLAGS=
I/WAKELOCK_RELEASE(608): TIMESTAMP=16153012276250, TAG=*alarm*, TYPE=PARTIAL_WAKE_LOCK , COUNT=0, PID=608, UID=1000, FLAGS=
D/wpa_supplicant(685): wlan0: Control interface command 'SIGNAL_POLL' E/EM FG ALGO Iface:(19969): E/EM FG ALGO Iface:(19969): Failed to get File Descriptor
I/WAKELOCK_ACQUIRE(608): TIMESTAMP=16154544086736, TAG=AudioMix, TYPE=PARTIAL_WAKE_LOCK , COUNT=0, PID=0, UID=1013, FLAGS=
I/WAKELOCK_ACQUIRE(608): TIMESTAMP=16154545364082, TAG=AudioMix, TYPE=PARTIAL_WAKE_LOCK , COUNT=0, PID=0, UID=1013, FLAGS=
E/fb4a(16419): Called registerNotificationReceiver twice.
I/Choreographer(16419): Skipped 372 frames! The application may be doing too much work on its main thread.
I/WAKELOCK_ACQUIRE(608): TIMESTAMP=16155487467185, TAG=RILJ, TYPE=PARTIAL_WAKE_LOCK , COUNT=0, PID=1228, UID=1001, FLAGS=
I/WAKELOCK_ACQUIRE(608): TIMESTAMP=16155554725972, TAG=RILJ, TYPE=PARTIAL_WAKE_LOCK , COUNT=0, PID=1228, UID=1001, FLAGS=
D/skia_ext(16419): turboImageDecoder took 12.43ms to decode 80x80 (1x downscale)
I/WAKELOCK_ACQUIRE(608): TIMESTAMP=16155663236761, TAG=RILJ, TYPE=PARTIAL_WAKE_LOCK , COUNT=0, PID=1228, UID=1001, FLAGS=
D/skia_ext(16419): turboImageDecoder took 0.68ms to decode 144x67 (1x downscale)
D/skia_ext(16419): turboImageDecoder took 0.64ms to decode 80x80 (1x downscale)
D/skia_ext(16419): turboImageDecoder took 23.14ms to decode 720x397 (1x downscale)
W/fb4a(16419): ViewBasedLoggingHandler.maybeLogInsertionImpression
W/fb4a(16419): FeedUnitSponsoredImpressionLogger.executeLogRequest
D/skia_ext(16419): turboImageDecoder took 0.59ms to decode 80x80 (1x downscale)
I/WAKELOCK_ACQUIRE(608): TIMESTAMP=16155969080370, TAG=RILJ, TYPE=PARTIAL_WAKE_LOCK , COUNT=0, PID=1228, UID=1001, FLAGS=
D/skia_ext(16419): turboImageDecoder took 4.52ms to decode 370x277 (1x downscale)
D/skia_ext(16419): turboImageDecoder took 5.14ms to decode 370x277 (1x downscale)
D/skia_ext(16419): turboImageDecoder took 3.69ms to decode 370x277 (1x downscale)
D/skia_ext(16419): turboImageDecoder took 7.38ms to decode 370x277 (1x downscale)
D/skia_ext(16419): turboImageDecoder took 11.29ms to decode 360x480 (1x downscale)
D/skia_ext(16419): turboImageDecoder took 6.24ms to decode 370x277 (1x downscale)
D/skia_ext(16419): turboImageDecoder took 4.51ms to decode 370x277 (1x downscale)
D/skia_ext(16419): turboImageDecoder took 4.34ms to decode 370x277 (1x downscale)
D/skia_ext(16419): turboImageDecoder took 1.08ms to decode 144x95 (1x downscale)
D/skia_ext(16419): turboImageDecoder took 0.67ms to decode 80x80 (1x downscale)
D/skia_ext(16419): turboImageDecoder took 0.57ms to decode 80x80 (1x downscale)
I/WAKELOCK_ACQUIRE(608): TIMESTAMP=16156135188146, TAG=RILJ, TYPE=PARTIAL_WAKE_LOCK , COUNT=0, PID=1228, UID=1001, FLAGS=
I/WAKELOCK_ACQUIRE(608): TIMESTAMP=16156221850812, TAG=RILJ, TYPE=PARTIAL_WAKE_LOCK , COUNT=0, PID=1228, UID=1001, FLAGS=
W/fb4a(16419): ViewBasedLoggingHandler.maybeLogInsertionImpression
W/fb4a(16419): FeedUnitSponsoredImpressionLogger.executeLogRequest
D/wpa_supplicant(685): wlan0: Control interface command 'SIGNAL_POLL'
I/WAKELOCK_ACQUIRE(608): TIMESTAMP=16156425070923, TAG=RILJ, TYPE=PARTIAL_WAKE_LOCK , COUNT=0, PID=1228, UID=1001, FLAGS=
I/WAKELOCK_ACQUIRE(608): TIMESTAMP=16156495385315, TAG=RILJ, TYPE=PARTIAL_WAKE_LOCK , COUNT=0, PID=1228, UID=1001, FLAGS=
I/Choreographer(16419): Skipped 64 frames! The application may be doing too much work on its main thread.
