03-02 22:46:37.180 266-266/? D/hwcomposer: void android::intel::DisplayAnalyzer::handleIdleEntryEvent(int): handling idle entry event, count 0
03-02 22:46:37.400 266-266/? D/hwcomposer: void android::intel::DisplayAnalyzer::handleIdleExitEvent(): handling idle exit event
03-02 22:46:37.480 266-291/? D/hwcomposer: void android::intel::UeventObserver::onUevent(): received Uevent: REPEATED_FRAME
03-02 22:46:37.480 266-291/? D/hwcomposer: virtual void android::intel::Hwcomposer::invalidate(): invalidating screen...
03-02 22:46:37.480 266-266/? D/hwcomposer: void android::intel::DisplayAnalyzer::handleIdleEntryEvent(int): handling idle entry event, count 0
03-02 22:46:37.700 266-266/? D/hwcomposer: void android::intel::DisplayAnalyzer::handleIdleExitEvent(): handling idle exit event
03-02 22:46:37.780 266-291/? D/hwcomposer: void android::intel::UeventObserver::onUevent(): received Uevent: REPEATED_FRAME
03-02 22:46:37.780 266-291/? D/hwcomposer: virtual void android::intel::Hwcomposer::invalidate(): invalidating screen...
03-02 22:46:37.780 266-266/? D/hwcomposer: void android::intel::DisplayAnalyzer::handleIdleEntryEvent(int): handling idle entry event, count 0
03-02 22:46:38.000 266-266/? D/hwcomposer: void android::intel::DisplayAnalyzer::handleIdleExitEvent(): handling idle exit event
03-02 22:46:38.080 266-291/? D/hwcomposer: void android::intel::UeventObserver::onUevent(): received Uevent: REPEATED_FRAME
03-02 22:46:38.080 266-291/? D/hwcomposer: virtual void android::intel::Hwcomposer::invalidate(): invalidating screen...
03-02 22:46:38.080 266-266/? D/hwcomposer: void android::intel::DisplayAnalyzer::handleIdleEntryEvent(int): handling idle entry event, count 0
03-02 22:46:38.290 266-266/? D/hwcomposer: void android::intel::DisplayAnalyzer::handleIdleExitEvent(): handling idle exit event
03-02 22:46:38.360 266-291/? D/hwcomposer: void android::intel::UeventObserver::onUevent(): received Uevent: REPEATED_FRAME
03-02 22:46:38.360 266-291/? D/hwcomposer: virtual void android::intel::Hwcomposer::invalidate(): invalidating screen...
03-02 22:46:38.370 266-266/? D/hwcomposer: void android::intel::DisplayAnalyzer::handleIdleEntryEvent(int): handling idle entry event, count 0
03-02 22:46:38.600 266-266/? D/hwcomposer: void android::intel::DisplayAnalyzer::handleIdleExitEvent(): handling idle exit event
03-02 22:46:38.670 266-291/? D/hwcomposer: void android::intel::UeventObserver::onUevent(): received Uevent: REPEATED_FRAME
03-02 22:46:38.670 266-291/? D/hwcomposer: virtual void android::intel::Hwcomposer::invalidate(): invalidating screen...
03-02 22:46:38.670 266-266/? D/hwcomposer: void android::intel::DisplayAnalyzer::handleIdleEntryEvent(int): handling idle entry event, count 0
03-02 22:46:38.870 266-266/? D/hwcomposer: void android::intel::DisplayAnalyzer::handleIdleExitEvent(): handling idle exit event
03-02 22:46:38.950 266-291/? D/hwcomposer: void android::intel::UeventObserver::onUevent(): received Uevent: REPEATED_FRAME
03-02 22:46:38.950 266-291/? D/hwcomposer: virtual void android::intel::Hwcomposer::invalidate(): invalidating screen...
03-02 22:46:38.950 266-266/? D/hwcomposer: void android::intel::DisplayAnalyzer::handleIdleEntryEvent(int): handling idle entry event, count 0
03-02 22:46:39.170 266-266/? D/hwcomposer: void android::intel::DisplayAnalyzer::handleIdleExitEvent(): handling idle exit event
03-02 22:46:39.240 266-291/? D/hwcomposer: void android::intel::UeventObserver::onUevent(): received Uevent: REPEATED_FRAME
03-02 22:46:39.240 266-291/? D/hwcomposer: virtual void android::intel::Hwcomposer::invalidate(): invalidating screen...
03-02 22:46:39.240 266-266/? D/hwcomposer: void android::intel::DisplayAnalyzer::handleIdleEntryEvent(int): handling idle entry event, count 0
03-02 22:46:39.470 266-266/? D/hwcomposer: void android::intel::DisplayAnalyzer::handleIdleExitEvent(): handling idle exit event
03-02 22:46:39.540 266-291/? D/hwcomposer: void android::intel::UeventObserver::onUevent(): received Uevent: REPEATED_FRAME
03-02 22:46:39.540 266-291/? D/hwcomposer: virtual void android::intel::Hwcomposer::invalidate(): invalidating screen...
03-02 22:46:39.540 266-266/? D/hwcomposer: void android::intel::DisplayAnalyzer::handleIdleEntryEvent(int): handling idle entry event, count 0
03-02 22:46:39.740 266-266/? D/hwcomposer: void android::intel::DisplayAnalyzer::handleIdleExitEvent(): handling idle exit event
03-02 22:46:39.820 266-291/? D/hwcomposer: void android::intel::UeventObserver::onUevent(): received Uevent: REPEATED_FRAME
03-02 22:46:39.820 266-291/? D/hwcomposer: virtual void android::intel::Hwcomposer::invalidate(): invalidating screen...
03-02 22:46:39.820 266-266/? D/hwcomposer: void android::intel::DisplayAnalyzer::handleIdleEntryEvent(int): handling idle entry event, count 0
03-02 22:46:40.060 266-266/? D/hwcomposer: void android::intel::DisplayAnalyzer::handleIdleExitEvent(): handling idle exit event
03-02 22:46:40.120 266-291/? D/hwcomposer: void android::intel::UeventObserver::onUevent(): received Uevent: REPEATED_FRAME
03-02 22:46:40.120 266-291/? D/hwcomposer: virtual void android::intel::Hwcomposer::invalidate(): invalidating screen...
03-02 22:46:40.120 266-266/? D/hwcomposer: void android::intel::DisplayAnalyzer::handleIdleEntryEvent(int): handling idle entry event, count 0
03-02 22:46:40.330 266-266/? D/hwcomposer: void android::intel::DisplayAnalyzer::handleIdleExitEvent(): handling idle exit event
03-02 22:46:40.410 266-291/? D/hwcomposer: void android::intel::UeventObserver::onUevent(): received Uevent: REPEATED_FRAME
03-02 22:46:40.410 266-291/? D/hwcomposer: virtual void android::intel::Hwcomposer::invalidate(): invalidating screen...
03-02 22:46:40.410 266-266/? D/hwcomposer: void android::intel::DisplayAnalyzer::handleIdleEntryEvent(int): handling idle entry event, count 0
03-02 22:46:40.630 266-266/? D/hwcomposer: void android::intel::DisplayAnalyzer::handleIdleExitEvent(): handling idle exit event
03-02 22:46:40.710 266-291/? D/hwcomposer: void android::intel::UeventObserver::onUevent(): received Uevent: REPEATED_FRAME
03-02 22:46:40.710 266-291/? D/hwcomposer: virtual void android::intel::Hwcomposer::invalidate(): invalidating screen...
03-02 22:46:40.710 266-266/? D/hwcomposer: void android::intel::DisplayAnalyzer::handleIdleEntryEvent(int): handling idle entry event, count 0
03-02 22:46:40.930 266-266/? D/hwcomposer: void android::intel::DisplayAnalyzer::handleIdleExitEvent(): handling idle exit event
03-02 22:46:41.010 266-291/? D/hwcomposer: void android::intel::UeventObserver::onUevent(): received Uevent: REPEATED_FRAME
03-02 22:46:41.010 266-291/? D/hwcomposer: virtual void android::intel::Hwcomposer::invalidate(): invalidating screen...
03-02 22:46:41.010 266-266/? D/hwcomposer: void android::intel::DisplayAnalyzer::handleIdleEntryEvent(int): handling idle entry event, count 0
03-02 22:46:41.230 266-266/? D/hwcomposer: void android::intel::DisplayAnalyzer::handleIdleExitEvent(): handling idle exit event
03-02 22:46:41.310 266-291/? D/hwcomposer: void android::intel::UeventObserver::onUevent(): received Uevent: REPEATED_FRAME
03-02 22:46:41.310 266-291/? D/hwcomposer: virtual void android::intel::Hwcomposer::invalidate(): invalidating screen...
03-02 22:46:41.310 266-266/? D/hwcomposer: void android::intel::DisplayAnalyzer::handleIdleEntryEvent(int): handling idle entry event, count 0
03-02 22:46:41.520 266-266/? D/hwcomposer: void android::intel::DisplayAnalyzer::handleIdleExitEvent(): handling idle exit event
03-02 22:46:41.610 266-291/? D/hwcomposer: void android::intel::UeventObserver::onUevent(): received Uevent: REPEATED_FRAME
03-02 22:46:41.610 266-291/? D/hwcomposer: virtual void android::intel::Hwcomposer::invalidate(): invalidating screen...
03-02 22:46:41.610 266-266/? D/hwcomposer: void android::intel::DisplayAnalyzer::handleIdleEntryEvent(int): handling idle entry event, count 0
03-02 22:46:41.830 266-266/? D/hwcomposer: void android::intel::DisplayAnalyzer::handleIdleExitEvent(): handling idle exit event
03-02 22:46:41.900 266-291/? D/hwcomposer: void android::intel::UeventObserver::onUevent(): received Uevent: REPEATED_FRAME
03-02 22:46:41.900 266-291/? D/hwcomposer: virtual void android::intel::Hwcomposer::invalidate(): invalidating screen...
03-02 22:46:41.900 266-266/? D/hwcomposer: void android::intel::DisplayAnalyzer::handleIdleEntryEvent(int): handling idle entry event, count 0
03-02 22:46:42.100 266-266/? D/hwcomposer: void android::intel::DisplayAnalyzer::handleIdleExitEvent(): handling idle exit event
03-02 22:46:42.180 266-291/? D/hwcomposer: void android::intel::UeventObserver::onUevent(): received Uevent: REPEATED_FRAME
03-02 22:46:42.180 266-291/? D/hwcomposer: virtual void android::intel::Hwcomposer::invalidate(): invalidating screen...
03-02 22:46:42.180 266-266/? D/hwcomposer: void android::intel::DisplayAnalyzer::handleIdleEntryEvent(int): handling idle entry event, count 0
03-02 22:46:42.318 8040-8040/? I/KERNEL: [194262.252751] [SMB1357] query_PowerState_worker +++ in every 30s
03-02 22:46:42.321 8040-8040/? I/KERNEL: [194262.255719] [SMB1357] the CFG_INPUT_CURRENT_LIMIT_REG 0Ch is 0x44
03-02 22:46:42.323 8040-8040/? I/KERNEL: [194262.258263] [SMB1357] the HVDCP_STATUS_REG 0Eh is 0x1c
03-02 22:46:42.326 8040-8040/? I/KERNEL: [194262.260657] [SMB1357] the CFG_TEMP_BEHAVIOR_REG 1Ah is 0x00
03-02 22:46:42.328 8040-8040/? I/KERNEL: [194262.263311] [SMB1357] the CFG_HOT_LIMIT 1Bh is 0x71
03-02 22:46:42.331 8040-8040/? I/KERNEL: [194262.266367] [SMB1357] the CFG_PRE_FAST_CHARGE_CURRENT_REG 1Ch is 0x36
03-02 22:46:42.333 8040-8040/? I/KERNEL: [194262.268271] [SMB1357] the RESULT_AICL_REG 46h is 0x10
03-02 22:46:42.335 8040-8040/? I/KERNEL: [194262.270078] [SMB1357] the RESULT_STATUS_REG 47h is 0x42
03-02 22:46:42.337 8040-8040/? I/KERNEL: [194262.271708] [SMB1357] the STAT_PWRSRC_REG 4Bh is 0x10
03-02 22:46:42.339 8040-8040/? I/KERNEL: [194262.273567] [SMB1357] the STAT_HVDCP_REG 4Dh is 0x00
03-02 22:46:42.340 8040-8040/? I/KERNEL: [194262.275372] [SMB1357] the STAT_CHARGE_REG 4Ah is 0x05
03-02 22:46:42.342 8040-8040/? I/KERNEL: [194262.277108] [SMB1357] the IRQ_E_REG 54h is 0x10
03-02 22:46:42.400 266-266/? D/hwcomposer: void android::intel::DisplayAnalyzer::handleIdleExitEvent(): handling idle exit event
03-02 22:46:42.460 266-291/? D/hwcomposer: void android::intel::UeventObserver::onUevent(): received Uevent: REPEATED_FRAME
03-02 22:46:42.460 266-291/? D/hwcomposer: virtual void android::intel::Hwcomposer::invalidate(): invalidating screen...
03-02 22:46:42.470 266-266/? D/hwcomposer: void android::intel::DisplayAnalyzer::handleIdleEntryEvent(int): handling idle entry event, count 0
03-02 22:46:42.690 266-266/? D/hwcomposer: void android::intel::DisplayAnalyzer::handleIdleExitEvent(): handling idle exit event
03-02 22:46:42.770 266-291/? D/hwcomposer: void android::intel::UeventObserver::onUevent(): received Uevent: REPEATED_FRAME
03-02 22:46:42.770 266-291/? D/hwcomposer: virtual void android::intel::Hwcomposer::invalidate(): invalidating screen...
03-02 22:46:42.770 266-266/? D/hwcomposer: void android::intel::DisplayAnalyzer::handleIdleEntryEvent(int): handling idle entry event, count 0
03-02 22:46:42.990 266-266/? D/hwcomposer: void android::intel::DisplayAnalyzer::handleIdleExitEvent(): handling idle exit event
03-02 22:46:43.080 266-291/? D/hwcomposer: void android::intel::UeventObserver::onUevent(): received Uevent: REPEATED_FRAME
03-02 22:46:43.080 266-291/? D/hwcomposer: virtual void android::intel::Hwcomposer::invalidate(): invalidating screen...
03-02 22:46:43.090 266-266/? D/hwcomposer: void android::intel::DisplayAnalyzer::handleIdleEntryEvent(int): handling idle entry event, count 0
03-02 22:46:43.290 266-266/? D/hwcomposer: void android::intel::DisplayAnalyzer::handleIdleExitEvent(): handling idle exit event
03-02 22:46:43.380 266-291/? D/hwcomposer: void android::intel::UeventObserver::onUevent(): received Uevent: REPEATED_FRAME
03-02 22:46:43.380 266-291/? D/hwcomposer: virtual void android::intel::Hwcomposer::invalidate(): invalidating screen...
03-02 22:46:43.390 266-266/? D/hwcomposer: void android::intel::DisplayAnalyzer::handleIdleEntryEvent(int): handling idle entry event, count 0
03-02 22:46:43.610 266-266/? D/hwcomposer: void android::intel::DisplayAnalyzer::handleIdleExitEvent(): handling idle exit event
03-02 22:46:43.670 266-291/? D/hwcomposer: void android::intel::UeventObserver::onUevent(): received Uevent: REPEATED_FRAME
03-02 22:46:43.670 266-291/? D/hwcomposer: virtual void android::intel::Hwcomposer::invalidate(): invalidating screen...
03-02 22:46:43.670 266-266/? D/hwcomposer: void android::intel::DisplayAnalyzer::handleIdleEntryEvent(int): handling idle entry event, count 0
03-02 22:46:43.910 266-266/? D/hwcomposer: void android::intel::DisplayAnalyzer::handleIdleExitEvent(): handling idle exit event
03-02 22:46:43.990 266-291/? D/hwcomposer: void android::intel::UeventObserver::onUevent(): received Uevent: REPEATED_FRAME
03-02 22:46:43.990 266-291/? D/hwcomposer: virtual void android::intel::Hwcomposer::invalidate(): invalidating screen...
03-02 22:46:43.990 266-266/? D/hwcomposer: void android::intel::DisplayAnalyzer::handleIdleEntryEvent(int): handling idle entry event, count 0
03-02 22:46:44.210 266-266/? D/hwcomposer: void android::intel::DisplayAnalyzer::handleIdleExitEvent(): handling idle exit event
03-02 22:46:44.270 266-291/? D/hwcomposer: void android::intel::UeventObserver::onUevent(): received Uevent: REPEATED_FRAME
03-02 22:46:44.270 266-291/? D/hwcomposer: virtual void android::intel::Hwcomposer::invalidate(): invalidating screen...
03-02 22:46:44.270 266-266/? D/hwcomposer: void android::intel::DisplayAnalyzer::handleIdleEntryEvent(int): handling idle entry event, count 0
03-02 22:46:44.480 266-266/? D/hwcomposer: void android::intel::DisplayAnalyzer::handleIdleExitEvent(): handling idle exit event
03-02 22:46:44.560 266-291/? D/hwcomposer: void android::intel::UeventObserver::onUevent(): received Uevent: REPEATED_FRAME
03-02 22:46:44.560 266-291/? D/hwcomposer: virtual void android::intel::Hwcomposer::invalidate(): invalidating screen...
03-02 22:46:44.560 266-266/? D/hwcomposer: void android::intel::DisplayAnalyzer::handleIdleEntryEvent(int): handling idle entry event, count 0
03-02 22:46:44.780 266-266/? D/hwcomposer: void android::intel::DisplayAnalyzer::handleIdleExitEvent(): handling idle exit event
03-02 22:46:44.840 266-291/? D/hwcomposer: void android::intel::UeventObserver::onUevent(): received Uevent: REPEATED_FRAME
03-02 22:46:44.840 266-291/? D/hwcomposer: virtual void android::intel::Hwcomposer::invalidate(): invalidating screen...
03-02 22:46:44.850 266-266/? D/hwcomposer: void android::intel::DisplayAnalyzer::handleIdleEntryEvent(int): handling idle entry event, count 0
03-02 22:46:45.060 266-266/? D/hwcomposer: void android::intel::DisplayAnalyzer::handleIdleExitEvent(): handling idle exit event
03-02 22:46:45.140 266-291/? D/hwcomposer: void android::intel::UeventObserver::onUevent(): received Uevent: REPEATED_FRAME
03-02 22:46:45.140 266-291/? D/hwcomposer: virtual void android::intel::Hwcomposer::invalidate(): invalidating screen...
03-02 22:46:45.150 266-266/? D/hwcomposer: void android::intel::DisplayAnalyzer::handleIdleEntryEvent(int): handling idle entry event, count 0
03-02 22:46:45.350 266-266/? D/hwcomposer: void android::intel::DisplayAnalyzer::handleIdleExitEvent(): handling idle exit event
03-02 22:46:45.430 266-291/? D/hwcomposer: void android::intel::UeventObserver::onUevent(): received Uevent: REPEATED_FRAME
03-02 22:46:45.430 266-291/? D/hwcomposer: virtual void android::intel::Hwcomposer::invalidate(): invalidating screen...
03-02 22:46:45.430 266-266/? D/hwcomposer: void android::intel::DisplayAnalyzer::handleIdleEntryEvent(int): handling idle entry event, count 0
03-02 22:46:45.640 266-266/? D/hwcomposer: void android::intel::DisplayAnalyzer::handleIdleExitEvent(): handling idle exit event
03-02 22:46:45.730 266-291/? D/hwcomposer: void android::intel::UeventObserver::onUevent(): received Uevent: REPEATED_FRAME
03-02 22:46:45.730 266-291/? D/hwcomposer: virtual void android::intel::Hwcomposer::invalidate(): invalidating screen...
03-02 22:46:45.730 266-266/? D/hwcomposer: void android::intel::DisplayAnalyzer::handleIdleEntryEvent(int): handling idle entry event, count 0
03-02 22:46:45.930 266-266/? D/hwcomposer: void android::intel::DisplayAnalyzer::handleIdleExitEvent(): handling idle exit event
03-02 22:46:46.010 266-291/? D/hwcomposer: void android::intel::UeventObserver::onUevent(): received Uevent: REPEATED_FRAME
03-02 22:46:46.010 266-291/? D/hwcomposer: virtual void android::intel::Hwcomposer::invalidate(): invalidating screen...
03-02 22:46:46.020 266-266/? D/hwcomposer: void android::intel::DisplayAnalyzer::handleIdleEntryEvent(int): handling idle entry event, count 0
03-02 22:46:46.240 266-266/? D/hwcomposer: void android::intel::DisplayAnalyzer::handleIdleExitEvent(): handling idle exit event
03-02 22:46:46.300 266-291/? D/hwcomposer: void android::intel::UeventObserver::onUevent(): received Uevent: REPEATED_FRAME
03-02 22:46:46.300 266-291/? D/hwcomposer: virtual void android::intel::Hwcomposer::invalidate(): invalidating screen...
03-02 22:46:46.300 266-266/? D/hwcomposer: void android::intel::DisplayAnalyzer::handleIdleEntryEvent(int): handling idle entry event, count 0
03-02 22:46:46.520 266-266/? D/hwcomposer: void android::intel::DisplayAnalyzer::handleIdleExitEvent(): handling idle exit event
03-02 22:46:46.600 266-291/? D/hwcomposer: void android::intel::UeventObserver::onUevent(): received Uevent: REPEATED_FRAME
03-02 22:46:46.600 266-291/? D/hwcomposer: virtual void android::intel::Hwcomposer::invalidate(): invalidating screen...
03-02 22:46:46.600 266-266/? D/hwcomposer: void android::intel::DisplayAnalyzer::handleIdleEntryEvent(int): handling idle entry event, count 0
03-02 22:46:46.820 266-266/? D/hwcomposer: void android::intel::DisplayAnalyzer::handleIdleExitEvent(): handling idle exit event
03-02 22:46:46.900 266-291/? D/hwcomposer: void android::intel::UeventObserver::onUevent(): received Uevent: REPEATED_FRAME
03-02 22:46:46.900 266-291/? D/hwcomposer: virtual void android::intel::Hwcomposer::invalidate(): invalidating screen...
03-02 22:46:46.900 266-266/? D/hwcomposer: void android::intel::DisplayAnalyzer::handleIdleEntryEvent(int): handling idle entry event, count 0
03-02 22:46:47.120 266-266/? D/hwcomposer: void android::intel::DisplayAnalyzer::handleIdleExitEvent(): handling idle exit event
03-02 22:46:47.200 266-291/? D/hwcomposer: void android::intel::UeventObserver::onUevent(): received Uevent: REPEATED_FRAME
03-02 22:46:47.200 266-291/? D/hwcomposer: virtual void android::intel::Hwcomposer::invalidate(): invalidating screen...
03-02 22:46:47.200 266-266/? D/hwcomposer: void android::intel::DisplayAnalyzer::handleIdleEntryEvent(int): handling idle entry event, count 0
03-02 22:46:47.420 266-266/? D/hwcomposer: void android::intel::DisplayAnalyzer::handleIdleExitEvent(): handling idle exit event
03-02 22:46:47.490 266-291/? D/hwcomposer: void android::intel::UeventObserver::onUevent(): received Uevent: REPEATED_FRAME
03-02 22:46:47.490 266-291/? D/hwcomposer: virtual void android::intel::Hwcomposer::invalidate(): invalidating screen...
03-02 22:46:47.490 266-266/? D/hwcomposer: void android::intel::DisplayAnalyzer::handleIdleEntryEvent(int): handling idle entry event, count 0
03-02 22:46:47.710 266-266/? D/hwcomposer: void android::intel::DisplayAnalyzer::handleIdleExitEvent(): handling idle exit event
03-02 22:46:47.790 266-291/? D/hwcomposer: void android::intel::UeventObserver::onUevent(): received Uevent: REPEATED_FRAME
03-02 22:46:47.790 266-291/? D/hwcomposer: virtual void android::intel::Hwcomposer::invalidate(): invalidating screen...
03-02 22:46:47.790 266-266/? D/hwcomposer: void android::intel::DisplayAnalyzer::handleIdleEntryEvent(int): handling idle entry event, count 0
03-02 22:46:48.030 266-266/? D/hwcomposer: void android::intel::DisplayAnalyzer::handleIdleExitEvent(): handling idle exit event
03-02 22:46:48.090 266-291/? D/hwcomposer: void android::intel::UeventObserver::onUevent(): received Uevent: REPEATED_FRAME
03-02 22:46:48.090 266-291/? D/hwcomposer: virtual void android::intel::Hwcomposer::invalidate(): invalidating screen...
03-02 22:46:48.090 266-266/? D/hwcomposer: void android::intel::DisplayAnalyzer::handleIdleEntryEvent(int): handling idle entry event, count 0
03-02 22:46:48.310 266-266/? D/hwcomposer: void android::intel::DisplayAnalyzer::handleIdleExitEvent(): handling idle exit event
03-02 22:46:48.390 266-291/? D/hwcomposer: void android::intel::UeventObserver::onUevent(): received Uevent: REPEATED_FRAME
03-02 22:46:48.390 266-291/? D/hwcomposer: virtual void android::intel::Hwcomposer::invalidate(): invalidating screen...
03-02 22:46:48.390 266-266/? D/hwcomposer: void android::intel::DisplayAnalyzer::handleIdleEntryEvent(int): handling idle entry event, count 0
03-02 22:46:48.610 266-266/? D/hwcomposer: void android::intel::DisplayAnalyzer::handleIdleExitEvent(): handling idle exit event
03-02 22:46:48.630 711-829/? E/lights: [BL] mode=0 brightness=249
03-02 22:46:48.644 711-829/? I/KERNEL: [194268.577515] [DISP] brightness level = 110
03-02 22:46:48.650 711-829/? E/lights: [BL] mode=0 brightness=242
03-02 22:46:48.662 711-829/? I/KERNEL: [194268.594616] [DISP] brightness level = 107
03-02 22:46:48.670 711-829/? E/lights: [BL] mode=0 brightness=236
03-02 22:46:48.679 711-829/? I/KERNEL: [194268.611671] [DISP] brightness level = 105
03-02 22:46:48.680 266-291/? D/hwcomposer: void android::intel::UeventObserver::onUevent(): received Uevent: REPEATED_FRAME
03-02 22:46:48.680 266-291/? D/hwcomposer: virtual void android::intel::Hwcomposer::invalidate(): invalidating screen...
03-02 22:46:48.680 711-829/? E/lights: [BL] mode=0 brightness=229
03-02 22:46:48.695 711-829/? I/KERNEL: [194268.628389] [DISP] brightness level = 102
03-02 22:46:48.700 266-266/? D/hwcomposer: void android::intel::DisplayAnalyzer::handleIdleEntryEvent(int): handling idle entry event, count 0
03-02 22:46:48.700 711-829/? E/lights: [BL] mode=0 brightness=222
03-02 22:46:48.712 711-829/? I/KERNEL: [194268.644886] [DISP] brightness level = 98
03-02 22:46:48.720 711-829/? E/lights: [BL] mode=0 brightness=215
03-02 22:46:48.729 711-829/? I/KERNEL: [194268.661970] [DISP] brightness level = 95
03-02 22:46:48.730 711-829/? E/lights: [BL] mode=0 brightness=209
03-02 22:46:48.745 711-829/? I/KERNEL: [194268.678386] [DISP] brightness level = 93
03-02 22:46:48.750 711-829/? E/lights: [BL] mode=0 brightness=202
03-02 22:46:48.762 711-829/? I/KERNEL: [194268.695450] [DISP] brightness level = 90
03-02 22:46:48.770 711-829/? E/lights: [BL] mode=0 brightness=195
03-02 22:46:48.779 711-829/? I/KERNEL: [194268.712309] [DISP] brightness level = 86
03-02 22:46:48.780 711-829/? E/lights: [BL] mode=0 brightness=189
03-02 22:46:48.796 711-829/? I/KERNEL: [194268.729038] [DISP] brightness level = 84
03-02 22:46:48.800 711-829/? E/lights: [BL] mode=0 brightness=182
03-02 22:46:48.813 711-829/? I/KERNEL: [194268.745712] [DISP] brightness level = 81
03-02 22:46:48.820 711-829/? E/lights: [BL] mode=0 brightness=175
03-02 22:46:48.830 711-829/? I/KERNEL: [194268.762859] [DISP] brightness level = 77
03-02 22:46:48.830 711-829/? E/lights: [BL] mode=0 brightness=168
03-02 22:46:48.846 711-829/? I/KERNEL: [194268.779015] [DISP] brightness level = 74
03-02 22:46:48.850 711-829/? E/lights: [BL] mode=0 brightness=162
03-02 22:46:48.863 711-829/? I/KERNEL: [194268.795823] [DISP] brightness level = 72
03-02 22:46:48.870 711-829/? E/lights: [BL] mode=0 brightness=155
03-02 22:46:48.879 711-829/? I/KERNEL: [194268.812397] [DISP] brightness level = 69
03-02 22:46:48.880 711-829/? E/lights: [BL] mode=0 brightness=148
03-02 22:46:48.896 711-829/? I/KERNEL: [194268.829405] [DISP] brightness level = 65
03-02 22:46:48.900 266-266/? D/hwcomposer: void android::intel::DisplayAnalyzer::handleIdleExitEvent(): handling idle exit event
03-02 22:46:48.900 711-829/? E/lights: [BL] mode=0 brightness=142
03-02 22:46:48.913 711-829/? I/KERNEL: [194268.845962] [DISP] brightness level = 63
03-02 22:46:48.920 711-829/? E/lights: [BL] mode=0 brightness=135
03-02 22:46:48.930 711-829/? I/KERNEL: [194268.862722] [DISP] brightness level = 60
03-02 22:46:48.930 711-829/? E/lights: [BL] mode=0 brightness=128
03-02 22:46:48.946 711-829/? I/KERNEL: [194268.879453] [DISP] brightness level = 57
03-02 22:46:48.950 711-829/? E/lights: [BL] mode=0 brightness=122
03-02 22:46:48.962 711-829/? I/KERNEL: [194268.894968] [DISP] brightness level = 54
03-02 22:46:48.970 711-829/? E/lights: [BL] mode=0 brightness=115
03-02 22:46:48.979 711-829/? I/KERNEL: [194268.911989] [DISP] brightness level = 51
03-02 22:46:48.980 711-829/? E/lights: [BL] mode=0 brightness=109
03-02 22:46:48.995 711-829/? I/KERNEL: [194268.928450] [DISP] brightness level = 48
03-02 22:46:48.990 266-291/? D/hwcomposer: void android::intel::UeventObserver::onUevent(): received Uevent: REPEATED_FRAME
03-02 22:46:48.990 266-291/? D/hwcomposer: virtual void android::intel::Hwcomposer::invalidate(): invalidating screen...
03-02 22:46:49.000 266-266/? D/hwcomposer: void android::intel::DisplayAnalyzer::handleIdleEntryEvent(int): handling idle entry event, count 0
03-02 22:46:49.000 711-829/? E/lights: [BL] mode=0 brightness=102
03-02 22:46:49.012 711-829/? I/KERNEL: [194268.945092] [DISP] brightness level = 45
03-02 22:46:49.020 711-829/? E/lights: [BL] mode=0 brightness=95
03-02 22:46:49.029 711-829/? I/KERNEL: [194268.962099] [DISP] brightness level = 42
03-02 22:46:49.030 711-829/? E/lights: [BL] mode=0 brightness=89
03-02 22:46:49.046 711-829/? I/KERNEL: [194268.978992] [DISP] brightness level = 39
03-02 22:46:49.050 711-829/? E/lights: [BL] mode=0 brightness=82
03-02 22:46:49.063 711-829/? I/KERNEL: [194268.995502] [DISP] brightness level = 36
03-02 22:46:49.070 711-829/? E/lights: [BL] mode=0 brightness=75
03-02 22:46:49.080 711-829/? I/KERNEL: [194269.012471] [DISP] brightness level = 33
03-02 22:46:49.080 711-829/? E/lights: [BL] mode=0 brightness=69
03-02 22:46:49.096 711-829/? I/KERNEL: [194269.028881] [DISP] brightness level = 30
03-02 22:46:49.100 711-829/? E/lights: [BL] mode=0 brightness=62
03-02 22:46:49.113 711-829/? I/KERNEL: [194269.045702] [DISP] brightness level = 27
03-02 22:46:49.120 711-829/? E/lights: [BL] mode=0 brightness=55
03-02 22:46:49.129 711-829/? I/KERNEL: [194269.061999] [DISP] brightness level = 24
03-02 22:46:49.130 711-829/? E/lights: [BL] mode=0 brightness=49
03-02 22:46:49.147 711-829/? I/KERNEL: [194269.079498] [DISP] brightness level = 21
03-02 22:46:49.150 711-829/? E/lights: [BL] mode=0 brightness=42
03-02 22:46:49.163 711-829/? I/KERNEL: [194269.096254] [DISP] brightness level = 18
03-02 22:46:49.170 711-829/? E/lights: [BL] mode=0 brightness=35
03-02 22:46:49.180 711-829/? I/KERNEL: [194269.112746] [DISP] brightness level = 15
03-02 22:46:49.180 711-829/? E/lights: [BL] mode=0 brightness=28
03-02 22:46:49.197 711-829/? I/KERNEL: [194269.129449] [DISP] brightness level = 15
03-02 22:46:49.200 266-266/? D/hwcomposer: void android::intel::DisplayAnalyzer::handleIdleExitEvent(): handling idle exit event
03-02 22:46:49.200 711-829/? E/lights: [BL] mode=0 brightness=22
03-02 22:46:49.213 711-829/? I/KERNEL: [194269.145560] [DISP] brightness level = 15
03-02 22:46:49.220 711-829/? E/lights: [BL] mode=0 brightness=15
03-02 22:46:49.229 711-829/? I/KERNEL: [194269.162274] [DISP] brightness level = 15
03-02 22:46:49.230 711-829/? E/lights: [BL] mode=0 brightness=10
03-02 22:46:49.247 711-829/? I/KERNEL: [194269.179470] [DISP] brightness level = 15
03-02 22:46:49.280 266-291/? D/hwcomposer: void android::intel::UeventObserver::onUevent(): received Uevent: REPEATED_FRAME
03-02 22:46:49.280 266-291/? D/hwcomposer: virtual void android::intel::Hwcomposer::invalidate(): invalidating screen...
03-02 22:46:49.280 266-266/? D/hwcomposer: void android::intel::DisplayAnalyzer::handleIdleEntryEvent(int): handling idle entry event, count 0
03-02 22:46:49.520 266-266/? D/hwcomposer: void android::intel::DisplayAnalyzer::handleIdleExitEvent(): handling idle exit event
03-02 22:46:49.590 266-291/? D/hwcomposer: void android::intel::UeventObserver::onUevent(): received Uevent: REPEATED_FRAME
03-02 22:46:49.590 266-291/? D/hwcomposer: virtual void android::intel::Hwcomposer::invalidate(): invalidating screen...
03-02 22:46:49.600 266-266/? D/hwcomposer: void android::intel::DisplayAnalyzer::handleIdleEntryEvent(int): handling idle entry event, count 0
03-02 22:46:49.820 266-266/? D/hwcomposer: void android::intel::DisplayAnalyzer::handleIdleExitEvent(): handling idle exit event
03-02 22:46:49.880 266-291/? D/hwcomposer: void android::intel::UeventObserver::onUevent(): received Uevent: REPEATED_FRAME
03-02 22:46:49.880 266-291/? D/hwcomposer: virtual void android::intel::Hwcomposer::invalidate(): invalidating screen...
03-02 22:46:49.880 266-266/? D/hwcomposer: void android::intel::DisplayAnalyzer::handleIdleEntryEvent(int): handling idle entry event, count 0
03-02 22:46:50.090 266-266/? D/hwcomposer: void android::intel::DisplayAnalyzer::handleIdleExitEvent(): handling idle exit event
03-02 22:46:50.160 266-291/? D/hwcomposer: void android::intel::UeventObserver::onUevent(): received Uevent: REPEATED_FRAME
03-02 22:46:50.160 266-291/? D/hwcomposer: virtual void android::intel::Hwcomposer::invalidate(): invalidating screen...
03-02 22:46:50.170 266-266/? D/hwcomposer: void android::intel::DisplayAnalyzer::handleIdleEntryEvent(int): handling idle entry event, count 0
03-02 22:46:50.400 266-266/? D/hwcomposer: void android::intel::DisplayAnalyzer::handleIdleExitEvent(): handling idle exit event
03-02 22:46:50.470 266-291/? D/hwcomposer: void android::intel::UeventObserver::onUevent(): received Uevent: REPEATED_FRAME
03-02 22:46:50.470 266-291/? D/hwcomposer: virtual void android::intel::Hwcomposer::invalidate(): invalidating screen...
03-02 22:46:50.470 266-266/? D/hwcomposer: void android::intel::DisplayAnalyzer::handleIdleEntryEvent(int): handling idle entry event, count 0
03-02 22:46:50.670 266-266/? D/hwcomposer: void android::intel::DisplayAnalyzer::handleIdleExitEvent(): handling idle exit event
03-02 22:46:50.750 266-291/? D/hwcomposer: void android::intel::UeventObserver::onUevent(): received Uevent: REPEATED_FRAME
03-02 22:46:50.750 266-291/? D/hwcomposer: virtual void android::intel::Hwcomposer::invalidate(): invalidating screen...
03-02 22:46:50.750 266-266/? D/hwcomposer: void android::intel::DisplayAnalyzer::handleIdleEntryEvent(int): handling idle entry event, count 0
03-02 22:46:50.990 266-266/? D/hwcomposer: void android::intel::DisplayAnalyzer::handleIdleExitEvent(): handling idle exit event
03-02 22:46:51.050 266-291/? D/hwcomposer: void android::intel::UeventObserver::onUevent(): received Uevent: REPEATED_FRAME
03-02 22:46:51.050 266-291/? D/hwcomposer: virtual void android::intel::Hwcomposer::invalidate(): invalidating screen...
03-02 22:46:51.050 266-266/? D/hwcomposer: void android::intel::DisplayAnalyzer::handleIdleEntryEvent(int): handling idle entry event, count 0
03-02 22:46:51.270 266-266/? D/hwcomposer: void android::intel::DisplayAnalyzer::handleIdleExitEvent(): handling idle exit event
03-02 22:46:51.350 266-291/? D/hwcomposer: void android::intel::UeventObserver::onUevent(): received Uevent: REPEATED_FRAME
03-02 22:46:51.350 266-291/? D/hwcomposer: virtual void android::intel::Hwcomposer::invalidate(): invalidating screen...
03-02 22:46:51.360 266-266/? D/hwcomposer: void android::intel::DisplayAnalyzer::handleIdleEntryEvent(int): handling idle entry event, count 0
03-02 22:46:51.580 266-266/? D/hwcomposer: void android::intel::DisplayAnalyzer::handleIdleExitEvent(): handling idle exit event
03-02 22:46:51.650 266-291/? D/hwcomposer: void android::intel::UeventObserver::onUevent(): received Uevent: REPEATED_FRAME
03-02 22:46:51.650 266-291/? D/hwcomposer: virtual void android::intel::Hwcomposer::invalidate(): invalidating screen...
03-02 22:46:51.660 266-266/? D/hwcomposer: void android::intel::DisplayAnalyzer::handleIdleEntryEvent(int): handling idle entry event, count 0
03-02 22:46:51.880 266-266/? D/hwcomposer: void android::intel::DisplayAnalyzer::handleIdleExitEvent(): handling idle exit event
03-02 22:46:51.960 266-291/? D/hwcomposer: void android::intel::UeventObserver::onUevent(): received Uevent: REPEATED_FRAME
03-02 22:46:51.960 266-291/? D/hwcomposer: virtual void android::intel::Hwcomposer::invalidate(): invalidating screen...
03-02 22:46:51.960 266-266/? D/hwcomposer: void android::intel::DisplayAnalyzer::handleIdleEntryEvent(int): handling idle entry event, count 0
03-02 22:46:52.180 266-266/? D/hwcomposer: void android::intel::DisplayAnalyzer::handleIdleExitEvent(): handling idle exit event
03-02 22:46:52.240 266-291/? D/hwcomposer: void android::intel::UeventObserver::onUevent(): received Uevent: REPEATED_FRAME
03-02 22:46:52.240 266-291/? D/hwcomposer: virtual void android::intel::Hwcomposer::invalidate(): invalidating screen...
03-02 22:46:52.240 266-266/? D/hwcomposer: void android::intel::DisplayAnalyzer::handleIdleEntryEvent(int): handling idle entry event, count 0
03-02 22:46:52.410 1114-1697/? I/GoogleTagManager: Obtained fresh AdvertisingId info from GmsCore.
03-02 22:46:52.460 266-266/? D/hwcomposer: void android::intel::DisplayAnalyzer::handleIdleExitEvent(): handling idle exit event
03-02 22:46:52.540 266-291/? D/hwcomposer: void android::intel::UeventObserver::onUevent(): received Uevent: REPEATED_FRAME
03-02 22:46:52.540 266-291/? D/hwcomposer: virtual void android::intel::Hwcomposer::invalidate(): invalidating screen...
03-02 22:46:52.540 266-266/? D/hwcomposer: void android::intel::DisplayAnalyzer::handleIdleEntryEvent(int): handling idle entry event, count 0
03-02 22:46:52.760 266-266/? D/hwcomposer: void android::intel::DisplayAnalyzer::handleIdleExitEvent(): handling idle exit event
03-02 22:46:52.830 266-291/? D/hwcomposer: void android::intel::UeventObserver::onUevent(): received Uevent: REPEATED_FRAME
03-02 22:46:52.830 266-291/? D/hwcomposer: virtual void android::intel::Hwcomposer::invalidate(): invalidating screen...
03-02 22:46:52.830 266-266/? D/hwcomposer: void android::intel::DisplayAnalyzer::handleIdleEntryEvent(int): handling idle entry event, count 0
03-02 22:46:52.878 6882-6882/? I/KERNEL: [194272.809657] [MM8033] mm8033_read_percentage start smooth algo, soc last=28, soc now=28, temp = 348
03-02 22:46:52.918 6882-6882/? I/KERNEL: [194272.849625] [BATT] asus_battery_update_status_no_mutex , cable status = 2, percentage = 28
03-02 22:46:52.958 6882-6882/? I/KERNEL: [194272.889587] [BATT] get temperature:348 from gauge
03-02 22:46:52.958 6882-6882/? I/KERNEL: [194272.889677] [SMB1357] smb1357_set_voltage +++ set float voltage: 4.38V
03-02 22:46:52.965 6882-6882/? I/KERNEL: [194272.896735] [SMB1357] smb1357_set_Ichg +++
03-02 22:46:52.969 6882-6882/? I/KERNEL: [194272.901208] [SMB1357] set Ichg 2800mA!
03-02 22:46:52.973 6882-6882/? I/KERNEL: [194272.905211] [SMB1357] smb1357_charging_toggle +++ charging toggle: ON
03-02 22:46:52.981 6882-6882/? I/KERNEL: [194272.913209] [BATT] battery status = POWER_SUPPLY_STATUS_CHARGING
03-02 22:46:53.038 6882-6882/? I/KERNEL: [194272.969533] [BATT] WA for full-charged issue, full_charged_flag=0, pre_soc=28, percentage=28, cable_status=2
03-02 22:46:53.038 6882-6882/? I/KERNEL: [194272.969639] [BATT] battery info (P:28 %, V:3825 mV, C:206 mA, T:348 C)
03-02 22:46:53.041 6882-6882/? I/KERNEL: [194272.973067] [SMB1357] RESULT_STATUS_REG 0x47=0x42
03-02 22:46:53.041 6882-6882/? I/KERNEL: [194272.973118] [BATT] update battery info to frameworks
03-02 22:46:53.058 6882-6882/? I/KERNEL: [194272.989607] [BATT] battery polling interval = 30 secs.
03-02 22:46:53.050 266-266/? D/hwcomposer: void android::intel::DisplayAnalyzer::handleIdleExitEvent(): handling idle exit event
03-02 22:46:53.078 262-262/? I/KERNEL: [194273.009636] healthd: BatteryMonitor::update batterySOHPath
03-02 22:46:53.118 262-262/? I/KERNEL: [194273.049866] healthd: battery l=28 v=3825 t=34.8 h=2 st=2 c=206 chg=u 2017-03-03 03:46:53.118512869 UTC
03-02 22:46:53.110 863-863/? D/KeyguardUpdateMonitor: received broadcast android.intent.action.BATTERY_CHANGED
03-02 22:46:53.110 863-863/? D/PowerUI: oldTemp=346, mTemp=348
03-02 22:46:53.110 1616-1616/? D/PowerSaverService: battery_soh = 97
03-02 22:46:53.120 863-863/? D/KeyguardUpdateMonitor: handleBatteryUpdate
03-02 22:46:53.120 863-863/? D/PowerUI: show_hot_plug_dialog: true
03-02 22:46:53.120 863-863/? D/BatteryClusterView: action:android.intent.action.BATTERY_CHANGED
03-02 22:46:53.120 863-863/? D/PowerUI: show_otg_cable_dialog: true
03-02 22:46:53.130 266-291/? D/hwcomposer: void android::intel::UeventObserver::onUevent(): received Uevent: REPEATED_FRAME
03-02 22:46:53.130 266-291/? D/hwcomposer: virtual void android::intel::Hwcomposer::invalidate(): invalidating screen...
03-02 22:46:53.130 266-266/? D/hwcomposer: void android::intel::DisplayAnalyzer::handleIdleEntryEvent(int): handling idle entry event, count 0
03-02 22:46:53.140 863-863/? D/BatteryClusterView: status: 2
03-02 22:46:53.140 863-863/? D/BatteryClusterView: level: 28
03-02 22:46:53.140 863-863/? D/BatteryClusterView: plugType: 2
03-02 22:46:53.140 863-863/? D/BatteryClusterView: isPadPresent: false
03-02 22:46:53.140 863-863/? D/BatteryClusterView: dockStatus: 1
03-02 22:46:53.140 863-863/? D/BatteryClusterView: isPackPresent: false
03-02 22:46:53.140 863-863/? D/BatteryClusterView: invalidCharger: 0
03-02 22:46:53.140 863-863/? D/BatteryClusterView: ====================================
03-02 22:46:53.140 863-863/? D/BatteryClusterView: action:android.intent.action.BATTERY_CHANGED
03-02 22:46:53.140 863-863/? D/BatteryClusterView: status: 2
03-02 22:46:53.140 863-863/? D/BatteryClusterView: level: 28
03-02 22:46:53.140 863-863/? D/BatteryClusterView: plugType: 2
03-02 22:46:53.140 863-863/? D/BatteryClusterView: isPadPresent: false
03-02 22:46:53.140 863-863/? D/BatteryClusterView: dockStatus: 1
03-02 22:46:53.140 863-863/? D/BatteryClusterView: isPackPresent: false
03-02 22:46:53.140 863-863/? D/BatteryClusterView: invalidCharger: 0
03-02 22:46:53.140 863-863/? D/BatteryClusterView: ====================================
03-02 22:46:53.140 863-863/? D/SignalClusterView: vpn: GONE
03-02 22:46:53.140 863-863/? D/SignalClusterView: ethernet: GONE
03-02 22:46:53.140 863-863/? D/SignalClusterView: wifi: GONE sig=2130838689 inout=2130838672
03-02 22:46:53.150 863-863/? D/SignalClusterView: mobile: VISIBLE sig=2130838667 typ=0 inout=0 simoff=false
03-02 22:46:53.150 863-863/? D/SignalClusterView: vpn: GONE
03-02 22:46:53.150 863-863/? D/SignalClusterView: ethernet: GONE
03-02 22:46:53.150 863-863/? D/SignalClusterView: wifi: GONE sig=2130838689 inout=2130838672
03-02 22:46:53.150 863-863/? D/SignalClusterView: mobile: VISIBLE sig=2130838667 typ=0 inout=0 simoff=false
03-02 22:46:53.150 863-863/? D/SignalClusterView: vpn: GONE
03-02 22:46:53.150 863-863/? D/SignalClusterView: ethernet: GONE
03-02 22:46:53.150 863-863/? D/SignalClusterView: wifi: GONE sig=2130838689 inout=2130838672
03-02 22:46:53.150 863-863/? D/SignalClusterView: mobile: VISIBLE sig=2130838667 typ=0 inout=0 simoff=false
03-02 22:46:53.150 863-863/? D/SignalClusterView: vpn: GONE
03-02 22:46:53.150 863-863/? D/SignalClusterView: ethernet: GONE
03-02 22:46:53.150 863-863/? D/SignalClusterView: wifi: GONE sig=2130838689 inout=2130838672
03-02 22:46:53.150 863-863/? D/SignalClusterView: mobile: VISIBLE sig=2130838667 typ=0 inout=0 simoff=false
03-02 22:46:53.150 863-863/? D/sysuidebug.invisible_qspanel: setQsExpansion() mQsFullyExpanded=false, height <= mQsMinExpansionHeight, mQsExpanded=false, mStackScrollerOverscrolling=false
03-02 22:46:53.160 266-266/? D/hwcomposer: void android::intel::DisplayAnalyzer::handleIdleExitEvent(): handling idle exit event
03-02 22:46:53.220 266-291/? D/hwcomposer: void android::intel::UeventObserver::onUevent(): received Uevent: REPEATED_FRAME
03-02 22:46:53.220 266-291/? D/hwcomposer: virtual void android::intel::Hwcomposer::invalidate(): invalidating screen...
03-02 22:46:53.230 266-266/? D/hwcomposer: void android::intel::DisplayAnalyzer::handleIdleEntryEvent(int): handling idle entry event, count 0
03-02 22:46:53.370 266-266/? D/hwcomposer: void android::intel::DisplayAnalyzer::handleIdleExitEvent(): handling idle exit event
03-02 22:46:54.570 266-291/? D/hwcomposer: void android::intel::UeventObserver::onUevent(): received Uevent: REPEATED_FRAME
03-02 22:46:54.570 266-291/? D/hwcomposer: virtual void android::intel::Hwcomposer::invalidate(): invalidating screen...
03-02 22:46:54.570 266-266/? D/hwcomposer: void android::intel::DisplayAnalyzer::handleIdleEntryEvent(int): handling idle entry event, count 0
03-02 22:46:54.600 711-732/? I/PowerManagerService: Nap time (uid 1000)...
03-02 22:46:54.600 711-732/? I/PowerManagerService: Going to sleep due to screen timeout (uid 1000)...
03-02 22:46:54.600 863-26572/? D/KeyguardViewMediator: onStartedGoingToSleep(3)
03-02 22:46:54.600 711-732/? I/PowerManagerService: Sleeping (uid 1000)...
03-02 22:46:54.610 1114-1114/? D/LauncherLog: Launcher onPause Begin
03-02 22:46:54.610 1114-1114/? D/LauncherLog: Launcher onPause End
03-02 22:46:54.629 201-221/? I/KERNEL: [194274.560231] type=1400 audit(1488512814.610:49244): avc: denied { ioctl } for pid=1257 comm="Binder_8" path="socket:[237652]" dev="sockfs" ino=237652 ioctlcmd=7704 scontext=u:r:system_server:s0 tcontext=u:r:system_server:s0 tclass=unix_stream_socket permissive=1
03-02 22:46:54.631 201-221/? I/KERNEL: [194274.562512] type=1400 audit(1488512814.610:49245): avc: denied { ioctl } for pid=1257 comm="Binder_8" path="socket:[237652]" dev="sockfs" ino=237652 ioctlcmd=7704 scontext=u:r:system_server:s0 tcontext=u:r:system_server:s0 tclass=unix_stream_socket permissive=1
03-02 22:46:54.620 5784-5784/? D/XT9IME: onStartInput isInputViewShown() = false isShowInputRequested() = false
03-02 22:46:54.620 266-266/? D/hwcomposer: void android::intel::DisplayAnalyzer::handleIdleExitEvent(): handling idle exit event
03-02 22:46:54.650 1114-1114/? W/IInputConnectionWrapper: beginBatchEdit on inactive InputConnection
03-02 22:46:54.650 1114-1114/? W/IInputConnectionWrapper: endBatchEdit on inactive InputConnection
03-02 22:46:54.650 863-26572/? D/KeyguardViewMediator: setting alarm to turn off keyguard, seq = 303
03-02 22:46:54.650 863-26572/? D/KeyguardViewMediator: notifyStartedGoingToSleep
03-02 22:46:54.650 863-863/? D/KeyguardUpdateMonitor: handleStartedGoingToSleep
03-02 22:46:54.650 863-863/? D/KeyguardUpdateMonitor: hasFingerprintUnlockTimedOut timeout
03-02 22:46:54.650 863-863/? D/KeyguardUpdateMonitor: updateFingerprintListeningState should=false, state=0
03-02 22:46:54.650 863-863/? D/KeyguardViewMediator: handleNotifyStartedGoingToSleep
03-02 22:46:54.650 1114-1114/? D/saved_wallpaper_scroll: save cur wallpaper offset x: 0.5, State: APPS_CUSTOMIZE
03-02 22:46:54.650 1114-1114/? D/LauncherLog: Launcher onStop Begin
03-02 22:46:54.680 266-291/? D/hwcomposer: void android::intel::UeventObserver::onUevent(): received Uevent: REPEATED_FRAME
03-02 22:46:54.680 266-291/? D/hwcomposer: virtual void android::intel::Hwcomposer::invalidate(): invalidating screen...
03-02 22:46:54.690 266-266/? D/hwcomposer: void android::intel::DisplayAnalyzer::handleIdleEntryEvent(int): handling idle entry event, count 0
03-02 22:46:54.710 266-266/? D/hwcomposer: void android::intel::DisplayAnalyzer::handleIdleExitEvent(): handling idle exit event
03-02 22:46:54.710 1114-1114/? D/LauncherLog: Launcher onStop End
03-02 22:46:54.950 311-311/? I/dispmgr: waiting for message from kernel.
03-02 22:46:54.950 311-311/? I/dispmgr: message from kernel received. [
03-02 22:46:54.950 311: 311 D/ ] PwrConsWriteRegisterUlong
03-02 22:46:55.020 266-291/? D/hwcomposer: void android::intel::UeventObserver::onUevent(): received Uevent: REPEATED_FRAME
03-02 22:46:55.020 266-291/? D/hwcomposer: virtual void android::intel::Hwcomposer::invalidate(): invalidating screen...
03-02 22:46:55.020 311-311/? I/dispmgr: waiting for message from kernel.
03-02 22:46:55.020 311-311/? I/dispmgr: message from kernel received. [
03-02 22:46:55.020 311: 311 D/ ] PwrConsWriteRegisterUlong
03-02 22:46:55.020 266-266/? D/hwcomposer: void android::intel::DisplayAnalyzer::handleIdleEntryEvent(int): handling idle entry event, count 0
03-02 22:46:55.040 266-266/? D/hwcomposer: void android::intel::DisplayAnalyzer::handleIdleExitEvent(): handling idle exit event
03-02 22:46:55.080 311-311/? I/dispmgr: waiting for message from kernel.
03-02 22:46:55.080 311-311/? I/dispmgr: message from kernel received. [
03-02 22:46:55.080 311: 311 D/ ] PwrConsWriteRegisterUlong
03-02 22:46:55.170 311-311/? I/dispmgr: waiting for message from kernel.
03-02 22:46:55.170 311-311/? I/dispmgr: message from kernel received. [
03-02 22:46:55.170 311: 311 D/ ] PwrConsWriteRegisterUlong
03-02 22:46:55.180 711-732/? V/KeyguardServiceDelegate: onScreenTurnedOff()
03-02 22:46:55.180 711-829/? E/lights: [BL] mode=0 brightness=0
03-02 22:46:55.180 863-30380/? D/KeyguardViewMediator: notifyScreenTurnedOff
03-02 22:46:55.180 863-863/? D/KeyguardViewMediator: handleNotifyScreenTurnedOff
03-02 22:46:55.190 863-863/? D/PhoneStatusBar: Settings.System.ASUS_EASY_LAUNCHER = false
03-02 22:46:55.190 863-863/? I/keyguard: AsusWeatherManager: :updAnimState: NONE, enable=false, sON=false, kgShow=false, bShow=false, wwShow=true, data=true, start=true, touch=false, sSaving=false, dream=false
03-02 22:46:55.205 711-829/? I/KERNEL: [194275.136318] [DISP] brightness level = 0
03-02 22:46:55.200 266-266/? D/SurfaceFlinger: Set power mode=0, type=0 flinger=0xf6f77000
03-02 22:46:55.200 711-730/? I/DisplayManagerService: Display device changed state: "Pantalla integrada", OFF
03-02 22:46:55.210 266-266/? I/KERNEL: [194275.141180] [DISP] brightness level = 0
03-02 22:46:55.210 266-266/? I/KERNEL: [194275.141506] [drm] enable primary plane WA on pipe 0
03-02 22:46:55.219 711-829/? I/KERNEL: [194275.149949] request_suspend_state: sleep (0->3) at 103547781422152 (2017-03-03 03:46:55.219298771 UTC)
03-02 22:46:55.219 6882-6882/? I/KERNEL: [194275.150394] [SMB1357] smb1357_early_suspend ++
03-02 22:46:55.219 6882-6882/? I/KERNEL: [194275.150443] [MM8033] mm8033_early_suspend ++
03-02 22:46:55.219 6882-6882/? I/KERNEL: [194275.150471] [ftxxxx] ftxxxx ts early suspend
03-02 22:46:55.219 6882-6882/? I/KERNEL: [194275.150498] [ftxxxx] ftxxxx ts early suspend in gesture mode
03-02 22:46:55.220 863-32638/? D/KeyguardViewMediator: onFinishedGoingToSleep(3)
03-02 22:46:55.220 863-32638/? D/KeyguardViewMediator: notifyFinishedGoingToSleep
03-02 22:46:55.230 863-863/? D/KeyguardViewMediator: handleNotifyFinishedGoingToSleep
03-02 22:46:55.240 711-711/? D/NotificationService: updateLightsLocked turnOff
03-02 22:46:55.240 711-806/? E/WifiStateMachine: Fail to enable background scan, retry count = 1
03-02 22:46:55.240 711-806/? E/WifiStateMachine: Fail to enable background scan, retry count = 2
03-02 22:46:55.240 711-806/? E/WifiStateMachine: Fail to enable background scan, retry count = 3
03-02 22:46:55.240 711-806/? E/WifiStateMachine: Fail to enable background scan, retry count = 4
03-02 22:46:55.240 863-863/? D/KeyguardUpdateMonitor: handleFinishedGoingToSleep
03-02 22:46:55.240 711-806/? E/WifiStateMachine: Fail to enable background scan, retry count = 5
03-02 22:46:55.240 711-806/? E/WifiStateMachine: Fail to enable background scan, retry count = 6
03-02 22:46:55.240 711-806/? E/WifiStateMachine: Fail to enable background scan, retry count = 7
03-02 22:46:55.240 711-806/? E/WifiStateMachine: Fail to enable background scan, retry count = 8
03-02 22:46:55.240 711-806/? E/WifiStateMachine: Fail to enable background scan, retry count = 9
03-02 22:46:55.240 711-806/? E/WifiStateMachine: Fail to enable background scan, retry count = 10
03-02 22:46:55.240 711-806/? E/WifiStateMachine: Fail to set up pno, want false now false
03-02 22:46:55.254 1-1/? I/KERNEL: [194275.184741] init: avc: denied { set } for property=persist.audio.fmroute.speaker pid=711 uid=1000 gid=1000 scontext=u:r:system_server:s0 tcontext=u:object_r:audio_prop:s0 tclass=property_service permissive=0
03-02 22:46:55.254 1-1/? I/KERNEL: [194275.184775] init: sys_prop: permission denied uid:1000 name:persist.audio.fmroute.speaker
03-02 22:46:55.240 302-29966/? D/AudioIntelHal: setParameters: key value pair screen_state=off
03-02 22:46:55.240 302-29966/? D/AudioIntelHal/AudioPlatformState: route-parameter-manager: Selection criterion changed event: Criterion name: ScreenOn, current state: False
03-02 22:46:55.240 302-29966/? D/AudioIntelHal/AudioPlatformState: route-parameter-manager: Configuration application request {
03-02 22:46:55.240 302-29966/? D/AudioIntelHal/AudioPlatformState: route-parameter-manager: Applying configurations {
03-02 22:46:55.240 302-29966/? D/AudioIntelHal/AudioPlatformState: route-parameter-manager: Applying configuration "Off" from domain "Parameter.ScreenState"
03-02 22:46:55.240 302-29966/? D/AudioIntelHal/AudioPlatformState: route-parameter-manager: } Applying configurations
03-02 22:46:55.240 302-29966/? D/AudioIntelHal/AudioPlatformState: route-parameter-manager: } Configuration application request
03-02 22:46:55.240 302-29966/? D/EVENT_THREAD: void CEventThread::trig(void*, uint32_t): in
03-02 22:46:55.240 302-29966/? D/EVENT_THREAD: void CEventThread::trig(void*, uint32_t): out
03-02 22:46:55.240 302-746/? D/RouteManager: audio-parameter-manager: Selection criterion changed event: Criterion name: ScreenState, current state: Off
03-02 22:46:55.240 302-746/? D/RouteManager: audio-parameter-manager: Configuration application request {
03-02 22:46:55.240 302-746/? D/RouteManager: audio-parameter-manager: Applying configurations {
