03-02 22:46:20.140 311-311/? I/dispmgr: message from kernel received. [
03-02 22:46:20.140 311: 311 D/ ] PwrConsWriteRegisterUlong
03-02 22:46:20.148 311-311/? I/KERNEL: [194240.089673] [DISP] brightness level = 132
03-02 22:46:20.199 311-324/? I/KERNEL: [194240.140241] [DISP] brightness level = 132
03-02 22:46:20.249 311-324/? I/KERNEL: [194240.190641] [DISP] brightness level = 131
03-02 22:46:20.300 311-324/? I/KERNEL: [194240.241300] [DISP] brightness level = 130
03-02 22:46:20.350 311-324/? I/KERNEL: [194240.291679] [DISP] brightness level = 130
03-02 22:46:20.400 311-324/? I/KERNEL: [194240.341994] [DISP] brightness level = 129
03-02 22:46:20.451 311-324/? I/KERNEL: [194240.392288] [DISP] brightness level = 128
03-02 22:46:20.501 311-324/? I/KERNEL: [194240.442554] [DISP] brightness level = 128
03-02 22:46:20.552 311-324/? I/KERNEL: [194240.493039] [DISP] brightness level = 127
03-02 22:46:20.602 311-324/? I/KERNEL: [194240.543609] [DISP] brightness level = 126
03-02 22:46:20.653 311-324/? I/KERNEL: [194240.594132] [DISP] brightness level = 126
03-02 22:46:20.703 311-324/? I/KERNEL: [194240.644711] [DISP] brightness level = 125
03-02 22:46:20.754 311-324/? I/KERNEL: [194240.695282] [DISP] brightness level = 124
03-02 22:46:20.804 311-324/? I/KERNEL: [194240.745903] [DISP] brightness level = 124
03-02 22:46:20.840 266-291/? D/hwcomposer: void android::intel::UeventObserver::onUevent(): received Uevent: REPEATED_FRAME
03-02 22:46:20.840 266-291/? D/hwcomposer: virtual void android::intel::Hwcomposer::invalidate(): invalidating screen...
03-02 22:46:20.840 266-266/? D/hwcomposer: void android::intel::DisplayAnalyzer::handleIdleEntryEvent(int): handling idle entry event, count 0
03-02 22:46:20.855 311-324/? I/KERNEL: [194240.796182] [DISP] brightness level = 123
03-02 22:46:20.860 266-266/? D/hwcomposer: void android::intel::DisplayAnalyzer::handleIdleExitEvent(): handling idle exit event
03-02 22:46:20.905 311-324/? I/KERNEL: [194240.846603] [DISP] brightness level = 123
03-02 22:46:20.920 266-291/? D/hwcomposer: void android::intel::UeventObserver::onUevent(): received Uevent: REPEATED_FRAME
03-02 22:46:20.920 266-291/? D/hwcomposer: virtual void android::intel::Hwcomposer::invalidate(): invalidating screen...
03-02 22:46:20.930 266-266/? D/hwcomposer: void android::intel::DisplayAnalyzer::handleIdleEntryEvent(int): handling idle entry event, count 0
03-02 22:46:20.960 266-266/? D/hwcomposer: void android::intel::DisplayAnalyzer::handleIdleExitEvent(): handling idle exit event
03-02 22:46:21.240 1616-1616/? D/SuspiciousAppDetectionService: Screen On & alarm reset && screenCriteria=9isCharging=true
03-02 22:46:22.558 12374-12374/? I/KERNEL: [194242.498662] [MM8033] mm8033_read_percentage start smooth algo, soc last=28, soc now=28, temp = 346
03-02 22:46:22.598 12374-12374/? I/KERNEL: [194242.538862] [BATT] asus_battery_update_status_no_mutex , cable status = 2, percentage = 28
03-02 22:46:22.647 12374-12374/? I/KERNEL: [194242.588305] [BATT] get temperature:346 from gauge
03-02 22:46:22.647 12374-12374/? I/KERNEL: [194242.588330] [SMB1357] smb1357_set_voltage +++ set float voltage: 4.38V
03-02 22:46:22.655 12374-12374/? I/KERNEL: [194242.595713] [SMB1357] smb1357_set_Ichg +++
03-02 22:46:22.658 12374-12374/? I/KERNEL: [194242.598457] [SMB1357] set Ichg 2800mA!
03-02 22:46:22.660 12374-12374/? I/KERNEL: [194242.600759] [SMB1357] smb1357_charging_toggle +++ charging toggle: ON
03-02 22:46:22.666 12374-12374/? I/KERNEL: [194242.607091] [BATT] battery status = POWER_SUPPLY_STATUS_CHARGING
03-02 22:46:22.728 12374-12374/? I/KERNEL: [194242.668714] [BATT] WA for full-charged issue, full_charged_flag=0, pre_soc=28, percentage=28, cable_status=2
03-02 22:46:22.728 12374-12374/? I/KERNEL: [194242.668812] [BATT] battery info (P:28 %, V:3787 mV, C:-22 mA, T:346 C)
03-02 22:46:22.732 12374-12374/? I/KERNEL: [194242.672477] [SMB1357] RESULT_STATUS_REG 0x47=0x42
03-02 22:46:22.732 12374-12374/? I/KERNEL: [194242.672505] [BATT] update battery info to frameworks
03-02 22:46:22.748 12374-12374/? I/KERNEL: [194242.688624] [BATT] battery polling interval = 30 secs.
03-02 22:46:22.768 262-262/? I/KERNEL: [194242.708878] healthd: BatteryMonitor::update batterySOHPath
03-02 22:46:22.808 262-262/? I/KERNEL: [194242.748951] healthd: battery l=28 v=3787 t=34.6 h=2 st=2 c=-22 chg=u 2017-03-03 03:46:22.808485124 UTC
03-02 22:46:22.800 1616-1616/? D/PowerSaverService: battery_soh = 97
03-02 22:46:22.800 863-863/? D/KeyguardUpdateMonitor: received broadcast android.intent.action.BATTERY_CHANGED
03-02 22:46:22.800 863-863/? D/KeyguardUpdateMonitor: handleBatteryUpdate
03-02 22:46:22.800 863-863/? D/PowerUI: oldTemp=348, mTemp=346
03-02 22:46:22.810 863-863/? D/PowerUI: show_hot_plug_dialog: true
03-02 22:46:22.810 863-863/? D/BatteryClusterView: action:android.intent.action.BATTERY_CHANGED
03-02 22:46:22.810 863-863/? D/PowerUI: show_otg_cable_dialog: true
03-02 22:46:22.820 863-863/? D/BatteryClusterView: status: 2
03-02 22:46:22.820 863-863/? D/BatteryClusterView: level: 28
03-02 22:46:22.820 863-863/? D/BatteryClusterView: plugType: 2
03-02 22:46:22.820 863-863/? D/BatteryClusterView: isPadPresent: false
03-02 22:46:22.820 863-863/? D/BatteryClusterView: dockStatus: 1
03-02 22:46:22.820 863-863/? D/BatteryClusterView: isPackPresent: false
03-02 22:46:22.820 863-863/? D/BatteryClusterView: invalidCharger: 0
03-02 22:46:22.820 863-863/? D/BatteryClusterView: ====================================
03-02 22:46:22.820 863-863/? D/BatteryClusterView: action:android.intent.action.BATTERY_CHANGED
03-02 22:46:22.820 863-863/? D/BatteryClusterView: status: 2
03-02 22:46:22.830 863-863/? D/BatteryClusterView: level: 28
03-02 22:46:22.830 863-863/? D/BatteryClusterView: plugType: 2
03-02 22:46:22.830 863-863/? D/BatteryClusterView: isPadPresent: false
03-02 22:46:22.830 863-863/? D/BatteryClusterView: dockStatus: 1
03-02 22:46:22.830 863-863/? D/BatteryClusterView: isPackPresent: false
03-02 22:46:22.830 863-863/? D/BatteryClusterView: invalidCharger: 0
03-02 22:46:22.830 863-863/? D/BatteryClusterView: ====================================
03-02 22:46:22.830 863-863/? D/SignalClusterView: vpn: GONE
03-02 22:46:22.830 863-863/? D/SignalClusterView: ethernet: GONE
03-02 22:46:22.830 863-863/? D/SignalClusterView: wifi: GONE sig=2130838689 inout=2130838672
03-02 22:46:22.830 863-863/? D/SignalClusterView: mobile: VISIBLE sig=2130838667 typ=0 inout=0 simoff=false
03-02 22:46:22.830 863-863/? D/SignalClusterView: vpn: GONE
03-02 22:46:22.830 863-863/? D/SignalClusterView: ethernet: GONE
03-02 22:46:22.830 863-863/? D/SignalClusterView: wifi: GONE sig=2130838689 inout=2130838672
03-02 22:46:22.830 863-863/? D/SignalClusterView: mobile: VISIBLE sig=2130838667 typ=0 inout=0 simoff=false
03-02 22:46:22.830 863-863/? D/SignalClusterView: vpn: GONE
03-02 22:46:22.830 863-863/? D/SignalClusterView: ethernet: GONE
03-02 22:46:22.830 863-863/? D/SignalClusterView: wifi: GONE sig=2130838689 inout=2130838672
03-02 22:46:22.830 863-863/? D/SignalClusterView: mobile: VISIBLE sig=2130838667 typ=0 inout=0 simoff=false
03-02 22:46:22.830 863-863/? D/SignalClusterView: vpn: GONE
03-02 22:46:22.830 863-863/? D/SignalClusterView: ethernet: GONE
03-02 22:46:22.830 863-863/? D/SignalClusterView: wifi: GONE sig=2130838689 inout=2130838672
03-02 22:46:22.830 863-863/? D/SignalClusterView: mobile: VISIBLE sig=2130838667 typ=0 inout=0 simoff=false
03-02 22:46:22.840 863-863/? D/sysuidebug.invisible_qspanel: setQsExpansion() mQsFullyExpanded=false, height <= mQsMinExpansionHeight, mQsExpanded=false, mStackScrollerOverscrolling=false
03-02 22:46:23.198 8040-8040/? I/KERNEL: [194243.138473] [MM8033] batt_state_func +++ in every 60s
03-02 22:46:23.448 8040-8040/? I/KERNEL: [194243.388311] [MM8033] 0x00=0x0002, 0x06=0x1c0d, 0x08=0x015a, 0x09=0x0ede, 0x0A=0x008f, 0x0C=0x015b, 0x10=0x0abd, 0x17=0x014c, 0x18=0x0b54, 0x1D=0x0000, 0x23=0x0b02
03-02 22:46:23.448 8040-8040/? I/KERNEL: [194243.388391] [MM8033] info: Z2C3 01040005 1526 version: 1.5.7
03-02 22:46:23.520 266-291/? D/hwcomposer: void android::intel::UeventObserver::onUevent(): received Uevent: REPEATED_FRAME
03-02 22:46:23.520 266-291/? D/hwcomposer: virtual void android::intel::Hwcomposer::invalidate(): invalidating screen...
03-02 22:46:23.520 266-266/? D/hwcomposer: void android::intel::DisplayAnalyzer::handleIdleEntryEvent(int): handling idle entry event, count 0
03-02 22:46:23.540 266-266/? D/hwcomposer: void android::intel::DisplayAnalyzer::handleIdleExitEvent(): handling idle exit event
03-02 22:46:23.600 266-291/? D/hwcomposer: void android::intel::UeventObserver::onUevent(): received Uevent: REPEATED_FRAME
03-02 22:46:23.600 266-291/? D/hwcomposer: virtual void android::intel::Hwcomposer::invalidate(): invalidating screen...
03-02 22:46:23.610 266-266/? D/hwcomposer: void android::intel::DisplayAnalyzer::handleIdleEntryEvent(int): handling idle entry event, count 0
03-02 22:46:23.810 266-266/? D/hwcomposer: void android::intel::DisplayAnalyzer::handleIdleExitEvent(): handling idle exit event
03-02 22:46:24.130 266-291/? D/hwcomposer: void android::intel::UeventObserver::onUevent(): received Uevent: REPEATED_FRAME
03-02 22:46:24.130 266-291/? D/hwcomposer: virtual void android::intel::Hwcomposer::invalidate(): invalidating screen...
03-02 22:46:24.190 266-291/? D/hwcomposer: void android::intel::UeventObserver::onUevent(): received Uevent: REPEATED_FRAME
03-02 22:46:24.190 266-291/? D/hwcomposer: virtual void android::intel::Hwcomposer::invalidate(): invalidating screen...
03-02 22:46:24.190 266-266/? D/hwcomposer: void android::intel::DisplayAnalyzer::handleIdleEntryEvent(int): handling idle entry event, count 0
03-02 22:46:24.400 266-266/? D/hwcomposer: void android::intel::DisplayAnalyzer::handleIdleEntryEvent(int): handling idle entry event, count 0
03-02 22:46:24.410 266-266/? D/hwcomposer: void android::intel::DisplayAnalyzer::handleIdleExitEvent(): handling idle exit event
03-02 22:46:24.650 711-1128/? I/ActivityManager: START u0 {act=android.intent.action.MAIN cat=[android.intent.category.LAUNCHER] flg=0x10200000 cmp=com.intel.html5tools.apppreview/.AppPreview (has extras)} from uid 10014 on display 0
03-02 22:46:24.660 1114-1114/? V/ActivityCategoryHelper: takes: 0
03-02 22:46:24.660 266-266/? D/hwcomposer: void android::intel::DisplayAnalyzer::handleIdleExitEvent(): handling idle exit event
03-02 22:46:24.660 1114-1351/? D/LauncherLog: Launcher:: startActivity: pkg: com.intel.html5tools.apppreview clz: com.intel.html5tools.apppreview.AppPreview
03-02 22:46:24.660 1114-1114/? D/LauncherLog: Launcher onPause Begin
03-02 22:46:24.660 1114-1114/? D/LauncherLog: Launcher onPause End
03-02 22:46:24.670 711-1284/? I/ActivityManager: Start proc 13299:com.intel.html5tools.apppreview/u0a165 for activity com.intel.html5tools.apppreview/.AppPreview
03-02 22:46:24.680 1114-1114/? V/Launcher: [onWindowFocusChanged]: false, takes: 0ms
03-02 22:46:24.690 711-1282/? D/WindowManager: adjustConfigurationLw, config:{0 1.0 ?mcc?mnc ?locale ?layoutDir sw360dp w360dp h616dp 480dpi nrml long port ?uimode ?night finger -keyb/v/h -nav/v} mLidState:1 mHasDockFeature:false mHasKeyboardFeature:false mHasHallSensorFeature:true config.hardKeyboardHidden:2
03-02 22:46:24.690 711-726/? D/ActivityManager: checkHomeScreen
03-02 22:46:24.690 711-726/? D/ActivityManager: checkHomeScreen
03-02 22:46:24.690 1210-2271/? D/ForegroundUtils: Foreground changed, PID: 13299 UID: 10165 foreground: true
03-02 22:46:24.690 1210-2271/? D/ForegroundUtils: Foreground UID/PID combinations:
03-02 22:46:24.690 1210-2271/? D/ForegroundUtils: UID: 10014 PID: 1114
03-02 22:46:24.690 1210-2271/? D/ForegroundUtils: UID: 10165 PID: 13299
03-02 22:46:24.700 13299-13299/? V/Monotype: SetAppTypeFace- try to flip, app = com.intel.html5tools.apppreview
03-02 22:46:24.700 13299-13299/? V/Monotype: Typeface getFontPathFlipFont - systemFont = default#default
03-02 22:46:24.710 13299-13299/? V/Monotype: SetAppTypeFace- try to flip, app = com.intel.html5tools.apppreview
03-02 22:46:24.710 13299-13299/? V/Monotype: Typeface getFontPathFlipFont - systemFont = default#default
03-02 22:46:24.720 13299-13299/? I/WebViewFactory: Loading com.google.android.webview version 56.0.2924.87 (code 292408710)
03-02 22:46:24.720 13299-13299/? D/WebViewFactory: primaryArchIs64bit = false
03-02 22:46:24.740 13299-13299/? I/art: Rejecting re-init on previously-failed class java.lang.Class
03-02 22:46:24.740 13299-13299/? I/art: Rejecting re-init on previously-failed class java.lang.Class
03-02 22:46:24.750 13299-13299/? I/art: Rejecting re-init on previously-failed class java.lang.Class
03-02 22:46:24.750 13299-13299/? I/art: Rejecting re-init on previously-failed class java.lang.Class
03-02 22:46:24.750 13299-13299/? I/cr_LibraryLoader: Time to load native libraries: 2 ms (timestamps 7323-7325)
03-02 22:46:24.750 13299-13299/? I/cr_LibraryLoader: Expected native library version number "56.0.2924.87", actual native library version number "56.0.2924.87"
03-02 22:46:24.760 13299-13299/? I/cr_LibraryLoader: Expected native library version number "56.0.2924.87", actual native library version number "56.0.2924.87"
03-02 22:46:24.760 13299-13299/? I/chromium: [INFO:library_loader_hooks.cc(163)] Chromium logging enabled: level = 0, default verbosity = 0
03-02 22:46:24.770 13299-13299/? I/cr_BrowserStartup: Initializing chromium process, singleProcess=true
03-02 22:46:24.800 311-311/? I/dispmgr: waiting for message from kernel.
03-02 22:46:24.800 311-311/? I/dispmgr: message from kernel received. [
03-02 22:46:24.800 311: 311 D/ ] PwrConsWriteRegisterUlong
03-02 22:46:24.817 311-311/? I/KERNEL: [194244.757039] [DISP] brightness level = 122
03-02 22:46:24.867 311-324/? I/KERNEL: [194244.807257] [DISP] brightness level = 122
03-02 22:46:24.870 711-1279/? D/ConnectivityService: listenForNetwork for Listen from uid/pid:10165/13299 for NetworkRequest [ id=106, legacyType=-1, [ Capabilities: INTERNET&NOT_RESTRICTED&TRUSTED] ]
03-02 22:46:24.870 311-311/? I/dispmgr: waiting for message from kernel.
03-02 22:46:24.870 311-311/? I/dispmgr: message from kernel received. [
03-02 22:46:24.870 311: 311 D/ ] PwrConsWriteRegisterUlong
03-02 22:46:24.887 201-221/? I/KERNEL: [194244.827555] type=1400 audit(1488512784.870:49228): avc: denied { ioctl } for pid=357 comm="Binder_3" path="socket:[1322765]" dev="sockfs" ino=1322765 ioctlcmd=7704 scontext=u:r:surfaceflinger:s0 tcontext=u:r:surfaceflinger:s0 tclass=unix_stream_socket permissive=1
03-02 22:46:24.888 201-221/? I/KERNEL: [194244.828102] type=1400 audit(1488512784.870:49229): avc: denied { ioctl } for pid=357 comm="Binder_3" path="socket:[1322765]" dev="sockfs" ino=1322765 ioctlcmd=7704 scontext=u:r:surfaceflinger:s0 tcontext=u:r:surfaceflinger:s0 tclass=unix_stream_socket permissive=1
03-02 22:46:24.890 13299-13299/? D/SystemWebViewEngine: CordovaWebView is running on device made by: asus
03-02 22:46:24.917 311-324/? I/KERNEL: [194244.857432] [DISP] brightness level = 121
03-02 22:46:24.940 311-311/? I/dispmgr: waiting for message from kernel.
03-02 22:46:24.940 311-311/? I/dispmgr: message from kernel received. [
03-02 22:46:24.940 311: 311 D/ ] PwrConsWriteRegisterUlong
03-02 22:46:24.967 311-324/? I/KERNEL: [194244.907533] [DISP] brightness level = 120
03-02 22:46:25.018 311-324/? I/KERNEL: [194244.958076] [DISP] brightness level = 120
03-02 22:46:25.010 311-311/? I/dispmgr: waiting for message from kernel.
03-02 22:46:25.010 311-311/? I/dispmgr: message from kernel received. [
03-02 22:46:25.010 311: 311 D/ ] PwrConsWriteRegisterUlong
03-02 22:46:25.018 311-311/? I/KERNEL: [194244.958597] [DISP] brightness level = 119
03-02 22:46:25.010 13299-13325/? D/OpenGLRenderer: Use EGL_SWAP_BEHAVIOR_PRESERVED: true
03-02 22:46:25.029 201-221/? I/KERNEL: [194244.969041] type=1400 audit(1488512785.010:49230): avc: denied { ioctl } for pid=277 comm="Binder_2" path="socket:[1322767]" dev="sockfs" ino=1322767 ioctlcmd=7704 scontext=u:r:surfaceflinger:s0 tcontext=u:r:surfaceflinger:s0 tclass=unix_stream_socket permissive=1
03-02 22:46:25.029 201-221/? I/KERNEL: [194244.969575] type=1400 audit(1488512785.010:49231): avc: denied { ioctl } for pid=277 comm="Binder_2" path="socket:[1322767]" dev="sockfs" ino=1322767 ioctlcmd=7704 scontext=u:r:surfaceflinger:s0 tcontext=u:r:surfaceflinger:s0 tclass=unix_stream_socket permissive=1
03-02 22:46:25.035 201-221/? I/KERNEL: [194244.975481] type=1400 audit(1488512785.020:49232): avc: denied { ioctl } for pid=846 comm="Binder_4" path="socket:[1320956]" dev="sockfs" ino=1320956 ioctlcmd=7704 scontext=u:r:system_server:s0 tcontext=u:r:system_server:s0 tclass=unix_stream_socket permissive=1
03-02 22:46:25.020 863-863/? D/PhoneStatusBar: setSystemUiVisibility vis=8000 mask=ffffffff oldVal=8600 newVal=8000 diff=600
03-02 22:46:25.036 201-221/? I/KERNEL: [194244.976069] type=1400 audit(1488512785.020:49233): avc: denied { ioctl } for pid=846 comm="Binder_4" path="socket:[1320956]" dev="sockfs" ino=1320956 ioctlcmd=7704 scontext=u:r:system_server:s0 tcontext=u:r:system_server:s0 tclass=unix_stream_socket permissive=1
03-02 22:46:25.020 13299-13299/? V/StatusBar: StatusBar: initialization
03-02 22:46:25.040 13299-13299/? I/cr_Ime: ImeThread is enabled.
03-02 22:46:25.040 13299-13321/? W/cr_media: Requires BLUETOOTH permission
03-02 22:46:25.050 13299-13299/? D/com.intel.html5tools.apppreview.AppPreview: Incoming intent: null
03-02 22:46:25.050 13242-13242/? D/com.intel.app_analyzer.messaging.AppAnalyzerService: Bound to someone
03-02 22:46:25.067 201-221/? I/KERNEL: [194245.007341] type=1400 audit(1488512785.050:49234): avc: denied { ioctl } for pid=1283 comm="Binder_E" path="socket:[1321615]" dev="sockfs" ino=1321615 ioctlcmd=7704 scontext=u:r:system_server:s0 tcontext=u:r:system_server:s0 tclass=unix_stream_socket permissive=1
03-02 22:46:25.069 311-324/? I/KERNEL: [194245.008781] [DISP] brightness level = 119
03-02 22:46:25.060 711-1128/? D/ConnectivityService: listenForNetwork for Listen from uid/pid:10165/13299 for NetworkRequest [ id=107, legacyType=-1, [ Capabilities: INTERNET&NOT_RESTRICTED&TRUSTED] ]
03-02 22:46:25.077 201-221/? I/KERNEL: [194245.016970] type=1400 audit(1488512785.050:49235): avc: denied { ioctl } for pid=1283 comm="Binder_E" path="socket:[1321615]" dev="sockfs" ino=1321615 ioctlcmd=7704 scontext=u:r:system_server:s0 tcontext=u:r:system_server:s0 tclass=unix_stream_socket permissive=1
03-02 22:46:25.070 13299-13325/? I/OpenGLRenderer: Initialized EGL, version 1.4
03-02 22:46:25.070 13299-13325/? W/OpenGLRenderer: Failed to choose config with EGL_SWAP_BEHAVIOR_PRESERVED, retrying without...
03-02 22:46:25.119 311-324/? I/KERNEL: [194245.058984] [DISP] brightness level = 118
03-02 22:46:25.129 201-221/? I/KERNEL: [194245.068851] type=1400 audit(1488512785.120:49236): avc: denied { ioctl } for pid=1283 comm="Binder_E" path="socket:[1321620]" dev="sockfs" ino=1321620 ioctlcmd=7704 scontext=u:r:system_server:s0 tcontext=u:r:system_server:s0 tclass=unix_stream_socket permissive=1
03-02 22:46:25.129 201-221/? I/KERNEL: [194245.069391] type=1400 audit(1488512785.120:49237): avc: denied { ioctl } for pid=1283 comm="Binder_E" path="socket:[1321620]" dev="sockfs" ino=1321620 ioctlcmd=7704 scontext=u:r:system_server:s0 tcontext=u:r:system_server:s0 tclass=unix_stream_socket permissive=1
03-02 22:46:25.120 13299-13336/? E/libEGL: validate_display:255 error 3008 (EGL_BAD_DISPLAY)
03-02 22:46:25.130 5784-5784/? D/XT9IME: onStartInput isInputViewShown() = false isShowInputRequested() = false
03-02 22:46:25.159 201-221/? I/KERNEL: [194245.098684] type=1400 audit(1488512785.130:49238): avc: denied { ioctl } for pid=1128 comm="Binder_6" path="socket:[1321619]" dev="sockfs" ino=1321619 ioctlcmd=7704 scontext=u:r:system_server:s0 tcontext=u:r:system_server:s0 tclass=unix_stream_socket permissive=1
03-02 22:46:25.168 201-221/? I/KERNEL: [194245.108453] type=1400 audit(1488512785.130:49239): avc: denied { ioctl } for pid=1128 comm="Binder_6" path="socket:[1321619]" dev="sockfs" ino=1321619 ioctlcmd=7704 scontext=u:r:system_server:s0 tcontext=u:r:system_server:s0 tclass=unix_stream_socket permissive=1
03-02 22:46:25.169 311-324/? I/KERNEL: [194245.109151] [DISP] brightness level = 117
03-02 22:46:25.219 311-324/? I/KERNEL: [194245.159280] [DISP] brightness level = 117
03-02 22:46:25.220 13299-13336/? I/VideoCapabilities: Unsupported profile 4 for video/mp4v-es
03-02 22:46:25.240 13299-13299/? D/com.intel.html5tools.apppreview.AppPreview: Connected to service
03-02 22:46:25.240 13242-13242/? D/com.intel.app_analyzer.messaging.AppAnalyzerService: Incoming message of type: 1
03-02 22:46:25.269 311-324/? I/KERNEL: [194245.209430] [DISP] brightness level = 116
03-02 22:46:25.319 311-324/? I/KERNEL: [194245.259574] [DISP] brightness level = 116
03-02 22:46:25.330 711-730/? I/ActivityManager: Displayed com.intel.html5tools.apppreview/.AppPreview: +668ms [aosp]
03-02 22:46:25.330 863-863/? D/PhoneStatusBar: setSystemUiVisibility vis=0 mask=ffffffff oldVal=8000 newVal=0 diff=8000
03-02 22:46:25.340 13299-13299/? W/cr_BindingManager: Cannot call determinedVisibility() - never saw a connection for the pid: 13299
03-02 22:46:25.340 1114-1114/? D/saved_wallpaper_scroll: save cur wallpaper offset x: 0.5, State: APPS_CUSTOMIZE
03-02 22:46:25.340 1114-1114/? D/LauncherLog: Launcher onStop Begin
03-02 22:46:25.350 1114-1114/? D/LauncherLog: Launcher onStop End
03-02 22:46:25.350 1616-1616/? D/TaskWatcherService: pkgName: com.intel.html5tools.apppreview taskId: 1056
03-02 22:46:25.350 1616-1616/? D/PowerSaverUtils: isLimitedCpuFrequency prop : 1 ; result : true
03-02 22:46:25.350 1616-1616/? W/ContextImpl: Calling a method in the system process without a qualified user: android.app.ContextImpl.startService:1242 android.content.ContextWrapper.startService:588 com.asus.powersaver.TaskWatcherService$IncomingHandler.handleMessage:-1 android.os.Handler.dispatchMessage:102 android.os.Looper.loop:148
03-02 22:46:25.350 1616-1616/? D/PowerSaverService: onStartCommand PowerSaverService
03-02 22:46:25.350 1616-1616/? D/PowerSaverUtils: isLimitedCpuFrequency prop : 1 ; result : true
03-02 22:46:25.350 1616-1635/? D/OpenedTimeAppInfoProvider: Update DB : number of affected records : 1
03-02 22:46:25.350 1616-1616/? D/PowerSaverService: current package:com.intel.html5tools.apppreview;activity:com.intel.html5tools.apppreview.AppPreview
03-02 22:46:25.360 1616-1616/? D/PowerSaverUtils: isLimitedCpuFrequency prop : 1 ; result : true
03-02 22:46:25.360 1114-1114/? D/FirebaseApp: Notifying background state change listeners.
03-02 22:46:25.370 311-324/? I/KERNEL: [194245.309720] [DISP] brightness level = 115
03-02 22:46:25.360 1114-1114/? V/GoogleTagManager: Dispatch call queued. Dispatch will run once initialization is complete.
03-02 22:46:25.370 1210-1240/? D/ForegroundUtils: Foreground changed, PID: 1114 UID: 10014 foreground: false
03-02 22:46:25.370 1210-1240/? D/ForegroundUtils: Foreground UID/PID combinations:
03-02 22:46:25.370 1210-1240/? D/ForegroundUtils: UID: 10165 PID: 13299
03-02 22:46:25.380 1616-1731/? W/ContextImpl: Calling a method in the system process without a qualified user: android.app.ContextImpl.bindService:1306 android.content.ContextWrapper.bindService:611 com.google.android.gms.common.stats.b.a:-1 com.google.android.gms.common.stats.b.a:-1 com.google.android.gms.analytics.internal.zzh$zza.zzhi:-1
03-02 22:46:25.420 311-324/? I/KERNEL: [194245.359918] [DISP] brightness level = 114
03-02 22:46:25.430 13299-13299/? D/JsMessageQueue: Set native->JS mode to OnlineEventsBridgeMode
03-02 22:46:25.430 711-808/? D/ConnectivityService: releasing NetworkRequest NetworkRequest [ id=106, legacyType=-1, [ Capabilities: INTERNET&NOT_RESTRICTED&TRUSTED] ]
03-02 22:46:25.440 311-311/? I/dispmgr: waiting for message from kernel.
03-02 22:46:25.440 311-311/? I/dispmgr: message from kernel received. [
03-02 22:46:25.440 311: 311 D/ ] PwrConsWriteRegisterUlong
03-02 22:46:25.453 311-311/? I/KERNEL: [194245.393413] [DISP] brightness level = 114
03-02 22:46:25.504 311-324/? I/KERNEL: [194245.443603] [DISP] brightness level = 113
03-02 22:46:25.510 311-311/? I/dispmgr: waiting for message from kernel.
03-02 22:46:25.510 311-311/? I/dispmgr: message from kernel received. [
03-02 22:46:25.510 311: 311 D/ ] PwrConsWriteRegisterUlong
03-02 22:46:25.520 311-311/? I/KERNEL: [194245.460444] [DISP] brightness level = 114
03-02 22:46:25.571 311-324/? I/KERNEL: [194245.510751] [DISP] brightness level = 114
03-02 22:46:25.570 311-311/? I/dispmgr: waiting for message from kernel.
03-02 22:46:25.570 311-311/? I/dispmgr: message from kernel received. [
03-02 22:46:25.570 311: 311 D/ ] PwrConsWriteRegisterUlong
03-02 22:46:25.621 311-324/? I/KERNEL: [194245.560954] [DISP] brightness level = 115
03-02 22:46:25.671 311-324/? I/KERNEL: [194245.611180] [DISP] brightness level = 116
03-02 22:46:25.721 311-324/? I/KERNEL: [194245.661444] [DISP] brightness level = 116
03-02 22:46:25.772 311-324/? I/KERNEL: [194245.711714] [DISP] brightness level = 117
03-02 22:46:25.822 311-324/? I/KERNEL: [194245.761985] [DISP] brightness level = 117
03-02 22:46:25.872 311-324/? I/KERNEL: [194245.812175] [DISP] brightness level = 118
03-02 22:46:25.923 311-324/? I/KERNEL: [194245.862728] [DISP] brightness level = 118
03-02 22:46:25.960 266-291/? D/hwcomposer: void android::intel::UeventObserver::onUevent(): received Uevent: REPEATED_FRAME
03-02 22:46:25.960 266-291/? D/hwcomposer: virtual void android::intel::Hwcomposer::invalidate(): invalidating screen...
03-02 22:46:25.973 311-324/? I/KERNEL: [194245.913200] [DISP] brightness level = 119
03-02 22:46:25.960 266-266/? D/hwcomposer: void android::intel::DisplayAnalyzer::handleIdleEntryEvent(int): handling idle entry event, count 0
03-02 22:46:26.010 13299-13349/? I/art: System.exit called, status: 1
03-02 22:46:26.010 13299-13349/? I/AndroidRuntime: VM exiting with result code 1, cleanup skipped.
03-02 22:46:26.024 311-324/? I/KERNEL: [194245.963463] [DISP] brightness level = 120
03-02 22:46:26.030 711-797/? W/InputDispatcher: channel '199766d com.intel.html5tools.apppreview/com.intel.html5tools.apppreview.AppPreview (server)' ~ Consumer closed input channel or an error occurred. events=0x9
03-02 22:46:26.030 711-797/? E/InputDispatcher: channel '199766d com.intel.html5tools.apppreview/com.intel.html5tools.apppreview.AppPreview (server)' ~ Channel is unrecoverably broken and will be disposed!
03-02 22:46:26.030 711-797/? W/InputDispatcher: channel '3c8023e com.intel.html5tools.apppreview/com.intel.html5tools.apppreview.AppPreview (server)' ~ Consumer closed input channel or an error occurred. events=0x9
03-02 22:46:26.030 711-797/? E/InputDispatcher: channel '3c8023e com.intel.html5tools.apppreview/com.intel.html5tools.apppreview.AppPreview (server)' ~ Channel is unrecoverably broken and will be disposed!
03-02 22:46:26.030 711-722/? D/GraphicsStats: Buffer count: 9
03-02 22:46:26.030 711-844/? I/WindowState: WIN DEATH: Window{3c8023e u0 com.intel.html5tools.apppreview/com.intel.html5tools.apppreview.AppPreview}
03-02 22:46:26.030 711-844/? W/InputDispatcher: Attempted to unregister already unregistered input channel '3c8023e com.intel.html5tools.apppreview/com.intel.html5tools.apppreview.AppPreview (server)'
03-02 22:46:26.030 711-1283/? D/ConnectivityService: ConnectivityService NetworkRequestInfo binderDied(NetworkRequest [ id=107, legacyType=-1, [ Capabilities: INTERNET&NOT_RESTRICTED&TRUSTED] ], android.os.BinderProxy@6935723)
03-02 22:46:26.030 13242-13254/? D/com.intel.app_analyzer.messaging.AppAnalyzerService: Runtime died, we don't know which one died.
03-02 22:46:26.030 711-808/? D/ConnectivityService: releasing NetworkRequest NetworkRequest [ id=107, legacyType=-1, [ Capabilities: INTERNET&NOT_RESTRICTED&TRUSTED] ]
03-02 22:46:26.030 711-808/? E/ConnectivityService: RemoteException caught trying to send a callback msg for NetworkRequest [ id=107, legacyType=-1, [ Capabilities: INTERNET&NOT_RESTRICTED&TRUSTED] ]
03-02 22:46:26.047 711-808/? I/KERNEL: [194245.986743] binder: 711:808 transaction failed 29189, size 328-0
03-02 22:46:26.040 863-863/? D/PhoneStatusBar: setSystemUiVisibility vis=8000 mask=ffffffff oldVal=0 newVal=8000 diff=8000
03-02 22:46:26.040 711-1330/? W/InputDispatcher: Attempted to unregister already unregistered input channel '199766d com.intel.html5tools.apppreview/com.intel.html5tools.apppreview.AppPreview (server)'
03-02 22:46:26.040 711-1330/? I/WindowState: WIN DEATH: Window{199766d u0 com.intel.html5tools.apppreview/com.intel.html5tools.apppreview.AppPreview}
03-02 22:46:26.050 266-266/? D/hwcomposer: void android::intel::DisplayAnalyzer::handleIdleExitEvent(): handling idle exit event
03-02 22:46:26.050 863-863/? D/PhoneStatusBar: setSystemUiVisibility vis=8600 mask=ffffffff oldVal=8000 newVal=8600 diff=600
03-02 22:46:26.074 311-324/? I/KERNEL: [194246.013551] [DISP] brightness level = 120
03-02 22:46:26.080 316-316/? I/Zygote: Process 13299 exited cleanly (1)
03-02 22:46:26.080 711-1280/? I/ActivityManager: Process com.intel.html5tools.apppreview (pid 13299) has died
03-02 22:46:26.080 711-1280/? D/ActivityManager: cleanUpApplicationRecord -- 13299
03-02 22:46:26.080 711-1280/? W/ActivityManager: Force removing ActivityRecord{e9b198c u0 com.intel.html5tools.apppreview/.AppPreview t1056}: app died, no saved state
03-02 22:46:26.080 13242-13242/? D/com.intel.app_analyzer.messaging.AppAnalyzerService: Unbound from everyone
03-02 22:46:26.090 711-1280/? D/WindowManager: adjustConfigurationLw, config:{0 1.0 ?mcc?mnc ?locale ?layoutDir sw360dp w360dp h616dp 480dpi nrml long port ?uimode ?night finger -keyb/v/h -nav/v} mLidState:1 mHasDockFeature:false mHasKeyboardFeature:false mHasHallSensorFeature:true config.hardKeyboardHidden:2
03-02 22:46:26.090 711-726/? D/ActivityManager: checkHomeScreen
03-02 22:46:26.090 711-726/? D/ActivityManager: Send ACTION_HOME_SCREEN intent
03-02 22:46:26.090 711-726/? D/ActivityManager: checkHomeScreen
03-02 22:46:26.090 1210-1228/? D/ForegroundUtils: Foreground changed, PID: 1114 UID: 10014 foreground: true
03-02 22:46:26.090 1210-1228/? D/ForegroundUtils: Foreground UID/PID combinations:
03-02 22:46:26.090 1210-1228/? D/ForegroundUtils: UID: 10014 PID: 1114
03-02 22:46:26.090 1210-1228/? D/ForegroundUtils: UID: 10165 PID: 13299
03-02 22:46:26.090 1210-1228/? D/ForegroundUtils: Process died; UID 10165 PID 13299
03-02 22:46:26.090 1210-1228/? D/ForegroundUtils: Foreground changed, PID: 13299 UID: 10165 foreground: false
03-02 22:46:26.090 1210-1228/? D/ForegroundUtils: Foreground UID/PID combinations:
03-02 22:46:26.090 1210-1228/? D/ForegroundUtils: UID: 10014 PID: 1114
03-02 22:46:26.100 1114-1114/? V/WallpaperManager: peekWallpaperBitmap, returnDefault: true
03-02 22:46:26.100 1114-1114/? V/WallpaperManager: return cached wallpaper
03-02 22:46:26.118 201-221/? I/KERNEL: [194246.058150] type=1400 audit(1488512786.110:49240): avc: denied { ioctl } for pid=944 comm="Binder_5" path="socket:[1323132]" dev="sockfs" ino=1323132 ioctlcmd=7704 scontext=u:r:system_server:s0 tcontext=u:r:system_server:s0 tclass=unix_stream_socket permissive=1
03-02 22:46:26.118 201-221/? I/KERNEL: [194246.058283] type=1400 audit(1488512786.110:49241): avc: denied { ioctl } for pid=944 comm="Binder_5" path="socket:[1323132]" dev="sockfs" ino=1323132 ioctlcmd=7704 scontext=u:r:system_server:s0 tcontext=u:r:system_server:s0 tclass=unix_stream_socket permissive=1
03-02 22:46:26.124 311-324/? I/KERNEL: [194246.063633] [DISP] brightness level = 121
03-02 22:46:26.130 311-311/? I/dispmgr: waiting for message from kernel.
03-02 22:46:26.130 311-311/? I/dispmgr: message from kernel received. [
03-02 22:46:26.130 311: 311 D/ ] PwrConsWriteRegisterUlong
03-02 22:46:26.140 311-311/? I/KERNEL: [194246.080148] [DISP] brightness level = 120
03-02 22:46:26.130 1114-1114/? V/Launcher: [onResume] called
03-02 22:46:26.130 1114-1114/? D/FirebaseApp: Notifying background state change listeners.
03-02 22:46:26.130 1114-1114/? I/Launcher: Time spent in onResume: 2ms
03-02 22:46:26.130 1114-1449/? D/[NotificationManager]: [isQuickFindTipFinished] finished: true
03-02 22:46:26.140 1114-1114/? V/Launcher: [onWindowFocusChanged]: true, takes: 0ms
03-02 22:46:26.140 711-846/? W/InputMethodManagerService: Got RemoteException sending setActive(false) notification to pid 13299 uid 10165
03-02 22:46:26.163 201-221/? I/KERNEL: [194246.102447] type=1400 audit(1488512786.150:49242): avc: denied { ioctl } for pid=846 comm="Binder_4" path="socket:[237652]" dev="sockfs" ino=237652 ioctlcmd=7704 scontext=u:r:system_server:s0 tcontext=u:r:system_server:s0 tclass=unix_stream_socket permissive=1
03-02 22:46:26.163 201-221/? I/KERNEL: [194246.102720] type=1400 audit(1488512786.150:49243): avc: denied { ioctl } for pid=846 comm="Binder_4" path="socket:[237652]" dev="sockfs" ino=237652 ioctlcmd=7704 scontext=u:r:system_server:s0 tcontext=u:r:system_server:s0 tclass=unix_stream_socket permissive=1
03-02 22:46:26.150 5784-5784/? D/XT9IME: onStartInput isInputViewShown() = false isShowInputRequested() = false
03-02 22:46:26.191 311-324/? I/KERNEL: [194246.130443] [DISP] brightness level = 120
03-02 22:46:26.241 311-324/? I/KERNEL: [194246.180558] [DISP] brightness level = 119
03-02 22:46:26.280 863-863/? V/ImageWallpaper: onVisibilityChanged: dds = false
03-02 22:46:26.291 311-324/? I/KERNEL: [194246.230686] [DISP] brightness level = 118
03-02 22:46:26.290 1616-1635/? D/OpenedTimeAppInfoProvider: Update DB : number of affected records : 1
03-02 22:46:26.290 1616-1616/? D/TaskWatcherService: pkgName: com.asus.launcher taskId: 755
03-02 22:46:26.290 1616-1616/? D/PowerSaverUtils: isLimitedCpuFrequency prop : 1 ; result : true
03-02 22:46:26.290 1616-1616/? W/ContextImpl: Calling a method in the system process without a qualified user: android.app.ContextImpl.startService:1242 android.content.ContextWrapper.startService:588 com.asus.powersaver.TaskWatcherService$IncomingHandler.handleMessage:-1 android.os.Handler.dispatchMessage:102 android.os.Looper.loop:148
03-02 22:46:26.290 1616-1616/? D/PowerSaverService: onStartCommand PowerSaverService
03-02 22:46:26.290 1616-1616/? D/PowerSaverUtils: isLimitedCpuFrequency prop : 1 ; result : true
03-02 22:46:26.290 1616-1616/? D/PowerSaverService: current package:com.asus.launcher;activity:com.android.launcher3.Launcher
03-02 22:46:26.300 1616-1616/? D/PowerSaverUtils: isLimitedCpuFrequency prop : 1 ; result : true
03-02 22:46:26.341 311-324/? I/KERNEL: [194246.280817] [DISP] brightness level = 118
03-02 22:46:26.380 311-311/? I/dispmgr: waiting for message from kernel.
03-02 22:46:26.380 311-311/? I/dispmgr: message from kernel received. [
03-02 22:46:26.380 311: 311 D/ ] PwrConsWriteRegisterUlong
03-02 22:46:26.391 311-311/? I/KERNEL: [194246.330545] [DISP] brightness level = 117
03-02 22:46:26.430 266-291/? D/hwcomposer: void android::intel::UeventObserver::onUevent(): received Uevent: REPEATED_FRAME
03-02 22:46:26.430 266-291/? D/hwcomposer: virtual void android::intel::Hwcomposer::invalidate(): invalidating screen...
03-02 22:46:26.441 311-324/? I/KERNEL: [194246.380882] [DISP] brightness level = 116
03-02 22:46:26.430 266-266/? D/hwcomposer: void android::intel::DisplayAnalyzer::handleIdleEntryEvent(int): handling idle entry event, count 0
03-02 22:46:26.491 311-324/? I/KERNEL: [194246.431141] [DISP] brightness level = 116
03-02 22:46:26.542 311-324/? I/KERNEL: [194246.481403] [DISP] brightness level = 115
03-02 22:46:26.530 266-266/? D/hwcomposer: void android::intel::DisplayAnalyzer::handleIdleExitEvent(): handling idle exit event
03-02 22:46:26.592 311-324/? I/KERNEL: [194246.531937] [DISP] brightness level = 115
03-02 22:46:26.600 266-291/? D/hwcomposer: void android::intel::UeventObserver::onUevent(): received Uevent: REPEATED_FRAME
03-02 22:46:26.600 266-291/? D/hwcomposer: virtual void android::intel::Hwcomposer::invalidate(): invalidating screen...
03-02 22:46:26.600 266-266/? D/hwcomposer: void android::intel::DisplayAnalyzer::handleIdleEntryEvent(int): handling idle entry event, count 0
03-02 22:46:26.643 311-324/? I/KERNEL: [194246.582482] [DISP] brightness level = 114
03-02 22:46:26.693 311-324/? I/KERNEL: [194246.632916] [DISP] brightness level = 114
03-02 22:46:26.710 1114-1592/? W/OpenGLRenderer: Incorrectly called buildLayer on View: qw, destroying layer...
03-02 22:46:26.710 1114-1592/? W/OpenGLRenderer: Incorrectly called buildLayer on View: qw, destroying layer...
03-02 22:46:26.720 266-266/? D/hwcomposer: void android::intel::DisplayAnalyzer::handleIdleExitEvent(): handling idle exit event
03-02 22:46:26.743 311-324/? I/KERNEL: [194246.683108] [DISP] brightness level = 113
03-02 22:46:26.780 266-291/? D/hwcomposer: void android::intel::UeventObserver::onUevent(): received Uevent: REPEATED_FRAME
03-02 22:46:26.780 266-291/? D/hwcomposer: virtual void android::intel::Hwcomposer::invalidate(): invalidating screen...
03-02 22:46:26.780 266-266/? D/hwcomposer: void android::intel::DisplayAnalyzer::handleIdleEntryEvent(int): handling idle entry event, count 0
03-02 22:46:26.890 266-266/? D/hwcomposer: void android::intel::DisplayAnalyzer::handleIdleExitEvent(): handling idle exit event
03-02 22:46:30.100 266-291/? D/hwcomposer: void android::intel::UeventObserver::onUevent(): received Uevent: REPEATED_FRAME
03-02 22:46:30.100 266-291/? D/hwcomposer: virtual void android::intel::Hwcomposer::invalidate(): invalidating screen...
03-02 22:46:30.100 266-266/? D/hwcomposer: void android::intel::DisplayAnalyzer::handleIdleEntryEvent(int): handling idle entry event, count 0
03-02 22:46:30.390 266-266/? D/hwcomposer: void android::intel::DisplayAnalyzer::handleIdleExitEvent(): handling idle exit event
03-02 22:46:30.460 266-291/? D/hwcomposer: void android::intel::UeventObserver::onUevent(): received Uevent: REPEATED_FRAME
03-02 22:46:30.460 266-291/? D/hwcomposer: virtual void android::intel::Hwcomposer::invalidate(): invalidating screen...
03-02 22:46:30.470 266-266/? D/hwcomposer: void android::intel::DisplayAnalyzer::handleIdleEntryEvent(int): handling idle entry event, count 0
03-02 22:46:30.690 266-266/? D/hwcomposer: void android::intel::DisplayAnalyzer::handleIdleExitEvent(): handling idle exit event
03-02 22:46:30.750 266-291/? D/hwcomposer: void android::intel::UeventObserver::onUevent(): received Uevent: REPEATED_FRAME
03-02 22:46:30.750 266-291/? D/hwcomposer: virtual void android::intel::Hwcomposer::invalidate(): invalidating screen...
03-02 22:46:30.750 266-266/? D/hwcomposer: void android::intel::DisplayAnalyzer::handleIdleEntryEvent(int): handling idle entry event, count 0
03-02 22:46:30.970 266-266/? D/hwcomposer: void android::intel::DisplayAnalyzer::handleIdleExitEvent(): handling idle exit event
03-02 22:46:31.050 266-291/? D/hwcomposer: void android::intel::UeventObserver::onUevent(): received Uevent: REPEATED_FRAME
03-02 22:46:31.050 266-291/? D/hwcomposer: virtual void android::intel::Hwcomposer::invalidate(): invalidating screen...
03-02 22:46:31.050 266-266/? D/hwcomposer: void android::intel::DisplayAnalyzer::handleIdleEntryEvent(int): handling idle entry event, count 0
03-02 22:46:31.270 266-266/? D/hwcomposer: void android::intel::DisplayAnalyzer::handleIdleExitEvent(): handling idle exit event
03-02 22:46:31.340 266-291/? D/hwcomposer: void android::intel::UeventObserver::onUevent(): received Uevent: REPEATED_FRAME
03-02 22:46:31.340 266-291/? D/hwcomposer: virtual void android::intel::Hwcomposer::invalidate(): invalidating screen...
03-02 22:46:31.340 266-266/? D/hwcomposer: void android::intel::DisplayAnalyzer::handleIdleEntryEvent(int): handling idle entry event, count 0
03-02 22:46:31.560 266-266/? D/hwcomposer: void android::intel::DisplayAnalyzer::handleIdleExitEvent(): handling idle exit event
03-02 22:46:31.621 267-267/? I/KERNEL: [194251.559590] intel_scu_watchdog_evo: watchdog_keepalive
03-02 22:46:31.640 266-291/? D/hwcomposer: void android::intel::UeventObserver::onUevent(): received Uevent: REPEATED_FRAME
03-02 22:46:31.640 266-291/? D/hwcomposer: virtual void android::intel::Hwcomposer::invalidate(): invalidating screen...
03-02 22:46:31.640 266-266/? D/hwcomposer: void android::intel::DisplayAnalyzer::handleIdleEntryEvent(int): handling idle entry event, count 0
03-02 22:46:31.860 266-266/? D/hwcomposer: void android::intel::DisplayAnalyzer::handleIdleExitEvent(): handling idle exit event
03-02 22:46:31.940 266-291/? D/hwcomposer: void android::intel::UeventObserver::onUevent(): received Uevent: REPEATED_FRAME
03-02 22:46:31.940 266-291/? D/hwcomposer: virtual void android::intel::Hwcomposer::invalidate(): invalidating screen...
03-02 22:46:31.940 266-266/? D/hwcomposer: void android::intel::DisplayAnalyzer::handleIdleEntryEvent(int): handling idle entry event, count 0
03-02 22:46:32.140 266-266/? D/hwcomposer: void android::intel::DisplayAnalyzer::handleIdleExitEvent(): handling idle exit event
03-02 22:46:32.220 266-291/? D/hwcomposer: void android::intel::UeventObserver::onUevent(): received Uevent: REPEATED_FRAME
03-02 22:46:32.220 266-291/? D/hwcomposer: virtual void android::intel::Hwcomposer::invalidate(): invalidating screen...
03-02 22:46:32.220 266-266/? D/hwcomposer: void android::intel::DisplayAnalyzer::handleIdleEntryEvent(int): handling idle entry event, count 0
03-02 22:46:32.460 266-266/? D/hwcomposer: void android::intel::DisplayAnalyzer::handleIdleExitEvent(): handling idle exit event
03-02 22:46:32.520 266-291/? D/hwcomposer: void android::intel::UeventObserver::onUevent(): received Uevent: REPEATED_FRAME
03-02 22:46:32.520 266-291/? D/hwcomposer: virtual void android::intel::Hwcomposer::invalidate(): invalidating screen...
03-02 22:46:32.530 266-266/? D/hwcomposer: void android::intel::DisplayAnalyzer::handleIdleEntryEvent(int): handling idle entry event, count 0
03-02 22:46:32.730 266-266/? D/hwcomposer: void android::intel::DisplayAnalyzer::handleIdleExitEvent(): handling idle exit event
03-02 22:46:32.810 266-291/? D/hwcomposer: void android::intel::UeventObserver::onUevent(): received Uevent: REPEATED_FRAME
03-02 22:46:32.810 266-291/? D/hwcomposer: virtual void android::intel::Hwcomposer::invalidate(): invalidating screen...
03-02 22:46:32.820 266-266/? D/hwcomposer: void android::intel::DisplayAnalyzer::handleIdleEntryEvent(int): handling idle entry event, count 0
03-02 22:46:33.030 266-266/? D/hwcomposer: void android::intel::DisplayAnalyzer::handleIdleExitEvent(): handling idle exit event
03-02 22:46:33.090 266-291/? D/hwcomposer: void android::intel::UeventObserver::onUevent(): received Uevent: REPEATED_FRAME
03-02 22:46:33.090 266-291/? D/hwcomposer: virtual void android::intel::Hwcomposer::invalidate(): invalidating screen...
03-02 22:46:33.100 266-266/? D/hwcomposer: void android::intel::DisplayAnalyzer::handleIdleEntryEvent(int): handling idle entry event, count 0
03-02 22:46:33.310 266-266/? D/hwcomposer: void android::intel::DisplayAnalyzer::handleIdleExitEvent(): handling idle exit event
03-02 22:46:33.390 266-291/? D/hwcomposer: void android::intel::UeventObserver::onUevent(): received Uevent: REPEATED_FRAME
03-02 22:46:33.390 266-291/? D/hwcomposer: virtual void android::intel::Hwcomposer::invalidate(): invalidating screen...
03-02 22:46:33.400 266-266/? D/hwcomposer: void android::intel::DisplayAnalyzer::handleIdleEntryEvent(int): handling idle entry event, count 0
03-02 22:46:33.610 266-266/? D/hwcomposer: void android::intel::DisplayAnalyzer::handleIdleExitEvent(): handling idle exit event
03-02 22:46:33.690 266-291/? D/hwcomposer: void android::intel::UeventObserver::onUevent(): received Uevent: REPEATED_FRAME
03-02 22:46:33.690 266-291/? D/hwcomposer: virtual void android::intel::Hwcomposer::invalidate(): invalidating screen...
03-02 22:46:33.700 266-266/? D/hwcomposer: void android::intel::DisplayAnalyzer::handleIdleEntryEvent(int): handling idle entry event, count 0
03-02 22:46:33.920 266-266/? D/hwcomposer: void android::intel::DisplayAnalyzer::handleIdleExitEvent(): handling idle exit event
03-02 22:46:33.980 266-291/? D/hwcomposer: void android::intel::UeventObserver::onUevent(): received Uevent: REPEATED_FRAME
03-02 22:46:33.980 266-291/? D/hwcomposer: virtual void android::intel::Hwcomposer::invalidate(): invalidating screen...
03-02 22:46:33.980 266-266/? D/hwcomposer: void android::intel::DisplayAnalyzer::handleIdleEntryEvent(int): handling idle entry event, count 0
03-02 22:46:34.190 266-266/? D/hwcomposer: void android::intel::DisplayAnalyzer::handleIdleExitEvent(): handling idle exit event
03-02 22:46:34.260 266-291/? D/hwcomposer: void android::intel::UeventObserver::onUevent(): received Uevent: REPEATED_FRAME
03-02 22:46:34.260 266-291/? D/hwcomposer: virtual void android::intel::Hwcomposer::invalidate(): invalidating screen...
03-02 22:46:34.270 266-266/? D/hwcomposer: void android::intel::DisplayAnalyzer::handleIdleEntryEvent(int): handling idle entry event, count 0
03-02 22:46:34.500 266-266/? D/hwcomposer: void android::intel::DisplayAnalyzer::handleIdleExitEvent(): handling idle exit event
03-02 22:46:34.570 266-291/? D/hwcomposer: void android::intel::UeventObserver::onUevent(): received Uevent: REPEATED_FRAME
03-02 22:46:34.570 266-291/? D/hwcomposer: virtual void android::intel::Hwcomposer::invalidate(): invalidating screen...
03-02 22:46:34.570 266-266/? D/hwcomposer: void android::intel::DisplayAnalyzer::handleIdleEntryEvent(int): handling idle entry event, count 0
03-02 22:46:34.770 266-266/? D/hwcomposer: void android::intel::DisplayAnalyzer::handleIdleExitEvent(): handling idle exit event
03-02 22:46:34.850 266-291/? D/hwcomposer: void android::intel::UeventObserver::onUevent(): received Uevent: REPEATED_FRAME
03-02 22:46:34.850 266-291/? D/hwcomposer: virtual void android::intel::Hwcomposer::invalidate(): invalidating screen...
03-02 22:46:34.850 266-266/? D/hwcomposer: void android::intel::DisplayAnalyzer::handleIdleEntryEvent(int): handling idle entry event, count 0
03-02 22:46:35.060 266-266/? D/hwcomposer: void android::intel::DisplayAnalyzer::handleIdleExitEvent(): handling idle exit event
03-02 22:46:35.150 266-291/? D/hwcomposer: void android::intel::UeventObserver::onUevent(): received Uevent: REPEATED_FRAME
03-02 22:46:35.150 266-291/? D/hwcomposer: virtual void android::intel::Hwcomposer::invalidate(): invalidating screen...
03-02 22:46:35.150 266-266/? D/hwcomposer: void android::intel::DisplayAnalyzer::handleIdleEntryEvent(int): handling idle entry event, count 0
03-02 22:46:35.360 266-266/? D/hwcomposer: void android::intel::DisplayAnalyzer::handleIdleExitEvent(): handling idle exit event
03-02 22:46:35.430 266-291/? D/hwcomposer: void android::intel::UeventObserver::onUevent(): received Uevent: REPEATED_FRAME
03-02 22:46:35.430 266-291/? D/hwcomposer: virtual void android::intel::Hwcomposer::invalidate(): invalidating screen...
03-02 22:46:35.440 266-266/? D/hwcomposer: void android::intel::DisplayAnalyzer::handleIdleEntryEvent(int): handling idle entry event, count 0
03-02 22:46:35.640 266-266/? D/hwcomposer: void android::intel::DisplayAnalyzer::handleIdleExitEvent(): handling idle exit event
03-02 22:46:35.720 266-291/? D/hwcomposer: void android::intel::UeventObserver::onUevent(): received Uevent: REPEATED_FRAME
03-02 22:46:35.720 266-291/? D/hwcomposer: virtual void android::intel::Hwcomposer::invalidate(): invalidating screen...
03-02 22:46:35.720 266-266/? D/hwcomposer: void android::intel::DisplayAnalyzer::handleIdleEntryEvent(int): handling idle entry event, count 0
03-02 22:46:35.930 266-266/? D/hwcomposer: void android::intel::DisplayAnalyzer::handleIdleExitEvent(): handling idle exit event
03-02 22:46:36.000 266-291/? D/hwcomposer: void android::intel::UeventObserver::onUevent(): received Uevent: REPEATED_FRAME
03-02 22:46:36.000 266-291/? D/hwcomposer: virtual void android::intel::Hwcomposer::invalidate(): invalidating screen...
03-02 22:46:36.010 266-266/? D/hwcomposer: void android::intel::DisplayAnalyzer::handleIdleEntryEvent(int): handling idle entry event, count 0
03-02 22:46:36.240 266-266/? D/hwcomposer: void android::intel::DisplayAnalyzer::handleIdleExitEvent(): handling idle exit event
03-02 22:46:36.310 266-291/? D/hwcomposer: void android::intel::UeventObserver::onUevent(): received Uevent: REPEATED_FRAME
03-02 22:46:36.310 266-291/? D/hwcomposer: virtual void android::intel::Hwcomposer::invalidate(): invalidating screen...
03-02 22:46:36.310 266-266/? D/hwcomposer: void android::intel::DisplayAnalyzer::handleIdleEntryEvent(int): handling idle entry event, count 0
03-02 22:46:36.510 266-266/? D/hwcomposer: void android::intel::DisplayAnalyzer::handleIdleExitEvent(): handling idle exit event
03-02 22:46:36.590 266-291/? D/hwcomposer: void android::intel::UeventObserver::onUevent(): received Uevent: REPEATED_FRAME
03-02 22:46:36.590 266-291/? D/hwcomposer: virtual void android::intel::Hwcomposer::invalidate(): invalidating screen...
03-02 22:46:36.590 266-266/? D/hwcomposer: void android::intel::DisplayAnalyzer::handleIdleEntryEvent(int): handling idle entry event, count 0
03-02 22:46:36.830 266-266/? D/hwcomposer: void android::intel::DisplayAnalyzer::handleIdleExitEvent(): handling idle exit event
03-02 22:46:36.890 266-291/? D/hwcomposer: void android::intel::UeventObserver::onUevent(): received Uevent: REPEATED_FRAME
03-02 22:46:36.890 266-291/? D/hwcomposer: virtual void android::intel::Hwcomposer::invalidate(): invalidating screen...
03-02 22:46:36.890 266-266/? D/hwcomposer: void android::intel::DisplayAnalyzer::handleIdleEntryEvent(int): handling idle entry event, count 0
03-02 22:46:37.100 266-266/? D/hwcomposer: void android::intel::DisplayAnalyzer::handleIdleExitEvent(): handling idle exit event
03-02 22:46:37.170 266-291/? D/hwcomposer: void android::intel::UeventObserver::onUevent(): received Uevent: REPEATED_FRAME
03-02 22:46:37.170 266-291/? D/hwcomposer: virtual void android::intel::Hwcomposer::invalidate(): invalidating screen...
