03-02 22:46:55.240 302-746/? D/RouteManager: audio-parameter-manager: } Applying configurations
03-02 22:46:55.240 302-746/? D/RouteManager: audio-parameter-manager: } Configuration application request
03-02 22:46:55.240 302-746/? D/EVENT_THREAD: void CEventThread::run() Do poll with timeout: -1
03-02 22:46:55.250 863-863/? V/UserManager: isMultiUserExist() multiUserNum=1
03-02 22:46:55.250 863-863/? D/KeyguardUpdateMonitor: hasFingerprintUnlockTimedOut timeout
03-02 22:46:55.250 863-863/? D/KeyguardUpdateMonitor: updateFingerprintListeningState should=false, state=0
03-02 22:46:55.250 1199-1199/? D/ThermalService: onReceive: android.intent.action.SCREEN_OFF
03-02 22:46:55.250 1199-1199/? D/ThermalService: receive: android.intent.action.SCREEN_OFF, change to profile: Panel_Off
03-02 22:46:55.250 1199-1199/? I/ThermalCooling: Changing to profile:Panel_Off
03-02 22:46:55.250 1199-1199/? I/ThermalManager: ACTION_CHANGE_THERMAL_PROFILE received. New Profile: Panel_Off
03-02 22:46:55.250 1199-1199/? I/ThermalManager: zone id:2 ZoneToCoolDevBucketSize:1,
03-02 22:46:55.250 1199-13279/? I/ThermalZoneMonitor: Stopping thread ThermalZone2 [InterruptedException]
03-02 22:46:55.250 1199-1199/? I/ThermalManager: zone id:2 CoolDevToThrottBucketSize:1,
03-02 22:46:55.250 1199-1199/? I/ThermalManager: 1 zones found active in profile Panel_Off
03-02 22:46:55.250 1210-1210/? D/NativeNfcManager: power state=2
03-02 22:46:55.250 1210-1210/? D/BrcmNfcJni: PowerSwitch::com_android_nfc_NativeNfcManager_doSetPowerMode: mode=0x2; screen off
03-02 22:46:55.250 1199-1199/? I/ThermalCooling: Received THERMAL INTENT:(ProfileName, ZoneName, State, EventType, Temp):(Performance, FrontSkin, -1, LOW, 0)
03-02 22:46:55.250 1199-1199/? D/ThermalCooling: LOW_EVENT tDevice[1], existingState: 0, targetState: 0
03-02 22:46:55.260 863-1479/? D/NetworkController.MobileSignalController(3): onDataActivity: direction=0
03-02 22:46:55.260 863-1479/? V/ReflectionMethods: ========ReflectionMethods.getWifiCallingAvailable = false ===============
03-02 22:46:55.260 1114-1114/? D/LauncherAppState: onReceive ACTION_SCREEN_OFF start
03-02 22:46:55.260 1114-1114/? V/APPLOCK_GUARD_VIEW_LOST: mRootView is NULL !!
03-02 22:46:55.260 1114-1114/? D/LauncherAppState: onReceive ACTION_SCREEN_OFF end
03-02 22:46:55.260 863-1479/? V/ReflectionMethods: ========ReflectionMethods.getVolteAvailable = false ===============
03-02 22:46:55.260 863-1479/? V/ReflectionMethods: ========ReflectionMethods.getVideoTelephonyAvailable = false ===============
03-02 22:46:55.260 863-1479/? D/NetworkController.MobileSignalController(3): onDataActivity: direction=0
03-02 22:46:55.260 1114-1114/? D/Launcher: onReceive ACTION_SCREEN_OFF start
03-02 22:46:55.270 863-1479/? V/ReflectionMethods: ========ReflectionMethods.getWifiCallingAvailable = false ===============
03-02 22:46:55.278 6882-6882/? I/KERNEL: [194275.208906] [DISP] brightness level = 0
03-02 22:46:55.280 6882-6882/? I/KERNEL: [194275.210686] [DISP] nt35596_vid_power_off
03-02 22:46:55.270 1199-1199/? I/ThermalCooling: Received THERMAL INTENT:(ProfileName, ZoneName, State, EventType, Temp):(Panel_Off, FrontSkin, 1, HIGH, 41758)
03-02 22:46:55.270 1199-1199/? D/ThermalCooling: HIGH_EVENT tDevice[9], existingState: -1, targetState: 1
03-02 22:46:55.270 1199-1199/? D/ThermalUtils: writeSysfs. /sys/class/powercap/intel-rapl/intel-rapl:0/constraint_0_power_limit_uw, 900000
03-02 22:46:55.270 863-1479/? V/ReflectionMethods: ========ReflectionMethods.getVolteAvailable = false ===============
03-02 22:46:55.270 863-1479/? V/ReflectionMethods: ========ReflectionMethods.getVideoTelephonyAvailable = false ===============
03-02 22:46:55.270 1114-1114/? D/Launcher: onReceive ACTION_SCREEN_OFF end
03-02 22:46:55.280 1616-1616/? D/PowerSaverService: mIsScreenOn = false
03-02 22:46:55.280 1616-1616/? D/SuspiciousAppDetectionService: Recevie SCREEN OFF intent
03-02 22:46:55.290 1249-1249/? D/AudioWizardService: AudioWizadService :DisplayEventReceiver Recieve intent : android.intent.action.SCREEN_OFF
03-02 22:46:55.290 1249-1249/? D/AudioWizardService: AudioWizadService :Screen off.
03-02 22:46:55.290 12749-12749/? I/weather: WeatherTimeService> Action is: android.intent.action.SCREEN_OFF
03-02 22:46:55.290 12749-12749/? V/weather: WeatherTimeService> get intent Screen off
03-02 22:46:55.290 12749-12749/? V/weather: WeatherLocation> Handler is null
03-02 22:46:55.300 1616-1731/? W/ContextImpl: Calling a method in the system process without a qualified user: android.app.ContextImpl.bindService:1306 android.content.ContextWrapper.bindService:611 com.google.android.gms.common.stats.b.a:-1 com.google.android.gms.common.stats.b.a:-1 com.google.android.gms.analytics.internal.zzh$zza.zzhi:-1
03-02 22:46:55.340 311-311/? I/dispmgr: waiting for message from kernel.
03-02 22:46:55.340 311-311/? I/dispmgr: message from kernel received. [
03-02 22:46:55.340 311: 311 D/ ] PwrConsWriteRegisterUlong
03-02 22:46:55.490 863-863/? W/keyguard: AnimationTargetContainer:reset mState:READY
03-02 22:46:55.490 863-863/? W/keyguard: AnimationTargetContainer:reset mState:READY
03-02 22:46:55.490 863-863/? W/keyguard: AnimationTargetContainer:reset mState:READY
03-02 22:46:55.490 863-863/? W/keyguard: AnimationTargetContainer:reset mState:READY
03-02 22:46:58.290 1616-1616/? D/SuspiciousAppDetectionService: Screen Off & alarm reset && screenCriteria=3isCharging=true
03-02 22:46:59.620 711-796/? V/AlarmManager: triggered: act=com.android.internal.policy.impl.PhoneWindowManager.DELAYED_KEYGUARD Pkg: com.android.systemui
03-02 22:46:59.620 711-796/? D/AlarmManager: [Alarm][userspace]: Android alarm wakeup device when screen off nowRTC-nextWakeup diffTime: 0 WakeupAppName: *walarm*:com.android.internal.policy.impl.PhoneWindowManager.DELAYED_KEYGUARD
03-02 22:46:59.620 863-863/? D/KeyguardViewMediator: received DELAYED_KEYGUARD_ACTION with seq = 303, mDelayedShowingSequence = 303
03-02 22:46:59.620 863-863/? D/KeyguardViewMediator: doKeyguard: showing the lock screen
03-02 22:46:59.620 863-863/? D/KeyguardViewMediator: showLocked
03-02 22:46:59.620 863-863/? D/KeyguardViewMediator: handleShow
03-02 22:46:59.630 863-863/? D/KeyguardViewBase: screen off, instance c3950cb at 103552203
03-02 22:46:59.630 863-863/? I/keyguard: KeyguardSecurityModel: securityMode: single currentSub:-1 simState = NOT_READY, isSimActive = false, !updateMonitor.getContinueBtnEnabled() = true mode = None
03-02 22:46:59.630 863-863/? V/KeyguardSecurityView: showPrimarySecurityScreen(turningOff=true)
03-02 22:46:59.630 863-863/? D/KeyguardSecurityView: showSecurityScreen(None), mCurrentSecuritySelection=None, lockscreen --> none is true, device provision is true
03-02 22:46:59.630 863-863/? D/KeyguardSimpleHostView: mDualSimRootView not null
03-02 22:46:59.630 863-863/? D/KeyguardSimpleHostView: showSimeIcon-false
03-02 22:46:59.640 863-863/? V/KeyguardUpdateMonitor: *** register callback for com.android.keyguard.KeyguardHostView$1@40a2ea7
03-02 22:46:59.640 863-863/? V/KeyguardUpdateMonitor: *** unregister callback for null
03-02 22:46:59.660 711-846/? D/Telecom: [TELECOM][TelecomServiceImpl]: isInCall callingPackage = com.android.systemui
03-02 22:46:59.660 711-846/? D/Telecom: [TELECOM][TelecomServiceImpl]: canReadPhoneState callingPackage = com.android.systemui
03-02 22:46:59.660 711-846/? D/Telecom: [TELECOM][TelecomServiceImpl]: isPrivilegedDialerCalling = com.android.systemui
03-02 22:46:59.660 863-863/? I/EmergencyCarrierArea: mShowCarrier:true mShowEmerbencyButton:true
03-02 22:46:59.670 863-863/? V/KeyguardSimpleHostView: Disable transport text marquee
03-02 22:46:59.670 863-863/? V/KeyguardUpdateMonitor: *** register callback for com.android.keyguard.KeyguardIndicationController$1@ba402bb
03-02 22:46:59.670 863-863/? V/KeyguardUpdateMonitor: *** unregister callback for null
03-02 22:46:59.700 711-1128/? D/Telecom: [TELECOM][TelecomServiceImpl]: isInCall callingPackage = com.android.systemui
03-02 22:46:59.700 711-1128/? D/Telecom: [TELECOM][TelecomServiceImpl]: canReadPhoneState callingPackage = com.android.systemui
03-02 22:46:59.700 711-1128/? D/Telecom: [TELECOM][TelecomServiceImpl]: isPrivilegedDialerCalling = com.android.systemui
03-02 22:46:59.710 863-863/? I/EmergencyCarrierArea: mShowCarrier:true mShowEmerbencyButton:true
03-02 22:46:59.710 863-863/? D/KeyguardSimpleHostView: showSimeIcon-false
03-02 22:46:59.710 863-863/? D/KeyguardSimpleHostView: add weather widget...
03-02 22:46:59.730 863-863/? I/keyguard: KeyguardSecurityModel: securityMode: single currentSub:-1 simState = NOT_READY, isSimActive = false, !updateMonitor.getContinueBtnEnabled() = true mode = None
03-02 22:46:59.730 863-863/? V/KeyguardSecurityView: showPrimarySecurityScreen(turningOff=false)
03-02 22:46:59.730 863-863/? D/KeyguardSecurityView: showSecurityScreen(None), mCurrentSecuritySelection=Invalid, lockscreen --> none is true, device provision is true
03-02 22:46:59.730 863-863/? D/KeyguardSimpleHostView: mViewMediatorCallback is null
03-02 22:46:59.730 863-863/? D/KeyguardSimpleHostView: showSimeIcon-false
03-02 22:46:59.730 863-863/? V/KeyguardUpdateMonitor: *** register callback for com.android.keyguard.KeyguardSimpleHostView$6@c120e33
03-02 22:46:59.730 863-863/? V/KeyguardUpdateMonitor: *** unregister callback for null
03-02 22:46:59.740 863-863/? V/KeyguardUpdateMonitor: *** register callback for com.android.keyguard.KeyguardSimpleHostView$1@275c5f0
03-02 22:46:59.740 863-863/? V/KeyguardUpdateMonitor: *** unregister callback for null
03-02 22:46:59.740 863-863/? V/KeyguardUpdateMonitor: *** register callback for com.android.keyguard.CarrierText$1@109511c
03-02 22:46:59.740 863-863/? V/KeyguardUpdateMonitor: *** unregister callback for null
03-02 22:46:59.740 863-863/? D/CarrierText: updateCarrierText() sim count: 1
03-02 22:46:59.740 863-863/? D/CarrierText: Handling (subId=3): UNKNOWN carrierName:TIGO 4G carrierTextForSimState:null
03-02 22:46:59.750 863-863/? D/CarrierText: simState[0] = READY, simState[1] = NOT_READY
03-02 22:46:59.750 863-863/? D/CarrierText: hasTwoSimCard--false allSimsMissing:true
03-02 22:46:59.750 863-863/? D/CarrierText: displayText--No se insertó ninguna tarjeta SIM. — TIGO 4G
03-02 22:46:59.750 863-863/? D/CarrierText: updateCarrierText() sim count: 1
03-02 22:46:59.750 863-863/? D/CarrierText: Handling (subId=3): READY carrierName:TIGO 4G carrierTextForSimState:TIGO 4G
03-02 22:46:59.750 863-863/? D/CarrierText: SIM ready and in service: subId=3, ss=0 0 voice home data home TIGO 4G 732103 TIGO 4G 732103 UMTS HSPA CSS not supported -1 -1 RoamInd=-1 DefRoamInd=-1 EmergOnly=false IsDataRoamingFromRegistration=false isLTECA=false
03-02 22:46:59.750 863-863/? D/CarrierText: simState[0] = READY, simState[1] = NOT_READY
03-02 22:46:59.750 863-863/? D/CarrierText: hasTwoSimCard--false allSimsMissing:false
03-02 22:46:59.750 863-863/? D/CarrierText: displayText--TIGO 4G
03-02 22:46:59.750 863-863/? D/CarrierText: updateCarrierText() sim count: 1
03-02 22:46:59.750 863-863/? D/CarrierText: Handling (subId=3): READY carrierName:TIGO 4G carrierTextForSimState:TIGO 4G
03-02 22:46:59.750 863-863/? D/CarrierText: SIM ready and in service: subId=3, ss=0 0 voice home data home TIGO 4G 732103 TIGO 4G 732103 UMTS HSPA CSS not supported -1 -1 RoamInd=-1 DefRoamInd=-1 EmergOnly=false IsDataRoamingFromRegistration=false isLTECA=false
03-02 22:46:59.750 863-863/? D/CarrierText: simState[0] = READY, simState[1] = NOT_READY
03-02 22:46:59.750 863-863/? D/CarrierText: hasTwoSimCard--false allSimsMissing:false
03-02 22:46:59.750 863-863/? D/CarrierText: displayText--TIGO 4G
03-02 22:46:59.760 863-863/? V/KeyguardUpdateMonitor: *** register callback for com.android.keyguard.EmergencyButton$1@f564125
03-02 22:46:59.760 863-863/? V/KeyguardUpdateMonitor: *** unregister callback for null
03-02 22:46:59.760 711-1198/? D/Telecom: [TELECOM][TelecomServiceImpl]: isInCall callingPackage = com.android.systemui
03-02 22:46:59.760 711-1198/? D/Telecom: [TELECOM][TelecomServiceImpl]: canReadPhoneState callingPackage = com.android.systemui
03-02 22:46:59.760 711-1198/? D/Telecom: [TELECOM][TelecomServiceImpl]: isPrivilegedDialerCalling = com.android.systemui
03-02 22:46:59.760 711-1283/? D/Telecom: [TELECOM][TelecomServiceImpl]: isInCall callingPackage = com.android.systemui
03-02 22:46:59.760 711-1283/? D/Telecom: [TELECOM][TelecomServiceImpl]: canReadPhoneState callingPackage = com.android.systemui
03-02 22:46:59.760 711-1283/? D/Telecom: [TELECOM][TelecomServiceImpl]: isPrivilegedDialerCalling = com.android.systemui
03-02 22:46:59.770 711-1280/? D/Telecom: [TELECOM][TelecomServiceImpl]: isInCall callingPackage = com.android.systemui
03-02 22:46:59.770 711-1280/? D/Telecom: [TELECOM][TelecomServiceImpl]: canReadPhoneState callingPackage = com.android.systemui
03-02 22:46:59.770 711-1280/? D/Telecom: [TELECOM][TelecomServiceImpl]: isPrivilegedDialerCalling = com.android.systemui
03-02 22:46:59.770 863-863/? V/KeyguardUpdateMonitor: *** register callback for com.android.keyguard.CarrierText$1@73132fa
03-02 22:46:59.770 863-863/? V/KeyguardUpdateMonitor: *** unregister callback for null
03-02 22:46:59.770 863-863/? D/CarrierText: updateCarrierText() sim count: 1
03-02 22:46:59.770 863-863/? D/CarrierText: Handling (subId=3): UNKNOWN carrierName:TIGO 4G carrierTextForSimState:null
03-02 22:46:59.770 863-863/? D/CarrierText: simState[0] = READY, simState[1] = NOT_READY
03-02 22:46:59.770 863-863/? D/CarrierText: hasTwoSimCard--false allSimsMissing:true
03-02 22:46:59.770 863-863/? D/CarrierText: displayText--No se insertó ninguna tarjeta SIM. — TIGO 4G
03-02 22:46:59.770 863-863/? D/CarrierText: updateCarrierText() sim count: 1
03-02 22:46:59.770 863-863/? D/CarrierText: Handling (subId=3): READY carrierName:TIGO 4G carrierTextForSimState:TIGO 4G
03-02 22:46:59.770 863-863/? D/CarrierText: SIM ready and in service: subId=3, ss=0 0 voice home data home TIGO 4G 732103 TIGO 4G 732103 UMTS HSPA CSS not supported -1 -1 RoamInd=-1 DefRoamInd=-1 EmergOnly=false IsDataRoamingFromRegistration=false isLTECA=false
03-02 22:46:59.780 863-863/? D/CarrierText: simState[0] = READY, simState[1] = NOT_READY
03-02 22:46:59.780 863-863/? D/CarrierText: hasTwoSimCard--false allSimsMissing:false
03-02 22:46:59.780 863-863/? D/CarrierText: displayText--TIGO 4G
03-02 22:46:59.780 863-863/? D/CarrierText: updateCarrierText() sim count: 1
03-02 22:46:59.780 863-863/? D/CarrierText: Handling (subId=3): READY carrierName:TIGO 4G carrierTextForSimState:TIGO 4G
03-02 22:46:59.780 863-863/? D/CarrierText: SIM ready and in service: subId=3, ss=0 0 voice home data home TIGO 4G 732103 TIGO 4G 732103 UMTS HSPA CSS not supported -1 -1 RoamInd=-1 DefRoamInd=-1 EmergOnly=false IsDataRoamingFromRegistration=false isLTECA=false
03-02 22:46:59.780 863-863/? D/CarrierText: simState[0] = READY, simState[1] = NOT_READY
03-02 22:46:59.780 863-863/? D/CarrierText: hasTwoSimCard--false allSimsMissing:false
03-02 22:46:59.780 863-863/? D/CarrierText: displayText--TIGO 4G
03-02 22:46:59.780 863-863/? V/KeyguardUpdateMonitor: *** register callback for com.android.keyguard.EmergencyButton$1@4d710ab
03-02 22:46:59.780 863-863/? V/KeyguardUpdateMonitor: *** unregister callback for null
03-02 22:46:59.780 711-846/? D/Telecom: [TELECOM][TelecomServiceImpl]: isInCall callingPackage = com.android.systemui
03-02 22:46:59.780 711-846/? D/Telecom: [TELECOM][TelecomServiceImpl]: canReadPhoneState callingPackage = com.android.systemui
03-02 22:46:59.780 711-846/? D/Telecom: [TELECOM][TelecomServiceImpl]: isPrivilegedDialerCalling = com.android.systemui
03-02 22:46:59.790 711-1279/? D/Telecom: [TELECOM][TelecomServiceImpl]: isInCall callingPackage = com.android.systemui
03-02 22:46:59.790 711-1279/? D/Telecom: [TELECOM][TelecomServiceImpl]: canReadPhoneState callingPackage = com.android.systemui
03-02 22:46:59.790 711-1279/? D/Telecom: [TELECOM][TelecomServiceImpl]: isPrivilegedDialerCalling = com.android.systemui
03-02 22:46:59.790 711-944/? D/Telecom: [TELECOM][TelecomServiceImpl]: isInCall callingPackage = com.android.systemui
03-02 22:46:59.790 711-944/? D/Telecom: [TELECOM][TelecomServiceImpl]: canReadPhoneState callingPackage = com.android.systemui
03-02 22:46:59.790 711-944/? D/Telecom: [TELECOM][TelecomServiceImpl]: isPrivilegedDialerCalling = com.android.systemui
03-02 22:46:59.800 863-863/? D/PhoneStatusBar: Settings.System.ASUS_EASY_LAUNCHER = false
03-02 22:46:59.800 863-863/? D/keyguard: AsusMediator:setStatusBarState 1
03-02 22:46:59.800 863-863/? I/keyguard: AsusKGWallpaperManager:onStatusBarStateChanged newState:1
03-02 22:46:59.800 863-863/? I/keyguard: AsusKGWallpaperManager:isWallpaperVisible:false mKeyguardVisible:false mStatusBarState:1
03-02 22:46:59.800 863-863/? I/keyguard: AsusKeyguardWallpaper:updateVisible:false
03-02 22:46:59.800 863-863/? I/keyguard: AsusKGWallpaperManager:notifyBlurEffect blur:false mTouching:false TouchedShortcut:false CaptureScreenshot:false LaunchShortcut:false visible:true mExpand:true mBouncerShow:false
03-02 22:46:59.800 863-863/? I/keyguard: AsusKeyguardWallpaper:updateBlurEffect:false
03-02 22:46:59.800 863-863/? D/sysuidebug.invisible_qspanel: setQsExpansion() mQsFullyExpanded=false, height <= mQsMinExpansionHeight, mQsExpanded=false, mStackScrollerOverscrolling=false
03-02 22:46:59.800 863-863/? D/sysuidebug.invisible_qspanel: onOverscrollTopChanged(): mStackScrollerOverscrolling=false, rounded=0.0, isRubberbanded=false
03-02 22:46:59.800 863-863/? D/sysuidebug.invisible_qspanel: updateQsState(): expandVisually=false, mQsExpanded=false, mStackScrollerOverscrolling=false, mHeaderAnimating=false
03-02 22:46:59.800 863-863/? D/sysuidebug.invisible_qspanel: setQsExpansion() mQsFullyExpanded=false, height <= mQsMinExpansionHeight, mQsExpanded=false, mStackScrollerOverscrolling=false
03-02 22:46:59.810 863-863/? D/sysuidebug.invisible_qspanel: updateQsState(): expandVisually=false, mQsExpanded=false, mStackScrollerOverscrolling=false, mHeaderAnimating=false
03-02 22:46:59.810 863-863/? V/UserManager: isMultiUserExist() multiUserNum=1
03-02 22:46:59.810 863-863/? V/UserManager: isMultiUserExist() multiUserNum=1
03-02 22:46:59.820 863-863/? D/QuickSettingsBrightness: onVisibilityChanged endGetLux: 4
03-02 22:46:59.820 863-863/? D/NotificationData: includesDummyNotification:false
03-02 22:46:59.820 863-863/? D/PhoneStatusBar: updateEmptyShadeView
03-02 22:46:59.820 863-863/? D/PhoneStatusBar: disable: < expand ICONS* alerts SYSTEM_INFO* back home recent clock search quick_settings
> 03-02 22:46:59.820 863-863/? D/QuickSettingsBrightness: onVisibilityChanged visibility: 0
03-02 22:46:59.830 863-863/? D/QuickSettingsBrightness: onVisibilityChanged registerUpdate
03-02 22:46:59.830 863-863/? D/QuickSettingsBrightness: updateBrightnessViews mIsTracking=false: 240
03-02 22:46:59.830 863-863/? V/PanelBar: go state: 0 -> 1
03-02 22:46:59.830 863-863/? V/PanelBar: onPanelPeeked
03-02 22:46:59.830 863-863/? D/NetworkController: isSimOff(0): false
03-02 22:46:59.830 863-863/? D/NetworkController: getSimState(0) ABSENT: false
03-02 22:46:59.830 863-863/? D/NetworkController: hasPrefered: false
03-02 22:46:59.830 863-863/? D/NetworkController: isSimOff(0): false
03-02 22:46:59.830 863-863/? D/NetworkController: getSimState(0) ABSENT: false
03-02 22:46:59.830 863-863/? D/NetworkController: hasPrefered: false
03-02 22:46:59.840 863-863/? V/KeyguardUpdateMonitor: *** register callback for com.android.systemui.statusbar.policy.KeyguardMonitor@b2160b3
03-02 22:46:59.840 863-863/? V/KeyguardUpdateMonitor: *** unregister callback for null
03-02 22:46:59.850 863-863/? D/CarrierText: updateCarrierText() sim count: 1
03-02 22:46:59.850 863-863/? D/CarrierText: Handling (subId=3): READY carrierName:TIGO 4G carrierTextForSimState:TIGO 4G
03-02 22:46:59.850 863-863/? D/CarrierText: SIM ready and in service: subId=3, ss=0 0 voice home data home TIGO 4G 732103 TIGO 4G 732103 UMTS HSPA CSS not supported -1 -1 RoamInd=-1 DefRoamInd=-1 EmergOnly=false IsDataRoamingFromRegistration=false isLTECA=false
03-02 22:46:59.850 863-863/? D/CarrierText: simState[0] = READY, simState[1] = NOT_READY
03-02 22:46:59.850 863-863/? D/CarrierText: hasTwoSimCard--false allSimsMissing:false
03-02 22:46:59.850 863-863/? D/CarrierText: displayText--TIGO 4G
03-02 22:46:59.860 863-863/? D/KeyguardViewBase: show()
03-02 22:46:59.860 863-863/? I/keyguard: KeyguardSecurityModel: securityMode: single currentSub:-1 simState = NOT_READY, isSimActive = false, !updateMonitor.getContinueBtnEnabled() = true mode = None
03-02 22:46:59.860 863-863/? V/KeyguardSecurityView: showPrimarySecurityScreen(turningOff=false)
03-02 22:46:59.860 863-863/? D/KeyguardSecurityView: showSecurityScreen(None), mCurrentSecuritySelection=None, lockscreen --> none is true, device provision is true
03-02 22:46:59.860 863-863/? D/KeyguardSimpleHostView: mDualSimRootView not null
03-02 22:46:59.860 863-863/? D/KeyguardSimpleHostView: showSimeIcon-false
03-02 22:46:59.860 863-863/? D/KeyguardUpdateMonitor: onKeyguardVisibilityChanged(true)
03-02 22:46:59.860 863-863/? E/keyguard: AsusMediator:updateWallpaperOffset wrong
03-02 22:46:59.860 863-863/? I/keyguard: AsusShortcutManager:getAppIcon packageName:com.asus.camera className:com.asus.camera.CameraApp
03-02 22:46:59.870 711-722/? D/WallpaperManagerService: getLockscreenWallpaper, mode=lockscreen_phone
03-02 22:46:59.860 863-863/? I/keyguard: AsusShortcutManager:getAppIcon EssentialApp:EssentialApp packageName:com.asus.camera className:com.asus.camera.CameraApp themeDrawableName:asus_lockscreen_camera themeDrawableName2:asus_lockscreen_camera
03-02 22:46:59.870 711-1257/? V/WallpaperManagerService: getWidthHint: width = 1920
03-02 22:46:59.860 863-927/? I/keyguard: AsusKGWallpaperManager:updateWallpaper isPadMode= false, type= 0
03-02 22:46:59.870 711-1282/? V/WallpaperManagerService: getHeightHint: height = 2246
03-02 22:46:59.870 863-927/? V/AsusKGWallpaperManager: computeWallpaperBounds realSize.x= 1080, realSize.y= 1920
03-02 22:46:59.870 863-927/? V/WallpaperManager: getLockscreenWallpaper
03-02 22:46:59.870 863-863/? I/keyguard: AsusShortcutManager:getAppIcon themeResId resid valid
03-02 22:46:59.870 863-863/? I/keyguard: AsusLSShortcut:updateUI app:android.graphics.drawable.BitmapDrawable@24ecaa1 iconWidth:178 iconHeight:178 background:null bgWidth:0 bgHeight:0 color:-1 mIconScaleRate:-1.0
03-02 22:46:59.870 863-863/? I/keyguard: AsusShortcutManager:getAppIcon packageName:com.asus.contacts className:com.android.contacts.activities.DialtactsActivity
03-02 22:46:59.870 863-863/? I/keyguard: AsusShortcutManager:getAppIcon EssentialApp:EssentialApp packageName:com.asus.contacts className:com.android.contacts.activities.DialtactsActivity themeDrawableName:asus_lockscreen_phone themeDrawableName2:asus_lockscreen_phone
03-02 22:46:59.880 863-863/? V/KeyguardSimpleHostView: refresh statusview showing:true
03-02 22:46:59.870 863-927/? V/WallpaperManager: peekLockscreenWallpaperBitmap getWidthHint():1920, getHeightHint():2246
03-02 22:46:59.870 863-927/? V/WallpaperManager: peekLockscreenWallpaperBitmap with var width:1080 height:1920
03-02 22:46:59.870 863-927/? D/skia: --- SkImageDecoder::Factory returned null
03-02 22:46:59.870 863-863/? I/keyguard: AsusShortcutManager:getAppIcon themeResId resid valid
03-02 22:46:59.870 863-863/? I/keyguard: AsusLSShortcut:updateUI app:android.graphics.drawable.BitmapDrawable@6cf84c6 iconWidth:178 iconHeight:178 background:null bgWidth:0 bgHeight:0 color:-1 mIconScaleRate:-1.0
03-02 22:46:59.870 863-863/? I/keyguard: AsusShortcutManager:getAppIcon packageName:com.asus.message className:com.android.mms.ui.ConversationList
03-02 22:46:59.870 863-863/? I/keyguard: AsusShortcutManager:getAppIcon EssentialApp:EssentialApp packageName:com.asus.message className:com.android.mms.ui.ConversationList themeDrawableName:asus_lockscreen_sms themeDrawableName2:asus_lockscreen_sms
03-02 22:46:59.870 863-863/? I/keyguard: AsusShortcutManager:getAppIcon themeResId resid valid
03-02 22:46:59.870 863-863/? I/keyguard: AsusLSShortcut:updateUI app:android.graphics.drawable.BitmapDrawable@7f40c87 iconWidth:178 iconHeight:178 background:null bgWidth:0 bgHeight:0 color:-1 mIconScaleRate:-1.0
03-02 22:46:59.880 863-863/? I/keyguard: AsusDragManager:onKeyguardVisibilityChanged showing:true
03-02 22:46:59.880 863-863/? D/KeyguardUpdateMonitor: hasFingerprintUnlockTimedOut timeout
03-02 22:46:59.880 863-863/? D/KeyguardUpdateMonitor: updateFingerprintListeningState should=false, state=0
03-02 22:46:59.880 863-863/? D/StatusBarKeyguardViewManager: inflateKeyguardView...
03-02 22:46:59.880 863-863/? D/KeyguardViewMediator: adjustStatusBarLocked: mShowing=true mOccluded=false isSecure=false --> flags=0x3200000
03-02 22:46:59.880 863-4499/? I/FrpHelper: AccountAnalyzer count: 2
03-02 22:46:59.880 863-863/? V/KeyguardDisplayManager: show
03-02 22:46:59.900 1265-1278/? D/PhoneInterfaceManager: [PhoneIntfMgr] getDataEnabled: subId=3 phoneId=0
03-02 22:46:59.900 1265-1278/? D/PhoneInterfaceManager: [PhoneIntfMgr] getDataEnabled: subId=3 retVal=false
03-02 22:46:59.900 863-1660/? D/TelephonyManager: getDataEnabled: retVal=false
03-02 22:46:59.900 863-1660/? D/QSTile.NfcTile: Check NFC status
03-02 22:46:59.900 863-1660/? D/QSTile.NfcTile: getAdapterState(): 1|false
03-02 22:46:59.900 863-1660/? I/PerUserService: getService userId=0
03-02 22:46:59.900 863-1660/? I/PerUserService: getMasterSyncAutomatically false
03-02 22:46:59.930 863-863/? D/sysuidebug.invisible_qspanel: setQsExpansion() mQsFullyExpanded=false, height <= mQsMinExpansionHeight, mQsExpanded=false, mStackScrollerOverscrolling=false
03-02 22:46:59.930 863-863/? V/PanelBar: go state: 1 -> 2
03-02 22:46:59.930 863-863/? V/PanelBar: onPanelFullyOpened
03-02 22:46:59.930 863-863/? D/SignalClusterView: vpn: GONE
03-02 22:46:59.930 863-863/? D/SignalClusterView: ethernet: GONE
03-02 22:46:59.930 863-863/? D/SignalClusterView: wifi: GONE sig=2130838689 inout=2130838672
03-02 22:46:59.930 863-863/? D/SignalClusterView: mobile: VISIBLE sig=2130838667 typ=0 inout=0 simoff=false
03-02 22:46:59.930 863-863/? D/SignalClusterView: vpn: GONE
03-02 22:46:59.930 863-863/? D/SignalClusterView: ethernet: GONE
03-02 22:46:59.930 863-863/? D/SignalClusterView: wifi: GONE sig=2130838689 inout=2130838672
03-02 22:46:59.930 863-863/? D/SignalClusterView: mobile: VISIBLE sig=2130838667 typ=0 inout=0 simoff=false
03-02 22:46:59.930 863-863/? D/SignalClusterView: setNoSims=false
03-02 22:46:59.930 863-863/? D/SignalClusterView: vpn: GONE
03-02 22:46:59.930 863-863/? D/SignalClusterView: ethernet: GONE
03-02 22:46:59.930 863-863/? D/SignalClusterView: wifi: GONE sig=2130838689 inout=2130838672
03-02 22:46:59.930 863-863/? D/SignalClusterView: mobile: VISIBLE sig=2130838667 typ=0 inout=0 simoff=false
03-02 22:46:59.930 863-863/? D/SignalClusterView: setNoSims=false
03-02 22:46:59.930 863-863/? D/SignalClusterView: vpn: GONE
03-02 22:46:59.930 863-863/? D/SignalClusterView: ethernet: GONE
03-02 22:46:59.930 863-863/? D/SignalClusterView: wifi: GONE sig=2130838689 inout=2130838672
03-02 22:46:59.930 863-863/? D/SignalClusterView: mobile: VISIBLE sig=2130838667 typ=0 inout=0 simoff=false
03-02 22:46:59.930 863-863/? D/SignalClusterView: vpn: GONE
03-02 22:46:59.930 863-863/? D/SignalClusterView: ethernet: GONE
03-02 22:46:59.930 863-863/? D/SignalClusterView: wifi: GONE sig=2130838689 inout=2130838672
03-02 22:46:59.930 863-863/? D/SignalClusterView: mobile: VISIBLE sig=2130838667 typ=0 inout=0 simoff=false
03-02 22:46:59.930 863-863/? D/SignalClusterView: vpn: GONE
03-02 22:46:59.930 863-863/? D/SignalClusterView: ethernet: GONE
03-02 22:46:59.930 863-863/? D/SignalClusterView: wifi: GONE sig=2130838689 inout=2130838672
03-02 22:46:59.930 863-863/? D/SignalClusterView: mobile: VISIBLE sig=2130838667 typ=0 inout=0 simoff=false
03-02 22:46:59.930 863-863/? D/SignalClusterView: vpn: GONE
03-02 22:46:59.940 863-863/? D/SignalClusterView: ethernet: GONE
03-02 22:46:59.940 863-863/? D/SignalClusterView: wifi: GONE sig=2130838689 inout=2130838672
03-02 22:46:59.940 863-863/? D/SignalClusterView: mobile: VISIBLE sig=2130838667 typ=0 inout=0 simoff=false
03-02 22:46:59.940 863-863/? D/SignalClusterView: vpn: GONE
03-02 22:46:59.940 863-863/? D/SignalClusterView: ethernet: GONE
03-02 22:46:59.940 863-863/? D/SignalClusterView: wifi: GONE sig=2130838689 inout=2130838672
03-02 22:46:59.940 863-863/? D/SignalClusterView: mobile: VISIBLE sig=2130838667 typ=0 inout=0 simoff=false
03-02 22:46:59.940 863-863/? D/SignalClusterView: vpn: GONE
03-02 22:46:59.940 863-863/? D/SignalClusterView: ethernet: GONE
03-02 22:46:59.940 863-863/? D/SignalClusterView: wifi: GONE sig=2130838689 inout=2130838672
03-02 22:46:59.940 863-863/? D/SignalClusterView: mobile: VISIBLE sig=2130838667 typ=0 inout=0 simoff=false
03-02 22:46:59.940 863-863/? D/SignalClusterView: vpn: GONE
03-02 22:46:59.940 863-863/? D/SignalClusterView: ethernet: GONE
03-02 22:46:59.940 863-863/? D/SignalClusterView: wifi: GONE sig=2130838689 inout=2130838672
03-02 22:46:59.940 863-863/? D/SignalClusterView: mobile: VISIBLE sig=2130838667 typ=0 inout=0 simoff=false
03-02 22:46:59.940 863-863/? D/KeyguardUpdateMonitor: handleKeyguardReset
03-02 22:46:59.940 863-863/? D/KeyguardUpdateMonitor: hasFingerprintUnlockTimedOut timeout
03-02 22:46:59.940 863-863/? D/KeyguardUpdateMonitor: updateFingerprintListeningState should=false, state=0
03-02 22:46:59.940 863-863/? D/PhoneStatusBar: Settings.System.ASUS_EASY_LAUNCHER = false
03-02 22:46:59.940 863-863/? I/keyguard: AsusWeatherManager: :updAnimState: NONE, enable=false, sON=false, kgShow=true, bShow=false, wwShow=true, data=true, start=true, touch=false, sSaving=false, dream=false
03-02 22:46:59.940 863-863/? W/keyguard: AnimationTargetContainer:reset mState:READY
03-02 22:46:59.940 863-863/? W/keyguard: AnimationTargetContainer:reset mState:READY
03-02 22:46:59.940 863-863/? W/keyguard: AnimationTargetContainer:reset mState:READY
03-02 22:46:59.940 863-863/? W/keyguard: AnimationTargetContainer:reset mState:READY
03-02 22:46:59.940 863-863/? D/PhoneStatusBar: disable: < expand ICONS alerts SYSTEM_INFO back HOME* RECENT* clock SEARCH* quick_settings
> 03-02 22:46:59.950 863-863/? D/sysuidebug.invisible_qspanel: setQsExpansion() mQsFullyExpanded=false, height <= mQsMinExpansionHeight, mQsExpanded=false, mStackScrollerOverscrolling=false
03-02 22:46:59.960 863-863/? D/SignalClusterView: vpn: GONE
03-02 22:46:59.960 863-863/? D/SignalClusterView: ethernet: GONE
03-02 22:46:59.960 863-863/? D/SignalClusterView: wifi: GONE sig=2130838689 inout=2130838672
03-02 22:46:59.960 863-863/? D/SignalClusterView: mobile: VISIBLE sig=2130838667 typ=0 inout=0 simoff=false
03-02 22:46:59.960 863-863/? D/SignalClusterView: vpn: GONE
03-02 22:46:59.960 863-863/? D/SignalClusterView: ethernet: GONE
03-02 22:46:59.960 863-863/? D/SignalClusterView: wifi: GONE sig=2130838689 inout=2130838672
03-02 22:46:59.960 863-863/? D/SignalClusterView: mobile: VISIBLE sig=2130838667 typ=0 inout=0 simoff=false
03-02 22:46:59.970 863-863/? D/SignalClusterView: vpn: GONE
03-02 22:46:59.970 863-863/? D/SignalClusterView: ethernet: GONE
03-02 22:46:59.970 863-863/? D/SignalClusterView: wifi: GONE sig=2130838689 inout=2130838672
03-02 22:46:59.970 863-863/? D/SignalClusterView: mobile: VISIBLE sig=2130838667 typ=0 inout=0 simoff=false
03-02 22:46:59.970 863-863/? D/SignalClusterView: vpn: GONE
03-02 22:46:59.970 863-863/? D/SignalClusterView: ethernet: GONE
03-02 22:46:59.970 863-863/? D/SignalClusterView: wifi: GONE sig=2130838689 inout=2130838672
03-02 22:46:59.970 863-863/? D/SignalClusterView: mobile: VISIBLE sig=2130838667 typ=0 inout=0 simoff=false
03-02 22:46:59.970 863-863/? D/SignalClusterView: vpn: GONE
03-02 22:46:59.970 863-863/? D/SignalClusterView: ethernet: GONE
03-02 22:46:59.970 863-863/? D/SignalClusterView: wifi: GONE sig=2130838689 inout=2130838672
03-02 22:46:59.970 863-863/? D/SignalClusterView: mobile: VISIBLE sig=2130838667 typ=0 inout=0 simoff=false
03-02 22:46:59.970 863-863/? D/SignalClusterView: vpn: GONE
03-02 22:46:59.970 863-863/? D/SignalClusterView: ethernet: GONE
03-02 22:46:59.970 863-863/? D/SignalClusterView: wifi: GONE sig=2130838689 inout=2130838672
03-02 22:46:59.970 863-863/? D/SignalClusterView: mobile: VISIBLE sig=2130838667 typ=0 inout=0 simoff=false
03-02 22:46:59.970 863-863/? D/sysuidebug.invisible_qspanel: setQsExpansion() mQsFullyExpanded=false, height <= mQsMinExpansionHeight, mQsExpanded=false, mStackScrollerOverscrolling=false
03-02 22:46:59.990 711-796/? D/AlarmManager: [Alarm][userspace]:Doesn't Android setting RTC time wakeup device nowRTC-nextWakeup diffTime: -55300 when screen off
03-02 22:47:00.000 1114-1114/? V/Launcher: [onWindowFocusChanged]: false, takes: 0ms
03-02 22:47:00.030 863-927/? V/AsusKGWallpaperManager: bgWidth = 360, bgHeight = 640
03-02 22:47:00.030 863-863/? I/keyguard: AsusKGWallpaperManager:WHAT_UI_UPDATE_WALLPAPER mLockWallpaperDrawable:android.graphics.drawable.BitmapDrawable@1ec6fdd
03-02 22:47:00.030 863-863/? I/keyguard: AsusKGWallpaperManager:isWallpaperVisible:true mKeyguardVisible:true mStatusBarState:1
03-02 22:47:00.030 863-863/? I/keyguard: AsusKeyguardWallpaper:updateVisible:true
03-02 22:47:00.030 863-863/? I/keyguard: AsusKeyguardWallpaper:updateWallpaper