03-02 22:46:16.480 711-724/? D/UsageStatsService: Ending parole
03-02 22:46:16.560 711-724/? D/NetworkManagement: FIREWALL_CHAIN_STANDBY setFirewallChainEnabled :true
03-02 22:46:17.980 711-798/? I/WindowManager: DOUBLE CLICK mLidState:1 mFlipTap:0
03-02 22:46:17.980 711-798/? D/WindowManager: CALL STATE_IDLE 820
03-02 22:46:17.990 711-798/? D/Vibrator: switchOff : Turn OFF vibrator request
03-02 22:46:17.990 711-795/? D/EVENT_THREAD: void CEventThread::cancelAlarm()
03-02 22:46:17.990 711-795/? D/EVENT_THREAD: void CEventThread::run() Do poll with timeout: -1
03-02 22:46:17.990 711-798/? I/PowerManagerService: Waking up from sleep (uid 1000)...
03-02 22:46:17.990 711-711/? V/KeyguardServiceDelegate: onStartedWakingUp()
03-02 22:46:17.990 711-732/? I/DisplayPowerController: Blocking screen on until initial contents have been drawn.
03-02 22:46:17.990 711-798/? I/WindowManager: beforeQueueing return result = 0
03-02 22:46:17.990 711-798/? I/WindowManager: beforeQueueing return result = 0
03-02 22:46:17.990 863-8394/? D/KeyguardViewMediator: onStartedWakingUp, seq = 303
03-02 22:46:17.990 863-8394/? D/KeyguardViewMediator: notifyStartedWakingUp
03-02 22:46:17.990 711-732/? V/KeyguardServiceDelegate: onScreenTurnedOn(showListener = com.android.server.policy.PhoneWindowManager$2@6a209f7)
03-02 22:46:18.001 711-829/? I/KERNEL: [194237.943653] request_suspend_state: wakeup (3->0) at 103510563974617 (2017-03-03 03:46:18.001852246 UTC)
03-02 22:46:17.990 863-863/? D/KeyguardViewMediator: handleNotifyWakingUp
03-02 22:46:17.990 863-8394/? D/KeyguardViewMediator: notifyScreenOn
03-02 22:46:18.002 24434-24434/? I/KERNEL: [194237.944326] [DISP] nt35596_vid_reset
03-02 22:46:18.003 24434-24434/? I/KERNEL: [194237.945265] [DEBUG] vpro3 = c3
03-02 22:46:17.990 863-863/? D/KeyguardUpdateMonitor: handleStartedWakingUp
03-02 22:46:17.990 863-863/? D/KeyguardUpdateMonitor: hasFingerprintUnlockTimedOut timeout
03-02 22:46:17.990 863-863/? D/KeyguardUpdateMonitor: updateFingerprintListeningState should=false, state=0
03-02 22:46:17.990 711-13278/? D/Vibrator: switchOn : Turn ON vibrator for 10 ms request
03-02 22:46:17.990 711-795/? D/EVENT_THREAD: void CEventThread::startAlarm(uint32_t) 10ms
03-02 22:46:17.990 711-795/? D/EVENT_THREAD: void CEventThread::run() Do poll with timeout: 10
03-02 22:46:18.000 863-863/? D/KeyguardViewMediator: handleNotifyScreenTurningOn
03-02 22:46:18.000 711-1282/? V/KeyguardServiceDelegate: **** SHOWN CALLED ****
03-02 22:46:18.000 711-711/? D/NotificationService: updateLightsLocked turnOff
03-02 22:46:18.012 1-1/? I/KERNEL: [194237.954580] init: avc: denied { set } for property=persist.audio.fmroute.speaker pid=711 uid=1000 gid=1000 scontext=u:r:system_server:s0 tcontext=u:object_r:audio_prop:s0 tclass=property_service permissive=0
03-02 22:46:18.012 1-1/? I/KERNEL: [194237.954615] init: sys_prop: permission denied uid:1000 name:persist.audio.fmroute.speaker
03-02 22:46:18.000 711-806/? E/WifiStateMachine: Fail to enable background scan, retry count = 1
03-02 22:46:18.000 711-806/? E/WifiStateMachine: Fail to enable background scan, retry count = 2
03-02 22:46:18.000 711-806/? E/WifiStateMachine: Fail to enable background scan, retry count = 3
03-02 22:46:18.000 711-806/? E/WifiStateMachine: Fail to enable background scan, retry count = 4
03-02 22:46:18.000 711-806/? E/WifiStateMachine: Fail to enable background scan, retry count = 5
03-02 22:46:18.000 711-806/? E/WifiStateMachine: Fail to enable background scan, retry count = 6
03-02 22:46:18.000 711-806/? E/WifiStateMachine: Fail to enable background scan, retry count = 7
03-02 22:46:18.000 711-806/? E/WifiStateMachine: Fail to enable background scan, retry count = 8
03-02 22:46:18.000 711-806/? E/WifiStateMachine: Fail to enable background scan, retry count = 9
03-02 22:46:18.000 711-806/? E/WifiStateMachine: Fail to enable background scan, retry count = 10
03-02 22:46:18.000 711-806/? E/WifiStateMachine: Fail to set up pno, want false now false
03-02 22:46:18.000 302-1355/? D/AudioIntelHal: setParameters: key value pair screen_state=on
03-02 22:46:18.000 302-1355/? D/AudioIntelHal/AudioPlatformState: route-parameter-manager: Selection criterion changed event: Criterion name: ScreenOn, current state: True
03-02 22:46:18.000 302-1355/? D/AudioIntelHal/AudioPlatformState: route-parameter-manager: Configuration application request {
03-02 22:46:18.000 302-1355/? D/AudioIntelHal/AudioPlatformState: route-parameter-manager: Applying configurations {
03-02 22:46:18.000 302-1355/? D/AudioIntelHal/AudioPlatformState: route-parameter-manager: Applying configuration "On" from domain "Parameter.ScreenState"
03-02 22:46:18.000 302-1355/? D/AudioIntelHal/AudioPlatformState: route-parameter-manager: } Applying configurations
03-02 22:46:18.000 302-1355/? D/AudioIntelHal/AudioPlatformState: route-parameter-manager: } Configuration application request
03-02 22:46:18.000 302-1355/? D/EVENT_THREAD: void CEventThread::trig(void*, uint32_t): in
03-02 22:46:18.000 302-1355/? D/EVENT_THREAD: void CEventThread::trig(void*, uint32_t): out
03-02 22:46:18.000 302-746/? D/RouteManager: audio-parameter-manager: Selection criterion changed event: Criterion name: ScreenState, current state: On
03-02 22:46:18.000 302-746/? D/RouteManager: audio-parameter-manager: Configuration application request {
03-02 22:46:18.000 302-746/? D/RouteManager: audio-parameter-manager: Applying configurations {
03-02 22:46:18.000 302-746/? D/RouteManager: audio-parameter-manager: } Applying configurations
03-02 22:46:18.000 302-746/? D/RouteManager: audio-parameter-manager: } Configuration application request
03-02 22:46:18.000 302-746/? D/EVENT_THREAD: void CEventThread::run() Do poll with timeout: -1
03-02 22:46:18.010 711-795/? D/EVENT_THREAD: void CEventThread::cancelAlarm()
03-02 22:46:18.010 711-795/? D/EVENT_THREAD: void CEventThread::run() Do poll with timeout: -1
03-02 22:46:18.019 24434-24434/? I/KERNEL: [194237.961637] [drm] restore some registers to default value
03-02 22:46:18.020 24434-24434/? I/KERNEL: [194237.961902] [drm] setup drain latency
03-02 22:46:18.023 24434-24434/? I/KERNEL: [194237.965053] [DISP] nt35596_vid_drv_ic_init
03-02 22:46:18.010 1199-1199/? D/ThermalService: onReceive: android.intent.action.SCREEN_ON
03-02 22:46:18.010 1199-1199/? D/ThermalService: receive: android.intent.action.SCREEN_ON, change to profile: Performance
03-02 22:46:18.010 1210-1210/? D/NativeNfcManager: power state=3
03-02 22:46:18.010 1210-1210/? D/BrcmNfcJni: PowerSwitch::com_android_nfc_NativeNfcManager_doSetPowerMode: mode=0x3; screen on locked
03-02 22:46:18.020 863-1479/? D/NetworkController.MobileSignalController(3): onDataActivity: direction=0
03-02 22:46:18.020 863-1479/? V/ReflectionMethods: ========ReflectionMethods.getWifiCallingAvailable = false ===============
03-02 22:46:18.020 863-1479/? V/ReflectionMethods: ========ReflectionMethods.getVolteAvailable = false ===============
03-02 22:46:18.020 863-1479/? V/ReflectionMethods: ========ReflectionMethods.getVideoTelephonyAvailable = false ===============
03-02 22:46:18.020 863-1479/? D/NetworkController.MobileSignalController(3): onDataActivity: direction=0
03-02 22:46:18.020 863-1479/? V/ReflectionMethods: ========ReflectionMethods.getWifiCallingAvailable = false ===============
03-02 22:46:18.020 711-13278/? D/Vibrator: switchOn : Turn ON vibrator for 30 ms request
03-02 22:46:18.020 711-795/? D/EVENT_THREAD: void CEventThread::startAlarm(uint32_t) 30ms
03-02 22:46:18.020 711-795/? D/EVENT_THREAD: void CEventThread::run() Do poll with timeout: 30
03-02 22:46:18.030 863-1479/? V/ReflectionMethods: ========ReflectionMethods.getVolteAvailable = false ===============
03-02 22:46:18.030 863-1479/? V/ReflectionMethods: ========ReflectionMethods.getVideoTelephonyAvailable = false ===============
03-02 22:46:18.030 863-863/? D/SignalClusterView: vpn: GONE
03-02 22:46:18.030 863-863/? D/SignalClusterView: ethernet: GONE
03-02 22:46:18.030 863-863/? D/SignalClusterView: wifi: GONE sig=2130838689 inout=2130838672
03-02 22:46:18.030 863-863/? D/SignalClusterView: mobile: VISIBLE sig=2130838667 typ=0 inout=0 simoff=false
03-02 22:46:18.030 863-863/? D/SignalClusterView: vpn: GONE
03-02 22:46:18.030 863-863/? D/SignalClusterView: ethernet: GONE
03-02 22:46:18.030 863-863/? D/SignalClusterView: wifi: GONE sig=2130838689 inout=2130838672
03-02 22:46:18.030 863-863/? D/SignalClusterView: mobile: VISIBLE sig=2130838667 typ=0 inout=0 simoff=false
03-02 22:46:18.030 863-863/? D/SignalClusterView: vpn: GONE
03-02 22:46:18.030 863-863/? D/SignalClusterView: ethernet: GONE
03-02 22:46:18.030 863-863/? D/SignalClusterView: wifi: GONE sig=2130838689 inout=2130838672
03-02 22:46:18.030 863-863/? D/SignalClusterView: mobile: VISIBLE sig=2130838667 typ=0 inout=0 simoff=false
03-02 22:46:18.030 863-863/? D/SignalClusterView: vpn: GONE
03-02 22:46:18.030 863-863/? D/SignalClusterView: ethernet: GONE
03-02 22:46:18.030 863-863/? D/SignalClusterView: wifi: GONE sig=2130838689 inout=2130838672
03-02 22:46:18.030 863-863/? D/SignalClusterView: mobile: VISIBLE sig=2130838667 typ=0 inout=0 simoff=false
03-02 22:46:18.030 863-863/? D/SignalClusterView: vpn: GONE
03-02 22:46:18.030 863-863/? D/SignalClusterView: ethernet: GONE
03-02 22:46:18.030 863-863/? D/SignalClusterView: wifi: GONE sig=2130838689 inout=2130838672
03-02 22:46:18.030 863-863/? D/SignalClusterView: mobile: VISIBLE sig=2130838667 typ=0 inout=0 simoff=false
03-02 22:46:18.030 863-863/? D/SignalClusterView: vpn: GONE
03-02 22:46:18.030 863-863/? D/SignalClusterView: ethernet: GONE
03-02 22:46:18.040 863-863/? D/SignalClusterView: wifi: GONE sig=2130838689 inout=2130838672
03-02 22:46:18.040 863-863/? D/SignalClusterView: mobile: VISIBLE sig=2130838667 typ=0 inout=0 simoff=false
03-02 22:46:18.040 863-863/? D/sysuidebug.invisible_qspanel: setQsExpansion() mQsFullyExpanded=false, height <= mQsMinExpansionHeight, mQsExpanded=false, mStackScrollerOverscrolling=false
03-02 22:46:18.060 711-795/? D/EVENT_THREAD: void CEventThread::cancelAlarm()
03-02 22:46:18.060 711-795/? D/EVENT_THREAD: void CEventThread::run() Do poll with timeout: -1
03-02 22:46:18.070 24434-24434/? I/KERNEL: [194238.012394] [DISP] nt35596_vid_power_on
03-02 22:46:18.071 24434-24434/? I/KERNEL: [194238.013553] [DISP] brightness level = 0
03-02 22:46:18.071 24434-24434/? I/KERNEL: [194238.013626] [drm] enable primary plane WA on pipe 0
03-02 22:46:18.071 24434-24434/? I/KERNEL: [194238.013662] [drm:disable_plane] *ERROR* attached pipe is invalid, but plane type[4] isn't primary!
03-02 22:46:18.071 24434-24434/? I/KERNEL: [194238.013689] [ftxxxx] ftxxxx ts late resume.
03-02 22:46:18.071 24434-24434/? I/KERNEL: [194238.013713] [ftxxxx] ftxxxx ts late resume in gesture mode
03-02 22:46:18.060 266-266/? D/SurfaceFlinger: Set power mode=2, type=0 flinger=0xf6f77000
03-02 22:46:18.072 266-266/? I/KERNEL: [194238.014312] [drm] enable primary plane WA on pipe 0
03-02 22:46:18.072 266-266/? I/KERNEL: [194238.014344] [drm:disable_plane] *ERROR* attached pipe is invalid, but plane type[4] isn't primary!
03-02 22:46:18.072 266-266/? I/KERNEL: [DISP] brightness level = 0
03-02 22:46:18.060 711-730/? I/DisplayManagerService: Display device changed state: "Pantalla integrada", ON
03-02 22:46:18.060 1199-1199/? I/ThermalCooling: Changing to profile:Performance
03-02 22:46:18.060 711-711/? I/DeviceIdleController: becomeActiveLocked, reason = screen
03-02 22:46:18.060 1199-1199/? I/ThermalManager: ACTION_CHANGE_THERMAL_PROFILE received. New Profile: Performance
03-02 22:46:18.060 1199-1199/? I/ThermalManager: zone id:2 ZoneToCoolDevBucketSize:1,
03-02 22:46:18.060 1199-1199/? I/ThermalManager: zone id:2 CoolDevToThrottBucketSize:1,
03-02 22:46:18.060 1199-1199/? I/ThermalManager: 1 zones found active in profile Performance
03-02 22:46:18.060 1199-13269/? I/ThermalZoneMonitor: Stopping thread ThermalZone2 [InterruptedException]
03-02 22:46:18.080 1199-1199/? I/ThermalCooling: Received THERMAL INTENT:(ProfileName, ZoneName, State, EventType, Temp):(Panel_Off, FrontSkin, -1, LOW, 0)
03-02 22:46:18.080 1199-1199/? D/ThermalCooling: LOW_EVENT tDevice[9], existingState: 1, targetState: 0
03-02 22:46:18.080 1199-1199/? D/ThermalUtils: writeSysfs. /sys/class/powercap/intel-rapl/intel-rapl:0/constraint_0_power_limit_uw, 1200000
03-02 22:46:18.080 1199-1199/? I/ThermalCooling: Received THERMAL INTENT:(ProfileName, ZoneName, State, EventType, Temp):(Performance, FrontSkin, 0, HIGH, 40000)
03-02 22:46:18.080 1199-1199/? D/ThermalCooling: HIGH_EVENT tDevice[1], existingState: -1, targetState: 0
03-02 22:46:18.080 1199-1199/? D/ThermalUtils: writeSysfs. /sys/class/powercap/intel-rapl/intel-rapl:0/constraint_0_power_limit_uw, 6000000
03-02 22:46:18.080 711-732/? I/DisplayPowerController: Unblocked screen on after 97 ms
03-02 22:46:18.090 711-732/? V/KeyguardServiceDelegate: onScreenTurnedOn()
03-02 22:46:18.090 711-829/? E/lights: [BL] mode=0 brightness=36
03-02 22:46:18.099 711-829/? I/KERNEL: [194238.041283] [DISP] brightness level = 20
03-02 22:46:18.090 863-28648/? D/KeyguardViewMediator: notifyScreenTurnedOn
03-02 22:46:18.090 863-863/? V/ImageWallpaper: onVisibilityChanged: dds = false
03-02 22:46:18.090 863-863/? V/WallpaperManager: peekWallpaperBitmap, returnDefault: true
03-02 22:46:18.090 863-863/? V/WallpaperManager: getCurrentWallpaperLocked
03-02 22:46:18.090 711-1279/? V/WallpaperManagerService: getWallpaper, path: /data/system/users/0/wallpaper, exist: true
03-02 22:46:18.090 863-863/? D/skia: --- SkImageDecoder::Factory returned null
03-02 22:46:18.100 711-829/? E/lights: [BL] mode=0 brightness=43
03-02 22:46:18.109 711-829/? I/KERNEL: [194238.050780] [DISP] brightness level = 24
03-02 22:46:18.110 711-829/? E/lights: [BL] mode=0 brightness=49
03-02 22:46:18.125 711-829/? I/KERNEL: [194238.067116] [DISP] brightness level = 28
03-02 22:46:18.130 711-829/? E/lights: [BL] mode=0 brightness=56
03-02 22:46:18.142 711-829/? I/KERNEL: [194238.084095] [DISP] brightness level = 32
03-02 22:46:18.150 711-829/? E/lights: [BL] mode=0 brightness=63
03-02 22:46:18.158 711-829/? I/KERNEL: [194238.100696] [DISP] brightness level = 36
03-02 22:46:18.170 711-829/? E/lights: [BL] mode=0 brightness=71
03-02 22:46:18.179 711-829/? I/KERNEL: [194238.121694] [DISP] brightness level = 40
03-02 22:46:18.180 266-291/? D/hwcomposer: void android::intel::UeventObserver::onUevent(): received Uevent: REPEATED_FRAME
03-02 22:46:18.180 266-291/? D/hwcomposer: virtual void android::intel::Hwcomposer::invalidate(): invalidating screen...
03-02 22:46:18.180 311-311/? I/dispmgr: waiting for message from kernel.
03-02 22:46:18.180 311-311/? I/dispmgr: message from kernel received. [
03-02 22:46:18.180 311: 311 D/ ] PwrConsWriteRegisterUlong
03-02 22:46:18.190 24434-24434/? I/KERNEL: [194238.132600] [MM8033] mm8033_late_resume ++
03-02 22:46:18.190 24434-24434/? I/KERNEL: [194238.132626] [SMB1357] smb1357_late_resume ++
03-02 22:46:18.180 266-266/? D/hwcomposer: void android::intel::DisplayAnalyzer::handleIdleEntryEvent(int): handling idle entry event, count 0
03-02 22:46:18.180 711-829/? E/lights: [BL] mode=0 brightness=78
03-02 22:46:18.196 711-829/? I/KERNEL: [194238.138575] [DISP] brightness level = 44
03-02 22:46:18.200 711-829/? E/lights: [BL] mode=0 brightness=85
03-02 22:46:18.213 711-829/? I/KERNEL: [194238.155055] [DISP] brightness level = 48
03-02 22:46:18.210 863-863/? V/WallpaperManager: peekWallpaperBitmap, mWallpaper is null : false
03-02 22:46:18.220 863-863/? D/KeyguardViewMediator: handleNotifyScreenTurnedOn
03-02 22:46:18.220 711-829/? E/lights: [BL] mode=0 brightness=91
03-02 22:46:18.230 711-829/? I/KERNEL: [194238.171985] [DISP] brightness level = 52
03-02 22:46:18.220 863-863/? D/sysuidebug.invisible_qspanel: setQsExpansion() mQsFullyExpanded=false, height <= mQsMinExpansionHeight, mQsExpanded=false, mStackScrollerOverscrolling=false
03-02 22:46:18.230 1616-1616/? D/PowerSaverService: mIsScreenOn = true
03-02 22:46:18.230 1616-1616/? W/ContextImpl: Calling a method in the system process without a qualified user: android.app.ContextImpl.sendBroadcast:784 android.content.ContextWrapper.sendBroadcast:403 com.asus.powersaver.PowerSaverService$13.onReceive:-1 android.app.LoadedApk$ReceiverDispatcher$Args.run:884 android.os.Handler.handleCallback:739
03-02 22:46:18.230 1616-1616/? D/PowerSaverService: Send PowerSaver_Reconnect to framework
03-02 22:46:18.230 711-711/? E/WifiController: Receive PowerSaver Intent : powersaver_wifi_reconnect
03-02 22:46:18.230 1616-1616/? D/SuspiciousAppDetectionService: Recevie SCREEN ON intent
03-02 22:46:18.230 1616-1616/? D/SuspiciousAppDetectionService: cancelExactAlarm
03-02 22:46:18.230 266-266/? D/hwcomposer: void android::intel::DisplayAnalyzer::handleIdleExitEvent(): handling idle exit event
03-02 22:46:18.230 711-829/? E/lights: [BL] mode=0 brightness=98
03-02 22:46:18.246 711-829/? I/KERNEL: [194238.188636] [DISP] brightness level = 56
03-02 22:46:18.240 1249-1249/? D/AudioWizardService: AudioWizadService :DisplayEventReceiver Recieve intent : android.intent.action.SCREEN_ON
03-02 22:46:18.240 1249-1249/? D/AudioWizardService: AudioWizadService :Screen on.
03-02 22:46:18.240 863-863/? D/sysuidebug.invisible_qspanel: setQsExpansion() mQsFullyExpanded=false, height <= mQsMinExpansionHeight, mQsExpanded=false, mStackScrollerOverscrolling=false
03-02 22:46:18.240 12749-12749/? I/weather: WeatherTimeService> Action is: android.intent.action.SCREEN_ON
03-02 22:46:18.240 12749-12749/? V/weather: WeatherTimeService> Screen On current time: 1488512778249
03-02 22:46:18.240 12749-12749/? V/weather: BroadcastUtils> sendUpdateWidgetUI
03-02 22:46:18.240 12749-12749/? I/weather: WeatherTimeService> Screen on, un refresh widget id count: 0
03-02 22:46:18.240 863-863/? D/KeyguardUpdateMonitor: received broadcast android.intent.action.TIME_TICK
03-02 22:46:18.240 863-863/? D/KeyguardUpdateMonitor: receive ACTION_TIME_TICK
03-02 22:46:18.240 863-863/? D/KeyguardUpdateMonitor: handleTimeUpdate
03-02 22:46:18.240 863-863/? D/KeyguardIndicationController: receive ACTION_TIME_TICK
03-02 22:46:18.240 711-1284/? W/ActivityManager: Permission Denial: opening provider android.support.v4.content.FileProvider from ProcessRecord{c63a7c8 12749:com.asus.weathertime/u0a131} (pid=12749, uid=10131) that is not exported from uid 10023
03-02 22:46:18.250 711-829/? E/lights: [BL] mode=0 brightness=105
03-02 22:46:18.263 711-829/? I/KERNEL: [194238.205417] [DISP] brightness level = 60
03-02 22:46:18.250 863-863/? D/sysuidebug.invisible_qspanel: setQsExpansion() mQsFullyExpanded=false, height <= mQsMinExpansionHeight, mQsExpanded=false, mStackScrollerOverscrolling=false
03-02 22:46:18.250 863-863/? D/StatusBar.Clock: Receive ACTION_TIME_TICK
03-02 22:46:18.270 711-829/? E/lights: [BL] mode=0 brightness=111
03-02 22:46:18.280 711-829/? I/KERNEL: [194238.222217] [DISP] brightness level = 63
03-02 22:46:18.270 863-863/? D/StatusBar.Clock: Receive ACTION_TIME_TICK
03-02 22:46:18.270 863-863/? D/DateView: receive ACTION_TIME_TICK
03-02 22:46:18.280 711-829/? E/lights: [BL] mode=0 brightness=118
03-02 22:46:18.297 711-829/? I/KERNEL: [194238.238972] [DISP] brightness level = 67
03-02 22:46:18.290 863-863/? D/sysuidebug.invisible_qspanel: setQsExpansion() mQsFullyExpanded=false, height <= mQsMinExpansionHeight, mQsExpanded=false, mStackScrollerOverscrolling=false
03-02 22:46:18.300 711-829/? E/lights: [BL] mode=0 brightness=125
03-02 22:46:18.314 711-829/? I/KERNEL: [194238.256314] [DISP] brightness level = 71
03-02 22:46:18.300 863-863/? D/sysuidebug.invisible_qspanel: setQsExpansion() mQsFullyExpanded=false, height <= mQsMinExpansionHeight, mQsExpanded=false, mStackScrollerOverscrolling=false
03-02 22:46:18.310 12749-12749/? D/weather: WeatherWidgetProviderPhone> setCurrentThemeZip done. filepath exists.
03-02 22:46:18.310 12749-12749/? I/PackageParser: com.asus.weathertime: compat added android.permission.WRITE_EXTERNAL_STORAGE android.permission.READ_PHONE_STATE
03-02 22:46:18.320 711-829/? E/lights: [BL] mode=0 brightness=131
03-02 22:46:18.330 711-829/? I/KERNEL: [194238.272276] [DISP] brightness level = 74
03-02 22:46:18.320 12749-12749/? V/WeatherStaticMethod: category = 2
03-02 22:46:18.320 12749-12749/? V/weather: WeatherWidgetProviderPhone> Widget category = KEYGUARD ; appWidgetId = 6
03-02 22:46:18.320 12749-12749/? V/weather: WeatherWidgetProviderPhone> apply widget style= zen3_default
03-02 22:46:18.320 863-863/? D/sysuidebug.invisible_qspanel: setQsExpansion() mQsFullyExpanded=false, height <= mQsMinExpansionHeight, mQsExpanded=false, mStackScrollerOverscrolling=false
03-02 22:46:18.320 12749-12749/? V/weather: WeatherWidgetProviderPhone> cityId = 106898; currentLocation = 0
03-02 22:46:18.330 711-829/? E/lights: [BL] mode=0 brightness=138
03-02 22:46:18.347 711-829/? I/KERNEL: [194238.288866] [DISP] brightness level = 78
03-02 22:46:18.340 863-863/? D/sysuidebug.invisible_qspanel: setQsExpansion() mQsFullyExpanded=false, height <= mQsMinExpansionHeight, mQsExpanded=false, mStackScrollerOverscrolling=false
03-02 22:46:18.340 12749-12749/? V/WeatherStaticMethod: category = 2
03-02 22:46:18.340 12749-12749/? D/weather: NewCityWeatherInfo> c=0, false
03-02 22:46:18.350 863-863/? D/KeyguardIndicationController: receive ACTION_TIME_TICK
03-02 22:46:18.350 12749-12749/? D/weather: WeatherWidgetProviderPhone> apply icon= asus_weathertime_widget_lock_night_partlycloudy
03-02 22:46:18.350 12749-12749/? D/weather: WeatherWidgetProviderPhone> get identifier = 2130837565
03-02 22:46:18.350 711-829/? E/lights: [BL] mode=0 brightness=145
03-02 22:46:18.364 711-829/? I/KERNEL: [194238.305860] [DISP] brightness level = 82
03-02 22:46:18.350 12749-12749/? V/WeatherStaticMethod: category = 1
03-02 22:46:18.350 12749-12749/? V/weather: WeatherWidgetProviderPhone> Widget category = HOMESCREEN ; appWidgetId = 4
03-02 22:46:18.360 12749-12749/? V/weather: WeatherWidgetProviderPhone> apply widget style= zen3_default
03-02 22:46:18.360 12749-12749/? V/weather: WeatherWidgetProviderPhone> cityId = 106898; currentLocation = 0
03-02 22:46:18.370 711-829/? E/lights: [BL] mode=0 brightness=151
03-02 22:46:18.380 711-829/? I/KERNEL: [194238.322526] [DISP] brightness level = 86
03-02 22:46:18.380 12749-12749/? V/WeatherStaticMethod: category = 1
03-02 22:46:18.380 711-829/? E/lights: [BL] mode=0 brightness=158
03-02 22:46:18.397 711-829/? I/KERNEL: [194238.339545] [DISP] brightness level = 90
03-02 22:46:18.390 12749-12749/? D/weather: NewCityWeatherInfo> c=0, false
03-02 22:46:18.390 12749-12749/? D/weather: WeatherWidgetProviderPhone> apply icon= asus_weathertime_widget_home_night_partlycloudy
03-02 22:46:18.390 12749-12749/? D/weather: WeatherWidgetProviderPhone> get identifier = 2130837527
03-02 22:46:18.400 711-829/? E/lights: [BL] mode=0 brightness=165
03-02 22:46:18.415 711-829/? I/KERNEL: [194238.357333] [DISP] brightness level = 94
03-02 22:46:18.410 12749-12749/? V/WeatherStaticMethod: category = 2
03-02 22:46:18.410 12749-12749/? V/weather: WeatherWidgetProviderPhone> Widget category = KEYGUARD ; appWidgetId = 3
03-02 22:46:18.420 711-829/? E/lights: [BL] mode=0 brightness=172
03-02 22:46:18.436 711-829/? I/KERNEL: [194238.378001] [DISP] brightness level = 98
03-02 22:46:18.420 12749-12749/? V/weather: WeatherWidgetProviderPhone> apply widget style= zen3_default
03-02 22:46:18.430 12749-12749/? V/weather: WeatherWidgetProviderPhone> cityId = 106898; currentLocation = 0
03-02 22:46:18.440 711-829/? E/lights: [BL] mode=0 brightness=178
03-02 22:46:18.448 711-829/? I/KERNEL: [194238.390135] [DISP] brightness level = 101
03-02 22:46:18.440 711-721/? I/art: Background partial concurrent mark sweep GC freed 60242(3MB) AllocSpace objects, 8(284KB) LOS objects, 28% free, 40MB/56MB, paused 15.130ms total 75.045ms
03-02 22:46:18.450 12749-12749/? V/WeatherStaticMethod: category = 2
03-02 22:46:18.450 12749-12749/? D/weather: NewCityWeatherInfo> c=0, false
03-02 22:46:18.450 12749-12749/? D/weather: WeatherWidgetProviderPhone> apply icon= asus_weathertime_widget_lock_night_partlycloudy
03-02 22:46:18.450 711-829/? E/lights: [BL] mode=0 brightness=185
03-02 22:46:18.450 12749-12749/? D/weather: WeatherWidgetProviderPhone> get identifier = 2130837565
03-02 22:46:18.464 711-829/? I/KERNEL: [194238.405970] [DISP] brightness level = 105
03-02 22:46:18.460 12749-12749/? V/weather: WeatherWidgetProviderPhone> Update all widget current time: 1488512778469
03-02 22:46:18.460 12749-12749/? V/weather: WeatherWidgetProviderPhone> Update all widget current time: 1488512778471
03-02 22:46:18.460 12749-12749/? V/weather: WeatherWidgetProviderPhone> Update all widget current time: 1488512778472
03-02 22:46:18.470 711-829/? E/lights: [BL] mode=0 brightness=192
03-02 22:46:18.481 711-829/? I/KERNEL: [194238.423459] [DISP] brightness level = 109
03-02 22:46:18.470 863-863/? D/sysuidebug.invisible_qspanel: setQsExpansion() mQsFullyExpanded=false, height <= mQsMinExpansionHeight, mQsExpanded=false, mStackScrollerOverscrolling=false
03-02 22:46:18.480 711-829/? E/lights: [BL] mode=0 brightness=198
03-02 22:46:18.497 711-829/? I/KERNEL: [194238.439500] [DISP] brightness level = 113
03-02 22:46:18.500 711-829/? E/lights: [BL] mode=0 brightness=205
03-02 22:46:18.515 711-829/? I/KERNEL: [194238.457003] [DISP] brightness level = 117
03-02 22:46:18.520 711-829/? E/lights: [BL] mode=0 brightness=212
03-02 22:46:18.531 711-829/? I/KERNEL: [194238.473610] [DISP] brightness level = 121
03-02 22:46:18.540 711-829/? E/lights: [BL] mode=0 brightness=218
03-02 22:46:18.548 711-829/? I/KERNEL: [194238.490482] [DISP] brightness level = 124
03-02 22:46:18.550 711-829/? E/lights: [BL] mode=0 brightness=225
03-02 22:46:18.565 711-829/? I/KERNEL: [194238.507162] [DISP] brightness level = 128
03-02 22:46:18.570 711-829/? E/lights: [BL] mode=0 brightness=232
03-02 22:46:18.582 711-829/? I/KERNEL: [194238.524074] [DISP] brightness level = 132
03-02 22:46:18.590 711-829/? E/lights: [BL] mode=0 brightness=239
03-02 22:46:18.599 711-829/? I/KERNEL: [194238.541400] [DISP] brightness level = 136
03-02 22:46:18.600 711-829/? E/lights: [BL] mode=0 brightness=245
03-02 22:46:18.616 711-829/? I/KERNEL: [194238.558310] [DISP] brightness level = 140
03-02 22:46:18.620 711-829/? E/lights: [BL] mode=0 brightness=252
03-02 22:46:18.633 711-829/? I/KERNEL: [194238.575021] [DISP] brightness level = 144
03-02 22:46:18.640 711-829/? E/lights: [BL] mode=0 brightness=255
03-02 22:46:18.649 711-829/? I/KERNEL: [194238.591101] [DISP] brightness level = 145
03-02 22:46:18.650 863-863/? I/keyguard: AsusKGWallpaperManager:notifyBlurEffect blur:false mTouching:true TouchedShortcut:false CaptureScreenshot:false LaunchShortcut:false visible:true mExpand:true mBouncerShow:false
03-02 22:46:18.650 863-863/? I/keyguard: AsusKeyguardWallpaper:updateBlurEffect:false
03-02 22:46:18.700 863-863/? I/keyguard: AsusMediator:onTrackingStarted
03-02 22:46:18.700 863-863/? I/keyguard: AsusDragManager:onTrackingStarted barState:1
03-02 22:46:18.720 863-863/? D/PhoneStatusBar: Settings.System.ASUS_EASY_LAUNCHER = false
03-02 22:46:18.720 863-863/? I/keyguard: AsusWeatherManager: :updAnimState: NONE, enable=false, sON=true, kgShow=true, bShow=false, wwShow=true, data=true, start=true, touch=true, sSaving=false, dream=false
03-02 22:46:18.780 863-863/? I/keyguard: AsusDragManager:onNotificationPanelTouch barState:1 action:1 mTraceStarted:true
03-02 22:46:18.780 863-863/? D/PanelView: target:0.0
03-02 22:46:18.780 863-863/? I/keyguard: AsusMediator:onTrackingStopped barState:1 expand:false
03-02 22:46:18.780 863-863/? I/keyguard: AsusKGWallpaperManager:notifyBlurEffect blur:false mTouching:false TouchedShortcut:false CaptureScreenshot:false LaunchShortcut:false visible:true mExpand:false mBouncerShow:false
03-02 22:46:18.780 863-863/? I/keyguard: AsusKeyguardWallpaper:updateBlurEffect:false
03-02 22:46:18.780 863-863/? I/keyguard: AsusDragManager:onTrackingStopped barState:1 expand:false mTraceStarted:true
03-02 22:46:18.780 863-863/? W/keyguard: AnimationTargetContainer:startFinish mState:READY flyAway:true
03-02 22:46:18.780 863-863/? W/keyguard: AnimationTargetContainer:startPlay can't find target view
03-02 22:46:18.780 863-863/? W/keyguard: AnimationTargetContainer:startFinish mState:READY flyAway:true
03-02 22:46:18.780 863-863/? W/keyguard: AnimationTargetContainer:startPlay can't find target view
03-02 22:46:18.780 863-863/? W/keyguard: AnimationTargetContainer:startFinish mState:READY flyAway:true
03-02 22:46:18.780 863-863/? W/keyguard: AnimationTargetContainer:startPlay can't find target view
03-02 22:46:18.780 863-863/? W/keyguard: AnimationTargetContainer:startFinish mState:READY flyAway:true
03-02 22:46:18.780 863-863/? W/keyguard: AnimationTargetContainer:startPlay can't find target view
03-02 22:46:18.780 863-863/? I/keyguard: AnimationLayer:startPlayEndAnimation
03-02 22:46:18.780 863-863/? I/keyguard: AnimationLayer:onAnimationStart
03-02 22:46:18.840 863-863/? D/PanelView: onAnimationEnd animation:ValueAnimator@68d33d7 : 475.28723 0.0
03-02 22:46:18.840 863-863/? V/PanelBar: onExpandingFinished
03-02 22:46:18.840 863-863/? D/QuickSettingsBrightness: onVisibilityChanged endGetLux: 4
03-02 22:46:18.840 863-863/? V/PanelBar: go state: 2 -> 0
03-02 22:46:18.840 863-863/? V/PanelBar: onAllPanelsCollapsed
03-02 22:46:18.840 863-863/? D/sysuidebug.invisible_qspanel: setQsExpansion() mQsFullyExpanded=false, height <= mQsMinExpansionHeight, mQsExpanded=false, mStackScrollerOverscrolling=false
03-02 22:46:18.860 863-863/? V/KeyguardUpdateMonitor: *** unregister callback for com.android.systemui.statusbar.policy.KeyguardMonitor@b2160b3
03-02 22:46:18.860 863-863/? D/sysuidebug.invisible_qspanel: setQsExpansion() mQsFullyExpanded=false, height <= mQsMinExpansionHeight, mQsExpanded=false, mStackScrollerOverscrolling=false
03-02 22:46:18.860 863-863/? D/sysuidebug.invisible_qspanel: onOverscrollTopChanged(): mStackScrollerOverscrolling=false, rounded=0.0, isRubberbanded=false
03-02 22:46:18.860 863-863/? D/sysuidebug.invisible_qspanel: updateQsState(): expandVisually=false, mQsExpanded=false, mStackScrollerOverscrolling=false, mHeaderAnimating=false
03-02 22:46:18.860 863-863/? D/sysuidebug.invisible_qspanel: setQsExpansion() mQsFullyExpanded=false, height <= mQsMinExpansionHeight, mQsExpanded=false, mStackScrollerOverscrolling=false
03-02 22:46:18.860 863-863/? V/PanelBar: collapseAllPanels: animate=false waiting=false
03-02 22:46:18.860 863-863/? D/sysuidebug.invisible_qspanel: setQsExpansion() mQsFullyExpanded=false, height <= mQsMinExpansionHeight, mQsExpanded=false, mStackScrollerOverscrolling=false
03-02 22:46:18.860 863-863/? D/sysuidebug.invisible_qspanel: setQsExpansion() mQsFullyExpanded=false, height <= mQsMinExpansionHeight, mQsExpanded=false, mStackScrollerOverscrolling=false
03-02 22:46:18.860 863-863/? D/sysuidebug.invisible_qspanel: onOverscrollTopChanged(): mStackScrollerOverscrolling=false, rounded=0.0, isRubberbanded=false
03-02 22:46:18.860 863-863/? D/sysuidebug.invisible_qspanel: updateQsState(): expandVisually=false, mQsExpanded=false, mStackScrollerOverscrolling=false, mHeaderAnimating=false
03-02 22:46:18.860 863-863/? D/sysuidebug.invisible_qspanel: setQsExpansion() mQsFullyExpanded=false, height <= mQsMinExpansionHeight, mQsExpanded=false, mStackScrollerOverscrolling=false
03-02 22:46:18.860 863-863/? V/PanelBar: collapseAllPanels: animate=false waiting=false
03-02 22:46:18.860 863-863/? D/KeyguardSecurityView: showNextSecurityScreenOrFinish(false)
03-02 22:46:18.860 863-863/? I/keyguard: KeyguardSecurityModel: securityMode: single currentSub:-1 simState = NOT_READY, isSimActive = false, !updateMonitor.getContinueBtnEnabled() = true mode = None
03-02 22:46:18.860 863-863/? D/KeyguardViewMediator: keyguardDone(true)
03-02 22:46:18.860 863-863/? D/PhoneStatusBar: disable: < expand ICONS alerts SYSTEM_INFO back HOME RECENT clock SEARCH quick_settings
> 03-02 22:46:18.860 863-863/? D/KeyguardViewMediator: handleKeyguardDone
03-02 22:46:18.860 863-863/? D/KeyguardViewMediator: handleHide
03-02 22:46:18.860 863-863/? I/keyguard: KeyguardViewMediator:keyguardGoingAway shouldDisable:false mWakeAndUnlocking:false mHideAnimationRun:false isGoingToShade:false
03-02 22:46:18.870 711-846/? D/WindowManager: adjustConfigurationLw, config:{0 1.0 ?mcc?mnc ?locale ?layoutDir sw360dp w360dp h616dp 480dpi nrml long port ?uimode ?night finger -keyb/v/h -nav/v} mLidState:1 mHasDockFeature:false mHasKeyboardFeature:false mHasHallSensorFeature:true config.hardKeyboardHidden:2
03-02 22:46:18.870 863-28648/? I/keyguard: KeyguardViewMediator:startKeyguardExitAnimation: startTime:103511544 fadeoutDuration:400
03-02 22:46:18.870 1114-1114/? V/WallpaperManager: peekWallpaperBitmap, returnDefault: true
03-02 22:46:18.880 863-863/? I/keyguard: KeyguardViewMediator:handleStartKeyguardExitAnimation
03-02 22:46:18.880 1114-1114/? V/WallpaperManager: return cached wallpaper
03-02 22:46:18.880 863-863/? D/PhoneStatusBar: disable: < expand icons* alerts system_info* back HOME RECENT clock SEARCH quick_settings
> 03-02 22:46:18.893 201-221/? I/KERNEL: [194238.834696] type=1400 audit(1488512778.880:49222): avc: denied { ioctl } for pid=1257 comm="Binder_8" path="socket:[1321572]" dev="sockfs" ino=1321572 ioctlcmd=7704 scontext=u:r:system_server:s0 tcontext=u:r:system_server:s0 tclass=unix_stream_socket permissive=1
03-02 22:46:18.880 863-863/? D/keyguard: AsusMediator:setStatusBarState 0
03-02 22:46:18.880 863-863/? I/keyguard: AsusKGWallpaperManager:onStatusBarStateChanged newState:0
03-02 22:46:18.880 863-863/? I/keyguard: AsusKGWallpaperManager:isWallpaperVisible:false mKeyguardVisible:true mStatusBarState:0
03-02 22:46:18.880 863-863/? I/keyguard: AsusKeyguardWallpaper:updateVisible:false
03-02 22:46:18.880 863-863/? I/keyguard: AsusKGWallpaperManager:notifyBlurEffect blur:false mTouching:false TouchedShortcut:false CaptureScreenshot:false LaunchShortcut:false visible:false mExpand:false mBouncerShow:false
03-02 22:46:18.880 863-863/? I/keyguard: AsusKeyguardWallpaper:updateBlurEffect:false
03-02 22:46:18.894 201-221/? I/KERNEL: [194238.835591] type=1400 audit(1488512778.880:49223): avc: denied { ioctl } for pid=1257 comm="Binder_8" path="socket:[1321572]" dev="sockfs" ino=1321572 ioctlcmd=7704 scontext=u:r:system_server:s0 tcontext=u:r:system_server:s0 tclass=unix_stream_socket permissive=1
03-02 22:46:18.880 863-863/? D/sysuidebug.invisible_qspanel: updateQsState(): expandVisually=false, mQsExpanded=false, mStackScrollerOverscrolling=false, mHeaderAnimating=false
03-02 22:46:18.880 863-863/? V/UserManager: isMultiUserExist() multiUserNum=1
03-02 22:46:18.880 863-863/? D/QuickSettingsBrightness: onVisibilityChanged visibility: 0
03-02 22:46:18.880 863-863/? D/QuickSettingsBrightness: onVisibilityChanged registerUpdate
03-02 22:46:18.890 863-863/? D/QuickSettingsBrightness: updateBrightnessViews mIsTracking=false: 240
03-02 22:46:18.890 863-863/? D/NotificationData: includesDummyNotification:false
03-02 22:46:18.890 863-863/? D/PhoneStatusBar: updateEmptyShadeView
03-02 22:46:18.890 863-863/? V/KeyguardUpdateMonitor: *** unregister callback for com.android.keyguard.CarrierText$1@a4195ca
03-02 22:46:18.890 863-863/? V/KeyguardUpdateMonitor: *** unregister callback for com.android.keyguard.EmergencyButton$1@dcc833b
03-02 22:46:18.890 863-863/? V/KeyguardUpdateMonitor: *** unregister callback for com.android.keyguard.CarrierText$1@ab20a58
03-02 22:46:18.890 863-863/? V/KeyguardUpdateMonitor: *** unregister callback for com.android.keyguard.EmergencyButton$1@50567b1
03-02 22:46:18.890 863-863/? V/KeyguardUpdateMonitor: *** unregister callback for com.android.keyguard.KeyguardSimpleHostView$6@d4ee279
03-02 22:46:18.890 863-863/? V/KeyguardUpdateMonitor: *** unregister callback for com.android.keyguard.KeyguardSimpleHostView$1@62d7bbe
03-02 22:46:18.890 863-863/? V/KeyguardUpdateMonitor: *** unregister callback for com.android.keyguard.KeyguardIndicationController$1@7b95e6
03-02 22:46:18.890 863-863/? V/KeyguardDisplayManager: hide
03-02 22:46:18.890 863-863/? D/KeyguardUpdateMonitor: onKeyguardVisibilityChanged(false)
03-02 22:46:18.890 863-863/? I/keyguard: AsusLSShortcut:updateUI app:null iconWidth:0 iconHeight:0 background:null bgWidth:0 bgHeight:0 color:-1 mIconScaleRate:-1.0
03-02 22:46:18.890 863-863/? I/keyguard: AsusLSShortcut:updateUI app:null iconWidth:0 iconHeight:0 background:null bgWidth:0 bgHeight:0 color:-1 mIconScaleRate:-1.0
03-02 22:46:18.890 863-863/? I/keyguard: AsusLSShortcut:updateUI app:null iconWidth:0 iconHeight:0 background:null bgWidth:0 bgHeight:0 color:-1 mIconScaleRate:-1.0
03-02 22:46:18.890 863-863/? I/keyguard: AsusDragManager:onKeyguardVisibilityChanged showing:false
03-02 22:46:18.900 863-863/? D/KeyguardUpdateMonitor: updateFingerprintListeningState should=false, state=0
03-02 22:46:18.900 863-863/? D/KeyguardViewMediator: adjustStatusBarLocked: mShowing=false mOccluded=false isSecure=false --> flags=0x0
03-02 22:46:18.900 863-1856/? I/FrpHelper: AccountAnalyzer count: 2
03-02 22:46:18.900 863-863/? I/keyguard: KeyguardViewMediator:handleStartKeyguardExitAnimation end
03-02 22:46:18.900 863-863/? I/keyguard: AsusKGWallpaperManager:notifyBlurEffect blur:false mTouching:false TouchedShortcut:false CaptureScreenshot:false LaunchShortcut:false visible:false mExpand:true mBouncerShow:false
03-02 22:46:18.900 863-863/? I/keyguard: AsusKeyguardWallpaper:updateBlurEffect:false
03-02 22:46:18.900 1210-1210/? D/NativeNfcManager: power state=4
03-02 22:46:18.900 1210-1210/? D/BrcmNfcJni: PowerSwitch::com_android_nfc_NativeNfcManager_doSetPowerMode: mode=0x4; screen on unlocked
03-02 22:46:18.910 1114-1114/? V/Launcher: [onResume] called
03-02 22:46:18.920 1114-1480/? D/[NotificationManager]: [isQuickFindTipFinished] finished: true
03-02 22:46:18.920 1114-1114/? I/Launcher: Time spent in onResume: 7ms
03-02 22:46:18.930 1317-1317/? I/DeviceCache: Unable to convert the the network interface's MAC Address to string. MAC address cannot be null.
03-02 22:46:18.930 1317-1317/? I/DeviceCache: Unable to convert the the network interface's MAC Address to string. MAC address cannot be null.
03-02 22:46:18.940 1317-1317/? I/DeviceCache: Unable to convert the the network interface's MAC Address to string. MAC address cannot be null.
03-02 22:46:18.940 1317-1317/? I/DeviceCache: Unable to convert the the network interface's MAC Address to string. MAC address cannot be null.
03-02 22:46:18.940 1317-1317/? I/DeviceCache: Unable to convert the the network interface's MAC Address to string. MAC address cannot be null.
03-02 22:46:18.940 1317-1317/? I/DeviceCache: Unable to convert the the network interface's MAC Address to string. MAC address cannot be null.
03-02 22:46:18.940 1317-1317/? I/DeviceCache: Unable to convert the the network interface's MAC Address to string. MAC address cannot be null.
03-02 22:46:18.940 1114-1114/? V/Launcher: [onWindowFocusChanged]: true, takes: 0ms
03-02 22:46:18.950 711-1198/? W/InputMethodManagerService: Window already focused, ignoring focus gain of: com.android.internal.view.IInputMethodClient$Stub$Proxy@f05306 attribute=android.view.inputmethod.EditorInfo@c435dc7, token = android.os.BinderProxy@284e7bb
03-02 22:46:18.961 201-221/? I/KERNEL: [194238.902739] type=1400 audit(1488512778.950:49224): avc: denied { ioctl } for pid=1198 comm="Binder_7" path="socket:[237652]" dev="sockfs" ino=237652 ioctlcmd=7704 scontext=u:r:system_server:s0 tcontext=u:r:system_server:s0 tclass=unix_stream_socket permissive=1
03-02 22:46:18.962 201-221/? I/KERNEL: [194238.903673] type=1400 audit(1488512778.950:49225): avc: denied { ioctl } for pid=1198 comm="Binder_7" path="socket:[237652]" dev="sockfs" ino=237652 ioctlcmd=7704 scontext=u:r:system_server:s0 tcontext=u:r:system_server:s0 tclass=unix_stream_socket permissive=1
03-02 22:46:18.950 863-863/? D/sysuidebug.invisible_qspanel: setQsExpansion() mQsFullyExpanded=false, height <= mQsMinExpansionHeight, mQsExpanded=false, mStackScrollerOverscrolling=false
03-02 22:46:18.960 1114-1589/? D/AsusAnimationIconReceiver: get app package name: com.asus.deskclock class name: com.asus.deskclock.DeskClock size: 192
03-02 22:46:18.960 1114-1589/? W/Launcher: setApplicationContext called twice! old=com.android.launcher3.LauncherApplication@34778b9 new=com.android.launcher3.LauncherApplication@34778b9
03-02 22:46:18.960 5784-5784/? D/XT9IME: onStartInput isInputViewShown() = false isShowInputRequested() = false
03-02 22:46:18.960 863-863/? I/keyguard: AsusKGWallpaperManager:WHAT_UI_UPDATE_WALLPAPER mLockWallpaperDrawable:null
03-02 22:46:18.960 863-863/? I/keyguard: AsusKGWallpaperManager:isWallpaperVisible:false mKeyguardVisible:false mStatusBarState:0
03-02 22:46:18.960 863-863/? I/keyguard: AsusKeyguardWallpaper:updateVisible:false
03-02 22:46:18.960 863-863/? I/keyguard: AsusKeyguardWallpaper:updateWallpaper
03-02 22:46:18.970 863-863/? D/PhoneStatusBar: Settings.System.ASUS_EASY_LAUNCHER = false
03-02 22:46:18.970 863-863/? I/keyguard: AsusWeatherManager: :updAnimState: NONE, enable=false, sON=true, kgShow=false, bShow=false, wwShow=true, data=true, start=true, touch=false, sSaving=false, dream=false
03-02 22:46:18.970 863-863/? D/PhoneStatusBar: disable: < expand icons alerts system_info back home* recent* clock search* quick_settings
> 03-02 22:46:18.980 266-291/? D/hwcomposer: void android::intel::UeventObserver::onUevent(): received Uevent: REPEATED_FRAME
03-02 22:46:18.980 266-291/? D/hwcomposer: virtual void android::intel::Hwcomposer::invalidate(): invalidating screen...
03-02 22:46:18.980 266-266/? D/hwcomposer: void android::intel::DisplayAnalyzer::handleIdleEntryEvent(int): handling idle entry event, count 0
03-02 22:46:18.990 863-863/? D/sysuidebug.invisible_qspanel: setQsExpansion() mQsFullyExpanded=false, height <= mQsMinExpansionHeight, mQsExpanded=false, mStackScrollerOverscrolling=false
03-02 22:46:19.000 266-266/? D/hwcomposer: void android::intel::DisplayAnalyzer::handleIdleExitEvent(): handling idle exit event
03-02 22:46:19.010 863-863/? D/sysuidebug.invisible_qspanel: setQsExpansion() mQsFullyExpanded=false, height <= mQsMinExpansionHeight, mQsExpanded=false, mStackScrollerOverscrolling=false
03-02 22:46:19.010 1265-1781/? D/PhoneInterfaceManager: [PhoneIntfMgr] getDataEnabled: subId=3 phoneId=0
03-02 22:46:19.010 1265-1781/? D/PhoneInterfaceManager: [PhoneIntfMgr] getDataEnabled: subId=3 retVal=false
03-02 22:46:19.010 863-1660/? D/TelephonyManager: getDataEnabled: retVal=false
03-02 22:46:19.020 863-1660/? D/QSTile.NfcTile: Check NFC status
03-02 22:46:19.020 863-1660/? D/QSTile.NfcTile: getAdapterState(): 1|false
03-02 22:46:19.020 863-1660/? I/PerUserService: getService userId=0
03-02 22:46:19.020 863-1660/? I/PerUserService: getMasterSyncAutomatically false
03-02 22:46:19.020 863-863/? D/sysuidebug.invisible_qspanel: setQsExpansion() mQsFullyExpanded=false, height <= mQsMinExpansionHeight, mQsExpanded=false, mStackScrollerOverscrolling=false
03-02 22:46:19.040 863-863/? D/sysuidebug.invisible_qspanel: setQsExpansion() mQsFullyExpanded=false, height <= mQsMinExpansionHeight, mQsExpanded=false, mStackScrollerOverscrolling=false
03-02 22:46:19.040 1114-1589/? D/AsusAnimationIconReceiver: update icon to DB - pkg: com.asus.deskclock clz: com.asus.deskclock.DeskClock isEnable: true
03-02 22:46:19.050 863-863/? D/sysuidebug.invisible_qspanel: setQsExpansion() mQsFullyExpanded=false, height <= mQsMinExpansionHeight, mQsExpanded=false, mStackScrollerOverscrolling=false
03-02 22:46:19.060 1114-1114/? D/Launcher: bindAppsUpdated start, apps size: 1, isUpdateAppsIcon: true
03-02 22:46:19.060 1114-1114/? D/Launcher: updateFolders start
03-02 22:46:19.060 1114-1114/? D/Launcher: updateFolders finished: 0ms
03-02 22:46:19.060 1114-1114/? D/Launcher: bindAppsUpdated finished: 0ms
03-02 22:46:19.100 311-311/? I/dispmgr: waiting for message from kernel.
03-02 22:46:19.100 311-311/? I/dispmgr: message from kernel received. [
03-02 22:46:19.100 311: 311 D/ ] PwrConsWriteRegisterUlong
03-02 22:46:19.190 863-863/? I/keyguard: AnimationLayer:onAnimationEnd
03-02 22:46:19.190 863-863/? W/keyguard: AnimationTargetContainer:reset mState:FINISHED
03-02 22:46:19.190 863-863/? W/keyguard: AnimationTargetContainer:reset mState:FINISHED
03-02 22:46:19.190 863-863/? W/keyguard: AnimationTargetContainer:reset mState:FINISHED
03-02 22:46:19.200 863-863/? W/keyguard: AnimationTargetContainer:reset mState:FINISHED
03-02 22:46:19.330 311-311/? I/dispmgr: waiting for message from kernel.
03-02 22:46:19.330 311-311/? I/dispmgr: message from kernel received. [
03-02 22:46:19.330 311: 311 D/ ] PwrConsWriteRegisterUlong
03-02 22:46:19.345 311-311/? I/KERNEL: [194239.286752] [DISP] brightness level = 124
03-02 22:46:19.340 863-863/? I/StatusBarKeyguardViewManager: animateScrimControllerKeyguardFadingOut end
03-02 22:46:19.395 311-324/? I/KERNEL: [194239.337160] [DISP] brightness level = 124
03-02 22:46:19.400 863-863/? D/sysuidebug.invisible_qspanel: setQsExpansion() mQsFullyExpanded=false, height <= mQsMinExpansionHeight, mQsExpanded=false, mStackScrollerOverscrolling=false
03-02 22:46:19.446 311-324/? I/KERNEL: [194239.387523] [DISP] brightness level = 125
03-02 22:46:19.496 311-324/? I/KERNEL: [194239.438059] [DISP] brightness level = 125
03-02 22:46:19.510 266-291/? D/hwcomposer: void android::intel::UeventObserver::onUevent(): received Uevent: REPEATED_FRAME
03-02 22:46:19.510 266-291/? D/hwcomposer: virtual void android::intel::Hwcomposer::invalidate(): invalidating screen...
03-02 22:46:19.520 266-266/? D/hwcomposer: void android::intel::DisplayAnalyzer::handleIdleEntryEvent(int): handling idle entry event, count 0
03-02 22:46:19.547 311-324/? I/KERNEL: [194239.488387] [DISP] brightness level = 126
03-02 22:46:19.597 311-324/? I/KERNEL: [194239.538895] [DISP] brightness level = 127
03-02 22:46:19.647 311-324/? I/KERNEL: [194239.589274] [DISP] brightness level = 127
03-02 22:46:19.698 311-324/? I/KERNEL: [194239.639680] [DISP] brightness level = 128
03-02 22:46:19.730 711-722/? D/Vibrator: switchOff : Turn OFF vibrator request
03-02 22:46:19.730 711-795/? D/EVENT_THREAD: void CEventThread::cancelAlarm()
03-02 22:46:19.730 711-795/? D/EVENT_THREAD: void CEventThread::run() Do poll with timeout: -1
03-02 22:46:19.730 711-13294/? D/Vibrator: switchOn : Turn ON vibrator for 10 ms request
03-02 22:46:19.730 711-795/? D/EVENT_THREAD: void CEventThread::startAlarm(uint32_t) 10ms
03-02 22:46:19.730 711-795/? D/EVENT_THREAD: void CEventThread::run() Do poll with timeout: 10
03-02 22:46:19.748 311-324/? I/KERNEL: [194239.689917] [DISP] brightness level = 128
03-02 22:46:19.740 711-795/? D/EVENT_THREAD: void CEventThread::cancelAlarm()
03-02 22:46:19.740 711-795/? D/EVENT_THREAD: void CEventThread::run() Do poll with timeout: -1
03-02 22:46:19.750 266-266/? D/hwcomposer: void android::intel::DisplayAnalyzer::handleIdleExitEvent(): handling idle exit event
03-02 22:46:19.760 711-13294/? D/Vibrator: switchOn : Turn ON vibrator for 30 ms request
03-02 22:46:19.760 711-795/? D/EVENT_THREAD: void CEventThread::startAlarm(uint32_t) 30ms
03-02 22:46:19.760 711-795/? D/EVENT_THREAD: void CEventThread::run() Do poll with timeout: 30
03-02 22:46:19.798 311-324/? I/KERNEL: [194239.740006] [DISP] brightness level = 129
03-02 22:46:19.790 711-795/? D/EVENT_THREAD: void CEventThread::cancelAlarm()
03-02 22:46:19.790 711-795/? D/EVENT_THREAD: void CEventThread::run() Do poll with timeout: -1
03-02 22:46:19.810 1114-1114/? V/Launcher: [onClickAllAppsButton] called
03-02 22:46:19.820 266-291/? D/hwcomposer: void android::intel::UeventObserver::onUevent(): received Uevent: REPEATED_FRAME
03-02 22:46:19.820 266-291/? D/hwcomposer: virtual void android::intel::Hwcomposer::invalidate(): invalidating screen...
03-02 22:46:19.820 266-266/? D/hwcomposer: void android::intel::DisplayAnalyzer::handleIdleEntryEvent(int): handling idle entry event, count 0
03-02 22:46:19.850 311-324/? I/KERNEL: [194239.792089] [DISP] brightness level = 130
03-02 22:46:19.901 311-324/? I/KERNEL: [194239.842225] [DISP] brightness level = 130
03-02 22:46:19.920 266-266/? D/hwcomposer: void android::intel::DisplayAnalyzer::handleIdleExitEvent(): handling idle exit event
03-02 22:46:19.951 311-324/? I/KERNEL: [194239.892327] [DISP] brightness level = 131
03-02 22:46:19.980 266-291/? D/hwcomposer: void android::intel::UeventObserver::onUevent(): received Uevent: REPEATED_FRAME
03-02 22:46:19.980 266-291/? D/hwcomposer: virtual void android::intel::Hwcomposer::invalidate(): invalidating screen...
03-02 22:46:19.990 266-266/? D/hwcomposer: void android::intel::DisplayAnalyzer::handleIdleEntryEvent(int): handling idle entry event, count 0
03-02 22:46:19.990 1114-1114/? I/Launcher: Time spent in onClickAllAppsButton: 180ms
03-02 22:46:20.002 311-324/? I/KERNEL: [194239.943792] [DISP] brightness level = 132
03-02 22:46:19.990 5784-5784/? D/XT9IME: onStartInput isInputViewShown() = false isShowInputRequested() = false
03-02 22:46:20.007 201-221/? I/KERNEL: [194239.948172] type=1400 audit(1488512779.990:49226): avc: denied { ioctl } for pid=1284 comm="Binder_F" path="socket:[237652]" dev="sockfs" ino=237652 ioctlcmd=7704 scontext=u:r:system_server:s0 tcontext=u:r:system_server:s0 tclass=unix_stream_socket permissive=1
03-02 22:46:20.012 201-221/? I/KERNEL: [194239.953521] type=1400 audit(1488512779.990:49227): avc: denied { ioctl } for pid=1284 comm="Binder_F" path="socket:[237652]" dev="sockfs" ino=237652 ioctlcmd=7704 scontext=u:r:system_server:s0 tcontext=u:r:system_server:s0 tclass=unix_stream_socket permissive=1
03-02 22:46:20.010 266-266/? D/hwcomposer: void android::intel::DisplayAnalyzer::handleIdleExitEvent(): handling idle exit event
03-02 22:46:20.052 311-324/? I/KERNEL: [194239.993957] [DISP] brightness level = 132
03-02 22:46:20.102 311-324/? I/KERNEL: [194240.044056] [DISP] brightness level = 133
03-02 22:46:20.140 311-311/? I/dispmgr: waiting for message from kernel.
